168.144.86.24 - - [04/May/2026:10:24:38 -0500] "GET //wp-includes/about.php HTTP/2.0" 444 0 "-" "-"
168.144.86.24 - - [04/May/2026:10:24:38 -0500] "GET //wp-content/themes/about.php HTTP/2.0" 444 0 "-" "-"
168.144.86.24 - - [04/May/2026:10:24:39 -0500] "GET //wp-admin/includes/about.php HTTP/2.0" 444 0 "-" "-"
168.144.86.24 - - [04/May/2026:10:24:39 -0500] "GET //images/about.php HTTP/2.0" 444 0 "-" "-"
168.144.86.24 - - [04/May/2026:10:24:39 -0500] "GET //nf_tracking.php HTTP/2.0" 444 0 "-" "-"
168.144.86.24 - - [04/May/2026:10:24:39 -0500] "GET //wp-includes/images/about.php HTTP/2.0" 444 0 "-" "-"
168.144.86.24 - - [04/May/2026:10:24:39 -0500] "GET //wp-pano.php HTTP/2.0" 444 0 "-" "-"
168.144.86.24 - - [04/May/2026:10:24:39 -0500] "GET //wp-includes/about.php HTTP/2.0" 444 0 "-" "-"
168.144.86.24 - - [04/May/2026:10:24:39 -0500] "GET //defaul1.php HTTP/2.0" 444 0 "-" "-"
168.144.86.24 - - [04/May/2026:10:24:40 -0500] "GET //nf_tracking.php HTTP/2.0" 444 0 "-" "-"
168.144.86.24 - - [04/May/2026:10:24:40 -0500] "GET //wp-content/wso.php HTTP/2.0" 444 0 "-" "-"
168.144.86.24 - - [04/May/2026:10:24:40 -0500] "GET //wp-pano.php HTTP/2.0" 444 0 "-" "-"
168.144.86.24 - - [04/May/2026:10:24:40 -0500] "GET //themes.php HTTP/2.0" 444 0 "-" "-"
168.144.86.24 - - [04/May/2026:10:24:40 -0500] "GET //defaul1.php HTTP/2.0" 444 0 "-" "-"
168.144.86.24 - - [04/May/2026:10:24:40 -0500] "GET //xl2023.php HTTP/2.0" 444 0 "-" "-"
168.144.86.24 - - [04/May/2026:10:24:41 -0500] "GET //wp-content/wso.php HTTP/2.0" 444 0 "-" "-"
168.144.86.24 - - [04/May/2026:10:24:41 -0500] "GET //fm1.php HTTP/2.0" 444 0 "-" "-"
54.163.118.141 - - [04/May/2026:10:24:41 -0500] "GET /garlic-and-herb-cheese-appetizer/ HTTP/2.0" 200 103790 "-" "Mozilla/5.0 (compatible; proximic; +https://www.comscore.com/Web-Crawler)"
168.144.86.24 - - [04/May/2026:10:24:41 -0500] "GET //themes.php HTTP/2.0" 444 0 "-" "-"
168.144.86.24 - - [04/May/2026:10:24:41 -0500] "GET //wso112233.php HTTP/2.0" 444 0 "-" "-"
168.144.86.24 - - [04/May/2026:10:24:41 -0500] "GET //xl2023.php HTTP/2.0" 444 0 "-" "-"
168.144.86.24 - - [04/May/2026:10:24:41 -0500] "GET //shell20211028.php HTTP/2.0" 444 0 "-" "-"
168.144.86.24 - - [04/May/2026:10:24:41 -0500] "GET //fm1.php HTTP/2.0" 444 0 "-" "-"
168.144.86.24 - - [04/May/2026:10:24:42 -0500] "GET //.well-known/wso112233.php HTTP/2.0" 444 0 "-" "-"
168.144.86.24 - - [04/May/2026:10:24:42 -0500] "GET //wso112233.php HTTP/2.0" 444 0 "-" "-"
168.144.86.24 - - [04/May/2026:10:24:42 -0500] "GET //wp-content/shell20211028.php HTTP/2.0" 444 0 "-" "-"
168.144.86.24 - - [04/May/2026:10:24:42 -0500] "GET //shell20211028.php HTTP/2.0" 444 0 "-" "-"
168.144.86.24 - - [04/May/2026:10:24:42 -0500] "GET //wp-content/themes/travel/issue.php HTTP/2.0" 444 0 "-" "-"
168.144.86.24 - - [04/May/2026:10:24:42 -0500] "GET //.well-known/wso112233.php HTTP/2.0" 444 0 "-" "-"
168.144.86.24 - - [04/May/2026:10:24:43 -0500] "GET //wp-content/themes/travelscape/json.php HTTP/2.0" 444 0 "-" "-"
168.144.86.24 - - [04/May/2026:10:24:43 -0500] "GET //wp-content/shell20211028.php HTTP/2.0" 444 0 "-" "-"
168.144.86.24 - - [04/May/2026:10:24:43 -0500] "GET //wp-content/plugins/contact-form-7/includes/js/jquery-ui/themes/smoothness/admin.php HTTP/2.0" 444 0 "-" "-"
168.144.86.24 - - [04/May/2026:10:24:43 -0500] "GET //wp-content/themes/travel/issue.php HTTP/2.0" 444 0 "-" "-"
168.144.86.24 - - [04/May/2026:10:24:43 -0500] "GET //wp-admin/admin.php HTTP/2.0" 444 0 "-" "-"
168.144.86.24 - - [04/May/2026:10:24:43 -0500] "GET //wp-content/themes/travelscape/json.php HTTP/2.0" 444 0 "-" "-"
168.144.86.24 - - [04/May/2026:10:24:43 -0500] "GET //wp-content/plugins/fix/up.php HTTP/2.0" 444 0 "-" "-"
168.144.86.24 - - [04/May/2026:10:24:43 -0500] "GET //wp-content/plugins/contact-form-7/includes/js/jquery-ui/themes/smoothness/admin.php HTTP/2.0" 444 0 "-" "-"
168.144.86.24 - - [04/May/2026:10:24:44 -0500] "GET //wp-admin/admin.php HTTP/2.0" 444 0 "-" "-"
168.144.86.24 - - [04/May/2026:10:24:44 -0500] "GET //.well-known/ans.php HTTP/2.0" 444 0 "-" "-"
168.144.86.24 - - [04/May/2026:10:24:44 -0500] "GET //wp-content/plugins/fix/up.php HTTP/2.0" 444 0 "-" "-"
168.144.86.24 - - [04/May/2026:10:24:44 -0500] "GET //index/function.php HTTP/2.0" 444 0 "-" "-"
168.144.86.24 - - [04/May/2026:10:24:44 -0500] "GET //.well-known/ans.php HTTP/2.0" 444 0 "-" "-"
168.144.86.24 - - [04/May/2026:10:24:44 -0500] "GET //.well-known/lo.php HTTP/2.0" 444 0 "-" "-"
168.144.86.24 - - [04/May/2026:10:24:45 -0500] "GET //index/function.php HTTP/2.0" 444 0 "-" "-"
168.144.86.24 - - [04/May/2026:10:24:45 -0500] "GET //wp-includes/block-supports/abe.php HTTP/2.0" 444 0 "-" "-"
168.144.86.24 - - [04/May/2026:10:24:45 -0500] "GET //wp-content/plugins/wp-mail-smtp/src/content.php HTTP/2.0" 444 0 "-" "-"
168.144.86.24 - - [04/May/2026:10:24:45 -0500] "GET //.well-known/lo.php HTTP/2.0" 444 0 "-" "-"
168.144.86.24 - - [04/May/2026:10:24:45 -0500] "GET //wp-site-analytics.php HTTP/2.0" 444 0 "-" "-"
168.144.86.24 - - [04/May/2026:10:24:45 -0500] "GET //wp-includes/block-supports/abe.php HTTP/2.0" 444 0 "-" "-"
168.144.86.24 - - [04/May/2026:10:24:46 -0500] "GET //wp-content/languages/plugins/admin.php HTTP/2.0" 444 0 "-" "-"
168.144.86.24 - - [04/May/2026:10:24:46 -0500] "GET //wp-content/plugins/wp-mail-smtp/src/content.php HTTP/2.0" 444 0 "-" "-"
168.144.86.24 - - [04/May/2026:10:24:46 -0500] "GET //wp-includes/js/tinymce/plugins/fullscreen/about.php HTTP/2.0" 444 0 "-" "-"
168.144.86.24 - - [04/May/2026:10:24:46 -0500] "GET //wp-site-analytics.php HTTP/2.0" 444 0 "-" "-"
168.144.86.24 - - [04/May/2026:10:24:46 -0500] "GET //.well-known/admin.php HTTP/2.0" 444 0 "-" "-"
168.144.86.24 - - [04/May/2026:10:24:46 -0500] "GET //wp-content/languages/plugins/admin.php HTTP/2.0" 444 0 "-" "-"
168.144.86.24 - - [04/May/2026:10:24:47 -0500] "GET //.well-known/pki-validation/admin.php HTTP/2.0" 444 0 "-" "-"
168.144.86.24 - - [04/May/2026:10:24:47 -0500] "GET //wp-includes/js/tinymce/plugins/fullscreen/about.php HTTP/2.0" 444 0 "-" "-"
168.144.86.24 - - [04/May/2026:10:24:47 -0500] "GET //upload/uday.php HTTP/2.0" 444 0 "-" "-"
168.144.86.24 - - [04/May/2026:10:24:47 -0500] "GET //.well-known/admin.php HTTP/2.0" 444 0 "-" "-"
168.144.86.24 - - [04/May/2026:10:24:47 -0500] "GET //wp-includes/assets/wp-trackback.php HTTP/2.0" 444 0 "-" "-"
168.144.86.24 - - [04/May/2026:10:24:47 -0500] "GET //.well-known/pki-validation/admin.php HTTP/2.0" 444 0 "-" "-"
168.144.86.24 - - [04/May/2026:10:24:47 -0500] "GET //wp-includes/js/470594182XmX.php HTTP/2.0" 444 0 "-" "-"
168.144.86.24 - - [04/May/2026:10:24:48 -0500] "GET //upload/uday.php HTTP/2.0" 444 0 "-" "-"
168.144.86.24 - - [04/May/2026:10:24:48 -0500] "GET //images/resumes/by.php HTTP/2.0" 444 0 "-" "-"
168.144.86.24 - - [04/May/2026:10:24:48 -0500] "GET //wp-includes/assets/wp-trackback.php HTTP/2.0" 444 0 "-" "-"
168.144.86.24 - - [04/May/2026:10:24:48 -0500] "GET //wp-includes/js/470594182XmX.php HTTP/2.0" 444 0 "-" "-"
168.144.86.24 - - [04/May/2026:10:24:48 -0500] "GET //wp-admin/plugin.php HTTP/2.0" 444 0 "-" "-"
168.144.86.24 - - [04/May/2026:10:24:48 -0500] "GET //images/resumes/by.php HTTP/2.0" 444 0 "-" "-"
168.144.86.24 - - [04/May/2026:10:24:48 -0500] "GET //.well-known/pki-validation/worksec.php HTTP/2.0" 444 0 "-" "-"
168.144.86.24 - - [04/May/2026:10:24:49 -0500] "GET //wp-admin/plugin.php HTTP/2.0" 444 0 "-" "-"
168.144.86.24 - - [04/May/2026:10:24:49 -0500] "GET //.well-known/pki-validation/worksec.php HTTP/2.0" 444 0 "-" "-"
168.144.86.24 - - [04/May/2026:10:24:49 -0500] "GET //wp-includes/random_compat/bala.php HTTP/2.0" 444 0 "-" "-"
168.144.86.24 - - [04/May/2026:10:24:49 -0500] "GET //wp-includes/random_compat/bala.php HTTP/2.0" 444 0 "-" "-"
168.144.86.24 - - [04/May/2026:10:24:50 -0500] "GET //upload/2021_02_08/config.inc.php HTTP/2.0" 444 0 "-" "-"
168.144.86.24 - - [04/May/2026:10:24:50 -0500] "GET //upload/2021_02_08/config.inc.php HTTP/2.0" 444 0 "-" "-"
168.144.86.24 - - [04/May/2026:10:24:50 -0500] "GET //wp-includes/css/dist/editor/radio.php HTTP/2.0" 444 0 "-" "-"
168.144.86.24 - - [04/May/2026:10:24:50 -0500] "GET //wp-includes/css/dist/editor/radio.php HTTP/2.0" 444 0 "-" "-"
168.144.86.24 - - [04/May/2026:10:24:50 -0500] "GET //wp-includes/Requests/Transport/post.Php HTTP/2.0" 444 0 "-" "-"
168.144.86.24 - - [04/May/2026:10:24:50 -0500] "GET //wp-includes/Requests/Transport/post.Php HTTP/2.0" 444 0 "-" "-"
168.144.86.24 - - [04/May/2026:10:24:50 -0500] "GET //wp-includes/Requests/Auth/images.php HTTP/2.0" 444 0 "-" "-"
168.144.86.24 - - [04/May/2026:10:24:51 -0500] "GET //wp-includes/Requests/Auth/images.php HTTP/2.0" 444 0 "-" "-"
168.144.86.24 - - [04/May/2026:10:24:51 -0500] "GET //wp-includes/Text/about.php HTTP/2.0" 444 0 "-" "-"
168.144.86.24 - - [04/May/2026:10:24:51 -0500] "GET //wp-includes/Text/about.php HTTP/2.0" 444 0 "-" "-"
168.144.86.24 - - [04/May/2026:10:24:51 -0500] "GET //shell20211028.php HTTP/2.0" 444 0 "-" "-"
168.144.86.24 - - [04/May/2026:10:24:51 -0500] "GET //shell20211028.php HTTP/2.0" 444 0 "-" "-"
168.144.86.24 - - [04/May/2026:10:24:51 -0500] "GET //wp-includes/wp-class.php HTTP/2.0" 444 0 "-" "-"
168.144.86.24 - - [04/May/2026:10:24:52 -0500] "GET //wp-includes/wp-class.php HTTP/2.0" 444 0 "-" "-"
168.144.86.24 - - [04/May/2026:10:24:52 -0500] "GET //wp-content/shell20211028.php HTTP/2.0" 444 0 "-" "-"
168.144.86.24 - - [04/May/2026:10:24:52 -0500] "GET //wp-content/shell20211028.php HTTP/2.0" 444 0 "-" "-"
168.144.86.24 - - [04/May/2026:10:24:52 -0500] "GET //wp-includes/ID3/about.php HTTP/2.0" 444 0 "-" "-"
168.144.86.24 - - [04/May/2026:10:24:52 -0500] "GET //wp-includes/ID3/about.php HTTP/2.0" 444 0 "-" "-"
168.144.86.24 - - [04/May/2026:10:24:52 -0500] "GET //wp-2019.php HTTP/2.0" 444 0 "-" "-"
168.144.86.24 - - [04/May/2026:10:24:53 -0500] "GET //wp-2019.php HTTP/2.0" 444 0 "-" "-"
154.18.244.252 - - [04/May/2026:10:24:53 -0500] "POST /wp-cron.php?doing_wp_cron=1777908293.4548649787902832031250 HTTP/2.0" 200 1 "-" "WordPress/6.9.4; https://bestappetizers.com"
2a02:c7c:2e58:c100:786c:9d8f:25a2:e31b - - [04/May/2026:10:24:53 -0500] "GET /whipped-feta-with-honey/ HTTP/2.0" 200 102686 "https://www.google.com/" "Mozilla/5.0 (Linux; Android 10; K) AppleWebKit/537.36 (KHTML, like Gecko) Chrome/147.0.0.0 Mobile Safari/537.36"
2a02:26f7:cd48:75c8:0:c000:0:8 - - [04/May/2026:10:24:53 -0500] "GET /favicon.ico HTTP/2.0" 404 146 "-" "NetworkingExtension/8623.2.7.110.1 Network/5569.82.5 iOS/26.3.1"
2a02:26f7:cd48:75c8:0:c000:0:8 - - [04/May/2026:10:24:54 -0500] "GET /cold-caprese-dip/ HTTP/2.0" 200 103231 "-" "Mozilla/5.0 (Macintosh; Intel Mac OS X 10_11_1) AppleWebKit/601.2.4 (KHTML, like Gecko) Version/9.0.1 Safari/601.2.4 facebookexternalhit/1.1 Facebot Twitterbot/1.0"
2a02:26f7:cd48:75c8:0:c000:0:8 - - [04/May/2026:10:24:54 -0500] "GET /wp-content/uploads/2022/01/easy-caprese-dip01.jpg HTTP/2.0" 200 783305 "-" "NetworkingExtension/8623.2.7.110.1 Network/5569.82.5 iOS/26.3.1"
35.204.69.160 - - [04/May/2026:10:24:55 -0500] "GET /wprm_print/garlic-and-herb-cheese-appetizer HTTP/2.0" 200 9854 "-" "Hulu/1.178.0 (Fire OS 6.7.0.9 (NS6709/5669); ; AFTMM; Build/Neutron - 1.4.596)"
204.15.208.21 - - [04/May/2026:10:24:56 -0500] "GET /wprm_print/garlic-and-herb-cheese-appetizer HTTP/2.0" 200 9854 "-" "peer39_crawler/1.0"
159.240.34.35 - - [04/May/2026:10:25:01 -0500] "GET /fried-pickle-ranch-dip-recipe/ HTTP/2.0" 200 103609 "https://bestappetizers.com/fiesta-corn-dip/" "Mozilla/5.0 (Linux; Android 10; K) AppleWebKit/537.36 (KHTML, like Gecko) Chrome/147.0.0.0 Mobile Safari/537.36"
2607:5300:205:200::8dfc - - [04/May/2026:10:25:06 -0500] "GET /?nocache=1777908301 HTTP/2.0" 200 93064 "-" "BigScootsMonitor Mozilla/5.0 (Windows NT 10.0; Win64; x64) AppleWebKit/537.36 (KHTML, like Gecko) Chrome/74.0.3729.169 Safari/537.36"
57.128.189.19 - - [04/May/2026:10:25:06 -0500] "GET /?nocache=1777908241 HTTP/2.0" 200 93064 "-" "BigScootsMonitor Mozilla/5.0 (Windows NT 10.0; Win64; x64) AppleWebKit/537.36 (KHTML, like Gecko) Chrome/74.0.3729.169 Safari/537.36"
154.18.244.252 - - [04/May/2026:10:25:34 -0500] "POST /wp-cron.php?doing_wp_cron=1777908334.3162820339202880859375 HTTP/2.0" 200 1 "-" "WordPress/6.9.4; https://bestappetizers.com"
2607:fb91:5202:7dba:892e:a84a:76f6:6ece - - [04/May/2026:10:25:34 -0500] "GET /the-best-smoked-tuna-dip/ HTTP/2.0" 200 106118 "-" "Mozilla/5.0 (iPhone; CPU iPhone OS 18_7 like Mac OS X) AppleWebKit/605.1.15 (KHTML, like Gecko) Version/26.3 Mobile/15E148 Safari/604.1"
2a02:2638:3:100::19 - - [04/May/2026:10:25:35 -0500] "GET /whipped-feta-with-honey/ HTTP/2.0" 200 103084 "-" "CriteoBot/0.1 (+https://www.criteo.com/criteo-crawler/)"
178.250.1.199 - - [04/May/2026:10:25:35 -0500] "GET /whipped-feta-with-honey/ HTTP/2.0" 200 103084 "-" "CriteoBot/0.1 (+https://www.criteo.com/criteo-crawler/)"
178.250.1.195 - - [04/May/2026:10:25:35 -0500] "GET /whipped-feta-with-honey/ HTTP/2.0" 200 103084 "-" "CriteoBot/0.1 (+https://www.criteo.com/criteo-crawler/)"
159.240.34.35 - - [04/May/2026:10:25:36 -0500] "GET /fiesta-corn-dip/ HTTP/2.0" 200 103599 "-" "Mozilla/5.0 (X11; Ubuntu; Linux i686; rv:24.0) Gecko/20100101 Firefox/24.0 Chrome/80.0.3987.132 Safari/537.36"
159.240.34.35 - - [04/May/2026:10:25:43 -0500] "GET /fiesta-corn-dip/ HTTP/2.0" 200 103599 "-" "Mozilla/5.0 (X11; Ubuntu; Linux i686; rv:24.0) Gecko/20100101 Firefox/24.0 Chrome/80.0.3987.132 Safari/537.36"
2001:4860:7:1104::eb - - [04/May/2026:10:25:44 -0500] "GET /egg-salad-tea-sandwiches/ HTTP/2.0" 200 101435 "https://www.google.com/" "Mozilla/5.0 (Windows NT 10.0; Win64; x64) AppleWebKit/537.36 (KHTML, like Gecko) Chrome/147.0.0.0 Safari/537.36"
154.18.244.252 - - [04/May/2026:10:25:46 -0500] "POST /wp-cron.php?doing_wp_cron=1777908346.8528439998626708984375 HTTP/2.0" 200 1 "-" "WordPress/6.9.4; https://bestappetizers.com"
2600:1014:b138:558b:a86d:d19b:dde6:8571 - - [04/May/2026:10:25:46 -0500] "GET /cream-cheese-pepper-jelly-phyllo-cups/ HTTP/2.0" 200 105009 "-" "Mozilla/5.0 (iPhone; CPU iPhone OS 18_7 like Mac OS X) AppleWebKit/605.1.15 (KHTML, like Gecko) Version/26.3 Mobile/15E148 Safari/604.1"
159.240.34.35 - - [04/May/2026:10:25:47 -0500] "GET /fiesta-corn-dip/ HTTP/2.0" 200 103599 "-" "Mozilla/5.0 (X11; Ubuntu; Linux i686; rv:24.0) Gecko/20100101 Firefox/24.0 Chrome/80.0.3987.132 Safari/537.36"
160.225.227.116 - - [04/May/2026:10:25:52 -0500] "GET /wp-content/uploads/2024/06/pineapple-mango-salsa-04.jpg HTTP/2.0" 200 541315 "https://bestappetizers.com/wp-content/uploads/2024/06/pineapple-mango-salsa-04.jpg" "Mozilla/5.0 (Macintosh; Intel Mac OS X 10.15; rv:126.0) Gecko/20100101 Firefox/126.0"
77.95.117.103 - - [04/May/2026:10:26:29 -0500] "GET /wp-content/uploads/2024/08/black-bean-dip02.jpg HTTP/2.0" 200 576607 "-" "Mozilla/5.0 (Windows NT 10.0; Win64; x64) AppleWebKit/537.36 (KHTML, like Gecko) Chrome/124.0.0.0 Safari/537.36"
2606:9cc0:300:680:c81f:13da:6d77:6e3f - - [04/May/2026:10:26:49 -0500] "GET /parmesan-bread-bites/ HTTP/2.0" 200 108383 "https://www.google.com/" "Mozilla/5.0 (Macintosh; Intel Mac OS X 10_12_6) AppleWebKit/537.36 (KHTML, like Gecko) Chrome/103.0.0.0 Safari/537.36"
154.18.244.252 - - [04/May/2026:10:26:59 -0500] "POST /wp-cron.php?doing_wp_cron=1777908419.2967119216918945312500 HTTP/2.0" 200 1 "-" "WordPress/6.9.4; https://bestappetizers.com"
2600:4041:42d1:3400:c70:1d8a:d1f6:59fe - - [04/May/2026:10:26:59 -0500] "GET /puff-pastry-parmesan-twists-cheese-straws/ HTTP/2.0" 200 104060 "-" "Mozilla/5.0 (iPhone; CPU iPhone OS 18_5 like Mac OS X) AppleWebKit/605.1.15 (KHTML, like Gecko) Version/18.5 Mobile/15E148 Safari/604.1"
170.203.184.61 - - [04/May/2026:10:27:04 -0500] "GET /egg-salad-tea-sandwiches/?utm_source=Pinterest&utm_medium=organic HTTP/2.0" 200 101090 "https://www.pinterest.com/pin/236579786669514584" "Mozilla/5.0 (iPhone; CPU iPhone OS 18_7 like Mac OS X) AppleWebKit/605.1.15 (KHTML, like Gecko) Mobile/15E148 Pinterest/iOS"
57.128.189.19 - - [04/May/2026:10:27:06 -0500] "GET /?nocache=1777908361 HTTP/2.0" 200 93064 "-" "BigScootsMonitor Mozilla/5.0 (Windows NT 10.0; Win64; x64) AppleWebKit/537.36 (KHTML, like Gecko) Chrome/74.0.3729.169 Safari/537.36"
2607:5300:205:200::8dfc - - [04/May/2026:10:27:07 -0500] "GET /?nocache=1777908361 HTTP/2.0" 200 93064 "-" "BigScootsMonitor Mozilla/5.0 (Windows NT 10.0; Win64; x64) AppleWebKit/537.36 (KHTML, like Gecko) Chrome/74.0.3729.169 Safari/537.36"
2600:1014:b138:558b:a86d:d19b:dde6:8571 - - [04/May/2026:10:27:08 -0500] "GET /favicon.ico HTTP/2.0" 404 146 "-" "NetworkingExtension/8623.2.7.110.1 Network/5569.82.5 iOS/26.3.1"
2a09:bac3:c869:2828::400:68 - - [04/May/2026:10:27:09 -0500] "GET /mini-jalapeno-cornbread-muffins/ HTTP/2.0" 200 102008 "https://duckduckgo.com/" "Mozilla/5.0 (iPhone; CPU iPhone OS 18_6_2 like Mac OS X) AppleWebKit/605.1.15 (KHTML, like Gecko) Version/18.6 Mobile/15E148 Safari/604.1"
2600:1014:b138:558b:a86d:d19b:dde6:8571 - - [04/May/2026:10:27:09 -0500] "GET /cream-cheese-pepper-jelly-phyllo-cups/ HTTP/2.0" 200 105008 "-" "Mozilla/5.0 (Macintosh; Intel Mac OS X 10_11_1) AppleWebKit/601.2.4 (KHTML, like Gecko) Version/9.0.1 Safari/601.2.4 facebookexternalhit/1.1 Facebot Twitterbot/1.0"
51.222.172.191 - - [04/May/2026:10:27:11 -0500] "GET /goat-cheese-appetizer-fig-jam-pecans HTTP/2.0" 301 0 "-" "Mozilla/5.0 (Macintosh; Intel Mac OS X 10_15_7) AppleWebKit/537.36 (KHTML, like Gecko) Chrome/147.0.0.0 Safari/537.36"
51.222.172.191 - - [04/May/2026:10:27:11 -0500] "GET /goat-cheese-appetizer-fig-jam-pecans/ HTTP/2.0" 200 108537 "-" "Mozilla/5.0 (Macintosh; Intel Mac OS X 10_15_7) AppleWebKit/537.36 (KHTML, like Gecko) Chrome/147.0.0.0 Safari/537.36"
154.18.244.252 - - [04/May/2026:10:27:15 -0500] "POST /wp-cron.php?doing_wp_cron=1777908435.9287719726562500000000 HTTP/2.0" 200 1 "-" "WordPress/6.9.4; https://bestappetizers.com"
170.203.184.61 - - [04/May/2026:10:27:15 -0500] "GET /egg-salad-tea-sandwiches/?gpp=DBABzw%7E1YNY%7EBVQqAAAAAgA&gpp_sid=6%2C7 HTTP/2.0" 200 101116 "-" "Mozilla/5.0 (iPhone; CPU iPhone OS 18_7 like Mac OS X) AppleWebKit/605.1.15 (KHTML, like Gecko) Mobile/15E148 Pinterest/iOS"
154.18.244.252 - - [04/May/2026:10:27:20 -0500] "POST /wp-cron.php?doing_wp_cron=1777908440.2803030014038085937500 HTTP/2.0" 200 1 "-" "WordPress/6.9.4; https://bestappetizers.com"
2601:183:4c02:86f0:7c0c:c443:d9c1:294e - - [04/May/2026:10:27:20 -0500] "GET /cold-caprese-dip/ HTTP/2.0" 200 103230 "https://www.google.com/" "Mozilla/5.0 (iPhone; CPU iPhone OS 18_7 like Mac OS X) AppleWebKit/605.1.15 (KHTML, like Gecko) Version/26.3 Mobile/15E148 Safari/604.1"
2601:183:4c02:86f0:7c0c:c443:d9c1:294e - - [04/May/2026:10:27:26 -0500] "GET /cold-caprese-dip/?gpp=DBABzw%7E1YNY%7EBVQqAAAAAgA&gpp_sid=6%2C7 HTTP/2.0" 200 103290 "-" "Mozilla/5.0 (iPhone; CPU iPhone OS 18_7 like Mac OS X) AppleWebKit/605.1.15 (KHTML, like Gecko) Version/26.3 Mobile/15E148 Safari/604.1"
64.107.104.3 - - [04/May/2026:10:27:32 -0500] "GET /parmesan-bread-bites/ HTTP/2.0" 200 107921 "-" "Mozilla/5.0 (iPhone; CPU iPhone OS 18_7 like Mac OS X) AppleWebKit/605.1.15 (KHTML, like Gecko) Version/26.2 Mobile/15E148 Safari/604.1"
154.18.244.252 - - [04/May/2026:10:27:34 -0500] "POST /wp-cron.php?doing_wp_cron=1777908454.5759530067443847656250 HTTP/2.0" 200 1 "-" "WordPress/6.9.4; https://bestappetizers.com"
3.93.1.195 - - [04/May/2026:10:27:34 -0500] "GET /parmesan-bread-bites HTTP/2.0" 301 0 "-" "Mozilla/5.0 (compatible; proximic; +https://www.comscore.com/Web-Crawler)"
3.93.1.195 - - [04/May/2026:10:27:34 -0500] "GET /parmesan-bread-bites/ HTTP/2.0" 200 108383 "-" "Mozilla/5.0 (compatible; proximic; +https://www.comscore.com/Web-Crawler)"
2605:59c0:1089:5910:2406:e286:34b0:f4f3 - - [04/May/2026:10:27:35 -0500] "GET /3-ingredient-artichoke-dip/ HTTP/2.0" 200 101638 "https://www.google.com/" "Mozilla/5.0 (iPhone; CPU iPhone OS 18_7 like Mac OS X) AppleWebKit/605.1.15 (KHTML, like Gecko) Version/18.7.5 Mobile/15E148 Safari/604.1"
154.18.244.252 - - [04/May/2026:10:27:40 -0500] "POST /wp-cron.php?doing_wp_cron=1777908460.3125739097595214843750 HTTP/2.0" 200 1 "-" "WordPress/6.9.4; https://bestappetizers.com"
52.90.152.11 - - [04/May/2026:10:27:40 -0500] "GET /puff-pastry-parmesan-twists-cheese-straws HTTP/2.0" 301 0 "-" "Mozilla/5.0 (compatible; proximic; +https://www.comscore.com/Web-Crawler)"
52.90.152.11 - - [04/May/2026:10:27:40 -0500] "GET /puff-pastry-parmesan-twists-cheese-straws/ HTTP/2.0" 200 104485 "-" "Mozilla/5.0 (compatible; proximic; +https://www.comscore.com/Web-Crawler)"
155.31.157.3 - - [04/May/2026:10:27:40 -0500] "GET /parmesan-bread-bites/ HTTP/2.0" 200 107917 "-" "Mozilla/5.0 (Macintosh; Intel Mac OS X 10_11_1) AppleWebKit/601.2.4 (KHTML, like Gecko) Version/9.0.1 Safari/601.2.4 facebookexternalhit/1.1 Facebot Twitterbot/1.0"
116.179.32.154 - - [04/May/2026:10:27:48 -0500] "GET /wp-json/oembed/1.0/embed?url=https%3A%2F%2Fbestappetizers.com%2Ffig-goat-cheese-crostini%2F&format=xml HTTP/2.0" 444 0 "-" "Mozilla/5.0 (compatible; Baiduspider/2.0; +http://www.baidu.com/search/spider.html)"
220.181.51.118 - - [04/May/2026:10:27:50 -0500] "GET /wp-json/oembed/1.0/embed?url=https%3A%2F%2Fbestappetizers.com%2Ffig-goat-cheese-crostini%2F&format=xml HTTP/2.0" 444 0 "-" "Mozilla/5.0 (Windows NT 10.0; WOW64) AppleWebKit/537.36 (KHTML, like Gecko) Chrome/48.0.2564.116 Safari/537.36"
220.181.51.88 - - [04/May/2026:10:27:51 -0500] "GET /wp-json/oembed/1.0/embed?url=https%3A%2F%2Fbestappetizers.com%2Ffig-goat-cheese-crostini%2F&format=xml HTTP/2.0" 444 0 "-" "Mozilla/5.0 (Windows NT 10.0; WOW64) AppleWebKit/537.36 (KHTML, like Gecko) Chrome/48.0.2564.116 Safari/537.36"
74.91.224.220 - - [04/May/2026:10:27:52 -0500] "GET /wp-login.php HTTP/2.0" 444 0 "-" "Mozilla/5.0 (Windows NT 6.3; Win64; x64) AppleWebKit/537.36 (KHTML, like Gecko) Chrome/66.0.3359.170 Safari/537.36"
74.91.224.220 - - [04/May/2026:10:27:53 -0500] "POST /wp-login.php HTTP/2.0" 444 0 "https://bestappetizers.com/wp-login.php" "Mozilla/5.0 (Windows NT 6.3; Win64; x64) AppleWebKit/537.36 (KHTML, like Gecko) Chrome/66.0.3359.170 Safari/537.36"
3.95.251.59 - - [04/May/2026:10:28:05 -0500] "GET /cold-caprese-dip/ HTTP/2.0" 200 103644 "-" "Mozilla/5.0 (compatible; proximic; +https://www.comscore.com/Web-Crawler)"
2a02:c7c:38f4:6600:717c:7a90:1b20:a499 - - [04/May/2026:10:28:26 -0500] "GET /fig-goat-cheese-crostini/ HTTP/2.0" 200 102393 "-" "Mozilla/5.0 (Macintosh; Intel Mac OS X 10_15_7) AppleWebKit/605.1.15 (KHTML, like Gecko) Version/18.7.5 Safari/605.1.15"
203.189.234.242 - - [04/May/2026:10:28:26 -0500] "GET /include/ckeditor/plugins/smiley/images/angel_smile.gif HTTP/2.0" 404 548 "http://bestappetizers.com//include/ckeditor/plugins/smiley/images/angel_smile.gif" "Mozilla/5.0 (Windows NT 10.0; Win64; x64) AppleWebKit/537.36 (KHTML, like Gecko) Chrome/83.0.4103.61 Safari/537.36"
203.189.234.242 - - [04/May/2026:10:28:27 -0500] "GET /include/ckeditor/images/addon.gif HTTP/2.0" 404 548 "http://bestappetizers.com//include/ckeditor/images/addon.gif" "Mozilla/5.0 (Windows NT 10.0; Win64; x64) AppleWebKit/537.36 (KHTML, like Gecko) Chrome/83.0.4103.61 Safari/537.36"
203.189.234.242 - - [04/May/2026:10:28:29 -0500] "GET /member/templets/images/icon1.gif HTTP/2.0" 404 548 "http://bestappetizers.com//member/templets/images/icon1.gif" "Mozilla/5.0 (Windows NT 10.0; Win64; x64) AppleWebKit/537.36 (KHTML, like Gecko) Chrome/83.0.4103.61 Safari/537.36"
154.18.244.252 - - [04/May/2026:10:28:35 -0500] "POST /wp-cron.php?doing_wp_cron=1777908516.0149390697479248046875 HTTP/2.0" 200 1 "-" "WordPress/6.9.4; https://bestappetizers.com"
2603:6080:f840:1e:bc59:4d5c:b953:50b3 - - [04/May/2026:10:28:35 -0500] "GET / HTTP/2.0" 200 93065 "-" "Mozilla/5.0 (iPhone; CPU iPhone OS 16_7_12 like Mac OS X) AppleWebKit/605.1.15 (KHTML, like Gecko) Version/16.6.1 Mobile/15E148 Safari/604.1"
2606:9cc0:300:680:c81f:13da:6d77:6e3f - - [04/May/2026:10:28:41 -0500] "GET /category/bite-size/ HTTP/2.0" 200 78475 "https://bestappetizers.com/parmesan-bread-bites/" "Mozilla/5.0 (Macintosh; Intel Mac OS X 10_12_6) AppleWebKit/537.36 (KHTML, like Gecko) Chrome/103.0.0.0 Safari/537.36"
204.1.146.26 - - [04/May/2026:10:28:44 -0500] "GET /wp-content/uploads/2023/11/pepper-jelly-cheese-dip-03.jpg HTTP/2.0" 200 446186 "https://bestappetizers.com/wp-content/uploads/2023/11/pepper-jelly-cheese-dip-03.jpg" "Mozilla/5.0 (X11; Linux x86_64) AppleWebKit/537.36 (KHTML, like Gecko) Chrome/125.0.0.0 Safari/537.36"
2001:4860:7:30e::f8 - - [04/May/2026:10:28:44 -0500] "GET /garlic-and-herb-cheese-appetizer/ HTTP/2.0" 200 103790 "https://www.google.com/" "Mozilla/5.0 (Macintosh; Intel Mac OS X 10_15_7) AppleWebKit/537.36 (KHTML, like Gecko) Chrome/141.0.0.0 Safari/537.36"
154.18.244.252 - - [04/May/2026:10:28:44 -0500] "POST /wp-cron.php?doing_wp_cron=1777908524.8659889698028564453125 HTTP/2.0" 200 1 "-" "WordPress/6.9.4; https://bestappetizers.com"
51.8.71.117 - - [04/May/2026:10:28:44 -0500] "GET /mini-jalapeno-cornbread-muffins HTTP/2.0" 301 0 "-" "DuckAssistBot/1.2; (+http://duckduckgo.com/duckassistbot.html)"
154.18.244.252 - - [04/May/2026:10:28:45 -0500] "POST /wp-cron.php?doing_wp_cron=1777908525.3151309490203857421875 HTTP/2.0" 200 1 "-" "WordPress/6.9.4; https://bestappetizers.com"
51.8.71.117 - - [04/May/2026:10:28:45 -0500] "GET /mini-jalapeno-cornbread-muffins/ HTTP/2.0" 200 102801 "https://bestappetizers.com/mini-jalapeno-cornbread-muffins" "DuckAssistBot/1.2; (+http://duckduckgo.com/duckassistbot.html)"
2a09:bac3:6eee:1c32::2cf:6f - - [04/May/2026:10:28:45 -0500] "GET /the-best-smoked-tuna-dip/mraid.js HTTP/2.0" 404 146 "-" "Mozilla/5.0 (iPhone; CPU iPhone OS 18_7 like Mac OS X) AppleWebKit/605.1.15 (KHTML, like Gecko) Version/26.3 Mobile/15E148 Safari/604.1"
198.175.24.218 - - [04/May/2026:10:28:49 -0500] "GET /?v=nocache-1739936881 HTTP/2.0" 200 93065 "-" "BigScoots Monitoring"
2606:9cc0:300:680:c81f:13da:6d77:6e3f - - [04/May/2026:10:28:50 -0500] "GET /category/bite-size/page/2/ HTTP/2.0" 200 79432 "https://bestappetizers.com/category/bite-size/" "Mozilla/5.0 (Macintosh; Intel Mac OS X 10_12_6) AppleWebKit/537.36 (KHTML, like Gecko) Chrome/103.0.0.0 Safari/537.36"
2607:5300:205:200::8dfc - - [04/May/2026:10:29:06 -0500] "GET /?nocache=1777908481 HTTP/2.0" 200 93064 "-" "BigScootsMonitor Mozilla/5.0 (Windows NT 10.0; Win64; x64) AppleWebKit/537.36 (KHTML, like Gecko) Chrome/74.0.3729.169 Safari/537.36"
57.128.189.19 - - [04/May/2026:10:29:06 -0500] "GET /?nocache=1777908481 HTTP/2.0" 200 93064 "-" "BigScootsMonitor Mozilla/5.0 (Windows NT 10.0; Win64; x64) AppleWebKit/537.36 (KHTML, like Gecko) Chrome/74.0.3729.169 Safari/537.36"
24.216.35.138 - - [04/May/2026:10:29:07 -0500] "GET /hawaiian-dip/ HTTP/2.0" 200 101141 "https://www.google.com/" "Mozilla/5.0 (iPhone; CPU iPhone OS 18_6_2 like Mac OS X) AppleWebKit/605.1.15 (KHTML, like Gecko) Version/18.6 Mobile/15E148 Safari/604.1"
110.39.247.16 - - [04/May/2026:10:29:08 -0500] "GET /wp-json/oembed/1.0/embed?url=https%3A%2F%2Fbestappetizers.com%2Ffootball-cheese-ball%2F HTTP/2.0" 200 1102 "-" "Mozilla/5.0 (Windows NT 10.0; WOW64) AppleWebKit/537.36 (KHTML, like Gecko) Chrome/107.0.0.0 Safari/537.36"
52.55.47.233 - - [04/May/2026:10:29:11 -0500] "GET /hawaiian-dip/ HTTP/2.0" 200 101585 "-" "Mozilla/5.0 (compatible; proximic; +https://www.comscore.com/Web-Crawler)"
2601:283:5002:e0e0:c8fc:e250:1e9f:5e07 - - [04/May/2026:10:29:15 -0500] "GET /favicon.ico HTTP/2.0" 404 146 "-" "com.apple.WebKit.Networking/20621.3.11.11.3 Network/4277.140.33 macOS/15.6.1"
2601:283:5002:e0e0:c8fc:e250:1e9f:5e07 - - [04/May/2026:10:29:15 -0500] "GET /3-ingredient-artichoke-dip/ HTTP/2.0" 200 101638 "-" "Mozilla/5.0 (Macintosh; Intel Mac OS X 10_11_1) AppleWebKit/601.2.4 (KHTML, like Gecko) Version/9.0.1 Safari/601.2.4 facebookexternalhit/1.1 Facebot Twitterbot/1.0"
91.85.165.100 - - [04/May/2026:10:29:18 -0500] "GET /mini-hot-dog-bites-easy-appetizer/ HTTP/2.0" 200 102110 "https://www.google.com/" "Mozilla/5.0 (Linux; Android 10; K) AppleWebKit/537.36 (KHTML, like Gecko) Chrome/147.0.0.0 Mobile Safari/537.36"
2606:9cc0:300:680:c81f:13da:6d77:6e3f - - [04/May/2026:10:29:18 -0500] "GET /category/bite-size/page/3/ HTTP/2.0" 200 79076 "https://bestappetizers.com/category/bite-size/page/2/" "Mozilla/5.0 (Macintosh; Intel Mac OS X 10_12_6) AppleWebKit/537.36 (KHTML, like Gecko) Chrome/103.0.0.0 Safari/537.36"
2001:4860:7:405::c9 - - [04/May/2026:10:29:24 -0500] "GET /cheesy-stuffed-garlic-bread/ HTTP/2.0" 200 103098 "https://www.google.com/" "Mozilla/5.0 (Linux; Android 10; K) AppleWebKit/537.36 (KHTML, like Gecko) Chrome/147.0.0.0 Mobile Safari/537.36"
99.248.194.83 - - [04/May/2026:10:29:31 -0500] "GET /baked-boursin-dip/ HTTP/2.0" 200 103450 "-" "Mozilla/5.0 (Macintosh; Intel Mac OS X 10_11_1) AppleWebKit/601.2.4 (KHTML, like Gecko) Version/9.0.1 Safari/601.2.4 facebookexternalhit/1.1 Facebot Twitterbot/1.0"
170.203.184.61 - - [04/May/2026:10:29:38 -0500] "GET /egg-salad-tea-sandwiches/mraid.js HTTP/2.0" 404 146 "-" "Mozilla/5.0 (iPhone; CPU iPhone OS 18_7 like Mac OS X) AppleWebKit/605.1.15 (KHTML, like Gecko) Mobile/15E148 Pinterest/iOS"
170.203.184.61 - - [04/May/2026:10:29:38 -0500] "GET /egg-salad-tea-sandwiches/?gpp=DBABzw%7E1YNY%7EBVQqAAAAAgA&gpp_sid=6%2C7 HTTP/2.0" 200 101113 "-" "Mozilla/5.0 (iPhone; CPU iPhone OS 18_7 like Mac OS X) AppleWebKit/605.1.15 (KHTML, like Gecko) Mobile/15E148 Pinterest/iOS"
2606:9cc0:300:680:c81f:13da:6d77:6e3f - - [04/May/2026:10:29:40 -0500] "GET /blt-salad-bites/ HTTP/2.0" 200 103340 "https://bestappetizers.com/category/bite-size/page/2/" "Mozilla/5.0 (Macintosh; Intel Mac OS X 10_12_6) AppleWebKit/537.36 (KHTML, like Gecko) Chrome/103.0.0.0 Safari/537.36"
2620:100:a005:400::10 - - [04/May/2026:10:29:47 -0500] "GET /blt-salad-bites/ HTTP/2.0" 200 103359 "-" "CriteoBot/0.1 (+https://www.criteo.com/criteo-crawler/)"
107.23.157.205 - - [04/May/2026:10:29:55 -0500] "GET /mini-hot-dog-bites-easy-appetizer/ HTTP/2.0" 200 102519 "-" "Mozilla/5.0 (compatible; proximic; +https://www.comscore.com/Web-Crawler)"
154.18.244.252 - - [04/May/2026:10:30:03 -0500] "POST /wp-cron.php?doing_wp_cron=1777908603.3852341175079345703125 HTTP/2.0" 200 1 "-" "WordPress/6.9.4; https://bestappetizers.com"
161.132.40.97 - - [04/May/2026:10:30:03 -0500] "GET /wp-login.php HTTP/2.0" 200 1897 "-" "Mozilla/5.0 (Macintosh; Intel Mac OS X 10_13_3) AppleWebKit/537.36 (KHTML, like Gecko) Chrome/66.0.3359.181 Safari/537.36"
161.132.40.97 - - [04/May/2026:10:30:04 -0500] "POST /wp-login.php HTTP/2.0" 200 2040 "https://bestappetizers.com/wp-login.php" "Mozilla/5.0 (Macintosh; Intel Mac OS X 10_13_3) AppleWebKit/537.36 (KHTML, like Gecko) Chrome/66.0.3359.181 Safari/537.36"
43.166.128.86 - - [04/May/2026:10:30:05 -0500] "GET / HTTP/2.0" 444 0 "http://bestappetizers.com" "Mozilla/5.0 (iPhone; CPU iPhone OS 13_2_3 like Mac OS X) AppleWebKit/605.1.15 (KHTML, like Gecko) Version/13.0.3 Mobile/15E148 Safari/604.1"
64.107.104.3 - - [04/May/2026:10:30:09 -0500] "GET /parmesan-bread-bites/mraid.js HTTP/2.0" 404 146 "-" "Mozilla/5.0 (iPhone; CPU iPhone OS 18_7 like Mac OS X) AppleWebKit/605.1.15 (KHTML, like Gecko) Version/26.2 Mobile/15E148 Safari/604.1"
98.228.58.166 - - [04/May/2026:10:30:10 -0500] "GET /goat-cheese-appetizer-fig-jam-pecans/?utm_source=Pinterest&utm_medium=organic HTTP/2.0" 200 108213 "https://www.pinterest.com/pin/211174978765317" "Mozilla/5.0 (iPhone; CPU iPhone OS 18_7 like Mac OS X) AppleWebKit/605.1.15 (KHTML, like Gecko) Mobile/15E148 Pinterest/iOS"
2600:1702:af0:20f0:dcec:251:7a65:903d - - [04/May/2026:10:30:17 -0500] "GET /4-ingredient-spinach-dip/mraid.js HTTP/2.0" 404 548 "https://bestappetizers.com/4-ingredient-spinach-dip/" "Mozilla/5.0 (Linux; Android 10; K) AppleWebKit/537.36 (KHTML, like Gecko) Chrome/147.0.0.0 Mobile Safari/537.36"
98.228.58.166 - - [04/May/2026:10:30:19 -0500] "GET /goat-cheese-appetizer-fig-jam-pecans/mraid.js HTTP/2.0" 404 146 "-" "Mozilla/5.0 (iPhone; CPU iPhone OS 18_7 like Mac OS X) AppleWebKit/605.1.15 (KHTML, like Gecko) Mobile/15E148 Pinterest/iOS"
154.18.244.252 - - [04/May/2026:10:30:22 -0500] "POST /wp-cron.php?doing_wp_cron=1777908622.6880509853363037109375 HTTP/2.0" 200 1 "-" "WordPress/6.9.4; https://bestappetizers.com"
54.162.207.241 - - [04/May/2026:10:30:22 -0500] "GET /blt-salad-bites HTTP/2.0" 301 0 "-" "Mozilla/5.0 (compatible; proximic; +https://www.comscore.com/Web-Crawler)"
54.162.207.241 - - [04/May/2026:10:30:22 -0500] "GET /blt-salad-bites/ HTTP/2.0" 200 103359 "-" "Mozilla/5.0 (compatible; proximic; +https://www.comscore.com/Web-Crawler)"
74.91.224.220 - - [04/May/2026:10:30:29 -0500] "GET /wp-login.php HTTP/2.0" 444 0 "-" "Mozilla/5.0 (Windows NT 10.0; WOW64) AppleWebKit/537.36 (KHTML, like Gecko) Chrome/63.0.3239.132 Safari/537.36 OPR/50.0.2762.67"
2a03:2880:f806:28:: - - [04/May/2026:10:30:29 -0500] "GET /cucumber-bites-cream-cheese/ HTTP/2.0" 200 103151 "-" "meta-webindexer/1.1 (+https://developers.facebook.com/docs/sharing/webmasters/crawler)"
74.91.224.220 - - [04/May/2026:10:30:30 -0500] "POST /wp-login.php HTTP/2.0" 444 0 "https://bestappetizers.com/wp-login.php" "Mozilla/5.0 (Windows NT 10.0; WOW64) AppleWebKit/537.36 (KHTML, like Gecko) Chrome/63.0.3239.132 Safari/537.36 OPR/50.0.2762.67"
2606:9cc0:300:680:c81f:13da:6d77:6e3f - - [04/May/2026:10:30:36 -0500] "GET /category/dips/ HTTP/2.0" 200 78598 "https://bestappetizers.com/blt-salad-bites/" "Mozilla/5.0 (Macintosh; Intel Mac OS X 10_12_6) AppleWebKit/537.36 (KHTML, like Gecko) Chrome/103.0.0.0 Safari/537.36"
103.100.38.132 - - [04/May/2026:10:30:44 -0500] "GET /wp-login.php HTTP/2.0" 444 0 "-" "Mozilla/5.0 (Macintosh; Intel Mac OS X 10_13_4) AppleWebKit/537.36 (KHTML, like Gecko) Chrome/65.0.3325.181 Safari/537.36"
103.100.38.132 - - [04/May/2026:10:30:45 -0500] "POST /wp-login.php HTTP/2.0" 444 0 "https://bestappetizers.com/wp-login.php" "Mozilla/5.0 (Macintosh; Intel Mac OS X 10_13_4) AppleWebKit/537.36 (KHTML, like Gecko) Chrome/65.0.3325.181 Safari/537.36"
2606:9cc0:300:680:c81f:13da:6d77:6e3f - - [04/May/2026:10:30:47 -0500] "GET /category/dips/page/2/ HTTP/2.0" 200 79054 "https://bestappetizers.com/category/dips/" "Mozilla/5.0 (Macintosh; Intel Mac OS X 10_12_6) AppleWebKit/537.36 (KHTML, like Gecko) Chrome/103.0.0.0 Safari/537.36"
2606:9cc0:300:680:c81f:13da:6d77:6e3f - - [04/May/2026:10:30:58 -0500] "GET /category/dips/page/3/ HTTP/2.0" 200 78865 "https://bestappetizers.com/category/dips/page/2/" "Mozilla/5.0 (Macintosh; Intel Mac OS X 10_12_6) AppleWebKit/537.36 (KHTML, like Gecko) Chrome/103.0.0.0 Safari/537.36"
154.18.244.252 - - [04/May/2026:10:31:05 -0500] "POST /wp-cron.php?doing_wp_cron=1777908666.0038340091705322265625 HTTP/2.0" 200 1 "-" "WordPress/6.9.4; https://bestappetizers.com"
57.128.189.19 - - [04/May/2026:10:31:05 -0500] "GET /?nocache=1777908601 HTTP/2.0" 200 93064 "-" "BigScootsMonitor Mozilla/5.0 (Windows NT 10.0; Win64; x64) AppleWebKit/537.36 (KHTML, like Gecko) Chrome/74.0.3729.169 Safari/537.36"
2607:5300:205:200::8dfc - - [04/May/2026:10:31:06 -0500] "GET /?nocache=1777908601 HTTP/2.0" 200 93064 "-" "BigScootsMonitor Mozilla/5.0 (Windows NT 10.0; Win64; x64) AppleWebKit/537.36 (KHTML, like Gecko) Chrome/74.0.3729.169 Safari/537.36"
2606:9cc0:300:680:c81f:13da:6d77:6e3f - - [04/May/2026:10:31:11 -0500] "GET /best-cold-crab-dip/ HTTP/2.0" 200 102762 "https://bestappetizers.com/category/dips/page/3/" "Mozilla/5.0 (Macintosh; Intel Mac OS X 10_12_6) AppleWebKit/537.36 (KHTML, like Gecko) Chrome/103.0.0.0 Safari/537.36"
2001:16b8:ac9d:d900:e1f6:60c4:4bb4:c201 - - [04/May/2026:10:31:15 -0500] "GET /cucumber-bites-cream-cheese/?utm_source=chatgpt.com HTTP/2.0" 200 102812 "-" "Mozilla/5.0 (iPhone; CPU iPhone OS 18_7 like Mac OS X) AppleWebKit/605.1.15 (KHTML, like Gecko) Version/26.3 Mobile/15E148 Safari/604.1"
2001:16b8:ac9d:d900:e1f6:60c4:4bb4:c201 - - [04/May/2026:10:31:16 -0500] "GET /wp-content/uploads/2023/07/cucumber-cream-cheese-bites03.jpg HTTP/2.0" 200 1007548 "https://bestappetizers.com/cucumber-bites-cream-cheese/?utm_source=chatgpt.com" "Mozilla/5.0 (iPhone; CPU iPhone OS 18_7 like Mac OS X) AppleWebKit/605.1.15 (KHTML, like Gecko) Version/26.3 Mobile/15E148 Safari/604.1"
154.18.244.252 - - [04/May/2026:10:31:23 -0500] "POST /wp-cron.php?doing_wp_cron=1777908683.1170608997344970703125 HTTP/2.0" 200 1 "-" "WordPress/6.9.4; https://bestappetizers.com"
34.7.57.141 - - [04/May/2026:10:31:23 -0500] "GET /blt-salad-bites HTTP/2.0" 301 0 "-" "Mozilla/5.0 (ARRIS_Foxtel_STB_MX6505NF; Linux armv7l) AppleWebKit/605.1.15 (KHTML, like Gecko) WPE ARRIS_Foxtel_STB_MX6505NF/22.0.15.4 (Foxtel,MX6505NF,wireless),gzip(gfe),gzip(gfe)"
34.7.57.141 - - [04/May/2026:10:31:23 -0500] "GET /blt-salad-bites/ HTTP/2.0" 200 103359 "-" "Mozilla/5.0 (ARRIS_Foxtel_STB_MX6505NF; Linux armv7l) AppleWebKit/605.1.15 (KHTML, like Gecko) WPE ARRIS_Foxtel_STB_MX6505NF/22.0.15.4 (Foxtel,MX6505NF,wireless),gzip(gfe),gzip(gfe)"
2001:16b8:ac9d:d900:e1f6:60c4:4bb4:c201 - - [04/May/2026:10:31:27 -0500] "GET /apple-touch-icon-precomposed.png HTTP/2.0" 200 0 "-" "NetworkingExtension/8623.2.7.10.4 Network/5569.82.5 iOS/26.3.1"
2001:16b8:ac9d:d900:e1f6:60c4:4bb4:c201 - - [04/May/2026:10:31:27 -0500] "GET /favicon.ico HTTP/2.0" 404 146 "-" "NetworkingExtension/8623.2.7.10.4 Network/5569.82.5 iOS/26.3.1"
2001:16b8:ac9d:d900:e1f6:60c4:4bb4:c201 - - [04/May/2026:10:31:27 -0500] "GET /cucumber-bites-cream-cheese/ HTTP/2.0" 200 102793 "-" "Mozilla/5.0 (Macintosh; Intel Mac OS X 10_11_1) AppleWebKit/601.2.4 (KHTML, like Gecko) Version/9.0.1 Safari/601.2.4 facebookexternalhit/1.1 Facebot Twitterbot/1.0"
2001:16b8:ac9d:d900:e1f6:60c4:4bb4:c201 - - [04/May/2026:10:31:28 -0500] "GET /wp-content/uploads/2023/07/cucumber-cream-cheese-bites00-683x1024.jpg HTTP/2.0" 200 129284 "-" "NetworkingExtension/8623.2.7.10.4 Network/5569.82.5 iOS/26.3.1"
111.119.219.189 - - [04/May/2026:10:31:31 -0500] "GET /peach-mango-salsa-quick-fruit-salsa/ HTTP/2.0" 200 101847 "-" "Mozilla/5.0 (Windows NT 10.0; Win64; x64) AppleWebKit/537.36 (KHTML, like Gecko) Chrome/144.0.0.0 Safari/537.36"
111.119.219.189 - - [04/May/2026:10:31:36 -0500] "GET /wp-content/uploads/2022/09/peach-mango-salsa-05.jpg HTTP/2.0" 200 346733 "-" "Mozilla/5.0 (Windows NT 10.0; Win64; x64) AppleWebKit/537.36 (KHTML, like Gecko) Chrome/144.0.0.0 Safari/537.36"
111.119.219.189 - - [04/May/2026:10:31:36 -0500] "GET /wp-content/uploads/2022/09/peach-mango-salsa-03.jpg HTTP/2.0" 200 580964 "-" "Mozilla/5.0 (Windows NT 10.0; Win64; x64) AppleWebKit/537.36 (KHTML, like Gecko) Chrome/144.0.0.0 Safari/537.36"
111.119.219.189 - - [04/May/2026:10:31:36 -0500] "GET /wp-content/uploads/2022/09/peach-mango-salsa-04.jpg HTTP/2.0" 200 773132 "-" "Mozilla/5.0 (Windows NT 10.0; Win64; x64) AppleWebKit/537.36 (KHTML, like Gecko) Chrome/144.0.0.0 Safari/537.36"
111.119.219.189 - - [04/May/2026:10:31:36 -0500] "GET /wp-content/uploads/2022/09/peach-mango-salsa-00.jpg HTTP/2.0" 200 787651 "-" "Mozilla/5.0 (Windows NT 10.0; Win64; x64) AppleWebKit/537.36 (KHTML, like Gecko) Chrome/144.0.0.0 Safari/537.36"
18.236.7.105 - - [04/May/2026:10:31:44 -0500] "GET / HTTP/2.0" 200 93539 "http://bestappetizers.com" "Mozilla/5.0 (Macintosh; Intel Mac OS X 10_12_2) AppleWebKit/537.36 (KHTML, like Gecko) Chrome/55.0.2883.95 Safari/537.36"
2001:4860:7:70e::c7 - - [04/May/2026:10:31:47 -0500] "GET /the-best-smoked-tuna-dip/ HTTP/2.0" 200 106915 "https://www.google.com/" "Mozilla/5.0 (Windows NT 10.0; Win64; x64) AppleWebKit/537.36 (KHTML, like Gecko) Chrome/147.0.0.0 Safari/537.36"
154.18.244.252 - - [04/May/2026:10:31:58 -0500] "POST /wp-cron.php?doing_wp_cron=1777908718.6059420108795166015625 HTTP/2.0" 200 1 "-" "WordPress/6.9.4; https://bestappetizers.com"
2001:16b8:ac9d:d900:e1f6:60c4:4bb4:c201 - - [04/May/2026:10:31:58 -0500] "GET /cucumber-bites-cream-cheese/ HTTP/2.0" 200 102790 "-" "WhatsApp/2.23.20.0"
2606:9cc0:300:680:c81f:13da:6d77:6e3f - - [04/May/2026:10:32:02 -0500] "GET /category/dips/page/4/ HTTP/2.0" 200 78996 "https://bestappetizers.com/category/dips/page/3/" "Mozilla/5.0 (Macintosh; Intel Mac OS X 10_12_6) AppleWebKit/537.36 (KHTML, like Gecko) Chrome/103.0.0.0 Safari/537.36"
2001:4860:7:70e::7a - - [04/May/2026:10:32:08 -0500] "GET /the-best-smoked-tuna-dip/ HTTP/2.0" 200 106915 "https://www.google.com/" "Mozilla/5.0 (Windows NT 10.0; Win64; x64) AppleWebKit/537.36 (KHTML, like Gecko) Chrome/147.0.0.0 Safari/537.36"
103.85.231.222 - - [04/May/2026:10:32:11 -0500] "GET /wp-content/uploads/2022/01/easy-caprese-dip06.jpg HTTP/2.0" 200 530089 "https://bestappetizers.com/wp-content/uploads/2022/01/easy-caprese-dip06.jpg" "Mozilla/5.0 (Macintosh; Intel Mac OS X 10_15_7) AppleWebKit/537.36 (KHTML, like Gecko) Chrome/124.0.0.0 Safari/537.36"
140.248.5.217 - - [04/May/2026:10:32:14 -0500] "GET /favicon.ico HTTP/2.0" 404 146 "-" "NetworkingExtension/8624.1.16.10.6 Network/5812.102.3 iOS/26.4.2"
140.248.5.217 - - [04/May/2026:10:32:14 -0500] "GET /3-ingredient-artichoke-dip/ HTTP/2.0" 200 101637 "-" "Mozilla/5.0 (Macintosh; Intel Mac OS X 10_11_1) AppleWebKit/601.2.4 (KHTML, like Gecko) Version/9.0.1 Safari/601.2.4 facebookexternalhit/1.1 Facebot Twitterbot/1.0"
154.18.244.252 - - [04/May/2026:10:32:25 -0500] "POST /wp-cron.php?doing_wp_cron=1777908745.9864270687103271484375 HTTP/2.0" 200 1 "-" "WordPress/6.9.4; https://bestappetizers.com"
2606:9cc0:300:680:c81f:13da:6d77:6e3f - - [04/May/2026:10:32:26 -0500] "GET /baked-muffuletta-dip/ HTTP/2.0" 200 102677 "https://bestappetizers.com/category/dips/page/4/" "Mozilla/5.0 (Macintosh; Intel Mac OS X 10_12_6) AppleWebKit/537.36 (KHTML, like Gecko) Chrome/103.0.0.0 Safari/537.36"
32.192.207.112 - - [04/May/2026:10:32:35 -0500] "GET /blt-salad-bites/ HTTP/2.0" 200 103359 "-" "Mozilla/5.0 (compatible; proximic; +https://www.comscore.com/Web-Crawler)"
2001:4860:7:70e::ef - - [04/May/2026:10:32:36 -0500] "GET /the-best-smoked-tuna-dip/ HTTP/2.0" 200 106915 "https://www.google.com/" "Mozilla/5.0 (Windows NT 10.0; Win64; x64) AppleWebKit/537.36 (KHTML, like Gecko) Chrome/147.0.0.0 Safari/537.36"
2606:9cc0:300:680:c81f:13da:6d77:6e3f - - [04/May/2026:10:32:36 -0500] "GET /category/skewers/ HTTP/2.0" 200 78021 "https://bestappetizers.com/baked-muffuletta-dip/" "Mozilla/5.0 (Macintosh; Intel Mac OS X 10_12_6) AppleWebKit/537.36 (KHTML, like Gecko) Chrome/103.0.0.0 Safari/537.36"
154.18.244.252 - - [04/May/2026:10:32:51 -0500] "POST /wp-cron.php?doing_wp_cron=1777908771.9371659755706787109375 HTTP/2.0" 200 1 "-" "WordPress/6.9.4; https://bestappetizers.com"
2606:9cc0:300:680:c81f:13da:6d77:6e3f - - [04/May/2026:10:32:51 -0500] "GET /category/healthy-appetizers/ HTTP/2.0" 200 78445 "https://bestappetizers.com/category/skewers/" "Mozilla/5.0 (Macintosh; Intel Mac OS X 10_12_6) AppleWebKit/537.36 (KHTML, like Gecko) Chrome/103.0.0.0 Safari/537.36"
24.189.109.248 - - [04/May/2026:10:32:52 -0500] "GET /buffalo-chicken-dip-without-cream-cheese/ HTTP/2.0" 200 104396 "https://www.google.com/" "Mozilla/5.0 (Linux; Android 10; K) AppleWebKit/537.36 (KHTML, like Gecko) Chrome/147.0.0.0 Mobile Safari/537.36"
2606:9cc0:300:680:c81f:13da:6d77:6e3f - - [04/May/2026:10:32:56 -0500] "GET /category/healthy-appetizers/page/2/ HTTP/2.0" 200 78686 "https://bestappetizers.com/category/healthy-appetizers/" "Mozilla/5.0 (Macintosh; Intel Mac OS X 10_12_6) AppleWebKit/537.36 (KHTML, like Gecko) Chrome/103.0.0.0 Safari/537.36"
57.128.189.19 - - [04/May/2026:10:33:06 -0500] "GET /?nocache=1777908721 HTTP/2.0" 200 93064 "-" "BigScootsMonitor Mozilla/5.0 (Windows NT 10.0; Win64; x64) AppleWebKit/537.36 (KHTML, like Gecko) Chrome/74.0.3729.169 Safari/537.36"
2607:5300:205:200::8dfc - - [04/May/2026:10:33:06 -0500] "GET /?nocache=1777908721 HTTP/2.0" 200 93064 "-" "BigScootsMonitor Mozilla/5.0 (Windows NT 10.0; Win64; x64) AppleWebKit/537.36 (KHTML, like Gecko) Chrome/74.0.3729.169 Safari/537.36"
2606:9cc0:300:680:c81f:13da:6d77:6e3f - - [04/May/2026:10:33:49 -0500] "GET /lawsons-chip-dip/ HTTP/2.0" 200 102453 "https://bestappetizers.com/category/dips/page/2/" "Mozilla/5.0 (Macintosh; Intel Mac OS X 10_12_6) AppleWebKit/537.36 (KHTML, like Gecko) Chrome/103.0.0.0 Safari/537.36"
154.18.244.252 - - [04/May/2026:10:33:58 -0500] "POST /wp-cron.php?doing_wp_cron=1777908838.4211490154266357421875 HTTP/2.0" 200 1 "-" "WordPress/6.9.4; https://bestappetizers.com"
34.7.57.141 - - [04/May/2026:10:33:58 -0500] "GET /baked-muffuletta-dip HTTP/2.0" 301 0 "-" "Mozilla/5.0 (X11; Linux x86_64) AppleWebKit/537.36 (KHTML, like Gecko) Chrome/106.0.0.0 Safari/537.36"
34.7.57.141 - - [04/May/2026:10:33:58 -0500] "GET /baked-muffuletta-dip/ HTTP/2.0" 200 102695 "-" "Mozilla/5.0 (X11; Linux x86_64) AppleWebKit/537.36 (KHTML, like Gecko) Chrome/106.0.0.0 Safari/537.36"
2605:59c0:1089:5910:2406:e286:34b0:f4f3 - - [04/May/2026:10:34:09 -0500] "GET /3-ingredient-artichoke-dip/ HTTP/2.0" 200 101638 "-" "Mozilla/5.0 (iPhone; CPU iPhone OS 18_7 like Mac OS X) AppleWebKit/605.1.15 (KHTML, like Gecko) Version/18.7.5 Mobile/15E148 Safari/604.1"
212.70.247.27 - - [04/May/2026:10:34:34 -0500] "GET /wp-content/uploads/2024/10/baked-goat-cheese-dip-07.jpg HTTP/2.0" 200 751068 "https://bestappetizers.com/wp-content/uploads/2024/10/baked-goat-cheese-dip-07.jpg" "Mozilla/5.0 (Windows NT 10.0; Win64; x64) AppleWebKit/537.36 (KHTML, like Gecko) Chrome/124.0.0.0 Safari/537.36 Edg/124.0.0.0"
154.18.244.252 - - [04/May/2026:10:34:38 -0500] "POST /wp-cron.php?doing_wp_cron=1777908878.6995320320129394531250 HTTP/2.0" 200 1 "-" "WordPress/6.9.4; https://bestappetizers.com"
24.121.73.108 - - [04/May/2026:10:34:38 -0500] "GET /dijonnaise-recipe/ HTTP/2.0" 200 100464 "-" "Mozilla/5.0 (iPhone; CPU iPhone OS 18_7 like Mac OS X) AppleWebKit/605.1.15 (KHTML, like Gecko) Version/26.3 Mobile/15E148 Safari/604.1"
2601:680:cd85:4920:3858:1353:e52c:285d - - [04/May/2026:10:34:52 -0500] "GET /favicon.ico HTTP/2.0" 404 146 "-" "NetworkingExtension/8624.1.16.10.6 Network/5812.102.3 iOS/26.4.2"
2601:680:cd85:4920:3858:1353:e52c:285d - - [04/May/2026:10:34:53 -0500] "GET /easter-bunny-crescent-bites/ HTTP/2.0" 200 104271 "-" "Mozilla/5.0 (iPhone; CPU iPhone OS 18_7 like Mac OS X) AppleWebKit/605.1.15 (KHTML, like Gecko) Version/26.4 Mobile/15E148 Safari/604.1"
2601:680:cd85:4920:3858:1353:e52c:285d - - [04/May/2026:10:34:53 -0500] "GET /easter-bunny-crescent-bites/ HTTP/2.0" 200 104274 "-" "Mozilla/5.0 (Macintosh; Intel Mac OS X 10_11_1) AppleWebKit/601.2.4 (KHTML, like Gecko) Version/9.0.1 Safari/601.2.4 facebookexternalhit/1.1 Facebot Twitterbot/1.0"
2603:300c:e9f:8c00:c575:3fd5:f789:9393 - - [04/May/2026:10:35:00 -0500] "GET /benedictine-spread/ HTTP/2.0" 200 101371 "-" "Mozilla/5.0 (Windows NT 10.0; Win64; x64) AppleWebKit/537.36 (KHTML, like Gecko) Chrome/147.0.0.0 Safari/537.36 Edg/147.0.0.0"
2620:100:a00b:100::3a - - [04/May/2026:10:35:04 -0500] "GET /benedictine-spread/ HTTP/2.0" 200 101371 "-" "CriteoBot/0.1 (+https://www.criteo.com/criteo-crawler/)"
2620:100:a005:400::1d - - [04/May/2026:10:35:05 -0500] "GET /benedictine-spread/ HTTP/2.0" 200 101371 "-" "CriteoBot/0.1 (+https://www.criteo.com/criteo-crawler/)"
74.119.118.21 - - [04/May/2026:10:35:05 -0500] "GET /benedictine-spread/ HTTP/2.0" 200 101371 "-" "CriteoBot/0.1 (+https://www.criteo.com/criteo-crawler/)"
57.128.189.19 - - [04/May/2026:10:35:06 -0500] "GET /?nocache=1777908841 HTTP/2.0" 200 93064 "-" "BigScootsMonitor Mozilla/5.0 (Windows NT 10.0; Win64; x64) AppleWebKit/537.36 (KHTML, like Gecko) Chrome/74.0.3729.169 Safari/537.36"
2607:5300:205:200::8dfc - - [04/May/2026:10:35:06 -0500] "GET /?nocache=1777908841 HTTP/2.0" 200 93064 "-" "BigScootsMonitor Mozilla/5.0 (Windows NT 10.0; Win64; x64) AppleWebKit/537.36 (KHTML, like Gecko) Chrome/74.0.3729.169 Safari/537.36"
2603:300c:e9f:8c00:c575:3fd5:f789:9393 - - [04/May/2026:10:35:14 -0500] "GET /wprm_print/benedictine-spread HTTP/2.0" 200 9809 "https://bestappetizers.com/benedictine-spread/" "Mozilla/5.0 (Windows NT 10.0; Win64; x64) AppleWebKit/537.36 (KHTML, like Gecko) Chrome/147.0.0.0 Safari/537.36 Edg/147.0.0.0"
74.119.118.33 - - [04/May/2026:10:35:17 -0500] "GET /wprm_print/benedictine-spread HTTP/2.0" 200 9809 "-" "CriteoBot/0.1 (+https://www.criteo.com/criteo-crawler/)"
2001:4860:7:402::fa - - [04/May/2026:10:35:29 -0500] "GET /ranch-ritz-crackers/ HTTP/2.0" 200 101325 "https://www.google.com/" "Mozilla/5.0 (Windows NT 10.0; Win64; x64) AppleWebKit/537.36 (KHTML, like Gecko) Chrome/147.0.0.0 Safari/537.36"
103.191.99.244 - - [04/May/2026:10:35:31 -0500] "GET /wp-content/plugins/kadence-blocks/dist/style-blocks-infobox.css?ver=3.6.7 HTTP/2.0" 200 1340 "https://bestappetizers.com/ranch-ritz-crackers/" "Mozilla/5.0 (Windows NT 10.0; Win64; x64) AppleWebKit/537.36 (KHTML, like Gecko) Chrome/147.0.0.0 Safari/537.36"
103.191.99.244 - - [04/May/2026:10:35:31 -0500] "GET /wp-content/plugins/kadence-blocks/dist/style-blocks-advancedbtn.css?ver=3.6.7 HTTP/2.0" 200 705 "https://bestappetizers.com/ranch-ritz-crackers/" "Mozilla/5.0 (Windows NT 10.0; Win64; x64) AppleWebKit/537.36 (KHTML, like Gecko) Chrome/147.0.0.0 Safari/537.36"
103.191.99.244 - - [04/May/2026:10:35:31 -0500] "GET /wp-content/plugins/kadence-blocks/includes/assets/css/kb-button-deprecated-style.min.css?ver=3.6.7 HTTP/2.0" 200 727 "https://bestappetizers.com/ranch-ritz-crackers/" "Mozilla/5.0 (Windows NT 10.0; Win64; x64) AppleWebKit/537.36 (KHTML, like Gecko) Chrome/147.0.0.0 Safari/537.36"
103.191.99.244 - - [04/May/2026:10:35:32 -0500] "GET /wp-content/plugins/wp-recipe-maker/dist/public-modern.css?ver=10.5.0 HTTP/2.0" 200 7712 "https://bestappetizers.com/ranch-ritz-crackers/" "Mozilla/5.0 (Windows NT 10.0; Win64; x64) AppleWebKit/537.36 (KHTML, like Gecko) Chrome/147.0.0.0 Safari/537.36"
103.191.99.244 - - [04/May/2026:10:35:32 -0500] "GET /wp-includes/blocks/button/style.min.css?ver=6.9.4 HTTP/2.0" 200 467 "https://bestappetizers.com/ranch-ritz-crackers/" "Mozilla/5.0 (Windows NT 10.0; Win64; x64) AppleWebKit/537.36 (KHTML, like Gecko) Chrome/147.0.0.0 Safari/537.36"
