34.232.137.97 - - [05/May/2026:02:51:07 -0500] "GET /wp-content/plugins/kadence-blocks/dist/style-blocks-rowlayout.css?ver=3.6.7 HTTP/2.0" 200 1771 "https://easysalads.com/rosa-marina-salad" "Mozilla/5.0 (compatible; AmazonAdBot/1.0; +https://adbot.amazon.com)"
34.232.137.97 - - [05/May/2026:02:51:07 -0500] "GET /wp-content/plugins/kadence-blocks/dist/style-blocks-column.css?ver=3.6.7 HTTP/2.0" 200 428 "https://easysalads.com/rosa-marina-salad" "Mozilla/5.0 (compatible; AmazonAdBot/1.0; +https://adbot.amazon.com)"
34.232.137.97 - - [05/May/2026:02:51:07 -0500] "GET /wp-content/plugins/kadence-blocks/dist/style-blocks-infobox.css?ver=3.6.7 HTTP/2.0" 200 1340 "https://easysalads.com/rosa-marina-salad" "Mozilla/5.0 (compatible; AmazonAdBot/1.0; +https://adbot.amazon.com)"
34.232.137.97 - - [05/May/2026:02:51:07 -0500] "GET /wp-content/plugins/kadence-blocks/dist/style-blocks-advancedbtn.css?ver=3.6.7 HTTP/2.0" 200 705 "https://easysalads.com/rosa-marina-salad" "Mozilla/5.0 (compatible; AmazonAdBot/1.0; +https://adbot.amazon.com)"
34.232.137.97 - - [05/May/2026:02:51:07 -0500] "GET /wp-content/plugins/kadence-blocks-pro/dist/style-blocks-postgrid.css?ver=2.8.13.1 HTTP/2.0" 200 2795 "https://easysalads.com/rosa-marina-salad" "Mozilla/5.0 (compatible; AmazonAdBot/1.0; +https://adbot.amazon.com)"
34.232.137.97 - - [05/May/2026:02:51:07 -0500] "GET /wp-content/plugins/wp-recipe-maker/dist/public-modern.css?ver=10.5.0 HTTP/2.0" 200 7712 "https://easysalads.com/rosa-marina-salad" "Mozilla/5.0 (compatible; AmazonAdBot/1.0; +https://adbot.amazon.com)"
34.232.137.97 - - [05/May/2026:02:51:07 -0500] "GET /wp-content/plugins/wp-recipe-maker-premium/dist/public-pro.css?ver=10.5.0 HTTP/2.0" 200 6796 "https://easysalads.com/rosa-marina-salad" "Mozilla/5.0 (compatible; AmazonAdBot/1.0; +https://adbot.amazon.com)"
34.232.137.97 - - [05/May/2026:02:51:07 -0500] "GET /wp-content/themes/kadence/assets/css/global.min.css?ver=1.1.22 HTTP/2.0" 200 4256 "https://easysalads.com/rosa-marina-salad" "Mozilla/5.0 (compatible; AmazonAdBot/1.0; +https://adbot.amazon.com)"
34.232.137.97 - - [05/May/2026:02:51:07 -0500] "GET /wp-content/themes/kadence/assets/css/header.min.css?ver=1.1.22 HTTP/2.0" 200 4295 "https://easysalads.com/rosa-marina-salad" "Mozilla/5.0 (compatible; AmazonAdBot/1.0; +https://adbot.amazon.com)"
34.232.137.97 - - [05/May/2026:02:51:07 -0500] "GET /wp-content/themes/kadence/assets/css/content.min.css?ver=1.1.22 HTTP/2.0" 200 5512 "https://easysalads.com/rosa-marina-salad" "Mozilla/5.0 (compatible; AmazonAdBot/1.0; +https://adbot.amazon.com)"
34.232.137.97 - - [05/May/2026:02:51:07 -0500] "GET /wp-content/themes/kadence/assets/css/comments.min.css?ver=1.1.22 HTTP/2.0" 200 1289 "https://easysalads.com/rosa-marina-salad" "Mozilla/5.0 (compatible; AmazonAdBot/1.0; +https://adbot.amazon.com)"
34.232.137.97 - - [05/May/2026:02:51:07 -0500] "GET /wp-content/themes/kadence/assets/css/sidebar.min.css?ver=1.1.22 HTTP/2.0" 200 749 "https://easysalads.com/rosa-marina-salad" "Mozilla/5.0 (compatible; AmazonAdBot/1.0; +https://adbot.amazon.com)"
34.232.137.97 - - [05/May/2026:02:51:07 -0500] "GET /wp-content/themes/kadence/assets/css/footer.min.css?ver=1.1.22 HTTP/2.0" 200 1580 "https://easysalads.com/rosa-marina-salad" "Mozilla/5.0 (compatible; AmazonAdBot/1.0; +https://adbot.amazon.com)"
34.232.137.97 - - [05/May/2026:02:51:07 -0500] "GET /wp-content/plugins/kadence-pro/dist/mega-menu/menu-addon.css?ver=1.1.19 HTTP/2.0" 200 1126 "https://easysalads.com/rosa-marina-salad" "Mozilla/5.0 (compatible; AmazonAdBot/1.0; +https://adbot.amazon.com)"
34.232.137.97 - - [05/May/2026:02:51:07 -0500] "GET /wp-content/plugins/social-pug/assets/dist/style-frontend-pro.css?ver=2.28.0 HTTP/2.0" 200 11454 "https://easysalads.com/rosa-marina-salad" "Mozilla/5.0 (compatible; AmazonAdBot/1.0; +https://adbot.amazon.com)"
34.232.137.97 - - [05/May/2026:02:51:07 -0500] "GET /wp-content/themes/restored316-sage/style.css?ver=1_0_1 HTTP/2.0" 200 1089 "https://easysalads.com/rosa-marina-salad" "Mozilla/5.0 (compatible; AmazonAdBot/1.0; +https://adbot.amazon.com)"
34.232.137.97 - - [05/May/2026:02:51:08 -0500] "GET /wp-content/plugins/wpforms-lite/assets/css/frontend/modern/wpforms-full.min.css?ver=1.10.0.4 HTTP/2.0" 200 14792 "https://easysalads.com/rosa-marina-salad" "Mozilla/5.0 (compatible; AmazonAdBot/1.0; +https://adbot.amazon.com)"
34.232.137.97 - - [05/May/2026:02:51:08 -0500] "GET /wp-content/uploads/2022/09/Easy-Salads-website-logo-1536x451.png HTTP/2.0" 200 71572 "https://easysalads.com/rosa-marina-salad" "Mozilla/5.0 (compatible; AmazonAdBot/1.0; +https://adbot.amazon.com)"
34.232.137.97 - - [05/May/2026:02:51:10 -0500] "GET /wp-content/plugins/kadence-blocks/dist/style-blocks-iconlist.css?ver=3.6.7 HTTP/2.0" 200 597 "https://easysalads.com/rosa-marina-salad" "Mozilla/5.0 (compatible; AmazonAdBot/1.0; +https://adbot.amazon.com)"
34.232.137.97 - - [05/May/2026:02:51:11 -0500] "GET /wp-content/uploads/2022/09/rosa-marina-salad-02.jpg HTTP/2.0" 200 305290 "https://easysalads.com/rosa-marina-salad" "Mozilla/5.0 (compatible; AmazonAdBot/1.0; +https://adbot.amazon.com)"
34.232.137.97 - - [05/May/2026:02:51:11 -0500] "GET /wp-content/plugins/kadence-blocks/dist/style-blocks-spacer.css?ver=3.6.7 HTTP/2.0" 200 385 "https://easysalads.com/rosa-marina-salad" "Mozilla/5.0 (compatible; AmazonAdBot/1.0; +https://adbot.amazon.com)"
34.232.137.97 - - [05/May/2026:02:51:11 -0500] "GET /wp-content/plugins/wpforms-lite/assets/images/submit-spin.svg HTTP/2.0" 200 509 "https://easysalads.com/rosa-marina-salad" "Mozilla/5.0 (compatible; AmazonAdBot/1.0; +https://adbot.amazon.com)"
34.232.137.97 - - [05/May/2026:02:51:11 -0500] "GET /wp-content/plugins/wp-recipe-maker/assets/icons/rating/stars-alt-4.svg HTTP/2.0" 200 484 "https://easysalads.com/rosa-marina-salad" "Mozilla/5.0 (compatible; AmazonAdBot/1.0; +https://adbot.amazon.com)"
34.232.137.97 - - [05/May/2026:02:51:11 -0500] "GET /wp-content/plugins/wp-recipe-maker/assets/icons/rating/stars-alt-3.svg HTTP/2.0" 200 486 "https://easysalads.com/rosa-marina-salad" "Mozilla/5.0 (compatible; AmazonAdBot/1.0; +https://adbot.amazon.com)"
34.232.137.97 - - [05/May/2026:02:51:12 -0500] "GET /wp-content/plugins/social-pug/assets/dist/front-end-pro.js?ver=2.28.0 HTTP/2.0" 200 9339 "https://easysalads.com/rosa-marina-salad" "Mozilla/5.0 (compatible; AmazonAdBot/1.0; +https://adbot.amazon.com)"
34.232.137.97 - - [05/May/2026:02:51:12 -0500] "GET /wp-content/uploads/2022/01/courtney-whitmore-easy-salads02-150x150.jpg HTTP/2.0" 200 32777 "https://easysalads.com/rosa-marina-salad" "Mozilla/5.0 (compatible; AmazonAdBot/1.0; +https://adbot.amazon.com)"
34.232.137.97 - - [05/May/2026:02:51:13 -0500] "GET /wp-content/uploads/2024/05/5-cup-salad-04-150x225.jpg HTTP/2.0" 200 13786 "https://easysalads.com/rosa-marina-salad" "Mozilla/5.0 (compatible; AmazonAdBot/1.0; +https://adbot.amazon.com)"
34.232.137.97 - - [05/May/2026:02:51:13 -0500] "GET /wp-content/uploads/2022/09/rosa-marina-salad-.jpg HTTP/2.0" 200 365050 "https://easysalads.com/rosa-marina-salad" "Mozilla/5.0 (compatible; AmazonAdBot/1.0; +https://adbot.amazon.com)"
34.232.137.97 - - [05/May/2026:02:51:13 -0500] "GET /wp-content/uploads/2024/02/mediterranean-cucumber-salad-03-150x225.jpg HTTP/2.0" 200 19014 "https://easysalads.com/rosa-marina-salad" "Mozilla/5.0 (compatible; AmazonAdBot/1.0; +https://adbot.amazon.com)"
34.232.137.97 - - [05/May/2026:02:51:13 -0500] "GET /wp-content/uploads/2024/01/southern-georgia-cracker-salad-150x225.jpg HTTP/2.0" 200 15870 "https://easysalads.com/rosa-marina-salad" "Mozilla/5.0 (compatible; AmazonAdBot/1.0; +https://adbot.amazon.com)"
35.212.115.150 - - [05/May/2026:02:51:13 -0500] "GET /georgia-cracker-salad-southern-favorite/ HTTP/1.1" 200 127314 "https://www.google.com" "Mozilla/5.0 (X11; U; Linux i586; en-US; rv:1.7.3) Gecko/20040924 Epiphany/1.4.4 (Ubuntu)"
34.232.137.97 - - [05/May/2026:02:51:14 -0500] "GET /wp-content/uploads/2022/11/apple-pecan-blue-cheese-salad-01-150x225.jpg HTTP/2.0" 200 13817 "https://easysalads.com/rosa-marina-salad" "Mozilla/5.0 (compatible; AmazonAdBot/1.0; +https://adbot.amazon.com)"
34.232.137.97 - - [05/May/2026:02:51:14 -0500] "GET /wp-content/uploads/2022/09/cropped-site-icon-easy-salads-32x32.png HTTP/2.0" 200 907 "https://easysalads.com/rosa-marina-salad" "Mozilla/5.0 (compatible; AmazonAdBot/1.0; +https://adbot.amazon.com)"
34.232.137.97 - - [05/May/2026:02:51:17 -0500] "GET /wp-content/plugins/wp-recipe-maker/dist/public-modern.js?ver=10.5.0 HTTP/2.0" 200 23744 "https://easysalads.com/rosa-marina-salad" "Mozilla/5.0 (compatible; AmazonAdBot/1.0; +https://adbot.amazon.com)"
34.232.137.97 - - [05/May/2026:02:51:17 -0500] "GET /wp-content/plugins/wp-recipe-maker-premium/dist/public-pro.js?ver=10.5.0 HTTP/2.0" 200 20140 "https://easysalads.com/rosa-marina-salad" "Mozilla/5.0 (compatible; AmazonAdBot/1.0; +https://adbot.amazon.com)"
34.232.137.97 - - [05/May/2026:02:51:17 -0500] "GET /wp-content/plugins/kadence-pro/dist/mega-menu/kadence-mega-menu.min.js?ver=1.1.19 HTTP/2.0" 200 457 "https://easysalads.com/rosa-marina-salad" "Mozilla/5.0 (compatible; AmazonAdBot/1.0; +https://adbot.amazon.com)"
34.232.137.97 - - [05/May/2026:02:51:17 -0500] "GET /wp-content/plugins/akismet/_inc/akismet-frontend.js?ver=1764724306 HTTP/2.0" 200 3016 "https://easysalads.com/rosa-marina-salad" "Mozilla/5.0 (compatible; AmazonAdBot/1.0; +https://adbot.amazon.com)"
34.232.137.97 - - [05/May/2026:02:51:17 -0500] "GET /wp-includes/js/jquery/jquery.min.js?ver=3.7.1 HTTP/2.0" 200 29769 "https://easysalads.com/rosa-marina-salad" "Mozilla/5.0 (compatible; AmazonAdBot/1.0; +https://adbot.amazon.com)"
34.232.137.97 - - [05/May/2026:02:51:17 -0500] "GET /wp-includes/js/jquery/jquery-migrate.min.js?ver=3.4.1 HTTP/2.0" 200 4679 "https://easysalads.com/rosa-marina-salad" "Mozilla/5.0 (compatible; AmazonAdBot/1.0; +https://adbot.amazon.com)"
34.232.137.97 - - [05/May/2026:02:51:17 -0500] "GET /wp-content/plugins/wpforms-lite/assets/lib/jquery.validate.min.js?ver=1.21.0 HTTP/2.0" 200 7807 "https://easysalads.com/rosa-marina-salad" "Mozilla/5.0 (compatible; AmazonAdBot/1.0; +https://adbot.amazon.com)"
34.232.137.97 - - [05/May/2026:02:51:17 -0500] "GET /wp-content/plugins/wpforms-lite/assets/lib/mailcheck.min.js?ver=1.1.2 HTTP/2.0" 200 1616 "https://easysalads.com/rosa-marina-salad" "Mozilla/5.0 (compatible; AmazonAdBot/1.0; +https://adbot.amazon.com)"
34.232.137.97 - - [05/May/2026:02:51:17 -0500] "GET /wp-content/plugins/wpforms-lite/assets/lib/punycode.min.js?ver=1.0.0 HTTP/2.0" 200 834 "https://easysalads.com/rosa-marina-salad" "Mozilla/5.0 (compatible; AmazonAdBot/1.0; +https://adbot.amazon.com)"
34.232.137.97 - - [05/May/2026:02:51:17 -0500] "GET /wp-content/plugins/wpforms-lite/assets/js/share/utils.min.js?ver=1.10.0.4 HTTP/2.0" 200 727 "https://easysalads.com/rosa-marina-salad" "Mozilla/5.0 (compatible; AmazonAdBot/1.0; +https://adbot.amazon.com)"
34.232.137.97 - - [05/May/2026:02:51:17 -0500] "GET /wp-content/plugins/wpforms-lite/assets/js/frontend/wpforms.min.js?ver=1.10.0.4 HTTP/2.0" 200 14614 "https://easysalads.com/rosa-marina-salad" "Mozilla/5.0 (compatible; AmazonAdBot/1.0; +https://adbot.amazon.com)"
34.232.137.97 - - [05/May/2026:02:51:17 -0500] "GET /wp-content/plugins/wpforms-lite/assets/js/frontend/wpforms-modern.min.js?ver=1.10.0.4 HTTP/2.0" 200 1866 "https://easysalads.com/rosa-marina-salad" "Mozilla/5.0 (compatible; AmazonAdBot/1.0; +https://adbot.amazon.com)"
34.232.137.97 - - [05/May/2026:02:51:17 -0500] "GET /wp-content/plugins/wpforms-lite/assets/js/frontend/fields/address.min.js?ver=1.10.0.4 HTTP/2.0" 200 673 "https://easysalads.com/rosa-marina-salad" "Mozilla/5.0 (compatible; AmazonAdBot/1.0; +https://adbot.amazon.com)"
34.232.137.97 - - [05/May/2026:02:51:17 -0500] "GET /wp-includes/js/comment-reply.min.js?ver=6.9.4 HTTP/2.0" 200 1248 "https://easysalads.com/rosa-marina-salad" "Mozilla/5.0 (compatible; AmazonAdBot/1.0; +https://adbot.amazon.com)"
34.232.137.97 - - [05/May/2026:02:51:17 -0500] "GET /wp-content/themes/kadence/assets/js/navigation-lite.min.js?ver=1.1.21 HTTP/2.0" 200 2083 "https://easysalads.com/rosa-marina-salad" "Mozilla/5.0 (compatible; AmazonAdBot/1.0; +https://adbot.amazon.com)"
34.229.182.49 - - [05/May/2026:02:51:26 -0500] "GET /ads.txt HTTP/1.1" 301 5 "-" "Mozilla/5.0 (Windows NT 10.0; Win64; x64) AppleWebKit/537.36 (KHTML, like Gecko) Chrome/124.0.0.0 Safari/537.36"
66.249.93.173 - - [05/May/2026:02:51:55 -0500] "GET /.well-known/traffic-advice HTTP/1.1" 404 146 "-" "Chrome Privacy Preserving Prefetch Proxy"
154.18.244.252 - - [05/May/2026:02:51:56 -0500] "POST /wp-cron.php?doing_wp_cron=1777967516.2087008953094482421875 HTTP/1.1" 200 11 "-" "WordPress/6.9.4; https://easysalads.com"
72.14.201.120 - - [05/May/2026:02:51:56 -0500] "GET /easy-5-bean-salad/ HTTP/2.0" 200 103040 "https://www.google.com/" "Mozilla/5.0 (Linux; Android 10; K) AppleWebKit/537.36 (KHTML, like Gecko) Chrome/147.0.0.0 Safari/537.36"
144.126.133.143 - - [05/May/2026:02:52:01 -0500] "GET /wp-login.php HTTP/2.0" 200 1883 "-" "Mozilla/5.0 (Windows NT 10.0; Win64; x64) AppleWebKit/537.36 (KHTML, like Gecko) Chrome/65.0.3325.162 Safari/537.36"
144.126.133.143 - - [05/May/2026:02:52:02 -0500] "POST /wp-login.php HTTP/2.0" 200 2019 "https://easysalads.com/wp-login.php" "Mozilla/5.0 (Windows NT 10.0; Win64; x64) AppleWebKit/537.36 (KHTML, like Gecko) Chrome/65.0.3325.162 Safari/537.36"
3.90.89.218 - - [05/May/2026:02:52:09 -0500] "GET /mediterranean-cucumber-salad HTTP/1.1" 200 128681 "-" "Mozilla/5.0 (compatible; proximic; +https://www.comscore.com/Web-Crawler)"
184.72.140.206 - - [05/May/2026:02:52:36 -0500] "GET /wprm_print/creamy-apple-cider-dressing HTTP/1.1" 200 10489 "-" "Mozilla/5.0 (compatible; proximic; +https://www.comscore.com/Web-Crawler)"
34.232.137.97 - - [05/May/2026:02:52:37 -0500] "GET /wprm_print/hot-chicken-salad HTTP/2.0" 200 9976 "-" "Mozilla/5.0 (compatible; AmazonAdBot/1.0; +https://adbot.amazon.com)"
34.232.137.97 - - [05/May/2026:02:52:37 -0500] "GET /wp-content/plugins/wp-recipe-maker/dist/public-modern.css?ver=10.5.0 HTTP/2.0" 200 7712 "https://easysalads.com/wprm_print/hot-chicken-salad" "Mozilla/5.0 (compatible; AmazonAdBot/1.0; +https://adbot.amazon.com)"
34.232.137.97 - - [05/May/2026:02:52:37 -0500] "GET /wp-content/plugins/wp-recipe-maker/dist/print.css?ver=10.5.0 HTTP/2.0" 200 999 "https://easysalads.com/wprm_print/hot-chicken-salad" "Mozilla/5.0 (compatible; AmazonAdBot/1.0; +https://adbot.amazon.com)"
34.232.137.97 - - [05/May/2026:02:52:37 -0500] "GET /wp-content/plugins/wp-recipe-maker-premium/dist/public-pro.css?ver=10.5.0 HTTP/2.0" 200 6796 "https://easysalads.com/wprm_print/hot-chicken-salad" "Mozilla/5.0 (compatible; AmazonAdBot/1.0; +https://adbot.amazon.com)"
34.232.137.97 - - [05/May/2026:02:52:37 -0500] "GET /wp-content/plugins/wp-recipe-maker-premium/dist/print.css?ver=10.5.0 HTTP/2.0" 200 1436 "https://easysalads.com/wprm_print/hot-chicken-salad" "Mozilla/5.0 (compatible; AmazonAdBot/1.0; +https://adbot.amazon.com)"
34.232.137.97 - - [05/May/2026:02:52:37 -0500] "GET /wp-content/plugins/wp-recipe-maker/dist/print.js?ver=10.5.0 HTTP/2.0" 200 2670 "https://easysalads.com/wprm_print/hot-chicken-salad" "Mozilla/5.0 (compatible; AmazonAdBot/1.0; +https://adbot.amazon.com)"
34.232.137.97 - - [05/May/2026:02:52:37 -0500] "GET /wp-content/plugins/wp-recipe-maker-premium/dist/print.js?ver=10.5.0 HTTP/2.0" 200 278266 "https://easysalads.com/wprm_print/hot-chicken-salad" "Mozilla/5.0 (compatible; AmazonAdBot/1.0; +https://adbot.amazon.com)"
34.232.137.97 - - [05/May/2026:02:52:37 -0500] "GET /wp-content/uploads/2022/09/hot-chicken-salad-05-500x500.jpg HTTP/2.0" 200 114047 "https://easysalads.com/wprm_print/hot-chicken-salad" "Mozilla/5.0 (compatible; AmazonAdBot/1.0; +https://adbot.amazon.com)"
34.232.137.97 - - [05/May/2026:02:52:37 -0500] "GET /wp-content/uploads/2022/09/cropped-site-icon-easy-salads-32x32.png HTTP/2.0" 200 907 "https://easysalads.com/wprm_print/hot-chicken-salad" "Mozilla/5.0 (compatible; AmazonAdBot/1.0; +https://adbot.amazon.com)"
107.213.1.57 - - [05/May/2026:02:52:53 -0500] "GET /broccoli-raisin-salad-recipe/ HTTP/2.0" 200 102839 "-" "Mozilla/5.0 (Linux; Android 10; K) AppleWebKit/537.36 (KHTML, like Gecko) Chrome/147.0.0.0 Mobile Safari/537.36"
107.213.1.57 - - [05/May/2026:02:52:54 -0500] "GET /wp-content/uploads/2024/02/broccoli-raisin-salad-00.jpg HTTP/2.0" 200 1068314 "https://easysalads.com/broccoli-raisin-salad-recipe/" "Mozilla/5.0 (Linux; Android 10; K) AppleWebKit/537.36 (KHTML, like Gecko) Chrome/147.0.0.0 Mobile Safari/537.36"
107.213.1.57 - - [05/May/2026:02:52:54 -0500] "GET /wp-content/uploads/2024/02/broccoli-raisin-salad-04.jpg HTTP/2.0" 200 838646 "https://easysalads.com/broccoli-raisin-salad-recipe/" "Mozilla/5.0 (Linux; Android 10; K) AppleWebKit/537.36 (KHTML, like Gecko) Chrome/147.0.0.0 Mobile Safari/537.36"
107.213.1.57 - - [05/May/2026:02:52:54 -0500] "GET /wp-content/uploads/2024/02/Blogger-Call-Out-Icons-1.png HTTP/2.0" 404 548 "https://easysalads.com/broccoli-raisin-salad-recipe/" "Mozilla/5.0 (Linux; Android 10; K) AppleWebKit/537.36 (KHTML, like Gecko) Chrome/147.0.0.0 Mobile Safari/537.36"
154.18.244.252 - - [05/May/2026:02:52:58 -0500] "POST /wp-cron.php?doing_wp_cron=1777967578.4810459613800048828125 HTTP/1.1" 200 11 "-" "WordPress/6.9.4; https://easysalads.com"
162.240.108.214 - - [05/May/2026:02:52:58 -0500] "GET /wp-login.php HTTP/2.0" 200 1883 "-" "Mozilla/5.0 (Windows NT 10.0; Win64; x64) AppleWebKit/537.36 (KHTML, like Gecko) Chrome/64.0.3282.186 Safari/537.36 OPR/51.0.2830.55"
162.240.108.214 - - [05/May/2026:02:52:58 -0500] "POST /wp-login.php HTTP/2.0" 200 2020 "https://easysalads.com/wp-login.php" "Mozilla/5.0 (Windows NT 10.0; Win64; x64) AppleWebKit/537.36 (KHTML, like Gecko) Chrome/64.0.3282.186 Safari/537.36 OPR/51.0.2830.55"
57.128.189.19 - - [05/May/2026:02:53:04 -0500] "GET /?nocache=1777967521 HTTP/2.0" 200 89189 "-" "BigScootsMonitor Mozilla/5.0 (Windows NT 10.0; Win64; x64) AppleWebKit/537.36 (KHTML, like Gecko) Chrome/74.0.3729.169 Safari/537.36"
51.222.136.175 - - [05/May/2026:02:53:05 -0500] "GET /?nocache=1777967521 HTTP/2.0" 200 89189 "-" "BigScootsMonitor Mozilla/5.0 (Windows NT 10.0; Win64; x64) AppleWebKit/537.36 (KHTML, like Gecko) Chrome/74.0.3729.169 Safari/537.36"
161.65.250.90 - - [05/May/2026:02:53:12 -0500] "GET /yogurt-dill-dressing/ HTTP/2.0" 200 99605 "-" "Mozilla/5.0 (iPhone; CPU iPhone OS 18_7 like Mac OS X) AppleWebKit/605.1.15 (KHTML, like Gecko) Version/26.2 Mobile/15E148 Safari/604.1"
161.65.250.90 - - [05/May/2026:02:53:13 -0500] "GET /wp-content/plugins/kadence-blocks/dist/style-blocks-rowlayout.css?ver=3.6.7 HTTP/2.0" 200 1771 "https://easysalads.com/yogurt-dill-dressing/" "Mozilla/5.0 (iPhone; CPU iPhone OS 18_7 like Mac OS X) AppleWebKit/605.1.15 (KHTML, like Gecko) Version/26.2 Mobile/15E148 Safari/604.1"
161.65.250.90 - - [05/May/2026:02:53:13 -0500] "GET /wp-content/plugins/kadence-blocks/dist/style-blocks-column.css?ver=3.6.7 HTTP/2.0" 200 428 "https://easysalads.com/yogurt-dill-dressing/" "Mozilla/5.0 (iPhone; CPU iPhone OS 18_7 like Mac OS X) AppleWebKit/605.1.15 (KHTML, like Gecko) Version/26.2 Mobile/15E148 Safari/604.1"
161.65.250.90 - - [05/May/2026:02:53:13 -0500] "GET /wp-content/plugins/kadence-blocks/dist/style-blocks-infobox.css?ver=3.6.7 HTTP/2.0" 200 1340 "https://easysalads.com/yogurt-dill-dressing/" "Mozilla/5.0 (iPhone; CPU iPhone OS 18_7 like Mac OS X) AppleWebKit/605.1.15 (KHTML, like Gecko) Version/26.2 Mobile/15E148 Safari/604.1"
161.65.250.90 - - [05/May/2026:02:53:13 -0500] "GET /wp-content/plugins/kadence-blocks/dist/style-blocks-advancedbtn.css?ver=3.6.7 HTTP/2.0" 200 705 "https://easysalads.com/yogurt-dill-dressing/" "Mozilla/5.0 (iPhone; CPU iPhone OS 18_7 like Mac OS X) AppleWebKit/605.1.15 (KHTML, like Gecko) Version/26.2 Mobile/15E148 Safari/604.1"
161.65.250.90 - - [05/May/2026:02:53:13 -0500] "GET /wp-content/plugins/kadence-blocks-pro/dist/style-blocks-postgrid.css?ver=2.8.13.1 HTTP/2.0" 200 2795 "https://easysalads.com/yogurt-dill-dressing/" "Mozilla/5.0 (iPhone; CPU iPhone OS 18_7 like Mac OS X) AppleWebKit/605.1.15 (KHTML, like Gecko) Version/26.2 Mobile/15E148 Safari/604.1"
161.65.250.90 - - [05/May/2026:02:53:13 -0500] "GET /wp-content/plugins/wp-recipe-maker/dist/public-modern.css?ver=10.5.0 HTTP/2.0" 200 7712 "https://easysalads.com/yogurt-dill-dressing/" "Mozilla/5.0 (iPhone; CPU iPhone OS 18_7 like Mac OS X) AppleWebKit/605.1.15 (KHTML, like Gecko) Version/26.2 Mobile/15E148 Safari/604.1"
161.65.250.90 - - [05/May/2026:02:53:13 -0500] "GET /wp-content/plugins/wp-recipe-maker-premium/dist/public-pro.css?ver=10.5.0 HTTP/2.0" 200 6796 "https://easysalads.com/yogurt-dill-dressing/" "Mozilla/5.0 (iPhone; CPU iPhone OS 18_7 like Mac OS X) AppleWebKit/605.1.15 (KHTML, like Gecko) Version/26.2 Mobile/15E148 Safari/604.1"
161.65.250.90 - - [05/May/2026:02:53:13 -0500] "GET /wp-content/themes/kadence/assets/css/global.min.css?ver=1.1.22 HTTP/2.0" 200 4256 "https://easysalads.com/yogurt-dill-dressing/" "Mozilla/5.0 (iPhone; CPU iPhone OS 18_7 like Mac OS X) AppleWebKit/605.1.15 (KHTML, like Gecko) Version/26.2 Mobile/15E148 Safari/604.1"
161.65.250.90 - - [05/May/2026:02:53:13 -0500] "GET /wp-content/themes/kadence/assets/css/header.min.css?ver=1.1.22 HTTP/2.0" 200 4295 "https://easysalads.com/yogurt-dill-dressing/" "Mozilla/5.0 (iPhone; CPU iPhone OS 18_7 like Mac OS X) AppleWebKit/605.1.15 (KHTML, like Gecko) Version/26.2 Mobile/15E148 Safari/604.1"
161.65.250.90 - - [05/May/2026:02:53:13 -0500] "GET /wp-content/themes/kadence/assets/css/content.min.css?ver=1.1.22 HTTP/2.0" 200 5512 "https://easysalads.com/yogurt-dill-dressing/" "Mozilla/5.0 (iPhone; CPU iPhone OS 18_7 like Mac OS X) AppleWebKit/605.1.15 (KHTML, like Gecko) Version/26.2 Mobile/15E148 Safari/604.1"
161.65.250.90 - - [05/May/2026:02:53:13 -0500] "GET /wp-content/themes/kadence/assets/css/comments.min.css?ver=1.1.22 HTTP/2.0" 200 1289 "https://easysalads.com/yogurt-dill-dressing/" "Mozilla/5.0 (iPhone; CPU iPhone OS 18_7 like Mac OS X) AppleWebKit/605.1.15 (KHTML, like Gecko) Version/26.2 Mobile/15E148 Safari/604.1"
161.65.250.90 - - [05/May/2026:02:53:13 -0500] "GET /wp-content/themes/kadence/assets/css/sidebar.min.css?ver=1.1.22 HTTP/2.0" 200 749 "https://easysalads.com/yogurt-dill-dressing/" "Mozilla/5.0 (iPhone; CPU iPhone OS 18_7 like Mac OS X) AppleWebKit/605.1.15 (KHTML, like Gecko) Version/26.2 Mobile/15E148 Safari/604.1"
161.65.250.90 - - [05/May/2026:02:53:13 -0500] "GET /wp-content/themes/kadence/assets/css/footer.min.css?ver=1.1.22 HTTP/2.0" 200 1580 "https://easysalads.com/yogurt-dill-dressing/" "Mozilla/5.0 (iPhone; CPU iPhone OS 18_7 like Mac OS X) AppleWebKit/605.1.15 (KHTML, like Gecko) Version/26.2 Mobile/15E148 Safari/604.1"
161.65.250.90 - - [05/May/2026:02:53:13 -0500] "GET /wp-content/plugins/kadence-pro/dist/mega-menu/menu-addon.css?ver=1.1.19 HTTP/2.0" 200 1126 "https://easysalads.com/yogurt-dill-dressing/" "Mozilla/5.0 (iPhone; CPU iPhone OS 18_7 like Mac OS X) AppleWebKit/605.1.15 (KHTML, like Gecko) Version/26.2 Mobile/15E148 Safari/604.1"
161.65.250.90 - - [05/May/2026:02:53:13 -0500] "GET /wp-content/plugins/social-pug/assets/dist/style-frontend-pro.css?ver=2.28.0 HTTP/2.0" 200 11454 "https://easysalads.com/yogurt-dill-dressing/" "Mozilla/5.0 (iPhone; CPU iPhone OS 18_7 like Mac OS X) AppleWebKit/605.1.15 (KHTML, like Gecko) Version/26.2 Mobile/15E148 Safari/604.1"
161.65.250.90 - - [05/May/2026:02:53:13 -0500] "GET /wp-content/themes/restored316-sage/style.css?ver=1_0_1 HTTP/2.0" 200 1089 "https://easysalads.com/yogurt-dill-dressing/" "Mozilla/5.0 (iPhone; CPU iPhone OS 18_7 like Mac OS X) AppleWebKit/605.1.15 (KHTML, like Gecko) Version/26.2 Mobile/15E148 Safari/604.1"
161.65.250.90 - - [05/May/2026:02:53:13 -0500] "GET /wp-content/plugins/wpforms-lite/assets/css/frontend/modern/wpforms-full.min.css?ver=1.10.0.4 HTTP/2.0" 200 14792 "https://easysalads.com/yogurt-dill-dressing/" "Mozilla/5.0 (iPhone; CPU iPhone OS 18_7 like Mac OS X) AppleWebKit/605.1.15 (KHTML, like Gecko) Version/26.2 Mobile/15E148 Safari/604.1"
161.65.250.90 - - [05/May/2026:02:53:13 -0500] "GET /wp-content/uploads/2022/09/Easy-Salads-website-logo-1536x451.png HTTP/2.0" 200 71572 "https://easysalads.com/yogurt-dill-dressing/" "Mozilla/5.0 (iPhone; CPU iPhone OS 18_7 like Mac OS X) AppleWebKit/605.1.15 (KHTML, like Gecko) Version/26.2 Mobile/15E148 Safari/604.1"
161.65.250.90 - - [05/May/2026:02:53:13 -0500] "GET /wp-content/plugins/kadence-blocks/dist/style-blocks-iconlist.css?ver=3.6.7 HTTP/2.0" 200 597 "https://easysalads.com/yogurt-dill-dressing/" "Mozilla/5.0 (iPhone; CPU iPhone OS 18_7 like Mac OS X) AppleWebKit/605.1.15 (KHTML, like Gecko) Version/26.2 Mobile/15E148 Safari/604.1"
161.65.250.90 - - [05/May/2026:02:53:13 -0500] "GET /wp-content/plugins/kadence-blocks/dist/style-blocks-spacer.css?ver=3.6.7 HTTP/2.0" 200 385 "https://easysalads.com/yogurt-dill-dressing/" "Mozilla/5.0 (iPhone; CPU iPhone OS 18_7 like Mac OS X) AppleWebKit/605.1.15 (KHTML, like Gecko) Version/26.2 Mobile/15E148 Safari/604.1"
161.65.250.90 - - [05/May/2026:02:53:13 -0500] "GET /wp-content/plugins/wp-recipe-maker/dist/public-modern.js?ver=10.5.0 HTTP/2.0" 200 23744 "https://easysalads.com/yogurt-dill-dressing/" "Mozilla/5.0 (iPhone; CPU iPhone OS 18_7 like Mac OS X) AppleWebKit/605.1.15 (KHTML, like Gecko) Version/26.2 Mobile/15E148 Safari/604.1"
161.65.250.90 - - [05/May/2026:02:53:13 -0500] "GET /wp-content/plugins/wp-recipe-maker-premium/dist/public-pro.js?ver=10.5.0 HTTP/2.0" 200 20140 "https://easysalads.com/yogurt-dill-dressing/" "Mozilla/5.0 (iPhone; CPU iPhone OS 18_7 like Mac OS X) AppleWebKit/605.1.15 (KHTML, like Gecko) Version/26.2 Mobile/15E148 Safari/604.1"
161.65.250.90 - - [05/May/2026:02:53:13 -0500] "GET /wp-content/themes/kadence/assets/js/navigation-lite.min.js?ver=1.1.21 HTTP/2.0" 200 2083 "https://easysalads.com/yogurt-dill-dressing/" "Mozilla/5.0 (iPhone; CPU iPhone OS 18_7 like Mac OS X) AppleWebKit/605.1.15 (KHTML, like Gecko) Version/26.2 Mobile/15E148 Safari/604.1"
161.65.250.90 - - [05/May/2026:02:53:13 -0500] "GET /wp-content/plugins/social-pug/assets/dist/front-end-pro.js?ver=2.28.0 HTTP/2.0" 200 9339 "https://easysalads.com/yogurt-dill-dressing/" "Mozilla/5.0 (iPhone; CPU iPhone OS 18_7 like Mac OS X) AppleWebKit/605.1.15 (KHTML, like Gecko) Version/26.2 Mobile/15E148 Safari/604.1"
161.65.250.90 - - [05/May/2026:02:53:13 -0500] "GET /wp-content/plugins/kadence-pro/dist/mega-menu/kadence-mega-menu.min.js?ver=1.1.19 HTTP/2.0" 200 457 "https://easysalads.com/yogurt-dill-dressing/" "Mozilla/5.0 (iPhone; CPU iPhone OS 18_7 like Mac OS X) AppleWebKit/605.1.15 (KHTML, like Gecko) Version/26.2 Mobile/15E148 Safari/604.1"
161.65.250.90 - - [05/May/2026:02:53:13 -0500] "GET /wp-content/plugins/akismet/_inc/akismet-frontend.js?ver=1764724306 HTTP/2.0" 200 3016 "https://easysalads.com/yogurt-dill-dressing/" "Mozilla/5.0 (iPhone; CPU iPhone OS 18_7 like Mac OS X) AppleWebKit/605.1.15 (KHTML, like Gecko) Version/26.2 Mobile/15E148 Safari/604.1"
161.65.250.90 - - [05/May/2026:02:53:13 -0500] "GET /wp-includes/js/jquery/jquery.min.js?ver=3.7.1 HTTP/2.0" 200 29769 "https://easysalads.com/yogurt-dill-dressing/" "Mozilla/5.0 (iPhone; CPU iPhone OS 18_7 like Mac OS X) AppleWebKit/605.1.15 (KHTML, like Gecko) Version/26.2 Mobile/15E148 Safari/604.1"
161.65.250.90 - - [05/May/2026:02:53:13 -0500] "GET /wp-includes/js/jquery/jquery-migrate.min.js?ver=3.4.1 HTTP/2.0" 200 4679 "https://easysalads.com/yogurt-dill-dressing/" "Mozilla/5.0 (iPhone; CPU iPhone OS 18_7 like Mac OS X) AppleWebKit/605.1.15 (KHTML, like Gecko) Version/26.2 Mobile/15E148 Safari/604.1"
161.65.250.90 - - [05/May/2026:02:53:13 -0500] "GET /wp-content/plugins/wpforms-lite/assets/lib/jquery.validate.min.js?ver=1.21.0 HTTP/2.0" 200 7807 "https://easysalads.com/yogurt-dill-dressing/" "Mozilla/5.0 (iPhone; CPU iPhone OS 18_7 like Mac OS X) AppleWebKit/605.1.15 (KHTML, like Gecko) Version/26.2 Mobile/15E148 Safari/604.1"
161.65.250.90 - - [05/May/2026:02:53:13 -0500] "GET /wp-content/plugins/wpforms-lite/assets/lib/mailcheck.min.js?ver=1.1.2 HTTP/2.0" 200 1616 "https://easysalads.com/yogurt-dill-dressing/" "Mozilla/5.0 (iPhone; CPU iPhone OS 18_7 like Mac OS X) AppleWebKit/605.1.15 (KHTML, like Gecko) Version/26.2 Mobile/15E148 Safari/604.1"
161.65.250.90 - - [05/May/2026:02:53:13 -0500] "GET /wp-content/plugins/wpforms-lite/assets/lib/punycode.min.js?ver=1.0.0 HTTP/2.0" 200 834 "https://easysalads.com/yogurt-dill-dressing/" "Mozilla/5.0 (iPhone; CPU iPhone OS 18_7 like Mac OS X) AppleWebKit/605.1.15 (KHTML, like Gecko) Version/26.2 Mobile/15E148 Safari/604.1"
161.65.250.90 - - [05/May/2026:02:53:13 -0500] "GET /wp-content/plugins/wpforms-lite/assets/js/share/utils.min.js?ver=1.10.0.4 HTTP/2.0" 200 727 "https://easysalads.com/yogurt-dill-dressing/" "Mozilla/5.0 (iPhone; CPU iPhone OS 18_7 like Mac OS X) AppleWebKit/605.1.15 (KHTML, like Gecko) Version/26.2 Mobile/15E148 Safari/604.1"
161.65.250.90 - - [05/May/2026:02:53:13 -0500] "GET /wp-content/plugins/wpforms-lite/assets/js/frontend/wpforms.min.js?ver=1.10.0.4 HTTP/2.0" 200 14614 "https://easysalads.com/yogurt-dill-dressing/" "Mozilla/5.0 (iPhone; CPU iPhone OS 18_7 like Mac OS X) AppleWebKit/605.1.15 (KHTML, like Gecko) Version/26.2 Mobile/15E148 Safari/604.1"
161.65.250.90 - - [05/May/2026:02:53:13 -0500] "GET /wp-content/plugins/wpforms-lite/assets/js/frontend/wpforms-modern.min.js?ver=1.10.0.4 HTTP/2.0" 200 1866 "https://easysalads.com/yogurt-dill-dressing/" "Mozilla/5.0 (iPhone; CPU iPhone OS 18_7 like Mac OS X) AppleWebKit/605.1.15 (KHTML, like Gecko) Version/26.2 Mobile/15E148 Safari/604.1"
161.65.250.90 - - [05/May/2026:02:53:13 -0500] "GET /wp-content/plugins/wpforms-lite/assets/js/frontend/fields/address.min.js?ver=1.10.0.4 HTTP/2.0" 200 673 "https://easysalads.com/yogurt-dill-dressing/" "Mozilla/5.0 (iPhone; CPU iPhone OS 18_7 like Mac OS X) AppleWebKit/605.1.15 (KHTML, like Gecko) Version/26.2 Mobile/15E148 Safari/604.1"
161.65.250.90 - - [05/May/2026:02:53:14 -0500] "GET /wp-content/plugins/wpforms-lite/assets/images/submit-spin.svg HTTP/2.0" 200 509 "https://easysalads.com/yogurt-dill-dressing/" "Mozilla/5.0 (iPhone; CPU iPhone OS 18_7 like Mac OS X) AppleWebKit/605.1.15 (KHTML, like Gecko) Version/26.2 Mobile/15E148 Safari/604.1"
161.65.250.90 - - [05/May/2026:02:53:14 -0500] "GET /wp-includes/js/comment-reply.min.js?ver=6.9.4 HTTP/2.0" 200 1248 "https://easysalads.com/yogurt-dill-dressing/" "Mozilla/5.0 (iPhone; CPU iPhone OS 18_7 like Mac OS X) AppleWebKit/605.1.15 (KHTML, like Gecko) Version/26.2 Mobile/15E148 Safari/604.1"
49.13.78.50 - - [05/May/2026:02:53:32 -0500] "GET /wp-login.php HTTP/2.0" 444 0 "-" "Mozilla/5.0 (Macintosh; Intel Mac OS X 10_13_4) AppleWebKit/537.36 (KHTML, like Gecko) Chrome/67.0.3396.79 Safari/537.36"
51.15.160.8 - - [05/May/2026:02:53:47 -0500] "GET /wp-login.php HTTP/2.0" 444 0 "-" "Mozilla/5.0 (Windows NT 6.1; WOW64) AppleWebKit/537.36 (KHTML, like Gecko) Chrome/66.0.3359.181 Safari/537.36"
50.6.7.129 - - [05/May/2026:02:54:16 -0500] "GET /wp-login.php HTTP/2.0" 444 0 "-" "Mozilla/5.0 (Windows NT 10.0; WOW64) AppleWebKit/537.36 (KHTML, like Gecko) Chrome/63.0.3239.132 Safari/537.36 OPR/50.0.2762.67"
66.249.66.75 - - [05/May/2026:02:54:27 -0500] "GET /wp-content/uploads/2024/10/taffy-apple-salad-02-500x500.jpg HTTP/1.1" 200 107151 "-" "Googlebot-Image/1.0"
154.18.244.252 - - [05/May/2026:02:55:04 -0500] "POST /wp-cron.php?doing_wp_cron=1777967704.4571979045867919921875 HTTP/1.1" 200 11 "-" "WordPress/6.9.4; https://easysalads.com"
57.128.189.19 - - [05/May/2026:02:55:04 -0500] "GET /?nocache=1777967641 HTTP/2.0" 200 89189 "-" "BigScootsMonitor Mozilla/5.0 (Windows NT 10.0; Win64; x64) AppleWebKit/537.36 (KHTML, like Gecko) Chrome/74.0.3729.169 Safari/537.36"
51.222.136.175 - - [05/May/2026:02:55:04 -0500] "GET /?nocache=1777967641 HTTP/2.0" 200 89189 "-" "BigScootsMonitor Mozilla/5.0 (Windows NT 10.0; Win64; x64) AppleWebKit/537.36 (KHTML, like Gecko) Chrome/74.0.3729.169 Safari/537.36"
121.200.216.56 - - [05/May/2026:02:55:48 -0500] "GET /wp-login.php HTTP/2.0" 200 1883 "-" "Mozilla/5.0 (compatible; MSIE 9.0; Windows NT 10.0; WOW64; Trident/7.0)"
121.200.216.56 - - [05/May/2026:02:55:48 -0500] "POST /wp-login.php HTTP/2.0" 200 1999 "https://easysalads.com/wp-login.php" "Mozilla/5.0 (compatible; MSIE 9.0; Windows NT 10.0; WOW64; Trident/7.0)"
173.252.107.115 - - [05/May/2026:02:56:37 -0500] "GET / HTTP/2.0" 200 536590 "-" "meta-webindexer/1.1 (+https://developers.facebook.com/docs/sharing/webmasters/crawler)"
154.18.244.252 - - [05/May/2026:02:56:55 -0500] "POST /wp-cron.php?doing_wp_cron=1777967815.7147529125213623046875 HTTP/1.1" 200 11 "-" "WordPress/6.9.4; https://easysalads.com"
92.205.109.21 - - [05/May/2026:02:56:55 -0500] "GET /wp-login.php HTTP/2.0" 200 1883 "-" "Mozilla/5.0 (Windows NT 6.3; Win64; x64) AppleWebKit/537.36 (KHTML, like Gecko) Chrome/65.0.3325.181 Safari/537.36"
92.205.109.21 - - [05/May/2026:02:56:55 -0500] "POST /wp-login.php HTTP/2.0" 200 2020 "https://easysalads.com/wp-login.php" "Mozilla/5.0 (Windows NT 6.3; Win64; x64) AppleWebKit/537.36 (KHTML, like Gecko) Chrome/65.0.3325.181 Safari/537.36"
185.194.117.126 - - [05/May/2026:02:56:59 -0500] "GET /edamame-and-corn-salad HTTP/1.1" 200 130308 "https://www.google.com" "Mozilla/5.0 (X11; Linux x86_64; rv:78.0) Gecko/20100101 Firefox/78.0"
57.128.189.19 - - [05/May/2026:02:57:04 -0500] "GET /?nocache=1777967761 HTTP/2.0" 200 89189 "-" "BigScootsMonitor Mozilla/5.0 (Windows NT 10.0; Win64; x64) AppleWebKit/537.36 (KHTML, like Gecko) Chrome/74.0.3729.169 Safari/537.36"
51.222.136.175 - - [05/May/2026:02:57:04 -0500] "GET /?nocache=1777967761 HTTP/2.0" 200 89189 "-" "BigScootsMonitor Mozilla/5.0 (Windows NT 10.0; Win64; x64) AppleWebKit/537.36 (KHTML, like Gecko) Chrome/74.0.3729.169 Safari/537.36"
34.61.115.252 - - [05/May/2026:02:57:08 -0500] "GET /wp-login.php HTTP/2.0" 200 1883 "-" "Mozilla/5.0 (Windows NT 6.3; Win64; x64) AppleWebKit/537.36 (KHTML, like Gecko) Chrome/67.0.3396.62 Safari/537.36"
162.240.102.228 - - [05/May/2026:02:57:08 -0500] "GET /wp-login.php HTTP/2.0" 200 1883 "-" "Mozilla/5.0 (Windows NT 10.0; Win64; x64) AppleWebKit/537.36 (KHTML, like Gecko) Chrome/66.0.3359.170 Safari/537.36 OPR/53.0.2907.68"
34.61.115.252 - - [05/May/2026:02:57:09 -0500] "POST /wp-login.php HTTP/2.0" 200 2019 "https://easysalads.com/wp-login.php" "Mozilla/5.0 (Windows NT 6.3; Win64; x64) AppleWebKit/537.36 (KHTML, like Gecko) Chrome/67.0.3396.62 Safari/537.36"
162.240.102.228 - - [05/May/2026:02:57:10 -0500] "POST /wp-login.php HTTP/2.0" 200 1992 "https://easysalads.com/wp-login.php" "Mozilla/5.0 (Windows NT 10.0; Win64; x64) AppleWebKit/537.36 (KHTML, like Gecko) Chrome/66.0.3359.170 Safari/537.36 OPR/53.0.2907.68"
154.18.244.252 - - [05/May/2026:02:57:58 -0500] "POST /wp-cron.php?doing_wp_cron=1777967878.5829000473022460937500 HTTP/1.1" 200 11 "-" "WordPress/6.9.4; https://easysalads.com"
190.92.169.79 - - [05/May/2026:02:57:58 -0500] "GET /wp-login.php HTTP/2.0" 200 1883 "-" "Mozilla/5.0 (Windows NT 6.1; WOW64; rv:61.0) Gecko/20100101 Firefox/61.0"
190.92.169.79 - - [05/May/2026:02:57:58 -0500] "POST /wp-login.php HTTP/2.0" 200 2021 "https://easysalads.com/wp-login.php" "Mozilla/5.0 (Windows NT 6.1; WOW64; rv:61.0) Gecko/20100101 Firefox/61.0"
103.121.26.217 - - [05/May/2026:02:58:05 -0500] "GET /wp-login.php HTTP/2.0" 444 0 "-" "Mozilla/5.0 (Windows NT 6.2; Win64; x64) AppleWebKit/537.36 (KHTML, like Gecko) Chrome/65.0.3325.181 Safari/537.36 OPR/52.0.2871.99"
154.18.244.252 - - [05/May/2026:02:59:04 -0500] "POST /wp-cron.php?doing_wp_cron=1777967944.0675890445709228515625 HTTP/1.1" 200 11 "-" "WordPress/6.9.4; https://easysalads.com"
57.128.189.19 - - [05/May/2026:02:59:04 -0500] "GET /?nocache=1777967881 HTTP/2.0" 200 89189 "-" "BigScootsMonitor Mozilla/5.0 (Windows NT 10.0; Win64; x64) AppleWebKit/537.36 (KHTML, like Gecko) Chrome/74.0.3729.169 Safari/537.36"
69.63.184.21 - - [05/May/2026:02:59:04 -0500] "GET / HTTP/2.0" 200 536590 "-" "meta-webindexer/1.1 (+https://developers.facebook.com/docs/sharing/webmasters/crawler)"
51.222.136.175 - - [05/May/2026:02:59:05 -0500] "GET /?nocache=1777967881 HTTP/2.0" 200 89189 "-" "BigScootsMonitor Mozilla/5.0 (Windows NT 10.0; Win64; x64) AppleWebKit/537.36 (KHTML, like Gecko) Chrome/74.0.3729.169 Safari/537.36"
50.6.229.148 - - [05/May/2026:02:59:12 -0500] "GET /wp-login.php HTTP/2.0" 444 0 "-" "Mozilla/5.0 (Windows NT 6.1; Win64; x64) AppleWebKit/537.36 (KHTML, like Gecko) Chrome/64.0.3282.168 Safari/537.36 OPR/51.0.2830.40"
200.69.20.165 - - [05/May/2026:02:59:37 -0500] "GET /wp-login.php HTTP/2.0" 200 1883 "-" "Mozilla/5.0 (Macintosh; Intel Mac OS X 10_12_6) AppleWebKit/537.36 (KHTML, like Gecko) Chrome/66.0.3359.139 Safari/537.36"
200.69.20.165 - - [05/May/2026:02:59:37 -0500] "POST /wp-login.php HTTP/2.0" 200 2021 "https://easysalads.com/wp-login.php" "Mozilla/5.0 (Macintosh; Intel Mac OS X 10_12_6) AppleWebKit/537.36 (KHTML, like Gecko) Chrome/66.0.3359.139 Safari/537.36"
154.18.244.252 - - [05/May/2026:03:01:04 -0500] "POST /wp-cron.php?doing_wp_cron=1777968064.4916269779205322265625 HTTP/1.1" 200 11 "-" "WordPress/6.9.4; https://easysalads.com"
57.128.189.19 - - [05/May/2026:03:01:04 -0500] "GET /?nocache=1777968001 HTTP/2.0" 200 89189 "-" "BigScootsMonitor Mozilla/5.0 (Windows NT 10.0; Win64; x64) AppleWebKit/537.36 (KHTML, like Gecko) Chrome/74.0.3729.169 Safari/537.36"
51.222.136.175 - - [05/May/2026:03:01:04 -0500] "GET /?nocache=1777968001 HTTP/2.0" 200 89189 "-" "BigScootsMonitor Mozilla/5.0 (Windows NT 10.0; Win64; x64) AppleWebKit/537.36 (KHTML, like Gecko) Chrome/74.0.3729.169 Safari/537.36"
45.154.98.187 - - [05/May/2026:03:01:13 -0500] "GET /wp-content/themes/seotheme/db.php?u HTTP/1.1" 404 548 "www.google.com" "Mozlila/5.0 (Linux; Android 7.0; SM-G892A Bulid/NRD90M; wv) AppleWebKit/537.36 (KHTML, like Gecko) Version/4.0 Chrome/60.0.3112.107 Moblie Safari/537.36"
45.154.98.187 - - [05/May/2026:03:01:13 -0500] "POST /wp-plain.php HTTP/1.1" 404 548 "www.google.com" "Mozilla/5.0 (Linux; Android 7.0; SM-G892A Bulid/NRD90M; wv) AppleWebKit/537.36 (KHTML, like Gecko) Version/4.0 Chrome/60.0.3112.107 Moblie Safari/537.36"
45.154.98.187 - - [05/May/2026:03:01:13 -0500] "GET /wp-content/plugins/fix/up.php HTTP/1.1" 403 548 "-" "Mozilla/5.0 (Windows NT 10.0; Win64; x64) AppleWebKit/537.36 (KHTML, like Gecko) Chrome/85.0.4183.102 Safari/537.36"
45.154.98.187 - - [05/May/2026:03:01:13 -0500] "GET /wp-content/themes/seotheme/db.php?u HTTP/1.1" 404 548 "www.google.com" "Mozlila/5.0 (Linux; Android 7.0; SM-G892A Bulid/NRD90M; wv) AppleWebKit/537.36 (KHTML, like Gecko) Version/4.0 Chrome/60.0.3112.107 Moblie Safari/537.36"
45.154.98.187 - - [05/May/2026:03:01:13 -0500] "GET /bordirkw.php?Fox=d3wL7 HTTP/1.1" 404 548 "www.google.com" "Mozilla/5.0 (Linux; Android 7.0; SM-G892A Bulid/NRD90M; wv) AppleWebKit/537.36 (KHTML, like Gecko) Version/4.0 Chrome/60.0.3112.107 Moblie Safari/537.36"
45.154.98.187 - - [05/May/2026:03:01:13 -0500] "GET / HTTP/1.1" 200 526402 "-" "Mozlila/5.0 (Linux; Android 7.0; SM-G892A Bulid/NRD90M; wv) AppleWebKit/537.36 (KHTML, like Gecko) Version/4.0 Chrome/60.0.3112.107 Moblie Safari/537.36"
45.154.98.187 - - [05/May/2026:03:01:13 -0500] "POST /ALFA_DATA/alfacgiapi/perl.alfa HTTP/1.1" 404 359951 "www.google.com" "Mozlila/5.0 (Linux; Android 7.0; SM-G892A Bulid/NRD90M; wv) AppleWebKit/537.36 (KHTML, like Gecko) Version/4.0 Chrome/60.0.3112.107 Moblie Safari/537.36"
45.154.98.187 - - [05/May/2026:03:01:13 -0500] "GET /wp-content/plugins/apikey/apikey.php?test=hello HTTP/1.1" 403 548 "-" "Mozlila/5.0 (Linux; Android 7.0; SM-G892A Bulid/NRD90M; wv) AppleWebKit/537.36 (KHTML, like Gecko) Version/4.0 Chrome/60.0.3112.107 Moblie Safari/537.36"
45.154.98.187 - - [05/May/2026:03:01:14 -0500] "GET /plugins/content/apismtp/apismtp.php?test=hello HTTP/1.1" 404 548 "-" "Mozlila/5.0 (Linux; Android 7.0; SM-G892A Bulid/NRD90M; wv) AppleWebKit/537.36 (KHTML, like Gecko) Version/4.0 Chrome/60.0.3112.107 Moblie Safari/537.36"
45.154.98.187 - - [05/May/2026:03:01:14 -0500] "POST /alfacgiapi/perl.alfa HTTP/1.1" 404 359212 "www.google.com" "Mozlila/5.0 (Linux; Android 7.0; SM-G892A Bulid/NRD90M; wv) AppleWebKit/537.36 (KHTML, like Gecko) Version/4.0 Chrome/60.0.3112.107 Moblie Safari/537.36"
45.154.98.187 - - [05/May/2026:03:01:14 -0500] "GET /wp-content/plugins/apikey/apikey.php.suspected?test=hello HTTP/1.1" 404 359951 "-" "Mozlila/5.0 (Linux; Android 7.0; SM-G892A Bulid/NRD90M; wv) AppleWebKit/537.36 (KHTML, like Gecko) Version/4.0 Chrome/60.0.3112.107 Moblie Safari/537.36"
45.154.98.187 - - [05/May/2026:03:01:15 -0500] "GET /plugins/content/apismtp/apismtp.php.suspected?test=hello HTTP/1.1" 404 359949 "-" "Mozlila/5.0 (Linux; Android 7.0; SM-G892A Bulid/NRD90M; wv) AppleWebKit/537.36 (KHTML, like Gecko) Version/4.0 Chrome/60.0.3112.107 Moblie Safari/537.36"
208.109.188.137 - - [05/May/2026:03:02:46 -0500] "GET /wp-login.php HTTP/2.0" 444 0 "-" "Mozilla/5.0 (Macintosh; Intel Mac OS X 10_11_6) AppleWebKit/537.36 (KHTML, like Gecko) Chrome/67.0.3396.62 Safari/537.36"
74.91.224.220 - - [05/May/2026:03:02:55 -0500] "GET /wp-login.php HTTP/2.0" 444 0 "-" "Mozilla/5.0 (Windows NT 6.1; WOW64; Trident/7.0; MAAU; rv:11.0) like Gecko"
154.18.244.252 - - [05/May/2026:03:03:04 -0500] "POST /wp-cron.php?doing_wp_cron=1777968184.7505340576171875000000 HTTP/1.1" 200 11 "-" "WordPress/6.9.4; https://easysalads.com"
57.128.189.19 - - [05/May/2026:03:03:04 -0500] "GET /?nocache=1777968121 HTTP/2.0" 200 89189 "-" "BigScootsMonitor Mozilla/5.0 (Windows NT 10.0; Win64; x64) AppleWebKit/537.36 (KHTML, like Gecko) Chrome/74.0.3729.169 Safari/537.36"
51.222.136.175 - - [05/May/2026:03:03:05 -0500] "GET /?nocache=1777968121 HTTP/2.0" 200 89189 "-" "BigScootsMonitor Mozilla/5.0 (Windows NT 10.0; Win64; x64) AppleWebKit/537.36 (KHTML, like Gecko) Chrome/74.0.3729.169 Safari/537.36"
167.71.226.156 - - [05/May/2026:03:04:07 -0500] "GET /wp-login.php HTTP/2.0" 444 0 "-" "Mozilla/5.0 (Windows NT 5.1; Win64; x64) AppleWebKit/537.36 (KHTML, like Gecko) Chrome/65.0.3325.181 Safari/537.36 OPR/52.0.2871.99"
3.92.240.89 - - [05/May/2026:03:04:23 -0500] "GET /grilled-peach-and-burrata-salad/ HTTP/1.1" 200 130150 "-" "Mozilla/5.0 (compatible; proximic; +https://www.comscore.com/Web-Crawler)"
66.249.66.76 - - [05/May/2026:03:04:28 -0500] "GET /wp-content/uploads/2024/10/taffy-apple-salad-02.jpg HTTP/1.1" 200 413455 "-" "Googlebot-Image/1.0"
91.227.37.60 - - [05/May/2026:03:04:58 -0500] "GET /wp-login.php HTTP/2.0" 444 0 "-" "Mozilla/5.0 (Macintosh; Intel Mac OS X 10_10_5) AppleWebKit/537.36 (KHTML, like Gecko) Chrome/66.0.3359.139 Safari/537.36"
154.18.244.252 - - [05/May/2026:03:05:04 -0500] "POST /wp-cron.php?doing_wp_cron=1777968304.1894481182098388671875 HTTP/1.1" 200 11 "-" "WordPress/6.9.4; https://easysalads.com"
57.128.189.19 - - [05/May/2026:03:05:04 -0500] "GET /?nocache=1777968241 HTTP/2.0" 200 89189 "-" "BigScootsMonitor Mozilla/5.0 (Windows NT 10.0; Win64; x64) AppleWebKit/537.36 (KHTML, like Gecko) Chrome/74.0.3729.169 Safari/537.36"
51.222.136.175 - - [05/May/2026:03:05:04 -0500] "GET /?nocache=1777968241 HTTP/2.0" 200 89189 "-" "BigScootsMonitor Mozilla/5.0 (Windows NT 10.0; Win64; x64) AppleWebKit/537.36 (KHTML, like Gecko) Chrome/74.0.3729.169 Safari/537.36"
88.214.254.100 - - [05/May/2026:03:05:13 -0500] "GET /ads.txt HTTP/1.1" 301 5 "-" "GuzzleHttp/7"
88.214.254.100 - - [05/May/2026:03:05:13 -0500] "GET / HTTP/1.1" 200 91490 "-" "Mozilla/5.0 (X11; Linux x86_64) AppleWebKit/537.36 (KHTML, like Gecko) Chrome/97.0.4692.99 Safari/537.36"
54.75.91.103 - - [05/May/2026:03:05:23 -0500] "GET / HTTP/1.1" 301 5 "-" "python-requests/2.33.1"
54.75.91.103 - - [05/May/2026:03:05:24 -0500] "GET / HTTP/1.1" 200 114539 "-" "python-requests/2.33.1"
74.214.194.225 - - [05/May/2026:03:05:28 -0500] "GET /ads.txt HTTP/1.1" 301 5 "-" "ContextWebCom-AdsTxt/1.1"
154.18.244.252 - - [05/May/2026:03:05:57 -0500] "POST /wp-cron.php?doing_wp_cron=1777968357.7416260242462158203125 HTTP/1.1" 200 11 "-" "WordPress/6.9.4; https://easysalads.com"
78.142.18.172 - - [05/May/2026:03:05:57 -0500] "GET /wp-login.php HTTP/2.0" 200 1883 "-" "Mozilla/5.0 (X11; Linux x86_64) AppleWebKit/537.36 (KHTML, like Gecko) Chrome/65.0.3325.109 Safari/537.36"
78.142.18.172 - - [05/May/2026:03:05:57 -0500] "POST /wp-login.php HTTP/2.0" 200 1999 "https://easysalads.com/wp-login.php" "Mozilla/5.0 (X11; Linux x86_64) AppleWebKit/537.36 (KHTML, like Gecko) Chrome/65.0.3325.109 Safari/537.36"
212.102.146.57 - - [05/May/2026:03:06:03 -0500] "GET / HTTP/1.0" 200 536590 "https://easysalads.com/" "Mozilla/5.0 (Windows NT 10.0; Win64; x64) AppleWebKit/537.36 (KHTML, like Gecko) Chrome/130.0.0.0 Safari/537.36"
34.4.42.166 - - [05/May/2026:03:06:45 -0500] "GET /ads.txt HTTP/1.1" 301 5 "-" "Mozilla/5.0 (X11; Linux x86_64) AppleWebKit/537.36 (KHTML, like Gecko) Chrome/131.0.0.0 Safari/537.36"
96.47.20.4 - - [05/May/2026:03:06:56 -0500] "GET /mediterranean-cucumber-salad HTTP/1.1" 200 128681 "-" "Mozilla/5.0 (Windows NT 10.0; http://temnos.com; rv:110.0) Gecko/20100101 Firefox/110.0"
96.47.20.4 - - [05/May/2026:03:06:56 -0500] "GET /wp-content/plugins/kadence-blocks/dist/style-blocks-rowlayout.css?ver=3.6.7 HTTP/1.1" 200 10200 "https://easysalads.com/mediterranean-cucumber-salad" "Mozilla/5.0 (Windows NT 10.0; http://temnos.com; rv:110.0) Gecko/20100101 Firefox/110.0"
96.47.20.4 - - [05/May/2026:03:06:57 -0500] "GET /wp-content/plugins/kadence-blocks/dist/style-blocks-column.css?ver=3.6.7 HTTP/1.1" 200 1477 "https://easysalads.com/mediterranean-cucumber-salad" "Mozilla/5.0 (Windows NT 10.0; http://temnos.com; rv:110.0) Gecko/20100101 Firefox/110.0"
96.47.20.4 - - [05/May/2026:03:06:57 -0500] "GET /wp-content/plugins/kadence-blocks/dist/style-blocks-infobox.css?ver=3.6.7 HTTP/1.1" 200 7718 "https://easysalads.com/mediterranean-cucumber-salad" "Mozilla/5.0 (Windows NT 10.0; http://temnos.com; rv:110.0) Gecko/20100101 Firefox/110.0"
96.47.20.4 - - [05/May/2026:03:06:57 -0500] "GET /wp-content/plugins/kadence-blocks/dist/style-blocks-advancedbtn.css?ver=3.6.7 HTTP/1.1" 200 2974 "https://easysalads.com/mediterranean-cucumber-salad" "Mozilla/5.0 (Windows NT 10.0; http://temnos.com; rv:110.0) Gecko/20100101 Firefox/110.0"
96.47.20.4 - - [05/May/2026:03:06:58 -0500] "GET /wp-content/plugins/kadence-blocks-pro/dist/style-blocks-postgrid.css?ver=2.8.13.1 HTTP/1.1" 200 22003 "https://easysalads.com/mediterranean-cucumber-salad" "Mozilla/5.0 (Windows NT 10.0; http://temnos.com; rv:110.0) Gecko/20100101 Firefox/110.0"
96.47.20.4 - - [05/May/2026:03:06:58 -0500] "GET /wp-content/plugins/wp-recipe-maker/dist/public-modern.css?ver=10.5.0 HTTP/1.1" 200 54048 "https://easysalads.com/mediterranean-cucumber-salad" "Mozilla/5.0 (Windows NT 10.0; http://temnos.com; rv:110.0) Gecko/20100101 Firefox/110.0"
96.47.20.4 - - [05/May/2026:03:06:59 -0500] "GET /wp-content/plugins/wp-recipe-maker-premium/dist/public-pro.css?ver=10.5.0 HTTP/1.1" 200 59909 "https://easysalads.com/mediterranean-cucumber-salad" "Mozilla/5.0 (Windows NT 10.0; http://temnos.com; rv:110.0) Gecko/20100101 Firefox/110.0"
96.47.20.4 - - [05/May/2026:03:06:59 -0500] "GET /wp-content/themes/kadence/assets/css/global.min.css?ver=1.1.22 HTTP/1.1" 200 19367 "https://easysalads.com/mediterranean-cucumber-salad" "Mozilla/5.0 (Windows NT 10.0; http://temnos.com; rv:110.0) Gecko/20100101 Firefox/110.0"
96.47.20.4 - - [05/May/2026:03:07:00 -0500] "GET /wp-content/themes/kadence/assets/css/header.min.css?ver=1.1.22 HTTP/1.1" 200 27729 "https://easysalads.com/mediterranean-cucumber-salad" "Mozilla/5.0 (Windows NT 10.0; http://temnos.com; rv:110.0) Gecko/20100101 Firefox/110.0"
96.47.20.4 - - [05/May/2026:03:07:00 -0500] "GET /wp-content/themes/kadence/assets/css/content.min.css?ver=1.1.22 HTTP/1.1" 200 32250 "https://easysalads.com/mediterranean-cucumber-salad" "Mozilla/5.0 (Windows NT 10.0; http://temnos.com; rv:110.0) Gecko/20100101 Firefox/110.0"
96.47.20.4 - - [05/May/2026:03:07:00 -0500] "GET /wp-content/themes/kadence/assets/css/comments.min.css?ver=1.1.22 HTTP/1.1" 200 6446 "https://easysalads.com/mediterranean-cucumber-salad" "Mozilla/5.0 (Windows NT 10.0; http://temnos.com; rv:110.0) Gecko/20100101 Firefox/110.0"
96.47.20.4 - - [05/May/2026:03:07:01 -0500] "GET /wp-content/themes/kadence/assets/css/sidebar.min.css?ver=1.1.22 HTTP/1.1" 200 749 "https://easysalads.com/mediterranean-cucumber-salad" "Mozilla/5.0 (Windows NT 10.0; http://temnos.com; rv:110.0) Gecko/20100101 Firefox/110.0"
96.47.20.4 - - [05/May/2026:03:07:01 -0500] "GET /wp-content/themes/kadence/assets/css/footer.min.css?ver=1.1.22 HTTP/1.1" 200 17930 "https://easysalads.com/mediterranean-cucumber-salad" "Mozilla/5.0 (Windows NT 10.0; http://temnos.com; rv:110.0) Gecko/20100101 Firefox/110.0"
96.47.20.4 - - [05/May/2026:03:07:01 -0500] "GET /wp-content/plugins/kadence-pro/dist/mega-menu/menu-addon.css?ver=1.1.19 HTTP/1.1" 200 6953 "https://easysalads.com/mediterranean-cucumber-salad" "Mozilla/5.0 (Windows NT 10.0; http://temnos.com; rv:110.0) Gecko/20100101 Firefox/110.0"
96.47.20.4 - - [05/May/2026:03:07:02 -0500] "GET /wp-content/plugins/social-pug/assets/dist/style-frontend-pro.css?ver=2.28.0 HTTP/1.1" 200 136909 "https://easysalads.com/mediterranean-cucumber-salad" "Mozilla/5.0 (Windows NT 10.0; http://temnos.com; rv:110.0) Gecko/20100101 Firefox/110.0"
96.47.20.4 - - [05/May/2026:03:07:02 -0500] "GET /wp-content/themes/restored316-sage/style.css?ver=1_0_1 HTTP/1.1" 200 3292 "https://easysalads.com/mediterranean-cucumber-salad" "Mozilla/5.0 (Windows NT 10.0; http://temnos.com; rv:110.0) Gecko/20100101 Firefox/110.0"
96.47.20.4 - - [05/May/2026:03:07:03 -0500] "GET /wp-content/plugins/wpforms-lite/assets/css/frontend/modern/wpforms-full.min.css?ver=1.10.0.4 HTTP/1.1" 200 167377 "https://easysalads.com/mediterranean-cucumber-salad" "Mozilla/5.0 (Windows NT 10.0; http://temnos.com; rv:110.0) Gecko/20100101 Firefox/110.0"
