98.92.253.36 - - [05/May/2026:05:23:44 -0500] "GET /wp-content/plugins/wpforms-lite/assets/js/frontend/fields/address.min.js?ver=1.10.0.4 HTTP/2.0" 200 673 "https://easysalads.com/southern-potato-salad" "Mozilla/5.0 (X11; Linux x86_64) AppleWebKit/537.36 (KHTML, like Gecko) Chrome/145.0.0.0 Safari/537.36"
98.92.253.36 - - [05/May/2026:05:23:44 -0500] "GET /wp-includes/js/comment-reply.min.js?ver=6.9.4 HTTP/2.0" 200 1248 "https://easysalads.com/southern-potato-salad" "Mozilla/5.0 (X11; Linux x86_64) AppleWebKit/537.36 (KHTML, like Gecko) Chrome/145.0.0.0 Safari/537.36"
98.92.253.36 - - [05/May/2026:05:23:44 -0500] "GET /wp-content/themes/kadence/assets/js/navigation-lite.min.js?ver=1.1.21 HTTP/2.0" 200 2083 "https://easysalads.com/southern-potato-salad" "Mozilla/5.0 (X11; Linux x86_64) AppleWebKit/537.36 (KHTML, like Gecko) Chrome/145.0.0.0 Safari/537.36"
98.92.253.36 - - [05/May/2026:05:24:13 -0500] "GET /wp-content/uploads/2022/09/cropped-site-icon-easy-salads-32x32.png HTTP/2.0" 200 907 "https://easysalads.com/southern-potato-salad" "Mozilla/5.0 (X11; Linux x86_64) AppleWebKit/537.36 (KHTML, like Gecko) Chrome/145.0.0.0 Safari/537.36"
100.24.41.131 - - [05/May/2026:05:24:32 -0500] "GET /southern-potato-salad HTTP/1.1" 200 131080 "-" "Mozilla/5.0 (compatible; proximic; +https://www.comscore.com/Web-Crawler)"
98.92.253.36 - - [05/May/2026:05:24:36 -0500] "GET /wp-content/uploads/2024/02/southern-potato-salad-01-1024x1536.jpg HTTP/2.0" 200 324785 "https://easysalads.com/southern-potato-salad" "Mozilla/5.0 (X11; Linux x86_64) AppleWebKit/537.36 (KHTML, like Gecko) Chrome/145.0.0.0 Safari/537.36"
98.92.253.36 - - [05/May/2026:05:24:53 -0500] "GET /wp-content/uploads/2024/02/southern-potato-salad-03-1024x1536.jpg HTTP/2.0" 200 299059 "https://easysalads.com/southern-potato-salad" "Mozilla/5.0 (X11; Linux x86_64) AppleWebKit/537.36 (KHTML, like Gecko) Chrome/145.0.0.0 Safari/537.36"
154.18.244.252 - - [05/May/2026:05:25:03 -0500] "POST /wp-cron.php?doing_wp_cron=1777976704.0372440814971923828125 HTTP/1.1" 200 11 "-" "WordPress/6.9.4; https://easysalads.com"
57.128.189.19 - - [05/May/2026:05:25:04 -0500] "GET /?nocache=1777976641 HTTP/2.0" 200 89188 "-" "BigScootsMonitor Mozilla/5.0 (Windows NT 10.0; Win64; x64) AppleWebKit/537.36 (KHTML, like Gecko) Chrome/74.0.3729.169 Safari/537.36"
51.222.136.175 - - [05/May/2026:05:25:04 -0500] "GET /?nocache=1777976641 HTTP/2.0" 200 89188 "-" "BigScootsMonitor Mozilla/5.0 (Windows NT 10.0; Win64; x64) AppleWebKit/537.36 (KHTML, like Gecko) Chrome/74.0.3729.169 Safari/537.36"
54.37.23.16 - - [05/May/2026:05:25:34 -0500] "GET /wp-content/uploads/2023/09/pulled-pork-salad-recipe00-200x300.jpg HTTP/1.1" 200 23562 "-" "python-urllib3/1.26.9"
54.37.23.16 - - [05/May/2026:05:25:34 -0500] "GET /wp-content/uploads/2022/09/panera-tomato-basil-cucumber-salad-sq02-300x300.jpg HTTP/1.1" 200 33089 "-" "python-urllib3/1.26.9"
173.249.48.28 - - [05/May/2026:05:25:40 -0500] "GET /wp-login.php HTTP/2.0" 200 1883 "-" "Mozilla/5.0 (Windows NT 10.0; Win64; x64) AppleWebKit/537.36 (KHTML, like Gecko) Chrome/66.0.3359.117 Safari/537.36"
173.249.48.28 - - [05/May/2026:05:25:41 -0500] "POST /wp-login.php HTTP/2.0" 200 2018 "https://easysalads.com/wp-login.php" "Mozilla/5.0 (Windows NT 10.0; Win64; x64) AppleWebKit/537.36 (KHTML, like Gecko) Chrome/66.0.3359.117 Safari/537.36"
54.37.23.16 - - [05/May/2026:05:25:55 -0500] "GET /wp-content/uploads/2024/03/bruschetta-pasta-salad-01-200x300.jpg HTTP/1.1" 200 31337 "-" "python-urllib3/1.26.9"
54.37.23.16 - - [05/May/2026:05:25:56 -0500] "GET /wp-content/uploads/2022/01/courtney-whitmore-easy-salads02.jpg HTTP/1.1" 200 119383 "-" "python-urllib3/1.26.9"
154.18.244.252 - - [05/May/2026:05:26:02 -0500] "POST /wp-cron.php?doing_wp_cron=1777976762.6764180660247802734375 HTTP/1.1" 200 11 "-" "WordPress/6.9.4; https://easysalads.com"
195.252.220.102 - - [05/May/2026:05:26:02 -0500] "GET /broccoli-raisin-salad-recipe/?gpp=DBABzw%7E1YNY%7EBVQqAAAAAgA&gpp_sid=6%2C7 HTTP/2.0" 200 103058 "-" "Mozilla/5.0 (iPhone; CPU iPhone OS 26_4_2 like Mac OS X) AppleWebKit/605.1.15 (KHTML, like Gecko) CriOS/147.0.7727.99 Mobile/15E148 Safari/604.1"
34.201.219.58 - - [05/May/2026:05:26:21 -0500] "GET /southern-potato-salad HTTP/1.1" 200 131080 "-" "Mozilla/5.0 (compatible; proximic; +https://www.comscore.com/Web-Crawler)"
54.37.23.16 - - [05/May/2026:05:26:22 -0500] "GET /wp-content/uploads/2022/09/Easy-Salads-website-logo.png HTTP/1.1" 200 84948 "-" "python-urllib3/1.26.9"
143.198.173.251 - - [05/May/2026:05:26:22 -0500] "GET /wp-content/uploads/2022/11/creamy-apple-cider-dressing.jpg HTTP/1.1" 200 189242 "https://storage.googleapis.com/" "Mozilla/5.0 (Windows NT 10.0; Win64; x64) AppleWebKit/537.36 (KHTML, like Gecko) Chrome/133.0.0.0 Safari/537.36"
54.209.60.63 - - [05/May/2026:05:26:29 -0500] "GET /southern-potato-salad HTTP/1.1" 200 131080 "-" "Mozilla/5.0 (Macintosh; Intel Mac OS X 10_10_1) AppleWebKit/600.1.25 (KHTML, like Gecko) Version/8.0 Safari/600.1.25"
54.37.23.16 - - [05/May/2026:05:26:48 -0500] "GET /wp-content/uploads/2022/09/rosa-marina-salad--500x500.jpg HTTP/1.1" 200 73317 "-" "python-urllib3/1.26.9"
154.18.244.252 - - [05/May/2026:05:27:04 -0500] "POST /wp-cron.php?doing_wp_cron=1777976824.0756390094757080078125 HTTP/1.1" 200 11 "-" "WordPress/6.9.4; https://easysalads.com"
57.128.189.19 - - [05/May/2026:05:27:04 -0500] "GET /?nocache=1777976761 HTTP/2.0" 200 89188 "-" "BigScootsMonitor Mozilla/5.0 (Windows NT 10.0; Win64; x64) AppleWebKit/537.36 (KHTML, like Gecko) Chrome/74.0.3729.169 Safari/537.36"
51.222.136.175 - - [05/May/2026:05:27:05 -0500] "GET /?nocache=1777976761 HTTP/2.0" 200 89188 "-" "BigScootsMonitor Mozilla/5.0 (Windows NT 10.0; Win64; x64) AppleWebKit/537.36 (KHTML, like Gecko) Chrome/74.0.3729.169 Safari/537.36"
54.37.23.16 - - [05/May/2026:05:27:24 -0500] "GET /wp-content/uploads/2022/09/rosa-marina-salad-.jpg HTTP/1.1" 200 365050 "-" "python-urllib3/1.26.9"
198.175.24.218 - - [05/May/2026:05:27:36 -0500] "GET /?v=nocache-1739936881 HTTP/2.0" 200 89188 "-" "BigScoots Monitoring"
54.37.23.16 - - [05/May/2026:05:27:49 -0500] "GET /wp-content/uploads/2022/09/rosa-marina-salad-02.jpg HTTP/1.1" 200 305290 "-" "python-urllib3/1.26.9"
121.200.217.27 - - [05/May/2026:05:27:49 -0500] "GET /wp-login.php HTTP/2.0" 444 0 "-" "Mozilla/5.0 (Macintosh; Intel Mac OS X 10_12_6) AppleWebKit/605.1.15 (KHTML, like Gecko) Version/11.1.1 Safari/605.1.15"
54.37.23.16 - - [05/May/2026:05:28:11 -0500] "GET /wp-content/uploads/2022/09/rosa-marina-salad-01.jpg HTTP/1.1" 200 371731 "-" "python-urllib3/1.26.9"
66.249.92.139 - - [05/May/2026:05:28:21 -0500] "GET /southern-potato-salad HTTP/1.1" 200 105697 "-" "Mediapartners-Google"
154.18.244.252 - - [05/May/2026:05:28:27 -0500] "POST /wp-cron.php?doing_wp_cron=1777976907.7235519886016845703125 HTTP/1.1" 200 11 "-" "WordPress/6.9.4; https://easysalads.com"
63.32.23.121 - - [05/May/2026:05:28:27 -0500] "GET /peruvian-chopped-salad HTTP/1.1" 301 5 "-" "carbon-umbrella-bot/1.0"
63.32.23.121 - - [05/May/2026:05:28:28 -0500] "GET /peruvian-chopped-salad/ HTTP/1.1" 200 129008 "https://easysalads.com/peruvian-chopped-salad" "carbon-umbrella-bot/1.0"
212.250.180.107 - - [05/May/2026:05:28:34 -0500] "GET /wp-content/uploads/2022/11/low-carb-fruit-salad-00.jpg HTTP/1.1" 200 531191 "https://www.bing.com/" "Mozilla/5.0 (Windows NT 10.0; Win64; x64) AppleWebKit/537.36 (KHTML, like Gecko) Chrome/147.0.0.0 Safari/537.36 Edg/147.0.0.0"
54.37.23.16 - - [05/May/2026:05:28:36 -0500] "GET /wp-content/uploads/2022/09/rosa-marina-fruit-salad-04.jpg HTTP/1.1" 200 229993 "-" "python-urllib3/1.26.9"
198.46.83.219 - - [05/May/2026:05:28:42 -0500] "GET /wp-login.php HTTP/2.0" 200 1883 "-" "Mozilla/5.0 (Macintosh; Intel Mac OS X 10_13_1) AppleWebKit/604.3.5 (KHTML, like Gecko) Version/11.0.1 Safari/604.3.5"
198.46.83.219 - - [05/May/2026:05:28:43 -0500] "POST /wp-login.php HTTP/2.0" 200 1999 "https://easysalads.com/wp-login.php" "Mozilla/5.0 (Macintosh; Intel Mac OS X 10_13_1) AppleWebKit/604.3.5 (KHTML, like Gecko) Version/11.0.1 Safari/604.3.5"
154.18.244.252 - - [05/May/2026:05:29:03 -0500] "POST /wp-cron.php?doing_wp_cron=1777976943.9424839019775390625000 HTTP/1.1" 200 11 "-" "WordPress/6.9.4; https://easysalads.com"
57.128.189.19 - - [05/May/2026:05:29:03 -0500] "GET /?nocache=1777976881 HTTP/2.0" 200 89188 "-" "BigScootsMonitor Mozilla/5.0 (Windows NT 10.0; Win64; x64) AppleWebKit/537.36 (KHTML, like Gecko) Chrome/74.0.3729.169 Safari/537.36"
51.222.136.175 - - [05/May/2026:05:29:04 -0500] "GET /?nocache=1777976881 HTTP/2.0" 200 89188 "-" "BigScootsMonitor Mozilla/5.0 (Windows NT 10.0; Win64; x64) AppleWebKit/537.36 (KHTML, like Gecko) Chrome/74.0.3729.169 Safari/537.36"
66.249.66.197 - - [05/May/2026:05:29:23 -0500] "GET /southern-potato-salad HTTP/1.1" 200 105697 "-" "Googlebot-Image/1.0"
162.241.53.41 - - [05/May/2026:05:29:23 -0500] "GET /wp-login.php HTTP/2.0" 499 0 "-" "Mozilla/5.0 (Windows NT 10.0; WOW64) AppleWebKit/537.36 (KHTML, like Gecko) Chrome/67.0.3396.87 Safari/537.36"
66.249.66.75 - - [05/May/2026:05:29:55 -0500] "GET /wp-content/uploads/2024/02/mediterranean-cucumber-salad-06.jpg HTTP/1.1" 200 436667 "-" "Googlebot-Image/1.0"
62.210.185.4 - - [05/May/2026:05:30:27 -0500] "GET /wp-login.php HTTP/2.0" 444 0 "-" "Mozilla/5.0 (Windows NT 10.0; Win64; x64) AppleWebKit/537.36 (KHTML, like Gecko) Chrome/66.0.3359.170 Safari/537.36 OPR/53.0.2907.68"
154.18.244.252 - - [05/May/2026:05:30:44 -0500] "POST /wp-cron.php?doing_wp_cron=1777977044.5948419570922851562500 HTTP/1.1" 200 11 "-" "WordPress/6.9.4; https://easysalads.com"
38.95.35.85 - - [05/May/2026:05:30:44 -0500] "GET /wp-login.php HTTP/2.0" 200 1883 "-" "Mozilla/5.0 (Windows NT 10.0; Win64; x64) AppleWebKit/537.36 (KHTML, like Gecko) Chrome/65.0.3325.181 Safari/537.36 OPR/52.0.2871.99"
38.95.35.85 - - [05/May/2026:05:30:45 -0500] "POST /wp-login.php HTTP/2.0" 200 2019 "https://easysalads.com/wp-login.php" "Mozilla/5.0 (Windows NT 10.0; Win64; x64) AppleWebKit/537.36 (KHTML, like Gecko) Chrome/65.0.3325.181 Safari/537.36 OPR/52.0.2871.99"
66.29.129.135 - - [05/May/2026:05:30:47 -0500] "GET /wp-login.php HTTP/2.0" 444 0 "-" "Mozilla/4.0 (compatible; MSIE 7.0; Windows NT 6.1; Win64; x64; Trident/7.0; .NET CLR 2.0.50727; SLCC2; .NET4.0C; .NET4.0E; .NET CLR 3.5.30729; .NET CLR 3.0.30729)"
154.18.244.252 - - [05/May/2026:05:31:03 -0500] "POST /wp-cron.php?doing_wp_cron=1777977064.0263230800628662109375 HTTP/1.1" 200 11 "-" "WordPress/6.9.4; https://easysalads.com"
57.128.189.19 - - [05/May/2026:05:31:04 -0500] "GET /?nocache=1777977001 HTTP/2.0" 200 89188 "-" "BigScootsMonitor Mozilla/5.0 (Windows NT 10.0; Win64; x64) AppleWebKit/537.36 (KHTML, like Gecko) Chrome/74.0.3729.169 Safari/537.36"
51.222.136.175 - - [05/May/2026:05:31:04 -0500] "GET /?nocache=1777977001 HTTP/2.0" 200 89188 "-" "BigScootsMonitor Mozilla/5.0 (Windows NT 10.0; Win64; x64) AppleWebKit/537.36 (KHTML, like Gecko) Chrome/74.0.3729.169 Safari/537.36"
52.72.19.118 - - [05/May/2026:05:31:40 -0500] "GET / HTTP/1.1" 200 91490 "-" "MediavineMetadataParser/1.0.0"
52.72.19.118 - - [05/May/2026:05:31:41 -0500] "GET /privacy-policy/ HTTP/1.1" 200 81585 "-" "MediavineMetadataParser/1.0.0"
52.72.19.118 - - [05/May/2026:05:31:41 -0500] "GET /ads.txt HTTP/1.1" 301 5 "-" "axios/1.15.2"
52.72.19.118 - - [05/May/2026:05:31:41 -0500] "GET /ads.txt HTTP/1.1" 301 5 "-" "axios/1.15.2"
52.72.19.118 - - [05/May/2026:05:31:41 -0500] "GET /ads.txt HTTP/1.1" 301 5 "-" "axios/1.15.2"
52.72.19.118 - - [05/May/2026:05:31:41 -0500] "GET /ads.txt HTTP/1.1" 301 5 "-" "axios/1.15.2"
52.72.19.118 - - [05/May/2026:05:31:42 -0500] "GET / HTTP/1.1" 200 91490 "-" "AppNexusAdsTxtCrawler/1.0"
154.18.244.252 - - [05/May/2026:05:32:41 -0500] "POST /wp-cron.php?doing_wp_cron=1777977161.9594290256500244140625 HTTP/1.1" 200 11 "-" "WordPress/6.9.4; https://easysalads.com"
38.95.35.85 - - [05/May/2026:05:32:41 -0500] "GET /wp-login.php HTTP/2.0" 200 1883 "-" "Mozilla/5.0 (Windows NT 6.2; Win64; x64) AppleWebKit/537.36 (KHTML, like Gecko) Chrome/66.0.3359.181 Safari/537.36"
38.95.35.85 - - [05/May/2026:05:32:42 -0500] "POST /wp-login.php HTTP/2.0" 200 2021 "https://easysalads.com/wp-login.php" "Mozilla/5.0 (Windows NT 6.2; Win64; x64) AppleWebKit/537.36 (KHTML, like Gecko) Chrome/66.0.3359.181 Safari/537.36"
154.18.244.252 - - [05/May/2026:05:33:04 -0500] "POST /wp-cron.php?doing_wp_cron=1777977184.6844210624694824218750 HTTP/1.1" 200 11 "-" "WordPress/6.9.4; https://easysalads.com"
57.128.189.19 - - [05/May/2026:05:33:04 -0500] "GET /?nocache=1777977121 HTTP/2.0" 200 89188 "-" "BigScootsMonitor Mozilla/5.0 (Windows NT 10.0; Win64; x64) AppleWebKit/537.36 (KHTML, like Gecko) Chrome/74.0.3729.169 Safari/537.36"
51.222.136.175 - - [05/May/2026:05:33:04 -0500] "GET /?nocache=1777977121 HTTP/2.0" 200 89188 "-" "BigScootsMonitor Mozilla/5.0 (Windows NT 10.0; Win64; x64) AppleWebKit/537.36 (KHTML, like Gecko) Chrome/74.0.3729.169 Safari/537.36"
192.176.172.166 - - [05/May/2026:05:33:45 -0500] "GET /wp-login.php HTTP/2.0" 444 0 "-" "Mozilla/5.0 (Windows NT 6.1; WOW64; Trident/7.0; EIE10;ENUSMSE; rv:11.0) like Gecko"
154.18.244.252 - - [05/May/2026:05:34:18 -0500] "POST /wp-cron.php?doing_wp_cron=1777977258.9947459697723388671875 HTTP/1.1" 200 11 "-" "WordPress/6.9.4; https://easysalads.com"
32.192.179.198 - - [05/May/2026:05:34:18 -0500] "GET /broccoli-raisin-salad-recipe HTTP/2.0" 301 0 "-" "Mozilla/5.0 (iPhone; CPU iPhone OS 17_4_1 like Mac OS X) AppleWebKit/605.1.15 (KHTML, like Gecko) CriOS/123.0.6312.52 Mobile/15E148 Safari/604.1"
32.192.179.198 - - [05/May/2026:05:34:19 -0500] "GET /broccoli-raisin-salad-recipe/ HTTP/2.0" 200 102893 "-" "Mozilla/5.0 (iPhone; CPU iPhone OS 17_4_1 like Mac OS X) AppleWebKit/605.1.15 (KHTML, like Gecko) CriOS/123.0.6312.52 Mobile/15E148 Safari/604.1"
32.192.179.198 - - [05/May/2026:05:34:19 -0500] "GET /wp-content/plugins/kadence-blocks/dist/style-blocks-rowlayout.css?ver=3.6.7 HTTP/2.0" 200 1771 "https://easysalads.com/broccoli-raisin-salad-recipe/" "Mozilla/5.0 (iPhone; CPU iPhone OS 17_4_1 like Mac OS X) AppleWebKit/605.1.15 (KHTML, like Gecko) CriOS/123.0.6312.52 Mobile/15E148 Safari/604.1"
32.192.179.198 - - [05/May/2026:05:34:19 -0500] "GET /wp-content/plugins/kadence-blocks/dist/style-blocks-column.css?ver=3.6.7 HTTP/2.0" 200 428 "https://easysalads.com/broccoli-raisin-salad-recipe/" "Mozilla/5.0 (iPhone; CPU iPhone OS 17_4_1 like Mac OS X) AppleWebKit/605.1.15 (KHTML, like Gecko) CriOS/123.0.6312.52 Mobile/15E148 Safari/604.1"
32.192.179.198 - - [05/May/2026:05:34:19 -0500] "GET /wp-content/plugins/kadence-blocks/dist/style-blocks-infobox.css?ver=3.6.7 HTTP/2.0" 200 1340 "https://easysalads.com/broccoli-raisin-salad-recipe/" "Mozilla/5.0 (iPhone; CPU iPhone OS 17_4_1 like Mac OS X) AppleWebKit/605.1.15 (KHTML, like Gecko) CriOS/123.0.6312.52 Mobile/15E148 Safari/604.1"
32.192.179.198 - - [05/May/2026:05:34:19 -0500] "GET /wp-content/plugins/kadence-blocks/dist/style-blocks-advancedbtn.css?ver=3.6.7 HTTP/2.0" 200 705 "https://easysalads.com/broccoli-raisin-salad-recipe/" "Mozilla/5.0 (iPhone; CPU iPhone OS 17_4_1 like Mac OS X) AppleWebKit/605.1.15 (KHTML, like Gecko) CriOS/123.0.6312.52 Mobile/15E148 Safari/604.1"
32.192.179.198 - - [05/May/2026:05:34:19 -0500] "GET /wp-content/plugins/kadence-blocks-pro/dist/style-blocks-postgrid.css?ver=2.8.13.1 HTTP/2.0" 200 2795 "https://easysalads.com/broccoli-raisin-salad-recipe/" "Mozilla/5.0 (iPhone; CPU iPhone OS 17_4_1 like Mac OS X) AppleWebKit/605.1.15 (KHTML, like Gecko) CriOS/123.0.6312.52 Mobile/15E148 Safari/604.1"
32.192.179.198 - - [05/May/2026:05:34:19 -0500] "GET /wp-content/plugins/wp-recipe-maker/dist/public-modern.css?ver=10.5.0 HTTP/2.0" 200 7712 "https://easysalads.com/broccoli-raisin-salad-recipe/" "Mozilla/5.0 (iPhone; CPU iPhone OS 17_4_1 like Mac OS X) AppleWebKit/605.1.15 (KHTML, like Gecko) CriOS/123.0.6312.52 Mobile/15E148 Safari/604.1"
32.192.179.198 - - [05/May/2026:05:34:19 -0500] "GET /wp-content/plugins/wp-recipe-maker-premium/dist/public-pro.css?ver=10.5.0 HTTP/2.0" 200 6796 "https://easysalads.com/broccoli-raisin-salad-recipe/" "Mozilla/5.0 (iPhone; CPU iPhone OS 17_4_1 like Mac OS X) AppleWebKit/605.1.15 (KHTML, like Gecko) CriOS/123.0.6312.52 Mobile/15E148 Safari/604.1"
32.192.179.198 - - [05/May/2026:05:34:19 -0500] "GET /wp-content/themes/kadence/assets/css/global.min.css?ver=1.1.22 HTTP/2.0" 200 4256 "https://easysalads.com/broccoli-raisin-salad-recipe/" "Mozilla/5.0 (iPhone; CPU iPhone OS 17_4_1 like Mac OS X) AppleWebKit/605.1.15 (KHTML, like Gecko) CriOS/123.0.6312.52 Mobile/15E148 Safari/604.1"
32.192.179.198 - - [05/May/2026:05:34:19 -0500] "GET /wp-content/themes/kadence/assets/css/header.min.css?ver=1.1.22 HTTP/2.0" 200 4295 "https://easysalads.com/broccoli-raisin-salad-recipe/" "Mozilla/5.0 (iPhone; CPU iPhone OS 17_4_1 like Mac OS X) AppleWebKit/605.1.15 (KHTML, like Gecko) CriOS/123.0.6312.52 Mobile/15E148 Safari/604.1"
32.192.179.198 - - [05/May/2026:05:34:19 -0500] "GET /wp-content/themes/kadence/assets/css/content.min.css?ver=1.1.22 HTTP/2.0" 200 5512 "https://easysalads.com/broccoli-raisin-salad-recipe/" "Mozilla/5.0 (iPhone; CPU iPhone OS 17_4_1 like Mac OS X) AppleWebKit/605.1.15 (KHTML, like Gecko) CriOS/123.0.6312.52 Mobile/15E148 Safari/604.1"
32.192.179.198 - - [05/May/2026:05:34:19 -0500] "GET /wp-content/themes/kadence/assets/css/comments.min.css?ver=1.1.22 HTTP/2.0" 200 1289 "https://easysalads.com/broccoli-raisin-salad-recipe/" "Mozilla/5.0 (iPhone; CPU iPhone OS 17_4_1 like Mac OS X) AppleWebKit/605.1.15 (KHTML, like Gecko) CriOS/123.0.6312.52 Mobile/15E148 Safari/604.1"
32.192.179.198 - - [05/May/2026:05:34:19 -0500] "GET /wp-content/themes/kadence/assets/css/sidebar.min.css?ver=1.1.22 HTTP/2.0" 200 749 "https://easysalads.com/broccoli-raisin-salad-recipe/" "Mozilla/5.0 (iPhone; CPU iPhone OS 17_4_1 like Mac OS X) AppleWebKit/605.1.15 (KHTML, like Gecko) CriOS/123.0.6312.52 Mobile/15E148 Safari/604.1"
32.192.179.198 - - [05/May/2026:05:34:19 -0500] "GET /wp-content/themes/kadence/assets/css/footer.min.css?ver=1.1.22 HTTP/2.0" 200 1580 "https://easysalads.com/broccoli-raisin-salad-recipe/" "Mozilla/5.0 (iPhone; CPU iPhone OS 17_4_1 like Mac OS X) AppleWebKit/605.1.15 (KHTML, like Gecko) CriOS/123.0.6312.52 Mobile/15E148 Safari/604.1"
32.192.179.198 - - [05/May/2026:05:34:19 -0500] "GET /wp-content/plugins/kadence-pro/dist/mega-menu/menu-addon.css?ver=1.1.19 HTTP/2.0" 200 1126 "https://easysalads.com/broccoli-raisin-salad-recipe/" "Mozilla/5.0 (iPhone; CPU iPhone OS 17_4_1 like Mac OS X) AppleWebKit/605.1.15 (KHTML, like Gecko) CriOS/123.0.6312.52 Mobile/15E148 Safari/604.1"
32.192.179.198 - - [05/May/2026:05:34:19 -0500] "GET /wp-content/plugins/social-pug/assets/dist/style-frontend-pro.css?ver=2.28.0 HTTP/2.0" 200 11454 "https://easysalads.com/broccoli-raisin-salad-recipe/" "Mozilla/5.0 (iPhone; CPU iPhone OS 17_4_1 like Mac OS X) AppleWebKit/605.1.15 (KHTML, like Gecko) CriOS/123.0.6312.52 Mobile/15E148 Safari/604.1"
32.192.179.198 - - [05/May/2026:05:34:19 -0500] "GET /wp-content/themes/restored316-sage/style.css?ver=1_0_1 HTTP/2.0" 200 1089 "https://easysalads.com/broccoli-raisin-salad-recipe/" "Mozilla/5.0 (iPhone; CPU iPhone OS 17_4_1 like Mac OS X) AppleWebKit/605.1.15 (KHTML, like Gecko) CriOS/123.0.6312.52 Mobile/15E148 Safari/604.1"
32.192.179.198 - - [05/May/2026:05:34:19 -0500] "GET /wp-content/plugins/wpforms-lite/assets/css/frontend/modern/wpforms-full.min.css?ver=1.10.0.4 HTTP/2.0" 200 14792 "https://easysalads.com/broccoli-raisin-salad-recipe/" "Mozilla/5.0 (iPhone; CPU iPhone OS 17_4_1 like Mac OS X) AppleWebKit/605.1.15 (KHTML, like Gecko) CriOS/123.0.6312.52 Mobile/15E148 Safari/604.1"
32.192.179.198 - - [05/May/2026:05:34:19 -0500] "GET /wp-content/uploads/2022/09/Easy-Salads-website-logo-768x226.png HTTP/2.0" 200 32242 "https://easysalads.com/broccoli-raisin-salad-recipe/" "Mozilla/5.0 (iPhone; CPU iPhone OS 17_4_1 like Mac OS X) AppleWebKit/605.1.15 (KHTML, like Gecko) CriOS/123.0.6312.52 Mobile/15E148 Safari/604.1"
32.192.179.198 - - [05/May/2026:05:34:19 -0500] "GET /wp-content/uploads/2024/02/broccoli-raisin-salad-04-683x1024.jpg HTTP/2.0" 200 242175 "https://easysalads.com/broccoli-raisin-salad-recipe/" "Mozilla/5.0 (iPhone; CPU iPhone OS 17_4_1 like Mac OS X) AppleWebKit/605.1.15 (KHTML, like Gecko) CriOS/123.0.6312.52 Mobile/15E148 Safari/604.1"
32.192.179.198 - - [05/May/2026:05:34:19 -0500] "GET /wp-content/uploads/2024/02/broccoli-raisin-salad-00-683x1024.jpg HTTP/2.0" 200 287292 "https://easysalads.com/broccoli-raisin-salad-recipe/" "Mozilla/5.0 (iPhone; CPU iPhone OS 17_4_1 like Mac OS X) AppleWebKit/605.1.15 (KHTML, like Gecko) CriOS/123.0.6312.52 Mobile/15E148 Safari/604.1"
32.192.179.198 - - [05/May/2026:05:34:20 -0500] "GET /wp-content/plugins/kadence-blocks/dist/style-blocks-iconlist.css?ver=3.6.7 HTTP/2.0" 200 597 "https://easysalads.com/broccoli-raisin-salad-recipe/" "Mozilla/5.0 (iPhone; CPU iPhone OS 17_4_1 like Mac OS X) AppleWebKit/605.1.15 (KHTML, like Gecko) CriOS/123.0.6312.52 Mobile/15E148 Safari/604.1"
32.192.179.198 - - [05/May/2026:05:34:20 -0500] "GET /wp-content/plugins/kadence-blocks/dist/style-blocks-spacer.css?ver=3.6.7 HTTP/2.0" 200 385 "https://easysalads.com/broccoli-raisin-salad-recipe/" "Mozilla/5.0 (iPhone; CPU iPhone OS 17_4_1 like Mac OS X) AppleWebKit/605.1.15 (KHTML, like Gecko) CriOS/123.0.6312.52 Mobile/15E148 Safari/604.1"
32.192.179.198 - - [05/May/2026:05:34:20 -0500] "GET /wp-content/plugins/wp-recipe-maker/dist/public-modern.js?ver=10.5.0 HTTP/2.0" 200 23744 "https://easysalads.com/broccoli-raisin-salad-recipe/" "Mozilla/5.0 (iPhone; CPU iPhone OS 17_4_1 like Mac OS X) AppleWebKit/605.1.15 (KHTML, like Gecko) CriOS/123.0.6312.52 Mobile/15E148 Safari/604.1"
32.192.179.198 - - [05/May/2026:05:34:20 -0500] "GET /wp-content/plugins/wp-recipe-maker-premium/dist/public-pro.js?ver=10.5.0 HTTP/2.0" 200 20140 "https://easysalads.com/broccoli-raisin-salad-recipe/" "Mozilla/5.0 (iPhone; CPU iPhone OS 17_4_1 like Mac OS X) AppleWebKit/605.1.15 (KHTML, like Gecko) CriOS/123.0.6312.52 Mobile/15E148 Safari/604.1"
32.192.179.198 - - [05/May/2026:05:34:20 -0500] "GET /wp-content/plugins/kadence-pro/dist/mega-menu/kadence-mega-menu.min.js?ver=1.1.19 HTTP/2.0" 200 457 "https://easysalads.com/broccoli-raisin-salad-recipe/" "Mozilla/5.0 (iPhone; CPU iPhone OS 17_4_1 like Mac OS X) AppleWebKit/605.1.15 (KHTML, like Gecko) CriOS/123.0.6312.52 Mobile/15E148 Safari/604.1"
32.192.179.198 - - [05/May/2026:05:34:20 -0500] "GET /wp-includes/js/jquery/jquery.min.js?ver=3.7.1 HTTP/2.0" 200 29769 "https://easysalads.com/broccoli-raisin-salad-recipe/" "Mozilla/5.0 (iPhone; CPU iPhone OS 17_4_1 like Mac OS X) AppleWebKit/605.1.15 (KHTML, like Gecko) CriOS/123.0.6312.52 Mobile/15E148 Safari/604.1"
32.192.179.198 - - [05/May/2026:05:34:20 -0500] "GET /wp-includes/js/jquery/jquery-migrate.min.js?ver=3.4.1 HTTP/2.0" 200 4679 "https://easysalads.com/broccoli-raisin-salad-recipe/" "Mozilla/5.0 (iPhone; CPU iPhone OS 17_4_1 like Mac OS X) AppleWebKit/605.1.15 (KHTML, like Gecko) CriOS/123.0.6312.52 Mobile/15E148 Safari/604.1"
32.192.179.198 - - [05/May/2026:05:34:20 -0500] "GET /wp-content/plugins/wpforms-lite/assets/lib/jquery.validate.min.js?ver=1.21.0 HTTP/2.0" 200 7807 "https://easysalads.com/broccoli-raisin-salad-recipe/" "Mozilla/5.0 (iPhone; CPU iPhone OS 17_4_1 like Mac OS X) AppleWebKit/605.1.15 (KHTML, like Gecko) CriOS/123.0.6312.52 Mobile/15E148 Safari/604.1"
32.192.179.198 - - [05/May/2026:05:34:20 -0500] "GET /wp-content/plugins/wpforms-lite/assets/lib/mailcheck.min.js?ver=1.1.2 HTTP/2.0" 200 1616 "https://easysalads.com/broccoli-raisin-salad-recipe/" "Mozilla/5.0 (iPhone; CPU iPhone OS 17_4_1 like Mac OS X) AppleWebKit/605.1.15 (KHTML, like Gecko) CriOS/123.0.6312.52 Mobile/15E148 Safari/604.1"
32.192.179.198 - - [05/May/2026:05:34:20 -0500] "GET /wp-content/plugins/wpforms-lite/assets/lib/punycode.min.js?ver=1.0.0 HTTP/2.0" 200 834 "https://easysalads.com/broccoli-raisin-salad-recipe/" "Mozilla/5.0 (iPhone; CPU iPhone OS 17_4_1 like Mac OS X) AppleWebKit/605.1.15 (KHTML, like Gecko) CriOS/123.0.6312.52 Mobile/15E148 Safari/604.1"
32.192.179.198 - - [05/May/2026:05:34:20 -0500] "GET /wp-content/plugins/wpforms-lite/assets/js/share/utils.min.js?ver=1.10.0.4 HTTP/2.0" 200 727 "https://easysalads.com/broccoli-raisin-salad-recipe/" "Mozilla/5.0 (iPhone; CPU iPhone OS 17_4_1 like Mac OS X) AppleWebKit/605.1.15 (KHTML, like Gecko) CriOS/123.0.6312.52 Mobile/15E148 Safari/604.1"
32.192.179.198 - - [05/May/2026:05:34:20 -0500] "GET /wp-content/plugins/wpforms-lite/assets/js/frontend/wpforms.min.js?ver=1.10.0.4 HTTP/2.0" 200 14614 "https://easysalads.com/broccoli-raisin-salad-recipe/" "Mozilla/5.0 (iPhone; CPU iPhone OS 17_4_1 like Mac OS X) AppleWebKit/605.1.15 (KHTML, like Gecko) CriOS/123.0.6312.52 Mobile/15E148 Safari/604.1"
32.192.179.198 - - [05/May/2026:05:34:20 -0500] "GET /wp-content/plugins/wpforms-lite/assets/js/frontend/wpforms-modern.min.js?ver=1.10.0.4 HTTP/2.0" 200 1866 "https://easysalads.com/broccoli-raisin-salad-recipe/" "Mozilla/5.0 (iPhone; CPU iPhone OS 17_4_1 like Mac OS X) AppleWebKit/605.1.15 (KHTML, like Gecko) CriOS/123.0.6312.52 Mobile/15E148 Safari/604.1"
32.192.179.198 - - [05/May/2026:05:34:20 -0500] "GET /wp-content/plugins/wpforms-lite/assets/js/frontend/fields/address.min.js?ver=1.10.0.4 HTTP/2.0" 200 673 "https://easysalads.com/broccoli-raisin-salad-recipe/" "Mozilla/5.0 (iPhone; CPU iPhone OS 17_4_1 like Mac OS X) AppleWebKit/605.1.15 (KHTML, like Gecko) CriOS/123.0.6312.52 Mobile/15E148 Safari/604.1"
32.192.179.198 - - [05/May/2026:05:34:20 -0500] "GET /wp-content/plugins/wpforms-lite/assets/images/submit-spin.svg HTTP/2.0" 200 509 "https://easysalads.com/broccoli-raisin-salad-recipe/" "Mozilla/5.0 (iPhone; CPU iPhone OS 17_4_1 like Mac OS X) AppleWebKit/605.1.15 (KHTML, like Gecko) CriOS/123.0.6312.52 Mobile/15E148 Safari/604.1"
32.192.179.198 - - [05/May/2026:05:34:20 -0500] "GET /wp-content/plugins/wp-recipe-maker/assets/icons/rating/stars-alt-5.svg HTTP/2.0" 200 976 "https://easysalads.com/broccoli-raisin-salad-recipe/" "Mozilla/5.0 (iPhone; CPU iPhone OS 17_4_1 like Mac OS X) AppleWebKit/605.1.15 (KHTML, like Gecko) CriOS/123.0.6312.52 Mobile/15E148 Safari/604.1"
32.192.179.198 - - [05/May/2026:05:34:20 -0500] "GET /wp-includes/js/comment-reply.min.js?ver=6.9.4 HTTP/2.0" 200 1248 "https://easysalads.com/broccoli-raisin-salad-recipe/" "Mozilla/5.0 (iPhone; CPU iPhone OS 17_4_1 like Mac OS X) AppleWebKit/605.1.15 (KHTML, like Gecko) CriOS/123.0.6312.52 Mobile/15E148 Safari/604.1"
32.192.179.198 - - [05/May/2026:05:34:20 -0500] "GET /wp-content/themes/kadence/assets/js/navigation-lite.min.js?ver=1.1.21 HTTP/2.0" 200 2083 "https://easysalads.com/broccoli-raisin-salad-recipe/" "Mozilla/5.0 (iPhone; CPU iPhone OS 17_4_1 like Mac OS X) AppleWebKit/605.1.15 (KHTML, like Gecko) CriOS/123.0.6312.52 Mobile/15E148 Safari/604.1"
32.192.179.198 - - [05/May/2026:05:34:20 -0500] "GET /wp-content/plugins/social-pug/assets/dist/front-end-pro.js?ver=2.28.0 HTTP/2.0" 200 9339 "https://easysalads.com/broccoli-raisin-salad-recipe/" "Mozilla/5.0 (iPhone; CPU iPhone OS 17_4_1 like Mac OS X) AppleWebKit/605.1.15 (KHTML, like Gecko) CriOS/123.0.6312.52 Mobile/15E148 Safari/604.1"
32.192.179.198 - - [05/May/2026:05:34:20 -0500] "GET /wp-content/plugins/akismet/_inc/akismet-frontend.js?ver=1764724306 HTTP/2.0" 200 3016 "https://easysalads.com/broccoli-raisin-salad-recipe/" "Mozilla/5.0 (iPhone; CPU iPhone OS 17_4_1 like Mac OS X) AppleWebKit/605.1.15 (KHTML, like Gecko) CriOS/123.0.6312.52 Mobile/15E148 Safari/604.1"
32.192.179.198 - - [05/May/2026:05:34:20 -0500] "GET /wp-content/uploads/2024/02/Blogger-Call-Out-Icons-1.png HTTP/2.0" 404 146 "https://easysalads.com/broccoli-raisin-salad-recipe/" "Mozilla/5.0 (iPhone; CPU iPhone OS 17_4_1 like Mac OS X) AppleWebKit/605.1.15 (KHTML, like Gecko) CriOS/123.0.6312.52 Mobile/15E148 Safari/604.1"
32.192.179.198 - - [05/May/2026:05:34:55 -0500] "GET /wp-content/uploads/2022/09/cropped-site-icon-easy-salads-32x32.png HTTP/2.0" 200 907 "https://easysalads.com/broccoli-raisin-salad-recipe/" "Mozilla/5.0 (iPhone; CPU iPhone OS 17_4_1 like Mac OS X) AppleWebKit/605.1.15 (KHTML, like Gecko) CriOS/123.0.6312.52 Mobile/15E148 Safari/604.1"
154.18.244.252 - - [05/May/2026:05:35:04 -0500] "POST /wp-cron.php?doing_wp_cron=1777977304.0723180770874023437500 HTTP/1.1" 200 11 "-" "WordPress/6.9.4; https://easysalads.com"
57.128.189.19 - - [05/May/2026:05:35:04 -0500] "GET /?nocache=1777977241 HTTP/2.0" 200 89188 "-" "BigScootsMonitor Mozilla/5.0 (Windows NT 10.0; Win64; x64) AppleWebKit/537.36 (KHTML, like Gecko) Chrome/74.0.3729.169 Safari/537.36"
51.222.136.175 - - [05/May/2026:05:35:04 -0500] "GET /?nocache=1777977241 HTTP/2.0" 200 89188 "-" "BigScootsMonitor Mozilla/5.0 (Windows NT 10.0; Win64; x64) AppleWebKit/537.36 (KHTML, like Gecko) Chrome/74.0.3729.169 Safari/537.36"
50.6.7.129 - - [05/May/2026:05:35:29 -0500] "GET /wp-login.php HTTP/2.0" 444 0 "-" "Mozilla/5.0 (Windows NT 6.1) AppleWebKit/537.36 (KHTML, like Gecko) Chrome/67.0.3396.62 Safari/537.36"
32.192.179.198 - - [05/May/2026:05:36:18 -0500] "GET /wp-content/uploads/2024/02/broccoli-raisin-salad-02-683x1024.jpg HTTP/2.0" 200 291612 "https://easysalads.com/broccoli-raisin-salad-recipe/" "Mozilla/5.0 (iPhone; CPU iPhone OS 17_4_1 like Mac OS X) AppleWebKit/605.1.15 (KHTML, like Gecko) CriOS/123.0.6312.52 Mobile/15E148 Safari/604.1"
154.18.244.252 - - [05/May/2026:05:37:04 -0500] "POST /wp-cron.php?doing_wp_cron=1777977424.3012859821319580078125 HTTP/1.1" 200 11 "-" "WordPress/6.9.4; https://easysalads.com"
57.128.189.19 - - [05/May/2026:05:37:04 -0500] "GET /?nocache=1777977361 HTTP/2.0" 200 89188 "-" "BigScootsMonitor Mozilla/5.0 (Windows NT 10.0; Win64; x64) AppleWebKit/537.36 (KHTML, like Gecko) Chrome/74.0.3729.169 Safari/537.36"
154.18.244.252 - - [05/May/2026:05:37:04 -0500] "POST /wp-cron.php?doing_wp_cron=1777977424.5295500755310058593750 HTTP/1.1" 200 11 "-" "WordPress/6.9.4; https://easysalads.com"
51.222.136.175 - - [05/May/2026:05:37:04 -0500] "GET /?nocache=1777977361 HTTP/2.0" 200 89188 "-" "BigScootsMonitor Mozilla/5.0 (Windows NT 10.0; Win64; x64) AppleWebKit/537.36 (KHTML, like Gecko) Chrome/74.0.3729.169 Safari/537.36"
43.173.181.156 - - [05/May/2026:05:38:04 -0500] "GET / HTTP/1.1" 200 114539 "-" "Mozilla/5.0 (Windows NT 10.0; Win64; x64) AppleWebKit/537.36 (KHTML, like Gecko) Chrome/133.0.0.0 Safari/537.36"
107.172.118.192 - - [05/May/2026:05:38:05 -0500] "GET /wp-content/uploads/2024/07/Classic-Chicken-Salad03.jpg HTTP/2.0" 200 630871 "-" "Mozilla/5.0 (Linux; Android 10; K) AppleWebKit/537.36 (KHTML, like Gecko) Chrome/131.0.0.0 Mobile Safari/537.36 EdgA/131.0.0.0"
43.173.175.27 - - [05/May/2026:05:38:06 -0500] "GET /wp-content/plugins/wp-recipe-maker-premium/dist/public-pro.css?ver=10.5.0 HTTP/1.1" 200 7276 "https://easysalads.com/" "Mozilla/5.0 (Windows NT 10.0; Win64; x64) AppleWebKit/537.36 (KHTML, like Gecko) Chrome/133.0.0.0 Safari/537.36"
43.173.179.94 - - [05/May/2026:05:38:06 -0500] "GET /wp-content/plugins/wp-recipe-maker/dist/public-modern.css?ver=10.5.0 HTTP/1.1" 200 8225 "https://easysalads.com/" "Mozilla/5.0 (Windows NT 10.0; Win64; x64) AppleWebKit/537.36 (KHTML, like Gecko) Chrome/133.0.0.0 Safari/537.36"
43.173.174.171 - - [05/May/2026:05:38:06 -0500] "GET /wp-content/themes/kadence/assets/css/header.min.css?ver=1.1.22 HTTP/1.1" 200 4623 "https://easysalads.com/" "Mozilla/5.0 (Windows NT 10.0; Win64; x64) AppleWebKit/537.36 (KHTML, like Gecko) Chrome/133.0.0.0 Safari/537.36"
13.217.93.241 - - [05/May/2026:05:38:10 -0500] "GET / HTTP/1.1" 200 114538 "-" "Mozilla/5.0 (compatible; proximic; +https://www.comscore.com/Web-Crawler)"
154.18.244.252 - - [05/May/2026:05:38:12 -0500] "POST /wp-cron.php?doing_wp_cron=1777977492.4912168979644775390625 HTTP/1.1" 200 11 "-" "WordPress/6.9.4; https://easysalads.com"
3.234.232.41 - - [05/May/2026:05:38:12 -0500] "GET / HTTP/1.1" 301 5 "-" "Verity/1.1 (https://gumgum.com/verity; [email protected])"
3.234.232.76 - - [05/May/2026:05:38:12 -0500] "GET / HTTP/1.1" 200 91490 "-" "Verity/1.1 (https://gumgum.com/verity; [email protected])"
3.234.232.76 - - [05/May/2026:05:38:13 -0500] "GET /wp-content/uploads/2022/08/black-and-blue-steak-salad00.jpg HTTP/1.1" 200 713530 "-" "Verity/1.1 (https://gumgum.com/verity; [email protected])"
66.249.92.197 - - [05/May/2026:05:38:28 -0500] "GET / HTTP/1.1" 200 91490 "-" "Mediapartners-Google"
107.181.159.95 - - [05/May/2026:05:38:30 -0500] "GET /wp-content/uploads/2024/07/Classic-Chicken-Salad05-200x300.jpg HTTP/2.0" 200 26996 "-" "Mozilla/5.0 (Linux; Android 8.0.0; LG-H870DS Build/OPR1.170623.032) AppleWebKit/537.37 (KHTML, like Gecko) Chrome/68.0.3440.91 Mobile Safari/537.36"
154.18.244.252 - - [05/May/2026:05:39:04 -0500] "POST /wp-cron.php?doing_wp_cron=1777977544.6380031108856201171875 HTTP/1.1" 200 11 "-" "WordPress/6.9.4; https://easysalads.com"
47.163.39.246 - - [05/May/2026:05:39:04 -0500] "GET /wp-login.php HTTP/2.0" 200 1883 "-" "Mozilla/5.0 (Windows NT 6.0; Win64; x64) AppleWebKit/537.36 (KHTML, like Gecko) Chrome/66.0.3359.117 Safari/537.36"
57.128.189.19 - - [05/May/2026:05:39:04 -0500] "GET /?nocache=1777977481 HTTP/2.0" 200 89188 "-" "BigScootsMonitor Mozilla/5.0 (Windows NT 10.0; Win64; x64) AppleWebKit/537.36 (KHTML, like Gecko) Chrome/74.0.3729.169 Safari/537.36"
47.163.39.246 - - [05/May/2026:05:39:04 -0500] "POST /wp-login.php HTTP/2.0" 200 2022 "https://easysalads.com/wp-login.php" "Mozilla/5.0 (Windows NT 6.0; Win64; x64) AppleWebKit/537.36 (KHTML, like Gecko) Chrome/66.0.3359.117 Safari/537.36"
51.222.136.175 - - [05/May/2026:05:39:04 -0500] "GET /?nocache=1777977481 HTTP/2.0" 200 89188 "-" "BigScootsMonitor Mozilla/5.0 (Windows NT 10.0; Win64; x64) AppleWebKit/537.36 (KHTML, like Gecko) Chrome/74.0.3729.169 Safari/537.36"
78.142.18.172 - - [05/May/2026:05:39:15 -0500] "GET /wp-login.php HTTP/2.0" 200 1883 "-" "Mozilla/5.0 (Windows NT 6.3; Win64; x64) AppleWebKit/537.36 (KHTML, like Gecko) Chrome/66.0.3359.139 Safari/537.36"
78.142.18.172 - - [05/May/2026:05:39:16 -0500] "POST /wp-login.php HTTP/2.0" 200 1992 "https://easysalads.com/wp-login.php" "Mozilla/5.0 (Windows NT 6.3; Win64; x64) AppleWebKit/537.36 (KHTML, like Gecko) Chrome/66.0.3359.139 Safari/537.36"
66.249.66.77 - - [05/May/2026:05:39:28 -0500] "GET /favicon.ico HTTP/1.1" 404 146 "-" "Googlebot-Image/1.0"
154.18.244.252 - - [05/May/2026:05:40:31 -0500] "POST /wp-cron.php?doing_wp_cron=1777977632.0272500514984130859375 HTTP/1.1" 200 11 "-" "WordPress/6.9.4; https://easysalads.com"
184.174.88.43 - - [05/May/2026:05:40:31 -0500] "GET /shrimp-salad-old-bay HTTP/1.1" 301 5 "https://www.google.com" "Mozilla/5.0 (X11; Linux x86_64; rv:78.0) Gecko/20100101 Firefox/78.0"
121.200.216.56 - - [05/May/2026:05:40:34 -0500] "GET /wp-login.php HTTP/2.0" 200 1883 "-" "Mozilla/5.0 (Macintosh; Intel Mac OS X 10_13_5) AppleWebKit/537.36 (KHTML, like Gecko) Chrome/67.0.3396.87 Safari/537.36"
184.174.88.43 - - [05/May/2026:05:40:34 -0500] "GET /shrimp-salad-old-bay/ HTTP/1.1" 200 128566 "https://www.google.com" "Mozilla/5.0 (X11; Linux x86_64; rv:78.0) Gecko/20100101 Firefox/78.0"
121.200.216.56 - - [05/May/2026:05:40:35 -0500] "POST /wp-login.php HTTP/2.0" 200 2020 "https://easysalads.com/wp-login.php" "Mozilla/5.0 (Macintosh; Intel Mac OS X 10_13_5) AppleWebKit/537.36 (KHTML, like Gecko) Chrome/67.0.3396.87 Safari/537.36"
123.30.233.12 - - [05/May/2026:05:40:44 -0500] "GET /wp-login.php HTTP/2.0" 444 0 "-" "Mozilla/5.0 (X11; CrOS x86_64 10323.67.0) AppleWebKit/537.36 (KHTML, like Gecko) Chrome/65.0.3325.209 Safari/537.36"
154.18.244.252 - - [05/May/2026:05:41:03 -0500] "POST /wp-cron.php?doing_wp_cron=1777977663.9768381118774414062500 HTTP/1.1" 200 11 "-" "WordPress/6.9.4; https://easysalads.com"
57.128.189.19 - - [05/May/2026:05:41:04 -0500] "GET /?nocache=1777977601 HTTP/2.0" 200 89188 "-" "BigScootsMonitor Mozilla/5.0 (Windows NT 10.0; Win64; x64) AppleWebKit/537.36 (KHTML, like Gecko) Chrome/74.0.3729.169 Safari/537.36"
51.222.136.175 - - [05/May/2026:05:41:04 -0500] "GET /?nocache=1777977601 HTTP/2.0" 200 89188 "-" "BigScootsMonitor Mozilla/5.0 (Windows NT 10.0; Win64; x64) AppleWebKit/537.36 (KHTML, like Gecko) Chrome/74.0.3729.169 Safari/537.36"
38.95.35.85 - - [05/May/2026:05:41:22 -0500] "GET /wp-login.php HTTP/2.0" 200 1883 "-" "Mozilla/5.0 (Macintosh; Intel Mac OS X 10_12_6) AppleWebKit/605.1.15 (KHTML, like Gecko) Version/11.1 Safari/605.1.15"
154.18.244.252 - - [05/May/2026:05:42:13 -0500] "POST /wp-cron.php?doing_wp_cron=1777977733.3303499221801757812500 HTTP/1.1" 200 11 "-" "WordPress/6.9.4; https://easysalads.com"
52.90.202.48 - - [05/May/2026:05:42:13 -0500] "GET /creamy-parmesan-pasta-salad HTTP/1.1" 301 5 "-" "Mozilla/5.0 (compatible; proximic; +https://www.comscore.com/Web-Crawler)"
52.90.202.48 - - [05/May/2026:05:42:14 -0500] "GET /creamy-parmesan-pasta-salad/ HTTP/1.1" 200 127965 "-" "Mozilla/5.0 (compatible; proximic; +https://www.comscore.com/Web-Crawler)"
169.255.216.124 - - [05/May/2026:05:42:27 -0500] "GET /wp-content/uploads/2022/11/low-carb-fruit-salad-00.jpg HTTP/2.0" 200 531191 "https://www.bing.com/" "Mozilla/5.0 (Windows NT 10.0; Win64; x64) AppleWebKit/537.36 (KHTML, like Gecko) Chrome/147.0.0.0 Safari/537.36 Edg/147.0.0.0"
222.165.190.235 - - [05/May/2026:05:42:47 -0500] "GET /wp-login.php HTTP/2.0" 444 0 "-" "Mozilla/5.0 (Windows NT 6.3; Win64; x64; Trident/7.0; ASU2JS; rv:11.0) like Gecko"
154.18.244.252 - - [05/May/2026:05:43:04 -0500] "POST /wp-cron.php?doing_wp_cron=1777977784.4541029930114746093750 HTTP/1.1" 200 11 "-" "WordPress/6.9.4; https://easysalads.com"
57.128.189.19 - - [05/May/2026:05:43:04 -0500] "GET /?nocache=1777977721 HTTP/2.0" 200 89188 "-" "BigScootsMonitor Mozilla/5.0 (Windows NT 10.0; Win64; x64) AppleWebKit/537.36 (KHTML, like Gecko) Chrome/74.0.3729.169 Safari/537.36"
51.222.136.175 - - [05/May/2026:05:43:05 -0500] "GET /?nocache=1777977721 HTTP/2.0" 200 89188 "-" "BigScootsMonitor Mozilla/5.0 (Windows NT 10.0; Win64; x64) AppleWebKit/537.36 (KHTML, like Gecko) Chrome/74.0.3729.169 Safari/537.36"
66.249.66.76 - - [05/May/2026:05:43:33 -0500] "GET /wp-content/uploads/2024/02/mediterranean-cucumber-salad-03-500x375.jpg HTTP/1.1" 200 87243 "-" "Googlebot-Image/1.0"
49.196.87.48 - - [05/May/2026:05:43:45 -0500] "GET /wp-content/uploads/2024/11/sweet-potato-feta-salad-00.jpg HTTP/2.0" 200 886828 "https://www.google.com/" "Mozilla/5.0 (Windows NT 10.0; Win64; x64) AppleWebKit/537.36 (KHTML, like Gecko) Chrome/147.0.0.0 Safari/537.36"
54.160.218.59 - - [05/May/2026:05:44:43 -0500] "GET /wp-content/uploads/2024/01/lemon-orzo-salad-with-walnuts-03.jpg HTTP/2.0" 200 334147 "https://pizzazzerie.com/" "Mozilla/5.0 (iPhone; CPU iPhone OS 17_4_1 like Mac OS X) AppleWebKit/605.1.15 (KHTML, like Gecko) CriOS/123.0.6312.52 Mobile/15E148 Safari/604.1"
54.160.218.59 - - [05/May/2026:05:44:44 -0500] "GET /wp-content/uploads/2024/02/cucumber-strawberry-salad-06.jpg HTTP/2.0" 200 1402483 "https://pizzazzerie.com/" "Mozilla/5.0 (iPhone; CPU iPhone OS 17_4_1 like Mac OS X) AppleWebKit/605.1.15 (KHTML, like Gecko) CriOS/123.0.6312.52 Mobile/15E148 Safari/604.1"
54.160.218.59 - - [05/May/2026:05:44:44 -0500] "GET /wp-content/uploads/2024/01/tomato-onion-salad-06.jpg HTTP/2.0" 200 1661522 "https://pizzazzerie.com/" "Mozilla/5.0 (iPhone; CPU iPhone OS 17_4_1 like Mac OS X) AppleWebKit/605.1.15 (KHTML, like Gecko) CriOS/123.0.6312.52 Mobile/15E148 Safari/604.1"
222.165.190.235 - - [05/May/2026:05:44:58 -0500] "GET /wp-login.php HTTP/2.0" 444 0 "-" "Mozilla/5.0 (Windows NT 6.1; WOW64; Trident/7.0; MSBrowserIE; rv:11.0) like Gecko"
154.18.244.252 - - [05/May/2026:05:45:05 -0500] "POST /wp-cron.php?doing_wp_cron=1777977905.2116119861602783203125 HTTP/1.1" 200 11 "-" "WordPress/6.9.4; https://easysalads.com"
51.222.136.175 - - [05/May/2026:05:45:05 -0500] "GET /?nocache=1777977841 HTTP/2.0" 200 89190 "-" "BigScootsMonitor Mozilla/5.0 (Windows NT 10.0; Win64; x64) AppleWebKit/537.36 (KHTML, like Gecko) Chrome/74.0.3729.169 Safari/537.36"
57.128.189.19 - - [05/May/2026:05:45:05 -0500] "GET /?nocache=1777977841 HTTP/2.0" 200 89190 "-" "BigScootsMonitor Mozilla/5.0 (Windows NT 10.0; Win64; x64) AppleWebKit/537.36 (KHTML, like Gecko) Chrome/74.0.3729.169 Safari/537.36"
54.152.139.33 - - [05/May/2026:05:45:35 -0500] "GET /broccoli-raisin-salad-recipe HTTP/1.1" 200 130713 "-" "Mozilla/5.0 (compatible; proximic; +https://www.comscore.com/Web-Crawler)"
74.91.224.220 - - [05/May/2026:05:45:51 -0500] "GET /wp-login.php HTTP/2.0" 444 0 "-" "Mozilla/5.0 (Windows NT 6.3; WOW64; Trident/7.0; Touch; MASMJS; rv:11.0) like Gecko"
154.18.244.252 - - [05/May/2026:05:46:12 -0500] "POST /wp-cron.php?doing_wp_cron=1777977972.1298999786376953125000 HTTP/1.1" 200 11 "-" "WordPress/6.9.4; https://easysalads.com"
152.32.209.93 - - [05/May/2026:05:46:12 -0500] "GET /wp-login.php HTTP/2.0" 200 1883 "-" "Mozilla/5.0 (Windows NT 6.1) AppleWebKit/537.36 (KHTML, like Gecko) Chrome/66.0.3359.139 Safari/537.36"
152.32.209.93 - - [05/May/2026:05:46:13 -0500] "POST /wp-login.php HTTP/2.0" 200 2018 "https://easysalads.com/wp-login.php" "Mozilla/5.0 (Windows NT 6.1) AppleWebKit/537.36 (KHTML, like Gecko) Chrome/66.0.3359.139 Safari/537.36"
154.18.244.252 - - [05/May/2026:05:47:04 -0500] "POST /wp-cron.php?doing_wp_cron=1777978024.3821868896484375000000 HTTP/1.1" 200 11 "-" "WordPress/6.9.4; https://easysalads.com"
57.128.189.19 - - [05/May/2026:05:47:04 -0500] "GET /?nocache=1777977961 HTTP/2.0" 200 89190 "-" "BigScootsMonitor Mozilla/5.0 (Windows NT 10.0; Win64; x64) AppleWebKit/537.36 (KHTML, like Gecko) Chrome/74.0.3729.169 Safari/537.36"
51.222.136.175 - - [05/May/2026:05:47:04 -0500] "GET /?nocache=1777977961 HTTP/2.0" 200 89190 "-" "BigScootsMonitor Mozilla/5.0 (Windows NT 10.0; Win64; x64) AppleWebKit/537.36 (KHTML, like Gecko) Chrome/74.0.3729.169 Safari/537.36"
104.248.54.112 - - [05/May/2026:05:48:31 -0500] "GET /wp-login.php HTTP/2.0" 444 0 "-" "Mozilla/4.0 (compatible; MSIE 7.0; Windows NT 6.1; WOW64; Trident/7.0; SLCC2; .NET CLR 2.0.50727; .NET4.0C; .NET4.0E)"
185.194.117.142 - - [05/May/2026:05:48:50 -0500] "GET /yogurt-dill-dressing HTTP/1.1" 200 125513 "https://www.google.com" "Mozilla/5.0 (X11; Linux x86_64; rv:78.0) Gecko/20100101 Firefox/78.0"
31.13.103.112 - - [05/May/2026:05:49:02 -0500] "GET /wp-content/uploads/2022/09/cropped-site-icon-easy-salads-192x192.png HTTP/2.0" 200 8410 "-" "facebookexternalhit/1.1 (+http://www.facebook.com/externalhit_uatext.php)"
154.18.244.252 - - [05/May/2026:05:49:04 -0500] "POST /wp-cron.php?doing_wp_cron=1777978144.7347218990325927734375 HTTP/1.1" 200 11 "-" "WordPress/6.9.4; https://easysalads.com"
51.222.136.175 - - [05/May/2026:05:49:04 -0500] "GET /?nocache=1777978081 HTTP/2.0" 200 89190 "-" "BigScootsMonitor Mozilla/5.0 (Windows NT 10.0; Win64; x64) AppleWebKit/537.36 (KHTML, like Gecko) Chrome/74.0.3729.169 Safari/537.36"
57.128.189.19 - - [05/May/2026:05:49:04 -0500] "GET /?nocache=1777978081 HTTP/2.0" 200 89190 "-" "BigScootsMonitor Mozilla/5.0 (Windows NT 10.0; Win64; x64) AppleWebKit/537.36 (KHTML, like Gecko) Chrome/74.0.3729.169 Safari/537.36"
146.75.128.239 - - [05/May/2026:05:49:10 -0500] "GET /broccoli-raisin-salad-recipe/ HTTP/2.0" 200 102899 "-" "Mozilla/5.0 (iPhone; CPU iPhone OS 18_7 like Mac OS X) AppleWebKit/605.1.15 (KHTML, like Gecko) Mobile/15E148"
54.38.90.164 - - [05/May/2026:05:49:10 -0500] "GET /wp-content/uploads/2022/09/rosa-marina-fruit-salad-04.jpg HTTP/1.1" 200 229993 "-" "python-urllib3/1.26.18"
146.75.128.239 - - [05/May/2026:05:49:11 -0500] "GET /wp-content/plugins/kadence-blocks/dist/style-blocks-rowlayout.css?ver=3.6.7 HTTP/2.0" 200 1771 "https://easysalads.com/broccoli-raisin-salad-recipe/" "Mozilla/5.0 (iPhone; CPU iPhone OS 18_7 like Mac OS X) AppleWebKit/605.1.15 (KHTML, like Gecko) Mobile/15E148"
146.75.128.239 - - [05/May/2026:05:49:11 -0500] "GET /wp-content/plugins/kadence-blocks/dist/style-blocks-column.css?ver=3.6.7 HTTP/2.0" 200 428 "https://easysalads.com/broccoli-raisin-salad-recipe/" "Mozilla/5.0 (iPhone; CPU iPhone OS 18_7 like Mac OS X) AppleWebKit/605.1.15 (KHTML, like Gecko) Mobile/15E148"
146.75.128.239 - - [05/May/2026:05:49:11 -0500] "GET /wp-content/plugins/kadence-blocks/dist/style-blocks-infobox.css?ver=3.6.7 HTTP/2.0" 200 1340 "https://easysalads.com/broccoli-raisin-salad-recipe/" "Mozilla/5.0 (iPhone; CPU iPhone OS 18_7 like Mac OS X) AppleWebKit/605.1.15 (KHTML, like Gecko) Mobile/15E148"
146.75.128.239 - - [05/May/2026:05:49:11 -0500] "GET /wp-content/plugins/kadence-blocks/dist/style-blocks-advancedbtn.css?ver=3.6.7 HTTP/2.0" 200 705 "https://easysalads.com/broccoli-raisin-salad-recipe/" "Mozilla/5.0 (iPhone; CPU iPhone OS 18_7 like Mac OS X) AppleWebKit/605.1.15 (KHTML, like Gecko) Mobile/15E148"
146.75.128.239 - - [05/May/2026:05:49:11 -0500] "GET /wp-content/plugins/kadence-blocks-pro/dist/style-blocks-postgrid.css?ver=2.8.13.1 HTTP/2.0" 200 2795 "https://easysalads.com/broccoli-raisin-salad-recipe/" "Mozilla/5.0 (iPhone; CPU iPhone OS 18_7 like Mac OS X) AppleWebKit/605.1.15 (KHTML, like Gecko) Mobile/15E148"
146.75.128.239 - - [05/May/2026:05:49:11 -0500] "GET /wp-content/plugins/wp-recipe-maker/dist/public-modern.css?ver=10.5.0 HTTP/2.0" 200 7712 "https://easysalads.com/broccoli-raisin-salad-recipe/" "Mozilla/5.0 (iPhone; CPU iPhone OS 18_7 like Mac OS X) AppleWebKit/605.1.15 (KHTML, like Gecko) Mobile/15E148"
146.75.128.239 - - [05/May/2026:05:49:11 -0500] "GET /wp-content/plugins/wp-recipe-maker-premium/dist/public-pro.css?ver=10.5.0 HTTP/2.0" 200 6796 "https://easysalads.com/broccoli-raisin-salad-recipe/" "Mozilla/5.0 (iPhone; CPU iPhone OS 18_7 like Mac OS X) AppleWebKit/605.1.15 (KHTML, like Gecko) Mobile/15E148"
146.75.128.239 - - [05/May/2026:05:49:11 -0500] "GET /wp-content/themes/kadence/assets/css/global.min.css?ver=1.1.22 HTTP/2.0" 200 4256 "https://easysalads.com/broccoli-raisin-salad-recipe/" "Mozilla/5.0 (iPhone; CPU iPhone OS 18_7 like Mac OS X) AppleWebKit/605.1.15 (KHTML, like Gecko) Mobile/15E148"
146.75.128.239 - - [05/May/2026:05:49:11 -0500] "GET /wp-content/themes/kadence/assets/css/header.min.css?ver=1.1.22 HTTP/2.0" 200 4295 "https://easysalads.com/broccoli-raisin-salad-recipe/" "Mozilla/5.0 (iPhone; CPU iPhone OS 18_7 like Mac OS X) AppleWebKit/605.1.15 (KHTML, like Gecko) Mobile/15E148"
146.75.128.239 - - [05/May/2026:05:49:11 -0500] "GET /wp-content/themes/kadence/assets/css/content.min.css?ver=1.1.22 HTTP/2.0" 200 5512 "https://easysalads.com/broccoli-raisin-salad-recipe/" "Mozilla/5.0 (iPhone; CPU iPhone OS 18_7 like Mac OS X) AppleWebKit/605.1.15 (KHTML, like Gecko) Mobile/15E148"
146.75.128.239 - - [05/May/2026:05:49:11 -0500] "GET /wp-content/themes/kadence/assets/css/comments.min.css?ver=1.1.22 HTTP/2.0" 200 1289 "https://easysalads.com/broccoli-raisin-salad-recipe/" "Mozilla/5.0 (iPhone; CPU iPhone OS 18_7 like Mac OS X) AppleWebKit/605.1.15 (KHTML, like Gecko) Mobile/15E148"
146.75.128.239 - - [05/May/2026:05:49:11 -0500] "GET /wp-content/themes/kadence/assets/css/sidebar.min.css?ver=1.1.22 HTTP/2.0" 200 749 "https://easysalads.com/broccoli-raisin-salad-recipe/" "Mozilla/5.0 (iPhone; CPU iPhone OS 18_7 like Mac OS X) AppleWebKit/605.1.15 (KHTML, like Gecko) Mobile/15E148"
146.75.128.239 - - [05/May/2026:05:49:11 -0500] "GET /wp-content/themes/kadence/assets/css/footer.min.css?ver=1.1.22 HTTP/2.0" 200 1580 "https://easysalads.com/broccoli-raisin-salad-recipe/" "Mozilla/5.0 (iPhone; CPU iPhone OS 18_7 like Mac OS X) AppleWebKit/605.1.15 (KHTML, like Gecko) Mobile/15E148"
146.75.128.239 - - [05/May/2026:05:49:11 -0500] "GET /wp-content/plugins/kadence-pro/dist/mega-menu/menu-addon.css?ver=1.1.19 HTTP/2.0" 200 1126 "https://easysalads.com/broccoli-raisin-salad-recipe/" "Mozilla/5.0 (iPhone; CPU iPhone OS 18_7 like Mac OS X) AppleWebKit/605.1.15 (KHTML, like Gecko) Mobile/15E148"
146.75.128.239 - - [05/May/2026:05:49:11 -0500] "GET /wp-content/plugins/social-pug/assets/dist/style-frontend-pro.css?ver=2.28.0 HTTP/2.0" 200 11454 "https://easysalads.com/broccoli-raisin-salad-recipe/" "Mozilla/5.0 (iPhone; CPU iPhone OS 18_7 like Mac OS X) AppleWebKit/605.1.15 (KHTML, like Gecko) Mobile/15E148"
146.75.128.239 - - [05/May/2026:05:49:11 -0500] "GET /wp-content/themes/restored316-sage/style.css?ver=1_0_1 HTTP/2.0" 200 1089 "https://easysalads.com/broccoli-raisin-salad-recipe/" "Mozilla/5.0 (iPhone; CPU iPhone OS 18_7 like Mac OS X) AppleWebKit/605.1.15 (KHTML, like Gecko) Mobile/15E148"
146.75.128.239 - - [05/May/2026:05:49:11 -0500] "GET /wp-content/plugins/wpforms-lite/assets/css/frontend/modern/wpforms-full.min.css?ver=1.10.0.4 HTTP/2.0" 200 14792 "https://easysalads.com/broccoli-raisin-salad-recipe/" "Mozilla/5.0 (iPhone; CPU iPhone OS 18_7 like Mac OS X) AppleWebKit/605.1.15 (KHTML, like Gecko) Mobile/15E148"
146.75.128.239 - - [05/May/2026:05:49:11 -0500] "GET /wp-content/uploads/2022/09/Easy-Salads-website-logo-1536x451.png HTTP/2.0" 200 71572 "https://easysalads.com/broccoli-raisin-salad-recipe/" "Mozilla/5.0 (iPhone; CPU iPhone OS 18_7 like Mac OS X) AppleWebKit/605.1.15 (KHTML, like Gecko) Mobile/15E148"
146.75.128.239 - - [05/May/2026:05:49:11 -0500] "GET /wp-content/plugins/kadence-blocks/dist/style-blocks-iconlist.css?ver=3.6.7 HTTP/2.0" 200 597 "https://easysalads.com/broccoli-raisin-salad-recipe/" "Mozilla/5.0 (iPhone; CPU iPhone OS 18_7 like Mac OS X) AppleWebKit/605.1.15 (KHTML, like Gecko) Mobile/15E148"
146.75.128.239 - - [05/May/2026:05:49:11 -0500] "GET /wp-content/plugins/kadence-blocks/dist/style-blocks-spacer.css?ver=3.6.7 HTTP/2.0" 200 385 "https://easysalads.com/broccoli-raisin-salad-recipe/" "Mozilla/5.0 (iPhone; CPU iPhone OS 18_7 like Mac OS X) AppleWebKit/605.1.15 (KHTML, like Gecko) Mobile/15E148"
