52.215.186.214 - - [05/May/2026:00:59:25 -0500] "GET /easy-5-bean-salad/ HTTP/1.1" 200 130923 "-" "carbon-umbrella-bot/1.0"
162.240.108.214 - - [05/May/2026:00:59:26 -0500] "GET /wp-login.php HTTP/2.0" 200 1883 "-" "Mozilla/5.0 (Macintosh; Intel Mac OS X 10_10_5) AppleWebKit/537.36 (KHTML, like Gecko) Chrome/65.0.3325.181 Safari/537.36"
162.240.108.214 - - [05/May/2026:00:59:26 -0500] "POST /wp-login.php HTTP/2.0" 200 1999 "https://easysalads.com/wp-login.php" "Mozilla/5.0 (Macintosh; Intel Mac OS X 10_10_5) AppleWebKit/537.36 (KHTML, like Gecko) Chrome/65.0.3325.181 Safari/537.36"
3.82.42.130 - - [05/May/2026:00:59:29 -0500] "GET / HTTP/1.1" 200 114538 "-" "Mozilla/5.0 (compatible; proximic; +https://www.comscore.com/Web-Crawler)"
91.227.37.60 - - [05/May/2026:00:59:46 -0500] "GET /wp-login.php HTTP/2.0" 444 0 "-" "Mozilla/4.0 (compatible; MSIE 7.0; Windows NT 6.3; WOW64; Trident/7.0; .NET4.0E; .NET4.0C; .NET CLR 3.5.30729; .NET CLR 2.0.50727; .NET CLR 3.0.30729)"
44.222.241.162 - - [05/May/2026:01:00:04 -0500] "GET /wp-content/uploads/2024/07/Classic-Chicken-Salad05-683x1024.jpg HTTP/1.1" 200 190110 "-" "Ruby"
44.222.241.162 - - [05/May/2026:01:00:04 -0500] "GET /wp-content/uploads/2024/03/yogurt-dill-dressing-00-683x1024.jpg HTTP/1.1" 200 117704 "-" "Ruby"
44.222.241.162 - - [05/May/2026:01:00:04 -0500] "GET /wp-content/uploads/2026/04/creamy-cucumber-salad-03-1024x1024.jpg HTTP/1.1" 200 256380 "-" "Ruby"
204.15.208.43 - - [05/May/2026:01:00:05 -0500] "GET / HTTP/1.1" 200 114538 "-" "peer39_crawler/1.0"
44.222.241.162 - - [05/May/2026:01:00:05 -0500] "GET /wp-content/uploads/2022/10/Christmas-Salad-03-683x1024.jpg HTTP/1.1" 200 159899 "-" "Ruby"
44.222.241.162 - - [05/May/2026:01:00:05 -0500] "GET /wp-content/uploads/2022/11/apple-pecan-blue-cheese-salad-01-683x1024.jpg HTTP/1.1" 200 184343 "-" "Ruby"
44.222.241.162 - - [05/May/2026:01:00:05 -0500] "GET /wp-content/uploads/2022/09/hot-chicken-salad-05sq-1024x1024.jpg HTTP/1.1" 200 404760 "-" "Ruby"
44.222.241.162 - - [05/May/2026:01:00:06 -0500] "GET /wp-content/uploads/2024/02/jasons-deli-pasta-salad-02-1024x683.jpg HTTP/1.1" 200 148100 "-" "Ruby"
44.222.241.162 - - [05/May/2026:01:00:06 -0500] "GET /wp-content/uploads/2022/09/hot-chicken-salad-05sq-768x768.jpg HTTP/1.1" 200 244363 "-" "Ruby"
44.222.241.162 - - [05/May/2026:01:00:07 -0500] "GET /wp-content/uploads/2022/11/apple-pecan-blue-cheese-salad-01-768x1152.jpg HTTP/1.1" 200 224266 "-" "Ruby"
44.222.241.162 - - [05/May/2026:01:00:07 -0500] "GET /wp-content/uploads/2022/11/5-Bean-Salad-00-768x1152.jpg HTTP/1.1" 200 242869 "-" "Ruby"
154.18.244.252 - - [05/May/2026:01:00:20 -0500] "POST /wp-cron.php?doing_wp_cron=1777960820.5432260036468505859375 HTTP/1.1" 200 11 "-" "WordPress/6.9.4; https://easysalads.com"
121.200.216.56 - - [05/May/2026:01:00:20 -0500] "GET /wp-login.php HTTP/2.0" 200 1883 "-" "Mozilla/5.0 (Macintosh; Intel Mac OS X 10_11_6) AppleWebKit/537.36 (KHTML, like Gecko) Chrome/67.0.3396.62 Safari/537.36"
121.200.216.56 - - [05/May/2026:01:00:21 -0500] "POST /wp-login.php HTTP/2.0" 200 2022 "https://easysalads.com/wp-login.php" "Mozilla/5.0 (Macintosh; Intel Mac OS X 10_11_6) AppleWebKit/537.36 (KHTML, like Gecko) Chrome/67.0.3396.62 Safari/537.36"
44.222.241.162 - - [05/May/2026:01:00:28 -0500] "GET / HTTP/2.0" 200 91476 "-" "Mozilla/5.0 (X11; Linux x86_64) AppleWebKit/537.36 (KHTML, like Gecko) Chrome/145.0.0.0 Safari/537.36"
44.222.241.162 - - [05/May/2026:01:00:28 -0500] "GET /wp-content/plugins/kadence-blocks/includes/assets/css/kadence-splide.min.css?ver=3.6.7 HTTP/2.0" 200 1701 "https://easysalads.com/" "Mozilla/5.0 (X11; Linux x86_64) AppleWebKit/537.36 (KHTML, like Gecko) Chrome/145.0.0.0 Safari/537.36"
44.222.241.162 - - [05/May/2026:01:00:28 -0500] "GET /wp-content/plugins/kadence-blocks/includes/assets/css/kb-blocks-splide.min.css?ver=3.6.7 HTTP/2.0" 200 327 "https://easysalads.com/" "Mozilla/5.0 (X11; Linux x86_64) AppleWebKit/537.36 (KHTML, like Gecko) Chrome/145.0.0.0 Safari/537.36"
44.222.241.162 - - [05/May/2026:01:00:28 -0500] "GET /wp-content/plugins/kadence-blocks/dist/style-blocks-rowlayout.css?ver=3.6.7 HTTP/2.0" 200 1771 "https://easysalads.com/" "Mozilla/5.0 (X11; Linux x86_64) AppleWebKit/537.36 (KHTML, like Gecko) Chrome/145.0.0.0 Safari/537.36"
44.222.241.162 - - [05/May/2026:01:00:28 -0500] "GET /wp-content/plugins/kadence-blocks/dist/style-blocks-column.css?ver=3.6.7 HTTP/2.0" 200 428 "https://easysalads.com/" "Mozilla/5.0 (X11; Linux x86_64) AppleWebKit/537.36 (KHTML, like Gecko) Chrome/145.0.0.0 Safari/537.36"
44.222.241.162 - - [05/May/2026:01:00:28 -0500] "GET /wp-content/plugins/kadence-blocks/dist/style-blocks-infobox.css?ver=3.6.7 HTTP/2.0" 200 1340 "https://easysalads.com/" "Mozilla/5.0 (X11; Linux x86_64) AppleWebKit/537.36 (KHTML, like Gecko) Chrome/145.0.0.0 Safari/537.36"
44.222.241.162 - - [05/May/2026:01:00:28 -0500] "GET /wp-content/plugins/kadence-blocks/dist/style-blocks-advancedbtn.css?ver=3.6.7 HTTP/2.0" 200 705 "https://easysalads.com/" "Mozilla/5.0 (X11; Linux x86_64) AppleWebKit/537.36 (KHTML, like Gecko) Chrome/145.0.0.0 Safari/537.36"
44.222.241.162 - - [05/May/2026:01:00:28 -0500] "GET /wp-content/plugins/wp-recipe-maker/dist/public-modern.css?ver=10.5.0 HTTP/2.0" 200 7712 "https://easysalads.com/" "Mozilla/5.0 (X11; Linux x86_64) AppleWebKit/537.36 (KHTML, like Gecko) Chrome/145.0.0.0 Safari/537.36"
44.222.241.162 - - [05/May/2026:01:00:28 -0500] "GET /wp-content/plugins/wp-recipe-maker-premium/dist/public-pro.css?ver=10.5.0 HTTP/2.0" 200 6796 "https://easysalads.com/" "Mozilla/5.0 (X11; Linux x86_64) AppleWebKit/537.36 (KHTML, like Gecko) Chrome/145.0.0.0 Safari/537.36"
44.222.241.162 - - [05/May/2026:01:00:28 -0500] "GET /wp-content/themes/kadence/assets/css/global.min.css?ver=1.1.22 HTTP/2.0" 200 4256 "https://easysalads.com/" "Mozilla/5.0 (X11; Linux x86_64) AppleWebKit/537.36 (KHTML, like Gecko) Chrome/145.0.0.0 Safari/537.36"
44.222.241.162 - - [05/May/2026:01:00:28 -0500] "GET /wp-content/themes/kadence/assets/css/header.min.css?ver=1.1.22 HTTP/2.0" 200 4295 "https://easysalads.com/" "Mozilla/5.0 (X11; Linux x86_64) AppleWebKit/537.36 (KHTML, like Gecko) Chrome/145.0.0.0 Safari/537.36"
44.222.241.162 - - [05/May/2026:01:00:28 -0500] "GET /wp-content/themes/kadence/assets/css/content.min.css?ver=1.1.22 HTTP/2.0" 200 5512 "https://easysalads.com/" "Mozilla/5.0 (X11; Linux x86_64) AppleWebKit/537.36 (KHTML, like Gecko) Chrome/145.0.0.0 Safari/537.36"
44.222.241.162 - - [05/May/2026:01:00:28 -0500] "GET /wp-content/themes/kadence/assets/css/footer.min.css?ver=1.1.22 HTTP/2.0" 200 1580 "https://easysalads.com/" "Mozilla/5.0 (X11; Linux x86_64) AppleWebKit/537.36 (KHTML, like Gecko) Chrome/145.0.0.0 Safari/537.36"
44.222.241.162 - - [05/May/2026:01:00:28 -0500] "GET /wp-content/plugins/kadence-pro/dist/mega-menu/menu-addon.css?ver=1.1.19 HTTP/2.0" 200 1126 "https://easysalads.com/" "Mozilla/5.0 (X11; Linux x86_64) AppleWebKit/537.36 (KHTML, like Gecko) Chrome/145.0.0.0 Safari/537.36"
44.222.241.162 - - [05/May/2026:01:00:28 -0500] "GET /wp-content/plugins/social-pug/assets/dist/style-frontend-pro.css?ver=2.28.0 HTTP/2.0" 200 11454 "https://easysalads.com/" "Mozilla/5.0 (X11; Linux x86_64) AppleWebKit/537.36 (KHTML, like Gecko) Chrome/145.0.0.0 Safari/537.36"
44.222.241.162 - - [05/May/2026:01:00:28 -0500] "GET /wp-content/plugins/kadence-blocks/dist/style-blocks-spacer.css?ver=3.6.7 HTTP/2.0" 200 385 "https://easysalads.com/" "Mozilla/5.0 (X11; Linux x86_64) AppleWebKit/537.36 (KHTML, like Gecko) Chrome/145.0.0.0 Safari/537.36"
44.222.241.162 - - [05/May/2026:01:00:28 -0500] "GET /wp-content/plugins/kadence-blocks/dist/style-blocks-advancedgallery.css?ver=3.6.7 HTTP/2.0" 200 3523 "https://easysalads.com/" "Mozilla/5.0 (X11; Linux x86_64) AppleWebKit/537.36 (KHTML, like Gecko) Chrome/145.0.0.0 Safari/537.36"
44.222.241.162 - - [05/May/2026:01:00:28 -0500] "GET /wp-content/plugins/kadence-blocks/dist/style-blocks-posts.css?ver=3.6.7 HTTP/2.0" 200 1365 "https://easysalads.com/" "Mozilla/5.0 (X11; Linux x86_64) AppleWebKit/537.36 (KHTML, like Gecko) Chrome/145.0.0.0 Safari/537.36"
44.222.241.162 - - [05/May/2026:01:00:28 -0500] "GET /wp-content/plugins/kadence-blocks/dist/style-blocks-icon.css?ver=3.6.7 HTTP/2.0" 200 1043 "https://easysalads.com/" "Mozilla/5.0 (X11; Linux x86_64) AppleWebKit/537.36 (KHTML, like Gecko) Chrome/145.0.0.0 Safari/537.36"
44.222.241.162 - - [05/May/2026:01:00:28 -0500] "GET /wp-content/themes/restored316-sage/style.css?ver=1_0_1 HTTP/2.0" 200 1089 "https://easysalads.com/" "Mozilla/5.0 (X11; Linux x86_64) AppleWebKit/537.36 (KHTML, like Gecko) Chrome/145.0.0.0 Safari/537.36"
44.222.241.162 - - [05/May/2026:01:00:28 -0500] "GET /wp-content/plugins/kadence-blocks-pro/dist/style-blocks-portfoliogrid.css?ver=2.8.13.1 HTTP/2.0" 200 2131 "https://easysalads.com/" "Mozilla/5.0 (X11; Linux x86_64) AppleWebKit/537.36 (KHTML, like Gecko) Chrome/145.0.0.0 Safari/537.36"
44.222.241.162 - - [05/May/2026:01:00:28 -0500] "GET /wp-content/plugins/kadence-blocks/dist/style-blocks-iconlist.css?ver=3.6.7 HTTP/2.0" 200 597 "https://easysalads.com/" "Mozilla/5.0 (X11; Linux x86_64) AppleWebKit/537.36 (KHTML, like Gecko) Chrome/145.0.0.0 Safari/537.36"
44.222.241.162 - - [05/May/2026:01:00:28 -0500] "GET /wp-content/plugins/social-pug/assets/dist/front-end-pro.js?ver=2.28.0 HTTP/2.0" 200 9339 "https://easysalads.com/" "Mozilla/5.0 (X11; Linux x86_64) AppleWebKit/537.36 (KHTML, like Gecko) Chrome/145.0.0.0 Safari/537.36"
44.222.241.162 - - [05/May/2026:01:00:31 -0500] "GET /wp-content/uploads/2022/09/cropped-site-icon-easy-salads-32x32.png HTTP/2.0" 200 907 "https://easysalads.com/" "Mozilla/5.0 (X11; Linux x86_64) AppleWebKit/537.36 (KHTML, like Gecko) Chrome/145.0.0.0 Safari/537.36"
44.222.241.162 - - [05/May/2026:01:00:43 -0500] "GET /peruvian-chopped-salad HTTP/2.0" 200 104255 "-" "Mozilla/5.0 (X11; Linux x86_64) AppleWebKit/537.36 (KHTML, like Gecko) Chrome/145.0.0.0 Safari/537.36"
44.222.241.162 - - [05/May/2026:01:00:43 -0500] "GET /wp-content/plugins/wp-recipe-maker/dist/public-modern.js?ver=10.5.0 HTTP/2.0" 200 23744 "https://easysalads.com/" "Mozilla/5.0 (X11; Linux x86_64) AppleWebKit/537.36 (KHTML, like Gecko) Chrome/145.0.0.0 Safari/537.36"
44.222.241.162 - - [05/May/2026:01:00:43 -0500] "GET /wp-content/plugins/wp-recipe-maker-premium/dist/public-pro.js?ver=10.5.0 HTTP/2.0" 200 20140 "https://easysalads.com/" "Mozilla/5.0 (X11; Linux x86_64) AppleWebKit/537.36 (KHTML, like Gecko) Chrome/145.0.0.0 Safari/537.36"
44.222.241.162 - - [05/May/2026:01:00:43 -0500] "GET /wp-content/plugins/kadence-blocks/includes/assets/js/splide.min.js?ver=3.6.7 HTTP/2.0" 200 12823 "https://easysalads.com/" "Mozilla/5.0 (X11; Linux x86_64) AppleWebKit/537.36 (KHTML, like Gecko) Chrome/145.0.0.0 Safari/537.36"
44.222.241.162 - - [05/May/2026:01:00:43 -0500] "GET /wp-content/plugins/kadence-blocks/includes/assets/js/kb-splide-init.min.js?ver=3.6.7 HTTP/2.0" 200 2334 "https://easysalads.com/" "Mozilla/5.0 (X11; Linux x86_64) AppleWebKit/537.36 (KHTML, like Gecko) Chrome/145.0.0.0 Safari/537.36"
44.222.241.162 - - [05/May/2026:01:00:43 -0500] "GET /wp-content/plugins/kadence-pro/dist/mega-menu/kadence-mega-menu.min.js?ver=1.1.19 HTTP/2.0" 200 457 "https://easysalads.com/" "Mozilla/5.0 (X11; Linux x86_64) AppleWebKit/537.36 (KHTML, like Gecko) Chrome/145.0.0.0 Safari/537.36"
44.222.241.162 - - [05/May/2026:01:00:43 -0500] "GET /wp-content/plugins/kadence-blocks-pro/includes/assets/js/kb-splide-init.min.js?ver=2.8.13.1 HTTP/2.0" 200 1504 "https://easysalads.com/" "Mozilla/5.0 (X11; Linux x86_64) AppleWebKit/537.36 (KHTML, like Gecko) Chrome/145.0.0.0 Safari/537.36"
44.222.241.162 - - [05/May/2026:01:00:43 -0500] "GET /wp-content/themes/kadence/assets/js/navigation-lite.min.js?ver=1.1.21 HTTP/2.0" 200 2083 "https://easysalads.com/" "Mozilla/5.0 (X11; Linux x86_64) AppleWebKit/537.36 (KHTML, like Gecko) Chrome/145.0.0.0 Safari/537.36"
44.222.241.162 - - [05/May/2026:01:00:44 -0500] "GET /wp-content/themes/kadence/assets/css/comments.min.css?ver=1.1.22 HTTP/2.0" 200 1289 "https://easysalads.com/peruvian-chopped-salad" "Mozilla/5.0 (X11; Linux x86_64) AppleWebKit/537.36 (KHTML, like Gecko) Chrome/145.0.0.0 Safari/537.36"
44.222.241.162 - - [05/May/2026:01:00:44 -0500] "GET /wp-content/themes/kadence/assets/css/sidebar.min.css?ver=1.1.22 HTTP/2.0" 200 749 "https://easysalads.com/peruvian-chopped-salad" "Mozilla/5.0 (X11; Linux x86_64) AppleWebKit/537.36 (KHTML, like Gecko) Chrome/145.0.0.0 Safari/537.36"
44.222.241.162 - - [05/May/2026:01:00:44 -0500] "GET /wp-content/plugins/wpforms-lite/assets/css/frontend/modern/wpforms-full.min.css?ver=1.10.0.4 HTTP/2.0" 200 14792 "https://easysalads.com/peruvian-chopped-salad" "Mozilla/5.0 (X11; Linux x86_64) AppleWebKit/537.36 (KHTML, like Gecko) Chrome/145.0.0.0 Safari/537.36"
44.222.241.162 - - [05/May/2026:01:00:44 -0500] "GET /wp-content/uploads/2026/01/peruvian-chopped-salad-03.jpg HTTP/2.0" 200 1119520 "https://easysalads.com/peruvian-chopped-salad" "Mozilla/5.0 (X11; Linux x86_64) AppleWebKit/537.36 (KHTML, like Gecko) Chrome/145.0.0.0 Safari/537.36"
44.222.241.162 - - [05/May/2026:01:00:44 -0500] "GET /wp-content/uploads/2026/01/peruvian-chopped-salad-07.jpg HTTP/2.0" 200 1236776 "https://easysalads.com/peruvian-chopped-salad" "Mozilla/5.0 (X11; Linux x86_64) AppleWebKit/537.36 (KHTML, like Gecko) Chrome/145.0.0.0 Safari/537.36"
44.222.241.162 - - [05/May/2026:01:00:44 -0500] "GET /wp-content/plugins/wpforms-lite/assets/images/submit-spin.svg HTTP/2.0" 200 509 "https://easysalads.com/peruvian-chopped-salad" "Mozilla/5.0 (X11; Linux x86_64) AppleWebKit/537.36 (KHTML, like Gecko) Chrome/145.0.0.0 Safari/537.36"
44.222.241.162 - - [05/May/2026:01:00:44 -0500] "GET /wp-content/uploads/2022/01/courtney-whitmore-easy-salads02-150x150.jpg HTTP/2.0" 200 32777 "https://easysalads.com/peruvian-chopped-salad" "Mozilla/5.0 (X11; Linux x86_64) AppleWebKit/537.36 (KHTML, like Gecko) Chrome/145.0.0.0 Safari/537.36"
44.222.241.162 - - [05/May/2026:01:00:44 -0500] "GET /wp-content/uploads/2024/02/mediterranean-cucumber-salad-03-150x225.jpg HTTP/2.0" 200 19014 "https://easysalads.com/peruvian-chopped-salad" "Mozilla/5.0 (X11; Linux x86_64) AppleWebKit/537.36 (KHTML, like Gecko) Chrome/145.0.0.0 Safari/537.36"
44.222.241.162 - - [05/May/2026:01:00:44 -0500] "GET /wp-content/uploads/2024/03/BLT-Pasta-Salad-Recipe-04-150x225.jpg HTTP/2.0" 200 19028 "https://easysalads.com/peruvian-chopped-salad" "Mozilla/5.0 (X11; Linux x86_64) AppleWebKit/537.36 (KHTML, like Gecko) Chrome/145.0.0.0 Safari/537.36"
54.152.243.118 - - [05/May/2026:01:00:46 -0500] "GET /peruvian-chopped-salad HTTP/1.1" 200 129086 "-" "Mozilla/5.0 (compatible; proximic; +https://www.comscore.com/Web-Crawler)"
154.18.244.252 - - [05/May/2026:01:01:04 -0500] "POST /wp-cron.php?doing_wp_cron=1777960864.4300429821014404296875 HTTP/1.1" 200 11 "-" "WordPress/6.9.4; https://easysalads.com"
57.128.189.19 - - [05/May/2026:01:01:04 -0500] "GET /?nocache=1777960801 HTTP/2.0" 200 89189 "-" "BigScootsMonitor Mozilla/5.0 (Windows NT 10.0; Win64; x64) AppleWebKit/537.36 (KHTML, like Gecko) Chrome/74.0.3729.169 Safari/537.36"
51.222.136.175 - - [05/May/2026:01:01:04 -0500] "GET /?nocache=1777960801 HTTP/2.0" 200 89189 "-" "BigScootsMonitor Mozilla/5.0 (Windows NT 10.0; Win64; x64) AppleWebKit/537.36 (KHTML, like Gecko) Chrome/74.0.3729.169 Safari/537.36"
44.222.241.162 - - [05/May/2026:01:01:06 -0500] "GET /wp-content/plugins/akismet/_inc/akismet-frontend.js?ver=1764724306 HTTP/2.0" 200 3016 "https://easysalads.com/peruvian-chopped-salad" "Mozilla/5.0 (X11; Linux x86_64) AppleWebKit/537.36 (KHTML, like Gecko) Chrome/145.0.0.0 Safari/537.36"
44.222.241.162 - - [05/May/2026:01:01:06 -0500] "GET /wp-includes/js/jquery/jquery.min.js?ver=3.7.1 HTTP/2.0" 200 29769 "https://easysalads.com/peruvian-chopped-salad" "Mozilla/5.0 (X11; Linux x86_64) AppleWebKit/537.36 (KHTML, like Gecko) Chrome/145.0.0.0 Safari/537.36"
44.222.241.162 - - [05/May/2026:01:01:06 -0500] "GET /wp-includes/js/jquery/jquery-migrate.min.js?ver=3.4.1 HTTP/2.0" 200 4679 "https://easysalads.com/peruvian-chopped-salad" "Mozilla/5.0 (X11; Linux x86_64) AppleWebKit/537.36 (KHTML, like Gecko) Chrome/145.0.0.0 Safari/537.36"
44.222.241.162 - - [05/May/2026:01:01:06 -0500] "GET /wp-content/plugins/wpforms-lite/assets/lib/jquery.validate.min.js?ver=1.21.0 HTTP/2.0" 200 7807 "https://easysalads.com/peruvian-chopped-salad" "Mozilla/5.0 (X11; Linux x86_64) AppleWebKit/537.36 (KHTML, like Gecko) Chrome/145.0.0.0 Safari/537.36"
44.222.241.162 - - [05/May/2026:01:01:06 -0500] "GET /wp-content/plugins/wpforms-lite/assets/lib/mailcheck.min.js?ver=1.1.2 HTTP/2.0" 200 1616 "https://easysalads.com/peruvian-chopped-salad" "Mozilla/5.0 (X11; Linux x86_64) AppleWebKit/537.36 (KHTML, like Gecko) Chrome/145.0.0.0 Safari/537.36"
44.222.241.162 - - [05/May/2026:01:01:06 -0500] "GET /wp-content/plugins/wpforms-lite/assets/lib/punycode.min.js?ver=1.0.0 HTTP/2.0" 200 834 "https://easysalads.com/peruvian-chopped-salad" "Mozilla/5.0 (X11; Linux x86_64) AppleWebKit/537.36 (KHTML, like Gecko) Chrome/145.0.0.0 Safari/537.36"
44.222.241.162 - - [05/May/2026:01:01:06 -0500] "GET /wp-content/plugins/wpforms-lite/assets/js/share/utils.min.js?ver=1.10.0.4 HTTP/2.0" 200 727 "https://easysalads.com/peruvian-chopped-salad" "Mozilla/5.0 (X11; Linux x86_64) AppleWebKit/537.36 (KHTML, like Gecko) Chrome/145.0.0.0 Safari/537.36"
44.222.241.162 - - [05/May/2026:01:01:06 -0500] "GET /wp-content/plugins/wpforms-lite/assets/js/frontend/wpforms.min.js?ver=1.10.0.4 HTTP/2.0" 200 14614 "https://easysalads.com/peruvian-chopped-salad" "Mozilla/5.0 (X11; Linux x86_64) AppleWebKit/537.36 (KHTML, like Gecko) Chrome/145.0.0.0 Safari/537.36"
44.222.241.162 - - [05/May/2026:01:01:06 -0500] "GET /wp-content/plugins/wpforms-lite/assets/js/frontend/wpforms-modern.min.js?ver=1.10.0.4 HTTP/2.0" 200 1866 "https://easysalads.com/peruvian-chopped-salad" "Mozilla/5.0 (X11; Linux x86_64) AppleWebKit/537.36 (KHTML, like Gecko) Chrome/145.0.0.0 Safari/537.36"
44.222.241.162 - - [05/May/2026:01:01:06 -0500] "GET /wp-content/plugins/wpforms-lite/assets/js/frontend/fields/address.min.js?ver=1.10.0.4 HTTP/2.0" 200 673 "https://easysalads.com/peruvian-chopped-salad" "Mozilla/5.0 (X11; Linux x86_64) AppleWebKit/537.36 (KHTML, like Gecko) Chrome/145.0.0.0 Safari/537.36"
44.222.241.162 - - [05/May/2026:01:01:06 -0500] "GET /wp-includes/js/comment-reply.min.js?ver=6.9.4 HTTP/2.0" 200 1248 "https://easysalads.com/peruvian-chopped-salad" "Mozilla/5.0 (X11; Linux x86_64) AppleWebKit/537.36 (KHTML, like Gecko) Chrome/145.0.0.0 Safari/537.36"
44.222.241.162 - - [05/May/2026:01:01:31 -0500] "GET /wp-content/uploads/2026/01/peruvian-chopped-salad-04-1024x1536.jpg HTTP/2.0" 200 479579 "https://easysalads.com/peruvian-chopped-salad" "Mozilla/5.0 (X11; Linux x86_64) AppleWebKit/537.36 (KHTML, like Gecko) Chrome/145.0.0.0 Safari/537.36"
54.162.203.141 - - [05/May/2026:01:01:37 -0500] "GET /sweet-potato-feta-salad/ HTTP/1.1" 200 124027 "-" "Mozilla/5.0 (compatible; proximic; +https://www.comscore.com/Web-Crawler)"
154.18.244.252 - - [05/May/2026:01:01:52 -0500] "POST /wp-cron.php?doing_wp_cron=1777960913.0726389884948730468750 HTTP/1.1" 200 11 "-" "WordPress/6.9.4; https://easysalads.com"
3.70.164.132 - - [05/May/2026:01:01:52 -0500] "GET /wp-login.php HTTP/2.0" 200 1883 "-" "Mozilla/5.0 (Windows NT 10.0; Win64; x64) AppleWebKit/537.36 (KHTML, like Gecko) Chrome/64.0.3282.140 Safari/537.36 Edge/17.17134"
3.70.164.132 - - [05/May/2026:01:01:53 -0500] "POST /wp-login.php HTTP/2.0" 200 2021 "https://easysalads.com/wp-login.php" "Mozilla/5.0 (Windows NT 10.0; Win64; x64) AppleWebKit/537.36 (KHTML, like Gecko) Chrome/64.0.3282.140 Safari/537.36 Edge/17.17134"
154.18.244.252 - - [05/May/2026:01:02:09 -0500] "POST /wp-cron.php?doing_wp_cron=1777960929.0848329067230224609375 HTTP/1.1" 200 11 "-" "WordPress/6.9.4; https://easysalads.com"
45.119.209.10 - - [05/May/2026:01:02:09 -0500] "GET /wp-login.php HTTP/2.0" 200 1883 "-" "Mozilla/5.0 (Windows NT 10.0) AppleWebKit/537.36 (KHTML, like Gecko) Chrome/66.0.3359.117 Safari/537.36"
45.119.209.10 - - [05/May/2026:01:02:09 -0500] "POST /wp-login.php HTTP/2.0" 200 2021 "https://easysalads.com/wp-login.php" "Mozilla/5.0 (Windows NT 10.0) AppleWebKit/537.36 (KHTML, like Gecko) Chrome/66.0.3359.117 Safari/537.36"
154.18.244.252 - - [05/May/2026:01:03:04 -0500] "POST /wp-cron.php?doing_wp_cron=1777960984.6985108852386474609375 HTTP/1.1" 200 11 "-" "WordPress/6.9.4; https://easysalads.com"
51.222.136.175 - - [05/May/2026:01:03:04 -0500] "GET /?nocache=1777960921 HTTP/2.0" 200 89189 "-" "BigScootsMonitor Mozilla/5.0 (Windows NT 10.0; Win64; x64) AppleWebKit/537.36 (KHTML, like Gecko) Chrome/74.0.3729.169 Safari/537.36"
57.128.189.19 - - [05/May/2026:01:03:04 -0500] "GET /?nocache=1777960921 HTTP/2.0" 200 89189 "-" "BigScootsMonitor Mozilla/5.0 (Windows NT 10.0; Win64; x64) AppleWebKit/537.36 (KHTML, like Gecko) Chrome/74.0.3729.169 Safari/537.36"
35.231.11.100 - - [05/May/2026:01:03:20 -0500] "GET /pizza-night-salad/ HTTP/1.1" 200 126446 "-" "Mozilla/5.0 (compatible; Trafilatura)"
163.61.60.30 - - [05/May/2026:01:03:37 -0500] "POST /wp-login.php HTTP/1.1" 444 0 "-" "Mozilla/5.0 (Windows NT 10.0; rv:142.0) Gecko/20100101 Firefox/142.0"
3.92.30.100 - - [05/May/2026:01:04:00 -0500] "GET /sweet-potato-feta-salad HTTP/1.1" 200 124019 "-" "Mozilla/5.0 (compatible; proximic; +https://www.comscore.com/Web-Crawler)"
3.226.51.67 - - [05/May/2026:01:05:00 -0500] "GET / HTTP/1.1" 200 114539 "-" "IAS Crawler (ias_crawler; http://integralads.com/site-indexing-policy/)"
154.18.244.252 - - [05/May/2026:01:05:04 -0500] "POST /wp-cron.php?doing_wp_cron=1777961104.1078929901123046875000 HTTP/1.1" 200 11 "-" "WordPress/6.9.4; https://easysalads.com"
57.128.189.19 - - [05/May/2026:01:05:04 -0500] "GET /?nocache=1777961041 HTTP/2.0" 200 89189 "-" "BigScootsMonitor Mozilla/5.0 (Windows NT 10.0; Win64; x64) AppleWebKit/537.36 (KHTML, like Gecko) Chrome/74.0.3729.169 Safari/537.36"
51.222.136.175 - - [05/May/2026:01:05:05 -0500] "GET /?nocache=1777961041 HTTP/2.0" 200 89189 "-" "BigScootsMonitor Mozilla/5.0 (Windows NT 10.0; Win64; x64) AppleWebKit/537.36 (KHTML, like Gecko) Chrome/74.0.3729.169 Safari/537.36"
44.222.241.162 - - [05/May/2026:01:05:09 -0500] "GET /wp-content/uploads/2026/01/peruvian-chopped-salad-03.jpg HTTP/1.1" 200 1119520 "-" "Ruby"
44.222.241.162 - - [05/May/2026:01:05:10 -0500] "GET /wp-content/uploads/2026/01/peruvian-chopped-salad-07.jpg HTTP/1.1" 200 1236776 "-" "Ruby"
44.222.241.162 - - [05/May/2026:01:05:11 -0500] "GET /wp-content/uploads/2026/01/peruvian-chopped-salad-04.jpg HTTP/1.1" 200 1175115 "-" "Ruby"
44.222.241.162 - - [05/May/2026:01:05:11 -0500] "GET /wp-content/uploads/2026/01/peruvian-chopped-salad-03-500x500.jpg HTTP/1.1" 200 121463 "-" "Ruby"
44.222.241.162 - - [05/May/2026:01:05:12 -0500] "GET /wp-content/uploads/2024/03/yogurt-dill-dressing-00-200x300.jpg HTTP/1.1" 200 20544 "-" "Ruby"
44.222.241.162 - - [05/May/2026:01:05:12 -0500] "GET /wp-content/uploads/2024/02/mediterranean-cucumber-salad-03-200x300.jpg HTTP/1.1" 200 28903 "-" "Ruby"
44.222.241.162 - - [05/May/2026:01:05:12 -0500] "GET /wp-content/uploads/2022/11/apple-pecan-blue-cheese-salad-01-200x300.jpg HTTP/1.1" 200 22378 "-" "Ruby"
44.222.241.162 - - [05/May/2026:01:05:12 -0500] "GET /wp-content/uploads/2024/03/BLT-Pasta-Salad-Recipe-04-200x300.jpg HTTP/1.1" 200 28031 "-" "Ruby"
44.222.241.162 - - [05/May/2026:01:05:12 -0500] "GET /wp-content/uploads/2022/09/Easy-Salads-website-logo.png HTTP/1.1" 200 84948 "-" "Ruby"
44.222.241.162 - - [05/May/2026:01:05:13 -0500] "GET /wp-content/plugins/wpforms-lite/assets/images/submit-spin.svg HTTP/1.1" 200 509 "-" "Ruby"
165.22.95.96 - - [05/May/2026:01:05:29 -0500] "GET /wp-login.php HTTP/2.0" 444 0 "-" "Mozilla/5.0 (Macintosh; Intel Mac OS X 10_9_5) AppleWebKit/537.36 (KHTML, like Gecko) Chrome/66.0.3359.181 Safari/537.36"
44.222.241.162 - - [05/May/2026:01:05:30 -0500] "GET /wp-content/uploads/2026/01/peruvian-chopped-salad-03-500x500.jpg HTTP/2.0" 200 121463 "https://easysalads.com/peruvian-chopped-salad" "Mozilla/5.0 (X11; Linux x86_64) AppleWebKit/537.36 (KHTML, like Gecko) Chrome/145.0.0.0 Safari/537.36"
216.109.160.225 - - [05/May/2026:01:05:35 -0500] "GET /ads.txt HTTP/1.1" 301 5 "-" "Mozilla/5.0 (Macintosh; Intel Mac OS X 10_15_7) AppleWebKit/537.36 (KHTML, like Gecko) Chrome/107.0.0.0 Safari/537.36"
121.200.216.56 - - [05/May/2026:01:05:39 -0500] "GET /wp-login.php HTTP/2.0" 200 1883 "-" "Mozilla/5.0 (Windows NT 10.0; WOW64) AppleWebKit/537.36 (KHTML, like Gecko) Chrome/64.0.3282.186 Safari/537.36 OPR/51.0.2830.55"
121.200.216.56 - - [05/May/2026:01:05:39 -0500] "POST /wp-login.php HTTP/2.0" 200 2018 "https://easysalads.com/wp-login.php" "Mozilla/5.0 (Windows NT 10.0; WOW64) AppleWebKit/537.36 (KHTML, like Gecko) Chrome/64.0.3282.186 Safari/537.36 OPR/51.0.2830.55"
44.222.241.162 - - [05/May/2026:01:05:48 -0500] "GET /peruvian-chopped-salad HTTP/2.0" 304 0 "-" "Mozilla/5.0 (X11; Linux x86_64) AppleWebKit/537.36 (KHTML, like Gecko) Chrome/145.0.0.0 Safari/537.36"
74.91.224.220 - - [05/May/2026:01:06:03 -0500] "GET /wp-login.php HTTP/2.0" 444 0 "-" "Mozilla/5.0 (Windows NT 10.0; WOW64; Trident/7.0; TBTE; rv:11.0) like Gecko"
52.71.252.75 - - [05/May/2026:01:06:06 -0500] "GET /peruvian-chopped-salad HTTP/1.1" 200 129086 "-" "Mozilla/5.0 (compatible; proximic; +https://www.comscore.com/Web-Crawler)"
13.223.184.237 - - [05/May/2026:01:06:14 -0500] "GET /sweet-potato-feta-salad/ HTTP/1.1" 200 124019 "-" "Mozilla/5.0 (compatible; proximic; +https://www.comscore.com/Web-Crawler)"
44.222.241.162 - - [05/May/2026:01:06:23 -0500] "GET /creamy-cucumber-salad HTTP/2.0" 200 102159 "-" "Mozilla/5.0 (X11; Linux x86_64) AppleWebKit/537.36 (KHTML, like Gecko) Chrome/145.0.0.0 Safari/537.36"
44.222.241.162 - - [05/May/2026:01:06:24 -0500] "GET /wp-content/uploads/2026/04/creamy-cucumber-salad-01.jpg HTTP/2.0" 200 840885 "https://easysalads.com/creamy-cucumber-salad" "Mozilla/5.0 (X11; Linux x86_64) AppleWebKit/537.36 (KHTML, like Gecko) Chrome/145.0.0.0 Safari/537.36"
44.222.241.162 - - [05/May/2026:01:06:24 -0500] "GET /wp-content/uploads/2026/04/creamy-cucumber-salad-00.jpg HTTP/2.0" 200 764748 "https://easysalads.com/creamy-cucumber-salad" "Mozilla/5.0 (X11; Linux x86_64) AppleWebKit/537.36 (KHTML, like Gecko) Chrome/145.0.0.0 Safari/537.36"
44.222.241.162 - - [05/May/2026:01:06:26 -0500] "GET /wp-content/uploads/2024/02/jasons-deli-pasta-salad-02-150x100.jpg HTTP/2.0" 200 7129 "https://easysalads.com/creamy-cucumber-salad" "Mozilla/5.0 (X11; Linux x86_64) AppleWebKit/537.36 (KHTML, like Gecko) Chrome/145.0.0.0 Safari/537.36"
44.222.241.162 - - [05/May/2026:01:06:26 -0500] "GET /wp-content/uploads/2024/07/Classic-Chicken-Salad05-150x225.jpg HTTP/2.0" 200 18079 "https://easysalads.com/creamy-cucumber-salad" "Mozilla/5.0 (X11; Linux x86_64) AppleWebKit/537.36 (KHTML, like Gecko) Chrome/145.0.0.0 Safari/537.36"
44.222.241.162 - - [05/May/2026:01:06:26 -0500] "GET /wp-content/uploads/2024/01/shrimp-salad-with-old-bay-150x225.jpg HTTP/2.0" 200 13763 "https://easysalads.com/creamy-cucumber-salad" "Mozilla/5.0 (X11; Linux x86_64) AppleWebKit/537.36 (KHTML, like Gecko) Chrome/145.0.0.0 Safari/537.36"
44.222.241.162 - - [05/May/2026:01:06:26 -0500] "GET /wp-content/uploads/2024/03/bruschetta-pasta-salad-01-150x225.jpg HTTP/2.0" 200 20882 "https://easysalads.com/creamy-cucumber-salad" "Mozilla/5.0 (X11; Linux x86_64) AppleWebKit/537.36 (KHTML, like Gecko) Chrome/145.0.0.0 Safari/537.36"
54.196.113.130 - - [05/May/2026:01:06:28 -0500] "GET /creamy-cucumber-salad HTTP/1.1" 200 126083 "-" "Mozilla/5.0 (compatible; proximic; +https://www.comscore.com/Web-Crawler)"
154.18.244.252 - - [05/May/2026:01:06:30 -0500] "POST /wp-cron.php?doing_wp_cron=1777961190.2268331050872802734375 HTTP/1.1" 200 11 "-" "WordPress/6.9.4; https://easysalads.com"
54.197.7.212 - - [05/May/2026:01:06:30 -0500] "GET /ads.txt HTTP/2.0" 301 0 "-" "APS-ad-standards-bot/1.0 (fetches ads.txt, app-ads.txt, sellers.json)"
52.23.250.209 - - [05/May/2026:01:06:31 -0500] "GET /creamy-cucumber-salad HTTP/1.1" 200 126083 "-" "Mozilla/5.0 (compatible; proximic; +https://www.comscore.com/Web-Crawler)"
66.249.66.12 - - [05/May/2026:01:06:57 -0500] "GET /wp-content/uploads/2024/02/broccoli-raisin-salad-04-480x270.jpg HTTP/1.1" 200 68761 "-" "Googlebot-Image/1.0"
154.18.244.252 - - [05/May/2026:01:07:04 -0500] "POST /wp-cron.php?doing_wp_cron=1777961224.1803970336914062500000 HTTP/1.1" 200 11 "-" "WordPress/6.9.4; https://easysalads.com"
57.128.189.19 - - [05/May/2026:01:07:04 -0500] "GET /?nocache=1777961161 HTTP/2.0" 200 89189 "-" "BigScootsMonitor Mozilla/5.0 (Windows NT 10.0; Win64; x64) AppleWebKit/537.36 (KHTML, like Gecko) Chrome/74.0.3729.169 Safari/537.36"
51.222.136.175 - - [05/May/2026:01:07:04 -0500] "GET /?nocache=1777961161 HTTP/2.0" 200 89189 "-" "BigScootsMonitor Mozilla/5.0 (Windows NT 10.0; Win64; x64) AppleWebKit/537.36 (KHTML, like Gecko) Chrome/74.0.3729.169 Safari/537.36"
44.222.241.162 - - [05/May/2026:01:07:16 -0500] "GET /wp-content/uploads/2026/04/creamy-cucumber-salad-02-1024x1536.jpg HTTP/2.0" 200 333415 "https://easysalads.com/creamy-cucumber-salad" "Mozilla/5.0 (X11; Linux x86_64) AppleWebKit/537.36 (KHTML, like Gecko) Chrome/145.0.0.0 Safari/537.36"
93.115.12.244 - - [05/May/2026:01:07:24 -0500] "GET /creamy-cucumber-salad HTTP/1.1" 200 102173 "-" "Mozilla/5.0 (compatible; TTD-Content; +https://www.thetradedesk.com/general/ttd-content)"
3.221.222.168 - - [05/May/2026:01:07:25 -0500] "GET /low-carb-fruit-salad/ HTTP/1.1" 200 126401 "-" "Mozilla/5.0 AppleWebKit/537.36 (KHTML, like Gecko; compatible; Amazonbot/0.1; +https://developer.amazon.com/support/amazonbot) Chrome/119.0.6045.214 Safari/537.36"
3.94.156.104 - - [05/May/2026:01:07:29 -0500] "GET /broccoli-raisin-salad-recipe/ HTTP/1.1" 444 0 "-" "Mozilla/5.0 AppleWebKit/537.36 (KHTML, like Gecko; compatible; Amazonbot/0.1; +https://developer.amazon.com/support/amazonbot) Chrome/119.0.6045.214 Safari/537.36"
18.208.11.93 - - [05/May/2026:01:07:32 -0500] "GET /sweet-potato-feta-salad/ HTTP/1.1" 444 0 "-" "Mozilla/5.0 AppleWebKit/537.36 (KHTML, like Gecko; compatible; Amazonbot/0.1; +https://developer.amazon.com/support/amazonbot) Chrome/119.0.6045.214 Safari/537.36"
44.208.193.63 - - [05/May/2026:01:07:37 -0500] "GET /michigan-salad-recipe/ HTTP/1.1" 200 129222 "-" "Mozilla/5.0 AppleWebKit/537.36 (KHTML, like Gecko; compatible; Amazonbot/0.1; +https://developer.amazon.com/support/amazonbot) Chrome/119.0.6045.214 Safari/537.36"
44.221.105.234 - - [05/May/2026:01:07:40 -0500] "GET /rocket-salad-with-pear-parmesan/ HTTP/1.1" 444 0 "-" "Mozilla/5.0 AppleWebKit/537.36 (KHTML, like Gecko; compatible; Amazonbot/0.1; +https://developer.amazon.com/support/amazonbot) Chrome/119.0.6045.214 Safari/537.36"
107.22.208.39 - - [05/May/2026:01:07:45 -0500] "GET /cucumber-strawberry-salad/ HTTP/1.1" 200 130859 "-" "Mozilla/5.0 AppleWebKit/537.36 (KHTML, like Gecko; compatible; Amazonbot/0.1; +https://developer.amazon.com/support/amazonbot) Chrome/119.0.6045.214 Safari/537.36"
204.15.208.41 - - [05/May/2026:01:07:45 -0500] "GET /creamy-cucumber-salad HTTP/1.1" 200 126098 "-" "peer39_crawler/1.0"
154.18.244.252 - - [05/May/2026:01:08:10 -0500] "POST /wp-cron.php?doing_wp_cron=1777961290.9769630432128906250000 HTTP/1.1" 200 11 "-" "WordPress/6.9.4; https://easysalads.com"
121.200.216.56 - - [05/May/2026:01:08:10 -0500] "GET /wp-login.php HTTP/2.0" 200 1883 "-" "Mozilla/5.0 (X11; Linux x86_64) AppleWebKit/537.36 (KHTML, like Gecko) Chrome/66.0.3359.181 Safari/537.36"
121.200.216.56 - - [05/May/2026:01:08:11 -0500] "POST /wp-login.php HTTP/2.0" 200 1992 "https://easysalads.com/wp-login.php" "Mozilla/5.0 (X11; Linux x86_64) AppleWebKit/537.36 (KHTML, like Gecko) Chrome/66.0.3359.181 Safari/537.36"
34.7.123.124 - - [05/May/2026:01:08:38 -0500] "GET /creamy-cucumber-salad HTTP/1.1" 200 102173 "-" "Mozilla/5.0 (Windows NT 10.0; Win64; x64) AppleWebKit/537.36 (KHTML, like Gecko) Chrome/90.0.4430.93 Safari/537.36"
98.81.180.4 - - [05/May/2026:01:08:44 -0500] "GET /creamy-cucumber-salad HTTP/1.1" 200 126083 "-" "Mozilla/5.0 (compatible; proximic; +https://www.comscore.com/Web-Crawler)"
103.232.122.132 - - [05/May/2026:01:08:50 -0500] "GET /wp-login.php HTTP/2.0" 200 1883 "-" "Mozilla/5.0 (X11; CrOS x86_64 10575.55.0) AppleWebKit/537.36 (KHTML, like Gecko) Chrome/67.0.3396.87 Safari/537.36"
103.232.122.132 - - [05/May/2026:01:08:51 -0500] "POST /wp-login.php HTTP/2.0" 200 1999 "https://easysalads.com/wp-login.php" "Mozilla/5.0 (X11; CrOS x86_64 10575.55.0) AppleWebKit/537.36 (KHTML, like Gecko) Chrome/67.0.3396.87 Safari/537.36"
44.217.108.89 - - [05/May/2026:01:08:51 -0500] "HEAD /sweet-potato-feta-salad/ HTTP/1.1" 200 0 "-" "Mozilla/5.0 AppleWebKit/605.1.15 (KHTML, like Gecko) Chrome/139.0.0.0 Safari/605.1.15"
154.18.244.252 - - [05/May/2026:01:09:04 -0500] "POST /wp-cron.php?doing_wp_cron=1777961344.4949400424957275390625 HTTP/1.1" 200 11 "-" "WordPress/6.9.4; https://easysalads.com"
3.85.2.57 - - [05/May/2026:01:09:04 -0500] "GET /ads.txt HTTP/1.1" 301 5 "-" "Mozilla/5.0 (Windows NT 10.0; Win64; x64) AppleWebKit/537.36 (KHTML, like Gecko) Chrome/118.0.5993.118 Safari/537.36"
57.128.189.19 - - [05/May/2026:01:09:04 -0500] "GET /?nocache=1777961281 HTTP/2.0" 200 89189 "-" "BigScootsMonitor Mozilla/5.0 (Windows NT 10.0; Win64; x64) AppleWebKit/537.36 (KHTML, like Gecko) Chrome/74.0.3729.169 Safari/537.36"
154.18.244.252 - - [05/May/2026:01:09:04 -0500] "POST /wp-cron.php?doing_wp_cron=1777961344.6488931179046630859375 HTTP/1.1" 200 11 "-" "WordPress/6.9.4; https://easysalads.com"
3.85.2.57 - - [05/May/2026:01:09:04 -0500] "GET /app-ads.txt HTTP/1.1" 404 92058 "-" "Mozilla/5.0 (Windows NT 10.0; Win64; x64) AppleWebKit/537.36 (KHTML, like Gecko) Chrome/118.0.5993.118 Safari/537.36"
51.222.136.175 - - [05/May/2026:01:09:04 -0500] "GET /?nocache=1777961281 HTTP/2.0" 200 89189 "-" "BigScootsMonitor Mozilla/5.0 (Windows NT 10.0; Win64; x64) AppleWebKit/537.36 (KHTML, like Gecko) Chrome/74.0.3729.169 Safari/537.36"
3.85.2.57 - - [05/May/2026:01:09:04 -0500] "GET /app-ads.txt HTTP/1.1" 404 92050 "-" "Mozilla/5.0 (Windows NT 10.0; Win64; x64) AppleWebKit/537.36 (KHTML, like Gecko) Chrome/118.0.5993.118 Safari/537.36"
3.85.2.57 - - [05/May/2026:01:09:05 -0500] "GET /app-ads.txt HTTP/1.1" 301 5 "-" "Mozilla/5.0 (Windows NT 10.0; Win64; x64) AppleWebKit/537.36 (KHTML, like Gecko) Chrome/118.0.5993.118 Safari/537.36"
3.85.2.57 - - [05/May/2026:01:09:05 -0500] "GET /app-ads.txt HTTP/1.1" 404 92050 "-" "Mozilla/5.0 (Windows NT 10.0; Win64; x64) AppleWebKit/537.36 (KHTML, like Gecko) Chrome/118.0.5993.118 Safari/537.36"
43.167.233.54 - - [05/May/2026:01:09:23 -0500] "GET /wp-login.php HTTP/2.0" 200 1883 "-" "Mozilla/4.0 (compatible; MSIE 7.0; Windows NT 6.1; WOW64; Trident/7.0; SLCC2; .NET CLR 2.0.50727; .NET4.0C; .NET4.0E)"
43.167.233.54 - - [05/May/2026:01:09:25 -0500] "POST /wp-login.php HTTP/2.0" 200 2020 "https://easysalads.com/wp-login.php" "Mozilla/4.0 (compatible; MSIE 7.0; Windows NT 6.1; WOW64; Trident/7.0; SLCC2; .NET CLR 2.0.50727; .NET4.0C; .NET4.0E)"
35.171.197.82 - - [05/May/2026:01:09:28 -0500] "HEAD /rocket-salad-with-pear-parmesan/ HTTP/1.1" 200 0 "-" "Mozilla/5.0 AppleWebKit/605.1.15 (KHTML, like Gecko) Chrome/139.0.0.0 Safari/605.1.15"
135.236.141.8 - - [05/May/2026:01:09:33 -0500] "GET /wp-login.php HTTP/2.0" 444 0 "-" "Mozilla/5.0 (Windows NT 10.0; WOW64) AppleWebKit/537.36 (KHTML, like Gecko) Chrome/66.0.3359.170 Safari/537.36 OPR/53.0.2907.99"
38.95.35.85 - - [05/May/2026:01:09:44 -0500] "GET /wp-login.php HTTP/2.0" 200 1883 "-" "Mozilla/4.0 (compatible; MSIE 7.0; Windows NT 6.1; Win64; x64; Trident/7.0; .NET CLR 2.0.50727; SLCC2; .NET CLR 3.5.30729; .NET CLR 3.0.30729; Media Center PC 6.0; .NET4.0C; .NET4.0E; GWX:QUALIFIED)"
38.95.35.85 - - [05/May/2026:01:09:44 -0500] "POST /wp-login.php HTTP/2.0" 200 2018 "https://easysalads.com/wp-login.php" "Mozilla/4.0 (compatible; MSIE 7.0; Windows NT 6.1; Win64; x64; Trident/7.0; .NET CLR 2.0.50727; SLCC2; .NET CLR 3.5.30729; .NET CLR 3.0.30729; Media Center PC 6.0; .NET4.0C; .NET4.0E; GWX:QUALIFIED)"
192.176.172.166 - - [05/May/2026:01:09:47 -0500] "GET /wp-login.php HTTP/2.0" 444 0 "-" "Mozilla/4.0 (compatible; MSIE 7.0; Windows NT 6.1; WOW64; Trident/7.0; SLCC2; .NET CLR 2.0.50727; .NET CLR 3.5.30729; .NET CLR 3.0.30729; Media Center PC 6.0; .NET4.0C; .NET4.0E; .NET CLR 1.1.4322)"
49.51.253.83 - - [05/May/2026:01:09:55 -0500] "GET / HTTP/1.1" 444 0 "http://easysalads.com" "Mozilla/5.0 (iPhone; CPU iPhone OS 13_2_3 like Mac OS X) AppleWebKit/605.1.15 (KHTML, like Gecko) Version/13.0.3 Mobile/15E148 Safari/604.1"
44.222.241.162 - - [05/May/2026:01:10:13 -0500] "GET /wp-content/uploads/2026/04/creamy-cucumber-salad-01.jpg HTTP/1.1" 200 840885 "-" "Ruby"
44.222.241.162 - - [05/May/2026:01:10:13 -0500] "GET /wp-content/uploads/2026/04/creamy-cucumber-salad-00.jpg HTTP/1.1" 200 764748 "-" "Ruby"
44.222.241.162 - - [05/May/2026:01:10:14 -0500] "GET /wp-content/uploads/2026/04/creamy-cucumber-salad-02.jpg HTTP/1.1" 200 837250 "-" "Ruby"
44.222.241.162 - - [05/May/2026:01:10:14 -0500] "GET /wp-content/uploads/2026/04/creamy-cucumber-salad-03.jpg HTTP/1.1" 200 618016 "-" "Ruby"
44.222.241.162 - - [05/May/2026:01:10:14 -0500] "GET /wp-content/uploads/2026/04/creamy-cucumber-salad-01-500x500.jpg HTTP/1.1" 200 76232 "-" "Ruby"
44.222.241.162 - - [05/May/2026:01:10:14 -0500] "GET /wp-content/uploads/2024/02/jasons-deli-pasta-salad-02-300x200.jpg HTTP/1.1" 200 21572 "-" "Ruby"
44.222.241.162 - - [05/May/2026:01:10:15 -0500] "GET /wp-content/uploads/2024/07/Classic-Chicken-Salad05-200x300.jpg HTTP/1.1" 200 26996 "-" "Ruby"
44.222.241.162 - - [05/May/2026:01:10:15 -0500] "GET /wp-content/uploads/2024/01/shrimp-salad-with-old-bay-200x300.jpg HTTP/1.1" 200 22012 "-" "Ruby"
44.222.241.162 - - [05/May/2026:01:10:15 -0500] "GET /wp-content/uploads/2024/03/bruschetta-pasta-salad-01-200x300.jpg HTTP/1.1" 200 31337 "-" "Ruby"
44.222.241.162 - - [05/May/2026:01:10:15 -0500] "GET /wp-content/uploads/2022/09/Easy-Salads-website-logo.png HTTP/1.1" 200 84948 "-" "Ruby"
54.147.21.173 - - [05/May/2026:01:10:26 -0500] "GET /peruvian-chopped-salad HTTP/2.0" 200 129056 "-" "carbon-umbrella-bot/1.0"
44.222.241.162 - - [05/May/2026:01:10:27 -0500] "GET /wp-content/uploads/2026/04/creamy-cucumber-salad-03-1024x1024.jpg HTTP/2.0" 200 256380 "https://easysalads.com/creamy-cucumber-salad" "Mozilla/5.0 (X11; Linux x86_64) AppleWebKit/537.36 (KHTML, like Gecko) Chrome/145.0.0.0 Safari/537.36"
35.169.198.198 - - [05/May/2026:01:10:28 -0500] "HEAD /broccoli-raisin-salad-recipe/ HTTP/1.1" 200 0 "-" "Mozilla/5.0 AppleWebKit/605.1.15 (KHTML, like Gecko) Chrome/139.0.0.0 Safari/605.1.15"
44.222.241.162 - - [05/May/2026:01:10:30 -0500] "GET /wp-content/uploads/2026/04/creamy-cucumber-salad-01-500x500.jpg HTTP/2.0" 200 76232 "https://easysalads.com/creamy-cucumber-salad" "Mozilla/5.0 (X11; Linux x86_64) AppleWebKit/537.36 (KHTML, like Gecko) Chrome/145.0.0.0 Safari/537.36"
44.222.241.162 - - [05/May/2026:01:10:49 -0500] "GET /creamy-cucumber-salad HTTP/2.0" 304 0 "-" "Mozilla/5.0 (X11; Linux x86_64) AppleWebKit/537.36 (KHTML, like Gecko) Chrome/145.0.0.0 Safari/537.36"
173.66.249.174 - - [05/May/2026:01:11:02 -0500] "GET /wp-content/uploads/2024/02/southern-potato-salad-02.jpg HTTP/2.0" 200 504740 "-" "Oatsy/1 CFNetwork/3860.300.31 Darwin/25.2.0"
154.18.244.252 - - [05/May/2026:01:11:04 -0500] "POST /wp-cron.php?doing_wp_cron=1777961464.4079790115356445312500 HTTP/1.1" 200 11 "-" "WordPress/6.9.4; https://easysalads.com"
57.128.189.19 - - [05/May/2026:01:11:04 -0500] "GET /?nocache=1777961401 HTTP/2.0" 200 89189 "-" "BigScootsMonitor Mozilla/5.0 (Windows NT 10.0; Win64; x64) AppleWebKit/537.36 (KHTML, like Gecko) Chrome/74.0.3729.169 Safari/537.36"
44.222.241.162 - - [05/May/2026:01:11:04 -0500] "GET /southern-strawberry-jello-salad-with-cool-whip HTTP/2.0" 200 102872 "-" "Mozilla/5.0 (X11; Linux x86_64) AppleWebKit/537.36 (KHTML, like Gecko) Chrome/145.0.0.0 Safari/537.36"
51.222.136.175 - - [05/May/2026:01:11:05 -0500] "GET /?nocache=1777961401 HTTP/2.0" 200 89189 "-" "BigScootsMonitor Mozilla/5.0 (Windows NT 10.0; Win64; x64) AppleWebKit/537.36 (KHTML, like Gecko) Chrome/74.0.3729.169 Safari/537.36"
44.222.241.162 - - [05/May/2026:01:11:05 -0500] "GET /wp-content/uploads/2026/04/strawberry-jello-salad03-1.jpg HTTP/2.0" 200 438245 "https://easysalads.com/southern-strawberry-jello-salad-with-cool-whip" "Mozilla/5.0 (X11; Linux x86_64) AppleWebKit/537.36 (KHTML, like Gecko) Chrome/145.0.0.0 Safari/537.36"
44.222.241.162 - - [05/May/2026:01:11:05 -0500] "GET /wp-content/uploads/2026/04/strawberry-jello-salad01.jpg HTTP/2.0" 200 529413 "https://easysalads.com/southern-strawberry-jello-salad-with-cool-whip" "Mozilla/5.0 (X11; Linux x86_64) AppleWebKit/537.36 (KHTML, like Gecko) Chrome/145.0.0.0 Safari/537.36"
44.222.241.162 - - [05/May/2026:01:11:05 -0500] "GET /wp-content/uploads/2024/01/tomato-onion-salad-06-150x225.jpg HTTP/2.0" 200 17101 "https://easysalads.com/southern-strawberry-jello-salad-with-cool-whip" "Mozilla/5.0 (X11; Linux x86_64) AppleWebKit/537.36 (KHTML, like Gecko) Chrome/145.0.0.0 Safari/537.36"
44.222.241.162 - - [05/May/2026:01:11:05 -0500] "GET /wp-content/uploads/2024/02/parmesan-pasta-salad-05-150x225.jpg HTTP/2.0" 200 18548 "https://easysalads.com/southern-strawberry-jello-salad-with-cool-whip" "Mozilla/5.0 (X11; Linux x86_64) AppleWebKit/537.36 (KHTML, like Gecko) Chrome/145.0.0.0 Safari/537.36"
44.222.241.162 - - [05/May/2026:01:11:05 -0500] "GET /wp-content/uploads/2023/07/grilled-peach-burrata-salad03-150x150.jpg HTTP/2.0" 200 13208 "https://easysalads.com/southern-strawberry-jello-salad-with-cool-whip" "Mozilla/5.0 (X11; Linux x86_64) AppleWebKit/537.36 (KHTML, like Gecko) Chrome/145.0.0.0 Safari/537.36"
18.234.49.228 - - [05/May/2026:01:11:11 -0500] "GET /southern-strawberry-jello-salad-with-cool-whip HTTP/1.1" 200 127073 "-" "Mozilla/5.0 (compatible; proximic; +https://www.comscore.com/Web-Crawler)"
91.134.56.46 - - [05/May/2026:01:11:16 -0500] "GET /southern-strawberry-jello-salad-with-cool-whip HTTP/1.1" 200 102886 "-" "Mozilla/5.0 (Windows NT 10.0; Win64; x64) AppleWebKit/537.36 (KHTML, like Gecko) Chrome/42.0.2311.135 Safari/537.36 Edge/12.246, Mozilla/5.0 (Windows NT 10.0; Win64; x64) AppleWebKit/537.36 (KHTML, like Gecko) Chrome/42.0.2311.135 Safari/537.36 Edge/12.246"
54.226.46.75 - - [05/May/2026:01:11:16 -0500] "GET /southern-strawberry-jello-salad-with-cool-whip HTTP/1.1" 200 127073 "-" "Mozilla/5.0 (compatible; proximic; +https://www.comscore.com/Web-Crawler)"
44.222.241.162 - - [05/May/2026:01:11:47 -0500] "GET /wp-content/uploads/2026/04/strawberry-jello-salad00-1024x1536.jpg HTTP/2.0" 200 257502 "https://easysalads.com/southern-strawberry-jello-salad-with-cool-whip" "Mozilla/5.0 (X11; Linux x86_64) AppleWebKit/537.36 (KHTML, like Gecko) Chrome/145.0.0.0 Safari/537.36"
204.15.208.28 - - [05/May/2026:01:11:47 -0500] "GET /southern-strawberry-jello-salad-with-cool-whip HTTP/1.1" 200 127073 "-" "peer39_crawler/1.0"
51.222.71.146 - - [05/May/2026:01:11:48 -0500] "GET /wp-login.php HTTP/2.0" 200 1883 "-" "Mozilla/5.0 (Windows NT 6.1) AppleWebKit/537.36 (KHTML, like Gecko) Chrome/65.0.3325.181 Safari/537.36"
51.222.71.146 - - [05/May/2026:01:11:48 -0500] "POST /wp-login.php HTTP/2.0" 200 2021 "https://easysalads.com/wp-login.php" "Mozilla/5.0 (Windows NT 6.1) AppleWebKit/537.36 (KHTML, like Gecko) Chrome/65.0.3325.181 Safari/537.36"
54.147.21.173 - - [05/May/2026:01:12:46 -0500] "GET /creamy-cucumber-salad HTTP/2.0" 200 126053 "-" "carbon-umbrella-bot/1.0"
154.18.244.252 - - [05/May/2026:01:12:53 -0500] "POST /wp-cron.php?doing_wp_cron=1777961573.8251280784606933593750 HTTP/1.1" 200 11 "-" "WordPress/6.9.4; https://easysalads.com"
144.172.99.31 - - [05/May/2026:01:12:53 -0500] "GET /srdb/ HTTP/1.1" 404 138799 "-" "Python-urllib/2.7"
154.18.244.252 - - [05/May/2026:01:12:59 -0500] "POST /wp-cron.php?doing_wp_cron=1777961579.1289899349212646484375 HTTP/1.1" 200 11 "-" "WordPress/6.9.4; https://easysalads.com"
144.126.133.143 - - [05/May/2026:01:12:59 -0500] "GET /wp-login.php HTTP/2.0" 200 1883 "-" "Mozilla/5.0 (Windows NT 6.1) AppleWebKit/537.36 (KHTML, like Gecko) Chrome/65.0.3325.162 Safari/537.36"
50.19.11.234 - - [05/May/2026:01:12:59 -0500] "GET /southern-strawberry-jello-salad-with-cool-whip HTTP/1.1" 200 127073 "-" "Mozilla/5.0 (compatible; proximic; +https://www.comscore.com/Web-Crawler)"
144.126.133.143 - - [05/May/2026:01:12:59 -0500] "POST /wp-login.php HTTP/2.0" 200 2019 "https://easysalads.com/wp-login.php" "Mozilla/5.0 (Windows NT 6.1) AppleWebKit/537.36 (KHTML, like Gecko) Chrome/65.0.3325.162 Safari/537.36"
57.128.189.19 - - [05/May/2026:01:13:03 -0500] "GET /?nocache=1777961521 HTTP/2.0" 200 89189 "-" "BigScootsMonitor Mozilla/5.0 (Windows NT 10.0; Win64; x64) AppleWebKit/537.36 (KHTML, like Gecko) Chrome/74.0.3729.169 Safari/537.36"
51.222.136.175 - - [05/May/2026:01:13:04 -0500] "GET /?nocache=1777961581 HTTP/2.0" 200 89189 "-" "BigScootsMonitor Mozilla/5.0 (Windows NT 10.0; Win64; x64) AppleWebKit/537.36 (KHTML, like Gecko) Chrome/74.0.3729.169 Safari/537.36"
95.215.32.14 - - [05/May/2026:01:13:14 -0500] "GET /index.php?option=com_acym&ctrl=frontmails&task=setNewIconShare HTTP/1.1" 301 5 "-" "ALittle Client"
154.18.244.252 - - [05/May/2026:01:14:24 -0500] "POST /wp-cron.php?doing_wp_cron=1777961665.0250830650329589843750 HTTP/1.1" 200 11 "-" "WordPress/6.9.4; https://easysalads.com"
95.215.32.14 - - [05/May/2026:01:14:24 -0500] "GET /?option=com_acym&ctrl=frontmails&task=setNewIconShare HTTP/1.1" 200 526401 "-" "ALittle Client"
44.222.241.162 - - [05/May/2026:01:14:31 -0500] "GET /wp-content/uploads/2026/04/strawberry-jello-salad01.jpg HTTP/1.1" 200 529413 "-" "Ruby"
44.222.241.162 - - [05/May/2026:01:14:32 -0500] "GET /wp-content/uploads/2026/04/strawberry-jello-salad00.jpg HTTP/1.1" 200 627868 "-" "Ruby"
44.222.241.162 - - [05/May/2026:01:14:32 -0500] "GET /wp-content/uploads/2026/04/strawberry-jello-salad03-1.jpg HTTP/1.1" 200 438245 "-" "Ruby"
44.222.241.162 - - [05/May/2026:01:14:32 -0500] "GET /wp-content/uploads/2026/04/strawberry-jello-salad03-1-300x300.jpg HTTP/1.1" 200 29275 "-" "Ruby"
44.222.241.162 - - [05/May/2026:01:14:32 -0500] "GET /wp-content/uploads/2024/01/tomato-onion-salad-06-200x300.jpg HTTP/1.1" 200 27212 "-" "Ruby"
44.222.241.162 - - [05/May/2026:01:14:32 -0500] "GET /wp-content/uploads/2024/02/parmesan-pasta-salad-05-200x300.jpg HTTP/1.1" 200 28016 "-" "Ruby"
44.222.241.162 - - [05/May/2026:01:14:33 -0500] "GET /wp-content/uploads/2024/01/shrimp-salad-with-old-bay-200x300.jpg HTTP/1.1" 200 22012 "-" "Ruby"
44.222.241.162 - - [05/May/2026:01:14:33 -0500] "GET /wp-content/uploads/2023/07/grilled-peach-burrata-salad03-300x300.jpg HTTP/1.1" 200 43638 "-" "Ruby"
44.222.241.162 - - [05/May/2026:01:14:33 -0500] "GET /wp-content/uploads/2022/09/Easy-Salads-website-logo.png HTTP/1.1" 200 84948 "-" "Ruby"
44.222.241.162 - - [05/May/2026:01:14:33 -0500] "GET /wp-content/plugins/wpforms-lite/assets/images/submit-spin.svg HTTP/1.1" 200 509 "-" "Ruby"
44.222.241.162 - - [05/May/2026:01:14:49 -0500] "GET /wp-content/uploads/2026/04/strawberry-jello-salad03-1-300x300.jpg HTTP/2.0" 200 29275 "https://easysalads.com/southern-strawberry-jello-salad-with-cool-whip" "Mozilla/5.0 (X11; Linux x86_64) AppleWebKit/537.36 (KHTML, like Gecko) Chrome/145.0.0.0 Safari/537.36"
3.91.92.71 - - [05/May/2026:01:14:55 -0500] "GET /southern-strawberry-jello-salad-with-cool-whip HTTP/1.1" 200 127073 "-" "Mozilla/5.0 (compatible; proximic; +https://www.comscore.com/Web-Crawler)"
154.18.244.252 - - [05/May/2026:01:15:03 -0500] "POST /wp-cron.php?doing_wp_cron=1777961704.0697660446166992187500 HTTP/1.1" 200 11 "-" "WordPress/6.9.4; https://easysalads.com"
57.128.189.19 - - [05/May/2026:01:15:04 -0500] "GET /?nocache=1777961641 HTTP/2.0" 200 89189 "-" "BigScootsMonitor Mozilla/5.0 (Windows NT 10.0; Win64; x64) AppleWebKit/537.36 (KHTML, like Gecko) Chrome/74.0.3729.169 Safari/537.36"
51.222.136.175 - - [05/May/2026:01:15:04 -0500] "GET /?nocache=1777961641 HTTP/2.0" 200 89189 "-" "BigScootsMonitor Mozilla/5.0 (Windows NT 10.0; Win64; x64) AppleWebKit/537.36 (KHTML, like Gecko) Chrome/74.0.3729.169 Safari/537.36"
44.222.241.162 - - [05/May/2026:01:15:06 -0500] "GET /southern-strawberry-jello-salad-with-cool-whip HTTP/2.0" 304 0 "-" "Mozilla/5.0 (X11; Linux x86_64) AppleWebKit/537.36 (KHTML, like Gecko) Chrome/145.0.0.0 Safari/537.36"
104.203.13.225 - - [05/May/2026:01:15:12 -0500] "GET /broccoli-raisin-salad-recipe/ HTTP/2.0" 200 102865 "https://www.google.com/" "Mozilla/5.0 (Linux; Android 10; K) AppleWebKit/537.36 (KHTML, like Gecko) Chrome/147.0.0.0 Mobile Safari/537.36"
104.203.13.225 - - [05/May/2026:01:15:12 -0500] "GET /wp-content/plugins/kadence-blocks/dist/style-blocks-rowlayout.css?ver=3.6.7 HTTP/2.0" 200 1771 "https://easysalads.com/broccoli-raisin-salad-recipe/" "Mozilla/5.0 (Linux; Android 10; K) AppleWebKit/537.36 (KHTML, like Gecko) Chrome/147.0.0.0 Mobile Safari/537.36"
104.203.13.225 - - [05/May/2026:01:15:12 -0500] "GET /wp-content/plugins/kadence-blocks/dist/style-blocks-column.css?ver=3.6.7 HTTP/2.0" 200 428 "https://easysalads.com/broccoli-raisin-salad-recipe/" "Mozilla/5.0 (Linux; Android 10; K) AppleWebKit/537.36 (KHTML, like Gecko) Chrome/147.0.0.0 Mobile Safari/537.36"
104.203.13.225 - - [05/May/2026:01:15:12 -0500] "GET /wp-content/plugins/kadence-blocks/dist/style-blocks-infobox.css?ver=3.6.7 HTTP/2.0" 200 1340 "https://easysalads.com/broccoli-raisin-salad-recipe/" "Mozilla/5.0 (Linux; Android 10; K) AppleWebKit/537.36 (KHTML, like Gecko) Chrome/147.0.0.0 Mobile Safari/537.36"
