51.222.136.175 - - [05/May/2026:03:33:04 -0500] "GET /?nocache=1777969921 HTTP/2.0" 200 89189 "-" "BigScootsMonitor Mozilla/5.0 (Windows NT 10.0; Win64; x64) AppleWebKit/537.36 (KHTML, like Gecko) Chrome/74.0.3729.169 Safari/537.36"
84.178.16.222 - - [05/May/2026:03:33:19 -0500] "GET /apple-touch-icon-precomposed.png HTTP/2.0" 200 0 "-" "com.apple.WebKit.Networking/21624.1.16.11.4 Network/5812.101.2 macOS/26.4.1"
84.178.16.222 - - [05/May/2026:03:33:19 -0500] "GET /apple-touch-icon.png HTTP/2.0" 200 0 "-" "com.apple.WebKit.Networking/21624.1.16.11.4 Network/5812.101.2 macOS/26.4.1"
84.178.16.222 - - [05/May/2026:03:33:19 -0500] "GET /favicon.ico HTTP/2.0" 404 146 "-" "com.apple.WebKit.Networking/21624.1.16.11.4 Network/5812.101.2 macOS/26.4.1"
84.178.16.222 - - [05/May/2026:03:33:19 -0500] "GET /broccoli-raisin-salad-recipe/ HTTP/2.0" 200 102925 "-" "Mozilla/5.0 (Macintosh; Intel Mac OS X 10_11_1) AppleWebKit/601.2.4 (KHTML, like Gecko) Version/9.0.1 Safari/601.2.4 facebookexternalhit/1.1 Facebot Twitterbot/1.0"
84.178.16.222 - - [05/May/2026:03:33:19 -0500] "GET /wp-content/uploads/2022/09/cropped-site-icon-easy-salads-32x32.png HTTP/2.0" 200 907 "-" "com.apple.WebKit.Networking/21624.1.16.11.4 Network/5812.101.2 macOS/26.4.1"
84.178.16.222 - - [05/May/2026:03:33:19 -0500] "GET /wp-content/uploads/2022/09/cropped-site-icon-easy-salads-192x192.png HTTP/2.0" 200 8410 "-" "com.apple.WebKit.Networking/21624.1.16.11.4 Network/5812.101.2 macOS/26.4.1"
84.178.16.222 - - [05/May/2026:03:33:19 -0500] "GET /wp-content/uploads/2022/09/cropped-site-icon-easy-salads-180x180.png HTTP/2.0" 200 7710 "-" "com.apple.WebKit.Networking/21624.1.16.11.4 Network/5812.101.2 macOS/26.4.1"
84.178.16.222 - - [05/May/2026:03:33:20 -0500] "GET /wp-content/uploads/2024/02/broccoli-raisin-salad-04.jpg HTTP/2.0" 200 838646 "-" "com.apple.WebKit.Networking/21624.1.16.11.4 Network/5812.101.2 macOS/26.4.1"
84.178.16.222 - - [05/May/2026:03:33:20 -0500] "GET /wp-content/uploads/2024/02/broccoli-raisin-salad-00.jpg HTTP/2.0" 200 1068314 "-" "com.apple.WebKit.Networking/21624.1.16.11.4 Network/5812.101.2 macOS/26.4.1"
84.178.16.222 - - [05/May/2026:03:33:20 -0500] "GET /wp-content/uploads/2024/02/broccoli-raisin-salad-02.jpg HTTP/2.0" 200 980314 "-" "com.apple.WebKit.Networking/21624.1.16.11.4 Network/5812.101.2 macOS/26.4.1"
84.178.16.222 - - [05/May/2026:03:33:20 -0500] "GET /wp-content/uploads/2024/02/broccoli-raisin-salad-04.jpg HTTP/2.0" 200 838646 "-" "com.apple.WebKit.Networking/21624.1.16.11.4 Network/5812.101.2 macOS/26.4.1"
152.53.44.20 - - [05/May/2026:03:33:42 -0500] "GET /wp-login.php HTTP/2.0" 200 1883 "-" "Mozilla/5.0 (Macintosh; Intel Mac OS X 10_11_6) AppleWebKit/537.36 (KHTML, like Gecko) Chrome/65.0.3325.181 Safari/537.36"
152.53.44.20 - - [05/May/2026:03:33:42 -0500] "POST /wp-login.php HTTP/2.0" 200 2021 "https://easysalads.com/wp-login.php" "Mozilla/5.0 (Macintosh; Intel Mac OS X 10_11_6) AppleWebKit/537.36 (KHTML, like Gecko) Chrome/65.0.3325.181 Safari/537.36"
52.167.144.182 - - [05/May/2026:03:34:07 -0500] "GET / HTTP/2.0" 200 91476 "-" "Mozilla/5.0 AppleWebKit/537.36 (KHTML, like Gecko; compatible; bingbot/2.0; +http://www.bing.com/bingbot.htm) Chrome/116.0.1938.76 Safari/537.36"
154.18.244.252 - - [05/May/2026:03:34:09 -0500] "POST /wp-cron.php?doing_wp_cron=1777970049.9851129055023193359375 HTTP/1.1" 200 11 "-" "WordPress/6.9.4; https://easysalads.com"
34.138.190.134 - - [05/May/2026:03:34:09 -0500] "GET /pulled-pork-salad HTTP/1.1" 301 5 "-" "Mozilla/5.0 (Windows NT 6.3;compatible; Leikibot/1.0; +http://www.leiki.com)"
34.138.190.134 - - [05/May/2026:03:34:10 -0500] "GET /pulled-pork-salad/ HTTP/1.1" 200 128700 "-" "Mozilla/5.0 (Windows NT 6.3;compatible; Leikibot/1.0; +http://www.leiki.com)"
66.249.66.197 - - [05/May/2026:03:34:28 -0500] "GET /wp-content/uploads/2024/02/mediterranean-cucumber-salad-02.jpg HTTP/1.1" 200 704405 "-" "Googlebot-Image/1.0"
154.18.244.252 - - [05/May/2026:03:35:04 -0500] "POST /wp-cron.php?doing_wp_cron=1777970104.7490060329437255859375 HTTP/1.1" 200 11 "-" "WordPress/6.9.4; https://easysalads.com"
51.222.136.175 - - [05/May/2026:03:35:04 -0500] "GET /?nocache=1777970041 HTTP/2.0" 200 89189 "-" "BigScootsMonitor Mozilla/5.0 (Windows NT 10.0; Win64; x64) AppleWebKit/537.36 (KHTML, like Gecko) Chrome/74.0.3729.169 Safari/537.36"
57.128.189.19 - - [05/May/2026:03:35:04 -0500] "GET /?nocache=1777970041 HTTP/2.0" 200 89189 "-" "BigScootsMonitor Mozilla/5.0 (Windows NT 10.0; Win64; x64) AppleWebKit/537.36 (KHTML, like Gecko) Chrome/74.0.3729.169 Safari/537.36"
34.148.102.78 - - [05/May/2026:03:35:42 -0500] "GET /wp-content/uploads/2023/09/pulled-pork-salad-recipe00.jpg HTTP/1.1" 200 799908 "-" "Mozilla/5.0 (X11; Linux x86_64) AppleWebKit/537.36 (KHTML, like Gecko) Chrome/88.0.4324.96 Safari/537.36 (compatible; DoubleVerifyBot/1.1; +http://www.doubleverify.com)"
107.5.186.225 - - [05/May/2026:03:35:43 -0500] "GET /apple-touch-icon-precomposed.png HTTP/2.0" 200 0 "-" "NetworkingExtension/8624.1.16.10.6 Network/5812.102.3 iOS/26.4.2"
107.5.186.225 - - [05/May/2026:03:35:43 -0500] "GET /apple-touch-icon.png HTTP/2.0" 200 0 "-" "NetworkingExtension/8624.1.16.10.6 Network/5812.102.3 iOS/26.4.2"
107.5.186.225 - - [05/May/2026:03:35:43 -0500] "GET /favicon.ico HTTP/2.0" 404 146 "-" "NetworkingExtension/8624.1.16.10.6 Network/5812.102.3 iOS/26.4.2"
107.5.186.225 - - [05/May/2026:03:35:44 -0500] "GET /easy-5-bean-salad/ HTTP/2.0" 200 103153 "-" "Mozilla/5.0 (Macintosh; Intel Mac OS X 10_11_1) AppleWebKit/601.2.4 (KHTML, like Gecko) Version/9.0.1 Safari/601.2.4 facebookexternalhit/1.1 Facebot Twitterbot/1.0"
107.5.186.225 - - [05/May/2026:03:35:44 -0500] "GET /wp-content/uploads/2022/09/cropped-site-icon-easy-salads-32x32.png HTTP/2.0" 200 907 "-" "NetworkingExtension/8624.1.16.10.6 Network/5812.102.3 iOS/26.4.2"
107.5.186.225 - - [05/May/2026:03:35:44 -0500] "GET /wp-content/uploads/2022/09/cropped-site-icon-easy-salads-192x192.png HTTP/2.0" 200 8410 "-" "NetworkingExtension/8624.1.16.10.6 Network/5812.102.3 iOS/26.4.2"
107.5.186.225 - - [05/May/2026:03:35:44 -0500] "GET /wp-content/uploads/2022/09/cropped-site-icon-easy-salads-180x180.png HTTP/2.0" 200 7710 "-" "NetworkingExtension/8624.1.16.10.6 Network/5812.102.3 iOS/26.4.2"
107.5.186.225 - - [05/May/2026:03:35:50 -0500] "GET /wp-content/uploads/2022/11/5-Bean-Salad-02.jpg HTTP/2.0" 200 352148 "-" "NetworkingExtension/8624.1.16.10.6 Network/5812.102.3 iOS/26.4.2"
107.5.186.225 - - [05/May/2026:03:35:51 -0500] "GET /wp-content/uploads/2022/11/5-Bean-Salad-00.jpg HTTP/2.0" 200 626193 "-" "NetworkingExtension/8624.1.16.10.6 Network/5812.102.3 iOS/26.4.2"
107.5.186.225 - - [05/May/2026:03:35:51 -0500] "GET /wp-content/uploads/2022/11/5-Bean-Salad-03.jpg HTTP/2.0" 200 396349 "-" "NetworkingExtension/8624.1.16.10.6 Network/5812.102.3 iOS/26.4.2"
107.5.186.225 - - [05/May/2026:03:35:51 -0500] "GET /wp-content/uploads/2022/11/5-Bean-Salad-00.jpg HTTP/2.0" 200 626193 "-" "NetworkingExtension/8624.1.16.10.6 Network/5812.102.3 iOS/26.4.2"
91.227.37.60 - - [05/May/2026:03:36:51 -0500] "GET /wp-login.php HTTP/2.0" 444 0 "-" "Mozilla/5.0 (Windows NT 6.3; ARM; Trident/7.0; Touch; rv:11.0) like Gecko"
154.18.244.252 - - [05/May/2026:03:37:04 -0500] "POST /wp-cron.php?doing_wp_cron=1777970224.2968740463256835937500 HTTP/1.1" 200 11 "-" "WordPress/6.9.4; https://easysalads.com"
57.128.189.19 - - [05/May/2026:03:37:04 -0500] "GET /?nocache=1777970161 HTTP/2.0" 200 89189 "-" "BigScootsMonitor Mozilla/5.0 (Windows NT 10.0; Win64; x64) AppleWebKit/537.36 (KHTML, like Gecko) Chrome/74.0.3729.169 Safari/537.36"
51.222.136.175 - - [05/May/2026:03:37:04 -0500] "GET /?nocache=1777970161 HTTP/2.0" 200 89189 "-" "BigScootsMonitor Mozilla/5.0 (Windows NT 10.0; Win64; x64) AppleWebKit/537.36 (KHTML, like Gecko) Chrome/74.0.3729.169 Safari/537.36"
50.6.7.129 - - [05/May/2026:03:37:34 -0500] "GET /wp-login.php HTTP/2.0" 444 0 "-" "Mozilla/5.0 (Windows NT 10.0; Win64; x64) AppleWebKit/537.36 (KHTML, like Gecko) Chrome/65.0.3325.162 Safari/537.36"
74.249.188.249 - - [05/May/2026:03:37:51 -0500] "POST /wp-plain.php HTTP/1.1" 404 548 "www.google.com" "Mozilla/5.0 (Linux; Android 7.0; SM-G892A Bulid/NRD90M; wv) AppleWebKit/537.36 (KHTML, like Gecko) Version/4.0 Chrome/60.0.3112.107 Moblie Safari/537.36"
74.249.188.249 - - [05/May/2026:03:37:51 -0500] "GET /cmlfumhj.php?Fox=d3wL7 HTTP/1.1" 404 548 "www.google.com" "Mozilla/5.0 (Linux; Android 7.0; SM-G892A Bulid/NRD90M; wv) AppleWebKit/537.36 (KHTML, like Gecko) Version/4.0 Chrome/60.0.3112.107 Moblie Safari/537.36"
74.249.188.249 - - [05/May/2026:03:37:51 -0500] "GET /wp-content/themes/seotheme/db.php?u HTTP/1.1" 404 548 "www.google.com" "Mozlila/5.0 (Linux; Android 7.0; SM-G892A Bulid/NRD90M; wv) AppleWebKit/537.36 (KHTML, like Gecko) Version/4.0 Chrome/60.0.3112.107 Moblie Safari/537.36"
74.249.188.249 - - [05/May/2026:03:37:51 -0500] "GET /wp-content/themes/seotheme/db.php?u HTTP/1.1" 404 548 "www.google.com" "Mozlila/5.0 (Linux; Android 7.0; SM-G892A Bulid/NRD90M; wv) AppleWebKit/537.36 (KHTML, like Gecko) Version/4.0 Chrome/60.0.3112.107 Moblie Safari/537.36"
74.249.188.249 - - [05/May/2026:03:37:51 -0500] "GET / HTTP/1.1" 200 526402 "-" "Mozlila/5.0 (Linux; Android 7.0; SM-G892A Bulid/NRD90M; wv) AppleWebKit/537.36 (KHTML, like Gecko) Version/4.0 Chrome/60.0.3112.107 Moblie Safari/537.36"
74.249.188.249 - - [05/May/2026:03:37:51 -0500] "GET /wp-content/plugins/apikey/apikey.php?test=hello HTTP/1.1" 403 548 "-" "Mozlila/5.0 (Linux; Android 7.0; SM-G892A Bulid/NRD90M; wv) AppleWebKit/537.36 (KHTML, like Gecko) Version/4.0 Chrome/60.0.3112.107 Moblie Safari/537.36"
74.249.188.249 - - [05/May/2026:03:37:51 -0500] "GET /plugins/content/apismtp/apismtp.php?test=hello HTTP/1.1" 404 548 "-" "Mozlila/5.0 (Linux; Android 7.0; SM-G892A Bulid/NRD90M; wv) AppleWebKit/537.36 (KHTML, like Gecko) Version/4.0 Chrome/60.0.3112.107 Moblie Safari/537.36"
74.249.188.249 - - [05/May/2026:03:37:51 -0500] "POST /ALFA_DATA/alfacgiapi/perl.alfa HTTP/1.1" 404 359943 "www.google.com" "Mozlila/5.0 (Linux; Android 7.0; SM-G892A Bulid/NRD90M; wv) AppleWebKit/537.36 (KHTML, like Gecko) Version/4.0 Chrome/60.0.3112.107 Moblie Safari/537.36"
74.249.188.249 - - [05/May/2026:03:37:51 -0500] "GET /wp-content/plugins/apikey/apikey.php.suspected?test=hello HTTP/1.1" 404 359949 "-" "Mozlila/5.0 (Linux; Android 7.0; SM-G892A Bulid/NRD90M; wv) AppleWebKit/537.36 (KHTML, like Gecko) Version/4.0 Chrome/60.0.3112.107 Moblie Safari/537.36"
74.249.188.249 - - [05/May/2026:03:37:52 -0500] "POST /alfacgiapi/perl.alfa HTTP/1.1" 404 359212 "www.google.com" "Mozlila/5.0 (Linux; Android 7.0; SM-G892A Bulid/NRD90M; wv) AppleWebKit/537.36 (KHTML, like Gecko) Version/4.0 Chrome/60.0.3112.107 Moblie Safari/537.36"
74.249.188.249 - - [05/May/2026:03:37:52 -0500] "GET /plugins/content/apismtp/apismtp.php.suspected?test=hello HTTP/1.1" 404 359949 "-" "Mozlila/5.0 (Linux; Android 7.0; SM-G892A Bulid/NRD90M; wv) AppleWebKit/537.36 (KHTML, like Gecko) Version/4.0 Chrome/60.0.3112.107 Moblie Safari/537.36"
141.95.99.118 - - [05/May/2026:03:37:55 -0500] "GET /ads.txt HTTP/1.1" 301 5 "-" "Mozilla/5.0 (Windows NT 10.0; Win64; x64) AppleWebKit/537.36 (KHTML, like Gecko) Chrome/42.0.2311.135 Safari/537.36 Edge/12.246"
141.95.99.118 - - [05/May/2026:03:37:55 -0500] "GET /ads.txt HTTP/1.1" 301 5 "-" "AdsTxtCrawler/1.0; +https://github.com/InteractiveAdvertisingBureau/adstxtcrawler"
154.18.244.252 - - [05/May/2026:03:37:55 -0500] "POST /wp-cron.php?doing_wp_cron=1777970276.0674099922180175781250 HTTP/1.1" 200 11 "-" "WordPress/6.9.4; https://easysalads.com"
141.95.99.118 - - [05/May/2026:03:37:55 -0500] "GET /ads.txt HTTP/1.1" 301 5 "-" "AdsTxtCrawler/1.0; +https://github.com/InteractiveAdvertisingBureau/adstxtcrawler"
141.95.99.118 - - [05/May/2026:03:37:56 -0500] "GET /ads.txt HTTP/1.1" 301 5 "-" "AdsTxtCrawler/1.0; +https://github.com/InteractiveAdvertisingBureau/adstxtcrawler"
141.95.99.118 - - [05/May/2026:03:37:56 -0500] "GET /ads.txt HTTP/1.1" 301 5 "-" "AdsTxtCrawler/1.0; +https://github.com/InteractiveAdvertisingBureau/adstxtcrawler"
162.240.108.214 - - [05/May/2026:03:38:03 -0500] "GET /wp-login.php HTTP/2.0" 200 1883 "-" "Mozilla/5.0 (Windows NT 6.1; Win64; x64) AppleWebKit/537.36 (KHTML, like Gecko) Chrome/67.0.3396.62 Safari/537.36"
162.240.108.214 - - [05/May/2026:03:38:03 -0500] "POST /wp-login.php HTTP/2.0" 200 2019 "https://easysalads.com/wp-login.php" "Mozilla/5.0 (Windows NT 6.1; Win64; x64) AppleWebKit/537.36 (KHTML, like Gecko) Chrome/67.0.3396.62 Safari/537.36"
3.70.164.132 - - [05/May/2026:03:38:33 -0500] "GET /wp-login.php HTTP/2.0" 200 1883 "-" "Mozilla/5.0 (Windows NT 6.0; Win64; x64) AppleWebKit/537.36 (KHTML, like Gecko) Chrome/65.0.3325.181 Safari/537.36 OPR/52.0.2871.99"
3.70.164.132 - - [05/May/2026:03:38:33 -0500] "POST /wp-login.php HTTP/2.0" 200 2018 "https://easysalads.com/wp-login.php" "Mozilla/5.0 (Windows NT 6.0; Win64; x64) AppleWebKit/537.36 (KHTML, like Gecko) Chrome/65.0.3325.181 Safari/537.36 OPR/52.0.2871.99"
154.18.244.252 - - [05/May/2026:03:39:04 -0500] "POST /wp-cron.php?doing_wp_cron=1777970344.4964139461517333984375 HTTP/1.1" 200 11 "-" "WordPress/6.9.4; https://easysalads.com"
57.128.189.19 - - [05/May/2026:03:39:04 -0500] "GET /?nocache=1777970281 HTTP/2.0" 200 89189 "-" "BigScootsMonitor Mozilla/5.0 (Windows NT 10.0; Win64; x64) AppleWebKit/537.36 (KHTML, like Gecko) Chrome/74.0.3729.169 Safari/537.36"
51.222.136.175 - - [05/May/2026:03:39:04 -0500] "GET /?nocache=1777970281 HTTP/2.0" 200 89189 "-" "BigScootsMonitor Mozilla/5.0 (Windows NT 10.0; Win64; x64) AppleWebKit/537.36 (KHTML, like Gecko) Chrome/74.0.3729.169 Safari/537.36"
198.46.83.219 - - [05/May/2026:03:39:41 -0500] "GET /wp-login.php HTTP/2.0" 200 1883 "-" "Mozilla/5.0 (Windows NT 10.0; WOW64) AppleWebKit/537.36 (KHTML, like Gecko) Chrome/67.0.3396.79 Safari/537.36"
198.46.83.219 - - [05/May/2026:03:39:41 -0500] "POST /wp-login.php HTTP/2.0" 200 2022 "https://easysalads.com/wp-login.php" "Mozilla/5.0 (Windows NT 10.0; WOW64) AppleWebKit/537.36 (KHTML, like Gecko) Chrome/67.0.3396.79 Safari/537.36"
74.220.52.2 - - [05/May/2026:03:39:52 -0500] "HEAD /ads.txt HTTP/1.1" 301 0 "-" "Mozilla/5.0 (compatible; AdsBot/1.0 ads-txt-checker)"
74.220.52.2 - - [05/May/2026:03:39:54 -0500] "HEAD /app-ads.txt HTTP/1.1" 404 0 "-" "Mozilla/5.0 (compatible; AdsBot/1.0 ads-txt-checker)"
154.18.244.252 - - [05/May/2026:03:39:55 -0500] "POST /wp-cron.php?doing_wp_cron=1777970395.8755040168762207031250 HTTP/1.1" 200 11 "-" "WordPress/6.9.4; https://easysalads.com"
74.220.52.2 - - [05/May/2026:03:39:55 -0500] "HEAD /app-ads.txt HTTP/1.1" 404 0 "-" "Mozilla/5.0 (compatible; AdsBot/1.0 ads-txt-checker)"
198.175.24.218 - - [05/May/2026:03:40:06 -0500] "GET /?v=nocache-1739936881 HTTP/2.0" 200 89189 "-" "BigScoots Monitoring"
192.3.119.99 - - [05/May/2026:03:40:13 -0500] "GET / HTTP/2.0" 301 0 "https://www.google.com/" "Mozilla/5.0 (Linux; Android 8.0.0; SM-J330G) AppleWebKit/537.36 (KHTML, like Gecko) Chrome/114.0.0.0 Mobile Safari/537.36 EdgA/114.0.1823.74"
192.3.119.99 - - [05/May/2026:03:40:14 -0500] "GET / HTTP/2.0" 200 89189 "https://www.google.com/" "Mozilla/5.0 (Linux; Android 8.0.0; SM-J330G) AppleWebKit/537.36 (KHTML, like Gecko) Chrome/114.0.0.0 Mobile Safari/537.36 EdgA/114.0.1823.74"
192.3.119.99 - - [05/May/2026:03:40:15 -0500] "GET /grilled-peach-and-burrata-salad/ HTTP/2.0" 200 102050 "https://easysalads.com/" "Mozilla/5.0 (Linux; Android 8.0.0; SM-J330G) AppleWebKit/537.36 (KHTML, like Gecko) Chrome/114.0.0.0 Mobile Safari/537.36 EdgA/114.0.1823.74"
142.147.228.188 - - [05/May/2026:03:40:20 -0500] "GET /wp-content/plugins/kadence-blocks/dist/style-blocks-spacer.css?ver=3.6.7 HTTP/2.0" 200 385 "https://easysalads.com/" "Mozilla/5.0 (Linux; Android 8.0.0; SM-J330G) AppleWebKit/537.36 (KHTML, like Gecko) Chrome/114.0.0.0 Mobile Safari/537.36 EdgA/114.0.1823.74"
104.238.16.94 - - [05/May/2026:03:40:21 -0500] "GET /wp-content/plugins/kadence-blocks/dist/style-blocks-column.css?ver=3.6.7 HTTP/2.0" 200 428 "https://www.bing.com/" "Mozilla/5.0 (Linux; Android 6.0; Nexus 5 Build/MRA58N) AppleWebKit/537.36 (KHTML, like Gecko) Chrome/119.0.0.0 Mobile Safari/537.36"
149.115.130.139 - - [05/May/2026:03:40:21 -0500] "GET /wp-content/themes/kadence/assets/css/sidebar.min.css?ver=1.1.22 HTTP/2.0" 200 749 "-" "Mozilla/5.0 (Linux; Android 10; K) AppleWebKit/537.36 (KHTML, like Gecko) Chrome/131.0.0.0 Mobile Safari/537.36"
104.2.101.148 - - [05/May/2026:03:40:24 -0500] "GET /wp-content/uploads/2023/07/grilled-peach-burrata-salad04-683x1024.jpg HTTP/2.0" 200 174002 "-" "Mozilla/5.0 (Linux; Android 8; SM-S901B) AppleWebKit/537.36 (KHTML, like Gecko) Chrome/112.0.0.0 Mobile Safari/537.36"
76.195.3.1 - - [05/May/2026:03:40:26 -0500] "GET / HTTP/2.0" 301 0 "https://easysalads.com/" "Mozilla/5.0 (Linux; Android 13; SM-S901B) AppleWebKit/537.36 (KHTML, like Gecko) Chrome/112.0.0.0 Mobile Safari/537.36"
76.195.3.1 - - [05/May/2026:03:40:27 -0500] "GET / HTTP/2.0" 200 89189 "https://easysalads.com/" "Mozilla/5.0 (Linux; Android 13; SM-S901B) AppleWebKit/537.36 (KHTML, like Gecko) Chrome/112.0.0.0 Mobile Safari/537.36"
76.195.3.1 - - [05/May/2026:03:40:28 -0500] "GET /wp-content/plugins/wpforms-lite/assets/images/submit-spin.svg HTTP/2.0" 200 509 "https://easysalads.com/" "Mozilla/5.0 (Linux; Android 13; SM-S901B) AppleWebKit/537.36 (KHTML, like Gecko) Chrome/112.0.0.0 Mobile Safari/537.36"
54.209.27.47 - - [05/May/2026:03:40:37 -0500] "GET /grilled-peach-and-burrata-salad/ HTTP/1.1" 200 130150 "-" "Mozilla/5.0 (compatible; proximic; +https://www.comscore.com/Web-Crawler)"
154.18.244.252 - - [05/May/2026:03:41:04 -0500] "POST /wp-cron.php?doing_wp_cron=1777970464.6033709049224853515625 HTTP/1.1" 200 11 "-" "WordPress/6.9.4; https://easysalads.com"
57.128.189.19 - - [05/May/2026:03:41:04 -0500] "GET /?nocache=1777970401 HTTP/2.0" 200 89189 "-" "BigScootsMonitor Mozilla/5.0 (Windows NT 10.0; Win64; x64) AppleWebKit/537.36 (KHTML, like Gecko) Chrome/74.0.3729.169 Safari/537.36"
51.222.136.175 - - [05/May/2026:03:41:05 -0500] "GET /?nocache=1777970401 HTTP/2.0" 200 89193 "-" "BigScootsMonitor Mozilla/5.0 (Windows NT 10.0; Win64; x64) AppleWebKit/537.36 (KHTML, like Gecko) Chrome/74.0.3729.169 Safari/537.36"
208.109.188.137 - - [05/May/2026:03:41:08 -0500] "GET /wp-login.php HTTP/2.0" 444 0 "-" "Mozilla/5.0 (Macintosh; Intel Mac OS X 10_10_5) AppleWebKit/537.36 (KHTML, like Gecko) Chrome/66.0.3359.139 Safari/537.36"
222.165.190.235 - - [05/May/2026:03:41:18 -0500] "GET /wp-login.php HTTP/2.0" 444 0 "-" "Mozilla/5.0 (X11; Linux x86_64) AppleWebKit/537.36 (KHTML, like Gecko) Chrome/66.0.3359.181 Safari/537.36"
121.200.216.56 - - [05/May/2026:03:41:29 -0500] "GET /wp-login.php HTTP/2.0" 200 1883 "-" "Mozilla/5.0 (Macintosh; Intel Mac OS X 10_13_5) AppleWebKit/537.36 (KHTML, like Gecko) Chrome/67.0.3396.79 Safari/537.36"
121.200.216.56 - - [05/May/2026:03:41:29 -0500] "POST /wp-login.php HTTP/2.0" 200 2019 "https://easysalads.com/wp-login.php" "Mozilla/5.0 (Macintosh; Intel Mac OS X 10_13_5) AppleWebKit/537.36 (KHTML, like Gecko) Chrome/67.0.3396.79 Safari/537.36"
54.175.74.27 - - [05/May/2026:03:41:47 -0500] "GET /grilled-peach-and-burrata-salad/ HTTP/1.1" 200 130150 "-" "Mozilla/5.0 (Macintosh; Intel Mac OS X 10_10_1) AppleWebKit/600.1.25 (KHTML, like Gecko) Version/8.0 Safari/600.1.25"
121.200.217.27 - - [05/May/2026:03:41:58 -0500] "GET /wp-login.php HTTP/2.0" 444 0 "-" "Mozilla/5.0 (X11; CrOS armv7l 10323.67.0) AppleWebKit/537.36 (KHTML, like Gecko) Chrome/65.0.3325.209 Safari/537.36"
154.18.244.252 - - [05/May/2026:03:42:31 -0500] "POST /wp-cron.php?doing_wp_cron=1777970551.4239590167999267578125 HTTP/1.1" 200 11 "-" "WordPress/6.9.4; https://easysalads.com"
162.214.154.138 - - [05/May/2026:03:42:31 -0500] "GET /wp-login.php HTTP/2.0" 200 1883 "-" "Mozilla/5.0 (Windows NT 10.0; Win64; x64; WebView/3.0) AppleWebKit/537.36 (KHTML, like Gecko) Chrome/58.0.3029.110 Safari/537.36 Edge/16.16299"
162.214.154.138 - - [05/May/2026:03:42:31 -0500] "POST /wp-login.php HTTP/2.0" 200 2022 "https://easysalads.com/wp-login.php" "Mozilla/5.0 (Windows NT 10.0; Win64; x64; WebView/3.0) AppleWebKit/537.36 (KHTML, like Gecko) Chrome/58.0.3029.110 Safari/537.36 Edge/16.16299"
154.18.244.252 - - [05/May/2026:03:43:03 -0500] "POST /wp-cron.php?doing_wp_cron=1777970584.0148460865020751953125 HTTP/1.1" 200 11 "-" "WordPress/6.9.4; https://easysalads.com"
57.128.189.19 - - [05/May/2026:03:43:04 -0500] "GET /?nocache=1777970521 HTTP/2.0" 200 89193 "-" "BigScootsMonitor Mozilla/5.0 (Windows NT 10.0; Win64; x64) AppleWebKit/537.36 (KHTML, like Gecko) Chrome/74.0.3729.169 Safari/537.36"
51.222.136.175 - - [05/May/2026:03:43:04 -0500] "GET /?nocache=1777970521 HTTP/2.0" 200 89193 "-" "BigScootsMonitor Mozilla/5.0 (Windows NT 10.0; Win64; x64) AppleWebKit/537.36 (KHTML, like Gecko) Chrome/74.0.3729.169 Safari/537.36"
222.165.190.235 - - [05/May/2026:03:43:23 -0500] "GET /wp-login.php HTTP/2.0" 444 0 "-" "Mozilla/5.0 (Windows NT 10.0) AppleWebKit/537.36 (KHTML, like Gecko) Chrome/66.0.3359.181 Safari/537.36"
52.203.13.176 - - [05/May/2026:03:43:54 -0500] "GET /mediterranean-cucumber-salad HTTP/1.1" 200 103958 "-" "Mozilla/5.0 (compatible; Yahoo! Slurp; http://help.yahoo.com/help/us/ysearch/slurp)"
52.203.13.176 - - [05/May/2026:03:43:54 -0500] "GET /wp-content/plugins/kadence-blocks-pro/dist/style-blocks-postgrid.css?ver=2.8.13.1 HTTP/1.1" 200 2807 "https://easysalads.com/mediterranean-cucumber-salad" "Mozilla/5.0 (compatible; Yahoo! Slurp; http://help.yahoo.com/help/us/ysearch/slurp)"
44.193.42.212 - - [05/May/2026:03:43:54 -0500] "GET /wp-content/plugins/kadence-blocks/dist/style-blocks-rowlayout.css?ver=3.6.7 HTTP/1.1" 200 1783 "https://easysalads.com/mediterranean-cucumber-salad" "Mozilla/5.0 (compatible; Yahoo! Slurp; http://help.yahoo.com/help/us/ysearch/slurp)"
3.226.7.73 - - [05/May/2026:03:43:54 -0500] "GET /wp-content/plugins/kadence-blocks/dist/style-blocks-advancedbtn.css?ver=3.6.7 HTTP/1.1" 200 717 "https://easysalads.com/mediterranean-cucumber-salad" "Mozilla/5.0 (compatible; Yahoo! Slurp; http://help.yahoo.com/help/us/ysearch/slurp)"
44.193.42.212 - - [05/May/2026:03:43:54 -0500] "GET /wp-content/plugins/kadence-blocks/dist/style-blocks-infobox.css?ver=3.6.7 HTTP/1.1" 200 1352 "https://easysalads.com/mediterranean-cucumber-salad" "Mozilla/5.0 (compatible; Yahoo! Slurp; http://help.yahoo.com/help/us/ysearch/slurp)"
23.22.210.162 - - [05/May/2026:03:43:54 -0500] "GET /wp-content/plugins/kadence-blocks/dist/style-blocks-column.css?ver=3.6.7 HTTP/1.1" 200 440 "https://easysalads.com/mediterranean-cucumber-salad" "Mozilla/5.0 (compatible; Yahoo! Slurp; http://help.yahoo.com/help/us/ysearch/slurp)"
52.203.13.176 - - [05/May/2026:03:43:54 -0500] "GET /wp-content/plugins/wp-recipe-maker-premium/dist/public-pro.css?ver=10.5.0 HTTP/1.1" 200 6809 "https://easysalads.com/mediterranean-cucumber-salad" "Mozilla/5.0 (compatible; Yahoo! Slurp; http://help.yahoo.com/help/us/ysearch/slurp)"
44.193.42.212 - - [05/May/2026:03:43:54 -0500] "GET /wp-content/themes/kadence/assets/css/global.min.css?ver=1.1.22 HTTP/1.1" 200 4269 "https://easysalads.com/mediterranean-cucumber-salad" "Mozilla/5.0 (compatible; Yahoo! Slurp; http://help.yahoo.com/help/us/ysearch/slurp)"
3.226.7.73 - - [05/May/2026:03:43:54 -0500] "GET /wp-content/themes/kadence/assets/css/header.min.css?ver=1.1.22 HTTP/1.1" 200 4308 "https://easysalads.com/mediterranean-cucumber-salad" "Mozilla/5.0 (compatible; Yahoo! Slurp; http://help.yahoo.com/help/us/ysearch/slurp)"
3.226.7.73 - - [05/May/2026:03:43:54 -0500] "GET /wp-content/plugins/wp-recipe-maker/dist/public-modern.css?ver=10.5.0 HTTP/1.1" 200 7725 "https://easysalads.com/mediterranean-cucumber-salad" "Mozilla/5.0 (compatible; Yahoo! Slurp; http://help.yahoo.com/help/us/ysearch/slurp)"
44.193.42.212 - - [05/May/2026:03:43:54 -0500] "GET /wp-content/themes/kadence/assets/css/content.min.css?ver=1.1.22 HTTP/1.1" 200 5525 "https://easysalads.com/mediterranean-cucumber-salad" "Mozilla/5.0 (compatible; Yahoo! Slurp; http://help.yahoo.com/help/us/ysearch/slurp)"
23.22.210.162 - - [05/May/2026:03:43:54 -0500] "GET /wp-content/themes/kadence/assets/css/comments.min.css?ver=1.1.22 HTTP/1.1" 200 1301 "https://easysalads.com/mediterranean-cucumber-salad" "Mozilla/5.0 (compatible; Yahoo! Slurp; http://help.yahoo.com/help/us/ysearch/slurp)"
44.193.42.212 - - [05/May/2026:03:43:54 -0500] "GET /wp-content/themes/kadence/assets/css/footer.min.css?ver=1.1.22 HTTP/1.1" 200 1592 "https://easysalads.com/mediterranean-cucumber-salad" "Mozilla/5.0 (compatible; Yahoo! Slurp; http://help.yahoo.com/help/us/ysearch/slurp)"
3.226.7.73 - - [05/May/2026:03:43:54 -0500] "GET /wp-content/plugins/kadence-pro/dist/mega-menu/menu-addon.css?ver=1.1.19 HTTP/1.1" 200 1138 "https://easysalads.com/mediterranean-cucumber-salad" "Mozilla/5.0 (compatible; Yahoo! Slurp; http://help.yahoo.com/help/us/ysearch/slurp)"
52.203.13.176 - - [05/May/2026:03:43:54 -0500] "GET /wp-content/themes/kadence/assets/css/sidebar.min.css?ver=1.1.22 HTTP/1.1" 200 749 "https://easysalads.com/mediterranean-cucumber-salad" "Mozilla/5.0 (compatible; Yahoo! Slurp; http://help.yahoo.com/help/us/ysearch/slurp)"
3.226.7.73 - - [05/May/2026:03:43:54 -0500] "GET /wp-content/themes/restored316-sage/style.css?ver=1_0_1 HTTP/1.1" 200 1101 "https://easysalads.com/mediterranean-cucumber-salad" "Mozilla/5.0 (compatible; Yahoo! Slurp; http://help.yahoo.com/help/us/ysearch/slurp)"
44.193.42.212 - - [05/May/2026:03:43:54 -0500] "GET /wp-content/plugins/social-pug/assets/dist/style-frontend-pro.css?ver=2.28.0 HTTP/1.1" 200 11467 "https://easysalads.com/mediterranean-cucumber-salad" "Mozilla/5.0 (compatible; Yahoo! Slurp; http://help.yahoo.com/help/us/ysearch/slurp)"
23.22.210.162 - - [05/May/2026:03:43:54 -0500] "GET /wp-content/plugins/wpforms-lite/assets/css/frontend/modern/wpforms-full.min.css?ver=1.10.0.4 HTTP/1.1" 200 14805 "https://easysalads.com/mediterranean-cucumber-salad" "Mozilla/5.0 (compatible; Yahoo! Slurp; http://help.yahoo.com/help/us/ysearch/slurp)"
44.193.42.212 - - [05/May/2026:03:43:54 -0500] "GET /wp-content/uploads/2022/09/Easy-Salads-website-logo-1024x301.png HTTP/1.1" 200 44390 "https://easysalads.com/mediterranean-cucumber-salad" "Mozilla/5.0 (compatible; Yahoo! Slurp; http://help.yahoo.com/help/us/ysearch/slurp)"
52.203.13.176 - - [05/May/2026:03:43:54 -0500] "GET /wp-content/uploads/2024/02/mediterranean-cucumber-salad-01-1024x1536.jpg HTTP/1.1" 200 442324 "https://easysalads.com/mediterranean-cucumber-salad" "Mozilla/5.0 (compatible; Yahoo! Slurp; http://help.yahoo.com/help/us/ysearch/slurp)"
23.22.210.162 - - [05/May/2026:03:43:54 -0500] "GET /wp-content/plugins/kadence-blocks/dist/style-blocks-iconlist.css?ver=3.6.7 HTTP/1.1" 200 609 "https://easysalads.com/mediterranean-cucumber-salad" "Mozilla/5.0 (compatible; Yahoo! Slurp; http://help.yahoo.com/help/us/ysearch/slurp)"
44.193.42.212 - - [05/May/2026:03:43:54 -0500] "GET /wp-content/plugins/kadence-blocks/dist/style-blocks-spacer.css?ver=3.6.7 HTTP/1.1" 200 397 "https://easysalads.com/mediterranean-cucumber-salad" "Mozilla/5.0 (compatible; Yahoo! Slurp; http://help.yahoo.com/help/us/ysearch/slurp)"
44.193.42.212 - - [05/May/2026:03:43:54 -0500] "GET /wp-content/plugins/wpforms-lite/assets/images/submit-spin.svg HTTP/1.1" 200 509 "https://easysalads.com/mediterranean-cucumber-salad" "Mozilla/5.0 (compatible; Yahoo! Slurp; http://help.yahoo.com/help/us/ysearch/slurp)"
3.226.7.73 - - [05/May/2026:03:43:54 -0500] "GET /wp-content/uploads/2024/02/mediterranean-cucumber-salad-03-1024x1536.jpg HTTP/1.1" 200 394473 "https://easysalads.com/mediterranean-cucumber-salad" "Mozilla/5.0 (compatible; Yahoo! Slurp; http://help.yahoo.com/help/us/ysearch/slurp)"
23.22.210.162 - - [05/May/2026:03:43:55 -0500] "GET /wp-content/plugins/social-pug/assets/dist/front-end-pro.js?ver=2.28.0 HTTP/1.1" 200 9352 "https://easysalads.com/mediterranean-cucumber-salad" "Mozilla/5.0 (compatible; Yahoo! Slurp; http://help.yahoo.com/help/us/ysearch/slurp)"
52.91.68.235 - - [05/May/2026:03:44:13 -0500] "GET /grilled-peach-and-burrata-salad/ HTTP/1.1" 200 130150 "-" "Mozilla/5.0 (compatible; proximic; +https://www.comscore.com/Web-Crawler)"
66.249.66.168 - - [05/May/2026:03:44:28 -0500] "GET /wp-content/uploads/2024/02/mediterranean-cucumber-salad-01.jpg HTTP/1.1" 200 756810 "-" "Googlebot-Image/1.0"
154.18.244.252 - - [05/May/2026:03:44:33 -0500] "POST /wp-cron.php?doing_wp_cron=1777970673.3227128982543945312500 HTTP/1.1" 200 11 "-" "WordPress/6.9.4; https://easysalads.com"
104.200.77.150 - - [05/May/2026:03:44:33 -0500] "GET /easy-5-bean-salad/ HTTP/2.0" 200 103063 "https://easysalads.com/" "Mozilla/5.0 (iPhone; CPU iPhone OS 18_0 like Mac OS X) AppleWebKit/605.1.15 (KHTML, like Gecko) Version/18.0 Mobile/15E148 Safari/604.1"
154.28.110.132 - - [05/May/2026:03:44:38 -0500] "GET /wp-content/plugins/kadence-blocks/dist/style-blocks-column.css?ver=3.6.7 HTTP/2.0" 200 428 "https://www.bing.com/" "Mozilla/5.0 (iPhone; CPU iPhone OS 17_1 like Mac OS X) AppleWebKit/605.1.15 (KHTML, like Gecko) CriOS/92.0.4515.90 Mobile/15E148 Safari/604.1"
154.49.207.183 - - [05/May/2026:03:44:43 -0500] "GET /wp-content/uploads/2022/11/5-Bean-Salad-02-768x548.jpg HTTP/2.0" 200 130042 "https://www.bing.com/" "Mozilla/5.0 (iPhone; CPU iPhone OS 15_5 like Mac OS X) AppleWebKit/605.1.15 (KHTML, like Gecko) Version/15_5 Mobile/15E148 Safari/604.1"
24.88.9.246 - - [05/May/2026:03:44:51 -0500] "GET /wp-content/plugins/wpforms-lite/assets/images/submit-spin.svg HTTP/2.0" 200 509 "-" "Mozilla/5.0 (iPhone; CPU iPhone OS 18_6_0 like Mac OS X) AppleWebKit/605.1.15 (KHTML, like Gecko) EdgiOS/140.0.3485.71 Version/18.0 Mobile/15E148 Safari/604.1"
149.13.9.82 - - [05/May/2026:03:44:54 -0500] "GET /wp-content/plugins/wp-recipe-maker/assets/icons/rating/stars-alt-5.svg HTTP/2.0" 200 976 "-" "Mozilla/5.0 (iPhone; CPU iPhone OS 16_1_2 like Mac OS X) AppleWebKit/605.1.15 (KHTML, like Gecko) Version/16.1 Mobile/15E148 Safari/604.1"
154.18.244.252 - - [05/May/2026:03:45:04 -0500] "POST /wp-cron.php?doing_wp_cron=1777970704.3673009872436523437500 HTTP/1.1" 200 11 "-" "WordPress/6.9.4; https://easysalads.com"
57.128.189.19 - - [05/May/2026:03:45:04 -0500] "GET /?nocache=1777970641 HTTP/2.0" 200 89193 "-" "BigScootsMonitor Mozilla/5.0 (Windows NT 10.0; Win64; x64) AppleWebKit/537.36 (KHTML, like Gecko) Chrome/74.0.3729.169 Safari/537.36"
51.222.136.175 - - [05/May/2026:03:45:05 -0500] "GET /?nocache=1777970641 HTTP/2.0" 200 89193 "-" "BigScootsMonitor Mozilla/5.0 (Windows NT 10.0; Win64; x64) AppleWebKit/537.36 (KHTML, like Gecko) Chrome/74.0.3729.169 Safari/537.36"
154.18.244.252 - - [05/May/2026:03:47:04 -0500] "POST /wp-cron.php?doing_wp_cron=1777970824.2071208953857421875000 HTTP/1.1" 200 11 "-" "WordPress/6.9.4; https://easysalads.com"
57.128.189.19 - - [05/May/2026:03:47:04 -0500] "GET /?nocache=1777970761 HTTP/2.0" 200 89193 "-" "BigScootsMonitor Mozilla/5.0 (Windows NT 10.0; Win64; x64) AppleWebKit/537.36 (KHTML, like Gecko) Chrome/74.0.3729.169 Safari/537.36"
51.222.136.175 - - [05/May/2026:03:47:05 -0500] "GET /?nocache=1777970761 HTTP/2.0" 200 89193 "-" "BigScootsMonitor Mozilla/5.0 (Windows NT 10.0; Win64; x64) AppleWebKit/537.36 (KHTML, like Gecko) Chrome/74.0.3729.169 Safari/537.36"
162.241.53.41 - - [05/May/2026:03:47:21 -0500] "GET /wp-login.php HTTP/2.0" 200 1883 "-" "Mozilla/5.0 (Windows NT 6.1; Win64; x64) AppleWebKit/537.36 (KHTML, like Gecko) Chrome/66.0.3359.139 Safari/537.36"
162.241.53.41 - - [05/May/2026:03:47:21 -0500] "POST /wp-login.php HTTP/2.0" 200 2018 "https://easysalads.com/wp-login.php" "Mozilla/5.0 (Windows NT 6.1; Win64; x64) AppleWebKit/537.36 (KHTML, like Gecko) Chrome/66.0.3359.139 Safari/537.36"
152.53.44.20 - - [05/May/2026:03:47:48 -0500] "GET /wp-login.php HTTP/2.0" 200 1883 "-" "Mozilla/5.0 (Windows NT 6.3; WOW64; Trident/7.0; TAJB; rv:11.0) like Gecko"
152.53.44.20 - - [05/May/2026:03:47:48 -0500] "POST /wp-login.php HTTP/2.0" 200 2019 "https://easysalads.com/wp-login.php" "Mozilla/5.0 (Windows NT 6.3; WOW64; Trident/7.0; TAJB; rv:11.0) like Gecko"
157.55.39.7 - - [05/May/2026:03:48:57 -0500] "GET /wp-content/uploads/2022/11/apple-pecan-blue-cheese-salad-01-480x270.jpg HTTP/2.0" 200 53024 "-" "Mozilla/5.0 AppleWebKit/537.36 (KHTML, like Gecko; compatible; bingbot/2.0; +http://www.bing.com/bingbot.htm) Chrome/116.0.1938.76 Safari/537.36"
40.77.167.149 - - [05/May/2026:03:49:02 -0500] "GET /wp-content/uploads/2022/11/apple-pecan-blue-cheese-salad-01.jpg HTTP/2.0" 200 653618 "-" "Mozilla/5.0 AppleWebKit/537.36 (KHTML, like Gecko; compatible; bingbot/2.0; +http://www.bing.com/bingbot.htm) Chrome/116.0.1938.76 Safari/537.36"
52.167.144.182 - - [05/May/2026:03:49:02 -0500] "GET /wp-content/uploads/2022/11/apple-pecan-blue-cheese-salad-01-500x375.jpg HTTP/2.0" 200 74260 "-" "Mozilla/5.0 AppleWebKit/537.36 (KHTML, like Gecko; compatible; bingbot/2.0; +http://www.bing.com/bingbot.htm) Chrome/116.0.1938.76 Safari/537.36"
40.77.167.149 - - [05/May/2026:03:49:02 -0500] "GET /wp-content/uploads/2022/11/apple-pecan-blue-cheese-salad-01-500x500.jpg HTTP/2.0" 200 93400 "-" "Mozilla/5.0 AppleWebKit/537.36 (KHTML, like Gecko; compatible; bingbot/2.0; +http://www.bing.com/bingbot.htm) Chrome/116.0.1938.76 Safari/537.36"
154.18.244.252 - - [05/May/2026:03:49:04 -0500] "POST /wp-cron.php?doing_wp_cron=1777970944.4533340930938720703125 HTTP/1.1" 200 11 "-" "WordPress/6.9.4; https://easysalads.com"
57.128.189.19 - - [05/May/2026:03:49:04 -0500] "GET /?nocache=1777970881 HTTP/2.0" 200 89193 "-" "BigScootsMonitor Mozilla/5.0 (Windows NT 10.0; Win64; x64) AppleWebKit/537.36 (KHTML, like Gecko) Chrome/74.0.3729.169 Safari/537.36"
51.222.136.175 - - [05/May/2026:03:49:04 -0500] "GET /?nocache=1777970881 HTTP/2.0" 200 89193 "-" "BigScootsMonitor Mozilla/5.0 (Windows NT 10.0; Win64; x64) AppleWebKit/537.36 (KHTML, like Gecko) Chrome/74.0.3729.169 Safari/537.36"
162.214.154.138 - - [05/May/2026:03:49:28 -0500] "GET /wp-login.php HTTP/2.0" 200 1883 "-" "Mozilla/5.0 (Macintosh; Intel Mac OS X 10_9_5) AppleWebKit/537.36 (KHTML, like Gecko) Chrome/66.0.3359.117 Safari/537.36"
162.214.154.138 - - [05/May/2026:03:49:29 -0500] "POST /wp-login.php HTTP/2.0" 200 2022 "https://easysalads.com/wp-login.php" "Mozilla/5.0 (Macintosh; Intel Mac OS X 10_9_5) AppleWebKit/537.36 (KHTML, like Gecko) Chrome/66.0.3359.117 Safari/537.36"
154.18.244.252 - - [05/May/2026:03:51:04 -0500] "POST /wp-cron.php?doing_wp_cron=1777971064.6919350624084472656250 HTTP/1.1" 200 11 "-" "WordPress/6.9.4; https://easysalads.com"
57.128.189.19 - - [05/May/2026:03:51:04 -0500] "GET /?nocache=1777971001 HTTP/2.0" 200 89193 "-" "BigScootsMonitor Mozilla/5.0 (Windows NT 10.0; Win64; x64) AppleWebKit/537.36 (KHTML, like Gecko) Chrome/74.0.3729.169 Safari/537.36"
51.222.136.175 - - [05/May/2026:03:51:05 -0500] "GET /?nocache=1777971001 HTTP/2.0" 200 89193 "-" "BigScootsMonitor Mozilla/5.0 (Windows NT 10.0; Win64; x64) AppleWebKit/537.36 (KHTML, like Gecko) Chrome/74.0.3729.169 Safari/537.36"
38.95.35.85 - - [05/May/2026:03:51:07 -0500] "GET /wp-login.php HTTP/2.0" 200 1883 "-" "Mozilla/5.0 (Windows NT 6.2; Win64; x64) AppleWebKit/537.36 (KHTML, like Gecko) Chrome/66.0.3359.181 Safari/537.36"
38.95.35.85 - - [05/May/2026:03:51:08 -0500] "POST /wp-login.php HTTP/2.0" 200 2020 "https://easysalads.com/wp-login.php" "Mozilla/5.0 (Windows NT 6.2; Win64; x64) AppleWebKit/537.36 (KHTML, like Gecko) Chrome/66.0.3359.181 Safari/537.36"
135.236.141.8 - - [05/May/2026:03:51:15 -0500] "GET /wp-login.php HTTP/2.0" 444 0 "-" "Mozilla/5.0 (Windows NT 10.0; WOW64) AppleWebKit/537.36 (KHTML, like Gecko) Chrome/65.0.3325.181 Safari/537.36 OPR/52.0.2871.64"
162.214.154.138 - - [05/May/2026:03:51:28 -0500] "GET /wp-login.php HTTP/2.0" 200 1883 "-" "Mozilla/5.0 (Windows NT 10.0; WOW64) AppleWebKit/537.36 (KHTML, like Gecko) Chrome/66.0.3359.181 Safari/537.36"
162.214.154.138 - - [05/May/2026:03:51:28 -0500] "POST /wp-login.php HTTP/2.0" 200 2021 "https://easysalads.com/wp-login.php" "Mozilla/5.0 (Windows NT 10.0; WOW64) AppleWebKit/537.36 (KHTML, like Gecko) Chrome/66.0.3359.181 Safari/537.36"
162.214.154.138 - - [05/May/2026:03:51:50 -0500] "GET /wp-login.php HTTP/2.0" 200 1883 "-" "Mozilla/5.0 (Macintosh; Intel Mac OS X 10_13_4) AppleWebKit/537.36 (KHTML, like Gecko) Chrome/67.0.3396.62 Safari/537.36"
162.214.154.138 - - [05/May/2026:03:51:51 -0500] "POST /wp-login.php HTTP/2.0" 200 2020 "https://easysalads.com/wp-login.php" "Mozilla/5.0 (Macintosh; Intel Mac OS X 10_13_4) AppleWebKit/537.36 (KHTML, like Gecko) Chrome/67.0.3396.62 Safari/537.36"
154.18.244.252 - - [05/May/2026:03:52:06 -0500] "POST /wp-cron.php?doing_wp_cron=1777971126.4839088916778564453125 HTTP/1.1" 200 11 "-" "WordPress/6.9.4; https://easysalads.com"
78.142.18.172 - - [05/May/2026:03:52:06 -0500] "GET /wp-login.php HTTP/2.0" 200 1883 "-" "Mozilla/5.0 (Windows NT 6.3; Win64; x64) AppleWebKit/537.36 (KHTML, like Gecko) Chrome/65.0.3325.162 Safari/537.36"
78.142.18.172 - - [05/May/2026:03:52:06 -0500] "POST /wp-login.php HTTP/2.0" 200 2018 "https://easysalads.com/wp-login.php" "Mozilla/5.0 (Windows NT 6.3; Win64; x64) AppleWebKit/537.36 (KHTML, like Gecko) Chrome/65.0.3325.162 Safari/537.36"
74.91.224.220 - - [05/May/2026:03:52:28 -0500] "GET /wp-login.php HTTP/2.0" 444 0 "-" "Mozilla/5.0 (Windows NT 10.0; Win64; x64) AppleWebKit/537.36 (KHTML, like Gecko) Chrome/63.0.3239.132 Safari/537.36 OPR/50.0.2762.67"
162.214.154.138 - - [05/May/2026:03:52:40 -0500] "GET /wp-login.php HTTP/2.0" 200 1883 "-" "Mozilla/5.0 (Macintosh; Intel Mac OS X 10_13_4) AppleWebKit/537.36 (KHTML, like Gecko) Chrome/66.0.3359.117 Safari/537.36"
162.214.154.138 - - [05/May/2026:03:52:40 -0500] "POST /wp-login.php HTTP/2.0" 200 2021 "https://easysalads.com/wp-login.php" "Mozilla/5.0 (Macintosh; Intel Mac OS X 10_13_4) AppleWebKit/537.36 (KHTML, like Gecko) Chrome/66.0.3359.117 Safari/537.36"
154.18.244.252 - - [05/May/2026:03:53:04 -0500] "POST /wp-cron.php?doing_wp_cron=1777971184.1584649085998535156250 HTTP/1.1" 200 11 "-" "WordPress/6.9.4; https://easysalads.com"
57.128.189.19 - - [05/May/2026:03:53:04 -0500] "GET /?nocache=1777971121 HTTP/2.0" 200 89193 "-" "BigScootsMonitor Mozilla/5.0 (Windows NT 10.0; Win64; x64) AppleWebKit/537.36 (KHTML, like Gecko) Chrome/74.0.3729.169 Safari/537.36"
51.222.136.175 - - [05/May/2026:03:53:04 -0500] "GET /?nocache=1777971121 HTTP/2.0" 200 89193 "-" "BigScootsMonitor Mozilla/5.0 (Windows NT 10.0; Win64; x64) AppleWebKit/537.36 (KHTML, like Gecko) Chrome/74.0.3729.169 Safari/537.36"
51.15.160.8 - - [05/May/2026:03:53:12 -0500] "GET /wp-login.php HTTP/2.0" 444 0 "-" "Mozilla/5.0 (Windows NT 6.1; Win64; x64) AppleWebKit/537.36 (KHTML, like Gecko) Chrome/65.0.3325.181 Safari/537.36 OPR/52.0.2871.64"
66.249.66.77 - - [05/May/2026:03:54:28 -0500] "GET /wp-content/uploads/2024/02/creamy-chickpea-salad02.jpg HTTP/1.1" 200 317503 "-" "Googlebot-Image/1.0"
194.5.48.147 - - [05/May/2026:03:54:56 -0500] "POST /xmlrpc.php HTTP/1.1" 403 548 "-" "Mozilla/5.0 (Windows NT 10.0; Win64; x64) AppleWebKit/537.36 Chrome/120.0.0.0 Safari/537.36"
194.5.48.147 - - [05/May/2026:03:54:56 -0500] "POST /xmlrpc.php HTTP/1.1" 403 548 "-" "Mozilla/5.0 (Windows NT 10.0; Win64; x64) AppleWebKit/537.36 Chrome/120.0.0.0 Safari/537.36"
194.5.48.157 - - [05/May/2026:03:54:56 -0500] "POST /xmlrpc.php HTTP/1.1" 403 548 "-" "Mozilla/5.0 (Windows NT 10.0; Win64; x64) AppleWebKit/537.36 Chrome/120.0.0.0 Safari/537.36"
154.18.244.252 - - [05/May/2026:03:55:04 -0500] "POST /wp-cron.php?doing_wp_cron=1777971304.5225369930267333984375 HTTP/1.1" 200 11 "-" "WordPress/6.9.4; https://easysalads.com"
57.128.189.19 - - [05/May/2026:03:55:04 -0500] "GET /?nocache=1777971241 HTTP/2.0" 200 89193 "-" "BigScootsMonitor Mozilla/5.0 (Windows NT 10.0; Win64; x64) AppleWebKit/537.36 (KHTML, like Gecko) Chrome/74.0.3729.169 Safari/537.36"
51.222.136.175 - - [05/May/2026:03:55:04 -0500] "GET /?nocache=1777971241 HTTP/2.0" 200 89193 "-" "BigScootsMonitor Mozilla/5.0 (Windows NT 10.0; Win64; x64) AppleWebKit/537.36 (KHTML, like Gecko) Chrome/74.0.3729.169 Safari/537.36"
154.18.244.252 - - [05/May/2026:03:56:27 -0500] "POST /wp-cron.php?doing_wp_cron=1777971387.8611259460449218750000 HTTP/1.1" 200 11 "-" "WordPress/6.9.4; https://easysalads.com"
149.167.5.32 - - [05/May/2026:03:56:27 -0500] "GET /mediterranean-cucumber-salad/ HTTP/2.0" 200 101715 "-" "Mozilla/5.0 (iPhone; CPU iPhone OS 18_7 like Mac OS X) AppleWebKit/605.1.15 (KHTML, like Gecko) Version/26.3 Mobile/15E148 Safari/604.1"
149.167.5.32 - - [05/May/2026:03:56:28 -0500] "GET /wp-content/plugins/kadence-blocks/dist/style-blocks-rowlayout.css?ver=3.6.7 HTTP/2.0" 200 1771 "https://easysalads.com/mediterranean-cucumber-salad/" "Mozilla/5.0 (iPhone; CPU iPhone OS 18_7 like Mac OS X) AppleWebKit/605.1.15 (KHTML, like Gecko) Version/26.3 Mobile/15E148 Safari/604.1"
149.167.5.32 - - [05/May/2026:03:56:28 -0500] "GET /wp-content/plugins/kadence-blocks/dist/style-blocks-column.css?ver=3.6.7 HTTP/2.0" 200 428 "https://easysalads.com/mediterranean-cucumber-salad/" "Mozilla/5.0 (iPhone; CPU iPhone OS 18_7 like Mac OS X) AppleWebKit/605.1.15 (KHTML, like Gecko) Version/26.3 Mobile/15E148 Safari/604.1"
149.167.5.32 - - [05/May/2026:03:56:28 -0500] "GET /wp-content/plugins/kadence-blocks/dist/style-blocks-infobox.css?ver=3.6.7 HTTP/2.0" 200 1340 "https://easysalads.com/mediterranean-cucumber-salad/" "Mozilla/5.0 (iPhone; CPU iPhone OS 18_7 like Mac OS X) AppleWebKit/605.1.15 (KHTML, like Gecko) Version/26.3 Mobile/15E148 Safari/604.1"
149.167.5.32 - - [05/May/2026:03:56:28 -0500] "GET /wp-content/plugins/kadence-blocks/dist/style-blocks-advancedbtn.css?ver=3.6.7 HTTP/2.0" 200 705 "https://easysalads.com/mediterranean-cucumber-salad/" "Mozilla/5.0 (iPhone; CPU iPhone OS 18_7 like Mac OS X) AppleWebKit/605.1.15 (KHTML, like Gecko) Version/26.3 Mobile/15E148 Safari/604.1"
149.167.5.32 - - [05/May/2026:03:56:28 -0500] "GET /wp-content/plugins/kadence-blocks-pro/dist/style-blocks-postgrid.css?ver=2.8.13.1 HTTP/2.0" 200 2795 "https://easysalads.com/mediterranean-cucumber-salad/" "Mozilla/5.0 (iPhone; CPU iPhone OS 18_7 like Mac OS X) AppleWebKit/605.1.15 (KHTML, like Gecko) Version/26.3 Mobile/15E148 Safari/604.1"
149.167.5.32 - - [05/May/2026:03:56:28 -0500] "GET /wp-content/plugins/wp-recipe-maker/dist/public-modern.css?ver=10.5.0 HTTP/2.0" 200 7712 "https://easysalads.com/mediterranean-cucumber-salad/" "Mozilla/5.0 (iPhone; CPU iPhone OS 18_7 like Mac OS X) AppleWebKit/605.1.15 (KHTML, like Gecko) Version/26.3 Mobile/15E148 Safari/604.1"
149.167.5.32 - - [05/May/2026:03:56:28 -0500] "GET /wp-content/plugins/wp-recipe-maker-premium/dist/public-pro.css?ver=10.5.0 HTTP/2.0" 200 6796 "https://easysalads.com/mediterranean-cucumber-salad/" "Mozilla/5.0 (iPhone; CPU iPhone OS 18_7 like Mac OS X) AppleWebKit/605.1.15 (KHTML, like Gecko) Version/26.3 Mobile/15E148 Safari/604.1"
149.167.5.32 - - [05/May/2026:03:56:28 -0500] "GET /wp-content/themes/kadence/assets/css/global.min.css?ver=1.1.22 HTTP/2.0" 200 4256 "https://easysalads.com/mediterranean-cucumber-salad/" "Mozilla/5.0 (iPhone; CPU iPhone OS 18_7 like Mac OS X) AppleWebKit/605.1.15 (KHTML, like Gecko) Version/26.3 Mobile/15E148 Safari/604.1"
149.167.5.32 - - [05/May/2026:03:56:28 -0500] "GET /wp-content/themes/kadence/assets/css/header.min.css?ver=1.1.22 HTTP/2.0" 200 4295 "https://easysalads.com/mediterranean-cucumber-salad/" "Mozilla/5.0 (iPhone; CPU iPhone OS 18_7 like Mac OS X) AppleWebKit/605.1.15 (KHTML, like Gecko) Version/26.3 Mobile/15E148 Safari/604.1"
149.167.5.32 - - [05/May/2026:03:56:28 -0500] "GET /wp-content/themes/kadence/assets/css/content.min.css?ver=1.1.22 HTTP/2.0" 200 5512 "https://easysalads.com/mediterranean-cucumber-salad/" "Mozilla/5.0 (iPhone; CPU iPhone OS 18_7 like Mac OS X) AppleWebKit/605.1.15 (KHTML, like Gecko) Version/26.3 Mobile/15E148 Safari/604.1"
149.167.5.32 - - [05/May/2026:03:56:28 -0500] "GET /wp-content/themes/kadence/assets/css/comments.min.css?ver=1.1.22 HTTP/2.0" 200 1289 "https://easysalads.com/mediterranean-cucumber-salad/" "Mozilla/5.0 (iPhone; CPU iPhone OS 18_7 like Mac OS X) AppleWebKit/605.1.15 (KHTML, like Gecko) Version/26.3 Mobile/15E148 Safari/604.1"
149.167.5.32 - - [05/May/2026:03:56:28 -0500] "GET /wp-content/themes/kadence/assets/css/sidebar.min.css?ver=1.1.22 HTTP/2.0" 200 749 "https://easysalads.com/mediterranean-cucumber-salad/" "Mozilla/5.0 (iPhone; CPU iPhone OS 18_7 like Mac OS X) AppleWebKit/605.1.15 (KHTML, like Gecko) Version/26.3 Mobile/15E148 Safari/604.1"
149.167.5.32 - - [05/May/2026:03:56:28 -0500] "GET /wp-content/themes/kadence/assets/css/footer.min.css?ver=1.1.22 HTTP/2.0" 200 1580 "https://easysalads.com/mediterranean-cucumber-salad/" "Mozilla/5.0 (iPhone; CPU iPhone OS 18_7 like Mac OS X) AppleWebKit/605.1.15 (KHTML, like Gecko) Version/26.3 Mobile/15E148 Safari/604.1"
149.167.5.32 - - [05/May/2026:03:56:28 -0500] "GET /wp-content/plugins/kadence-pro/dist/mega-menu/menu-addon.css?ver=1.1.19 HTTP/2.0" 200 1126 "https://easysalads.com/mediterranean-cucumber-salad/" "Mozilla/5.0 (iPhone; CPU iPhone OS 18_7 like Mac OS X) AppleWebKit/605.1.15 (KHTML, like Gecko) Version/26.3 Mobile/15E148 Safari/604.1"
149.167.5.32 - - [05/May/2026:03:56:28 -0500] "GET /wp-content/plugins/social-pug/assets/dist/style-frontend-pro.css?ver=2.28.0 HTTP/2.0" 200 11454 "https://easysalads.com/mediterranean-cucumber-salad/" "Mozilla/5.0 (iPhone; CPU iPhone OS 18_7 like Mac OS X) AppleWebKit/605.1.15 (KHTML, like Gecko) Version/26.3 Mobile/15E148 Safari/604.1"
149.167.5.32 - - [05/May/2026:03:56:28 -0500] "GET /wp-content/themes/restored316-sage/style.css?ver=1_0_1 HTTP/2.0" 200 1089 "https://easysalads.com/mediterranean-cucumber-salad/" "Mozilla/5.0 (iPhone; CPU iPhone OS 18_7 like Mac OS X) AppleWebKit/605.1.15 (KHTML, like Gecko) Version/26.3 Mobile/15E148 Safari/604.1"
149.167.5.32 - - [05/May/2026:03:56:28 -0500] "GET /wp-content/plugins/wpforms-lite/assets/css/frontend/modern/wpforms-full.min.css?ver=1.10.0.4 HTTP/2.0" 200 14792 "https://easysalads.com/mediterranean-cucumber-salad/" "Mozilla/5.0 (iPhone; CPU iPhone OS 18_7 like Mac OS X) AppleWebKit/605.1.15 (KHTML, like Gecko) Version/26.3 Mobile/15E148 Safari/604.1"
149.167.5.32 - - [05/May/2026:03:56:28 -0500] "GET /wp-content/uploads/2022/09/Easy-Salads-website-logo-1536x451.png HTTP/2.0" 200 71572 "https://easysalads.com/mediterranean-cucumber-salad/" "Mozilla/5.0 (iPhone; CPU iPhone OS 18_7 like Mac OS X) AppleWebKit/605.1.15 (KHTML, like Gecko) Version/26.3 Mobile/15E148 Safari/604.1"
149.167.5.32 - - [05/May/2026:03:56:28 -0500] "GET /wp-content/plugins/kadence-blocks/dist/style-blocks-iconlist.css?ver=3.6.7 HTTP/2.0" 200 597 "https://easysalads.com/mediterranean-cucumber-salad/" "Mozilla/5.0 (iPhone; CPU iPhone OS 18_7 like Mac OS X) AppleWebKit/605.1.15 (KHTML, like Gecko) Version/26.3 Mobile/15E148 Safari/604.1"
149.167.5.32 - - [05/May/2026:03:56:28 -0500] "GET /wp-content/plugins/kadence-blocks/dist/style-blocks-spacer.css?ver=3.6.7 HTTP/2.0" 200 385 "https://easysalads.com/mediterranean-cucumber-salad/" "Mozilla/5.0 (iPhone; CPU iPhone OS 18_7 like Mac OS X) AppleWebKit/605.1.15 (KHTML, like Gecko) Version/26.3 Mobile/15E148 Safari/604.1"
149.167.5.32 - - [05/May/2026:03:56:28 -0500] "GET /wp-content/plugins/wp-recipe-maker/dist/public-modern.js?ver=10.5.0 HTTP/2.0" 200 23744 "https://easysalads.com/mediterranean-cucumber-salad/" "Mozilla/5.0 (iPhone; CPU iPhone OS 18_7 like Mac OS X) AppleWebKit/605.1.15 (KHTML, like Gecko) Version/26.3 Mobile/15E148 Safari/604.1"
149.167.5.32 - - [05/May/2026:03:56:28 -0500] "GET /wp-content/plugins/wp-recipe-maker-premium/dist/public-pro.js?ver=10.5.0 HTTP/2.0" 200 20140 "https://easysalads.com/mediterranean-cucumber-salad/" "Mozilla/5.0 (iPhone; CPU iPhone OS 18_7 like Mac OS X) AppleWebKit/605.1.15 (KHTML, like Gecko) Version/26.3 Mobile/15E148 Safari/604.1"
149.167.5.32 - - [05/May/2026:03:56:28 -0500] "GET /wp-content/themes/kadence/assets/js/navigation-lite.min.js?ver=1.1.21 HTTP/2.0" 200 2083 "https://easysalads.com/mediterranean-cucumber-salad/" "Mozilla/5.0 (iPhone; CPU iPhone OS 18_7 like Mac OS X) AppleWebKit/605.1.15 (KHTML, like Gecko) Version/26.3 Mobile/15E148 Safari/604.1"
149.167.5.32 - - [05/May/2026:03:56:28 -0500] "GET /wp-content/plugins/social-pug/assets/dist/front-end-pro.js?ver=2.28.0 HTTP/2.0" 200 9339 "https://easysalads.com/mediterranean-cucumber-salad/" "Mozilla/5.0 (iPhone; CPU iPhone OS 18_7 like Mac OS X) AppleWebKit/605.1.15 (KHTML, like Gecko) Version/26.3 Mobile/15E148 Safari/604.1"
149.167.5.32 - - [05/May/2026:03:56:28 -0500] "GET /wp-content/plugins/kadence-pro/dist/mega-menu/kadence-mega-menu.min.js?ver=1.1.19 HTTP/2.0" 200 457 "https://easysalads.com/mediterranean-cucumber-salad/" "Mozilla/5.0 (iPhone; CPU iPhone OS 18_7 like Mac OS X) AppleWebKit/605.1.15 (KHTML, like Gecko) Version/26.3 Mobile/15E148 Safari/604.1"
149.167.5.32 - - [05/May/2026:03:56:28 -0500] "GET /wp-content/plugins/akismet/_inc/akismet-frontend.js?ver=1764724306 HTTP/2.0" 200 3016 "https://easysalads.com/mediterranean-cucumber-salad/" "Mozilla/5.0 (iPhone; CPU iPhone OS 18_7 like Mac OS X) AppleWebKit/605.1.15 (KHTML, like Gecko) Version/26.3 Mobile/15E148 Safari/604.1"
149.167.5.32 - - [05/May/2026:03:56:28 -0500] "GET /wp-includes/js/jquery/jquery.min.js?ver=3.7.1 HTTP/2.0" 200 29769 "https://easysalads.com/mediterranean-cucumber-salad/" "Mozilla/5.0 (iPhone; CPU iPhone OS 18_7 like Mac OS X) AppleWebKit/605.1.15 (KHTML, like Gecko) Version/26.3 Mobile/15E148 Safari/604.1"
149.167.5.32 - - [05/May/2026:03:56:28 -0500] "GET /wp-includes/js/jquery/jquery-migrate.min.js?ver=3.4.1 HTTP/2.0" 200 4679 "https://easysalads.com/mediterranean-cucumber-salad/" "Mozilla/5.0 (iPhone; CPU iPhone OS 18_7 like Mac OS X) AppleWebKit/605.1.15 (KHTML, like Gecko) Version/26.3 Mobile/15E148 Safari/604.1"
