69.201.65.190 - - [05/May/2026:07:27:51 -0500] "GET /wprm_print/hot-chicken-salad?gpp=DBABzw%7E1YNY%7EBVQqAAAAAgA&gpp_sid=6%2C7 HTTP/2.0" 200 9892 "-" "Mozilla/5.0 (iPhone; CPU iPhone OS 18_7 like Mac OS X) AppleWebKit/605.1.15 (KHTML, like Gecko) Version/18.7.5 Mobile/15E148 Safari/604.1"
74.119.117.179 - - [05/May/2026:07:27:52 -0500] "GET /wprm_print/hot-chicken-salad HTTP/1.1" 200 11010 "-" "CriteoBot/0.1 (+https://www.criteo.com/criteo-crawler/)"
68.152.23.72 - - [05/May/2026:07:27:54 -0500] "GET /easy-5-bean-salad/ HTTP/2.0" 200 103027 "https://www.google.com/" "Mozilla/5.0 (Linux; Android 10; K) AppleWebKit/537.36 (KHTML, like Gecko) Chrome/147.0.0.0 Mobile Safari/537.36"
136.226.168.163 - - [05/May/2026:07:27:55 -0500] "GET /wp-content/uploads/2024/11/sweet-potato-feta-salad-00.jpg HTTP/2.0" 200 886828 "https://www.google.com/" "Mozilla/5.0 (Windows NT 10.0; Win64; x64) AppleWebKit/537.36 (KHTML, like Gecko) Chrome/147.0.0.0 Safari/537.36"
68.152.23.72 - - [05/May/2026:07:27:55 -0500] "GET /wp-content/plugins/kadence-blocks/dist/style-blocks-rowlayout.css?ver=3.6.7 HTTP/2.0" 200 1771 "-" "Mozilla/5.0 (Linux; Android 10; K) AppleWebKit/537.36 (KHTML, like Gecko) Chrome/147.0.0.0 Mobile Safari/537.36"
68.152.23.72 - - [05/May/2026:07:27:56 -0500] "GET /wp-content/plugins/kadence-blocks/dist/style-blocks-column.css?ver=3.6.7 HTTP/2.0" 200 428 "-" "Mozilla/5.0 (Linux; Android 10; K) AppleWebKit/537.36 (KHTML, like Gecko) Chrome/147.0.0.0 Mobile Safari/537.36"
68.152.23.72 - - [05/May/2026:07:27:56 -0500] "GET /wp-content/plugins/kadence-blocks/dist/style-blocks-infobox.css?ver=3.6.7 HTTP/2.0" 200 1340 "https://easysalads.com/easy-5-bean-salad/" "Mozilla/5.0 (Linux; Android 10; K) AppleWebKit/537.36 (KHTML, like Gecko) Chrome/147.0.0.0 Mobile Safari/537.36"
68.152.23.72 - - [05/May/2026:07:27:56 -0500] "GET /wp-content/plugins/kadence-blocks/dist/style-blocks-advancedbtn.css?ver=3.6.7 HTTP/2.0" 200 705 "https://easysalads.com/easy-5-bean-salad/" "Mozilla/5.0 (Linux; Android 10; K) AppleWebKit/537.36 (KHTML, like Gecko) Chrome/147.0.0.0 Mobile Safari/537.36"
68.152.23.72 - - [05/May/2026:07:27:56 -0500] "GET /wp-content/plugins/kadence-blocks-pro/dist/style-blocks-postgrid.css?ver=2.8.13.1 HTTP/2.0" 200 2795 "https://easysalads.com/easy-5-bean-salad/" "Mozilla/5.0 (Linux; Android 10; K) AppleWebKit/537.36 (KHTML, like Gecko) Chrome/147.0.0.0 Mobile Safari/537.36"
68.152.23.72 - - [05/May/2026:07:27:56 -0500] "GET /wp-content/plugins/wp-recipe-maker/dist/public-modern.css?ver=10.5.0 HTTP/2.0" 200 7712 "https://easysalads.com/easy-5-bean-salad/" "Mozilla/5.0 (Linux; Android 10; K) AppleWebKit/537.36 (KHTML, like Gecko) Chrome/147.0.0.0 Mobile Safari/537.36"
68.152.23.72 - - [05/May/2026:07:27:56 -0500] "GET /wp-content/plugins/wp-recipe-maker-premium/dist/public-pro.css?ver=10.5.0 HTTP/2.0" 200 6796 "https://easysalads.com/easy-5-bean-salad/" "Mozilla/5.0 (Linux; Android 10; K) AppleWebKit/537.36 (KHTML, like Gecko) Chrome/147.0.0.0 Mobile Safari/537.36"
68.152.23.72 - - [05/May/2026:07:27:56 -0500] "GET /wp-content/themes/kadence/assets/css/global.min.css?ver=1.1.22 HTTP/2.0" 200 4256 "https://easysalads.com/easy-5-bean-salad/" "Mozilla/5.0 (Linux; Android 10; K) AppleWebKit/537.36 (KHTML, like Gecko) Chrome/147.0.0.0 Mobile Safari/537.36"
68.152.23.72 - - [05/May/2026:07:27:56 -0500] "GET /wp-content/themes/kadence/assets/css/header.min.css?ver=1.1.22 HTTP/2.0" 200 4295 "https://easysalads.com/easy-5-bean-salad/" "Mozilla/5.0 (Linux; Android 10; K) AppleWebKit/537.36 (KHTML, like Gecko) Chrome/147.0.0.0 Mobile Safari/537.36"
68.152.23.72 - - [05/May/2026:07:27:56 -0500] "GET /wp-content/themes/kadence/assets/css/content.min.css?ver=1.1.22 HTTP/2.0" 200 5512 "https://easysalads.com/easy-5-bean-salad/" "Mozilla/5.0 (Linux; Android 10; K) AppleWebKit/537.36 (KHTML, like Gecko) Chrome/147.0.0.0 Mobile Safari/537.36"
68.152.23.72 - - [05/May/2026:07:27:56 -0500] "GET /wp-content/themes/kadence/assets/css/comments.min.css?ver=1.1.22 HTTP/2.0" 200 1289 "https://easysalads.com/easy-5-bean-salad/" "Mozilla/5.0 (Linux; Android 10; K) AppleWebKit/537.36 (KHTML, like Gecko) Chrome/147.0.0.0 Mobile Safari/537.36"
68.152.23.72 - - [05/May/2026:07:27:56 -0500] "GET /wp-content/themes/kadence/assets/css/sidebar.min.css?ver=1.1.22 HTTP/2.0" 200 749 "https://easysalads.com/easy-5-bean-salad/" "Mozilla/5.0 (Linux; Android 10; K) AppleWebKit/537.36 (KHTML, like Gecko) Chrome/147.0.0.0 Mobile Safari/537.36"
68.152.23.72 - - [05/May/2026:07:27:56 -0500] "GET /wp-content/themes/kadence/assets/css/footer.min.css?ver=1.1.22 HTTP/2.0" 200 1580 "https://easysalads.com/easy-5-bean-salad/" "Mozilla/5.0 (Linux; Android 10; K) AppleWebKit/537.36 (KHTML, like Gecko) Chrome/147.0.0.0 Mobile Safari/537.36"
68.152.23.72 - - [05/May/2026:07:27:56 -0500] "GET /wp-content/plugins/kadence-pro/dist/mega-menu/menu-addon.css?ver=1.1.19 HTTP/2.0" 200 1126 "https://easysalads.com/easy-5-bean-salad/" "Mozilla/5.0 (Linux; Android 10; K) AppleWebKit/537.36 (KHTML, like Gecko) Chrome/147.0.0.0 Mobile Safari/537.36"
68.152.23.72 - - [05/May/2026:07:27:56 -0500] "GET /wp-content/plugins/social-pug/assets/dist/style-frontend-pro.css?ver=2.28.0 HTTP/2.0" 200 11454 "https://easysalads.com/easy-5-bean-salad/" "Mozilla/5.0 (Linux; Android 10; K) AppleWebKit/537.36 (KHTML, like Gecko) Chrome/147.0.0.0 Mobile Safari/537.36"
68.152.23.72 - - [05/May/2026:07:27:56 -0500] "GET /wp-content/plugins/kadence-blocks/dist/style-blocks-spacer.css?ver=3.6.7 HTTP/2.0" 200 385 "https://easysalads.com/easy-5-bean-salad/" "Mozilla/5.0 (Linux; Android 10; K) AppleWebKit/537.36 (KHTML, like Gecko) Chrome/147.0.0.0 Mobile Safari/537.36"
68.152.23.72 - - [05/May/2026:07:27:56 -0500] "GET /wp-content/plugins/kadence-blocks/dist/style-blocks-iconlist.css?ver=3.6.7 HTTP/2.0" 200 597 "https://easysalads.com/easy-5-bean-salad/" "Mozilla/5.0 (Linux; Android 10; K) AppleWebKit/537.36 (KHTML, like Gecko) Chrome/147.0.0.0 Mobile Safari/537.36"
68.152.23.72 - - [05/May/2026:07:27:56 -0500] "GET /wp-content/themes/restored316-sage/style.css?ver=1_0_1 HTTP/2.0" 200 1089 "https://easysalads.com/easy-5-bean-salad/" "Mozilla/5.0 (Linux; Android 10; K) AppleWebKit/537.36 (KHTML, like Gecko) Chrome/147.0.0.0 Mobile Safari/537.36"
68.152.23.72 - - [05/May/2026:07:27:56 -0500] "GET /wp-content/plugins/wpforms-lite/assets/css/frontend/modern/wpforms-full.min.css?ver=1.10.0.4 HTTP/2.0" 200 14792 "https://easysalads.com/easy-5-bean-salad/" "Mozilla/5.0 (Linux; Android 10; K) AppleWebKit/537.36 (KHTML, like Gecko) Chrome/147.0.0.0 Mobile Safari/537.36"
68.152.23.72 - - [05/May/2026:07:27:56 -0500] "GET /wp-content/uploads/2022/09/Easy-Salads-website-logo-768x226.png HTTP/2.0" 200 32242 "https://easysalads.com/easy-5-bean-salad/" "Mozilla/5.0 (Linux; Android 10; K) AppleWebKit/537.36 (KHTML, like Gecko) Chrome/147.0.0.0 Mobile Safari/537.36"
68.152.23.72 - - [05/May/2026:07:27:56 -0500] "GET /wp-content/uploads/2022/11/5-Bean-Salad-00-768x1152.jpg HTTP/2.0" 200 242869 "https://easysalads.com/easy-5-bean-salad/" "Mozilla/5.0 (Linux; Android 10; K) AppleWebKit/537.36 (KHTML, like Gecko) Chrome/147.0.0.0 Mobile Safari/537.36"
68.152.23.72 - - [05/May/2026:07:27:56 -0500] "GET /wp-content/uploads/2022/11/5-Bean-Salad-02-768x548.jpg HTTP/2.0" 200 130042 "https://easysalads.com/easy-5-bean-salad/" "Mozilla/5.0 (Linux; Android 10; K) AppleWebKit/537.36 (KHTML, like Gecko) Chrome/147.0.0.0 Mobile Safari/537.36"
170.178.246.21 - - [05/May/2026:07:27:57 -0500] "GET /wp-content/uploads/2024/01/tomato-onion-salad-03-1024x1024.jpg HTTP/2.0" 200 268432 "https://easysalads.com/tomato-onion-salad/" "Mozilla/5.0 (Windows NT 10.0; Win64; x64; rv:150.0) Gecko/20100101 Firefox/150.0"
68.152.23.72 - - [05/May/2026:07:27:59 -0500] "GET /wp-content/plugins/wp-recipe-maker/dist/public-modern.js?ver=10.5.0 HTTP/2.0" 200 23744 "https://easysalads.com/easy-5-bean-salad/" "Mozilla/5.0 (Linux; Android 10; K) AppleWebKit/537.36 (KHTML, like Gecko) Chrome/147.0.0.0 Mobile Safari/537.36"
68.152.23.72 - - [05/May/2026:07:27:59 -0500] "GET /wp-content/plugins/wp-recipe-maker-premium/dist/public-pro.js?ver=10.5.0 HTTP/2.0" 200 20140 "https://easysalads.com/easy-5-bean-salad/" "Mozilla/5.0 (Linux; Android 10; K) AppleWebKit/537.36 (KHTML, like Gecko) Chrome/147.0.0.0 Mobile Safari/537.36"
68.152.23.72 - - [05/May/2026:07:28:00 -0500] "GET /wp-content/plugins/kadence-pro/dist/mega-menu/kadence-mega-menu.min.js?ver=1.1.19 HTTP/2.0" 200 457 "https://easysalads.com/easy-5-bean-salad/" "Mozilla/5.0 (Linux; Android 10; K) AppleWebKit/537.36 (KHTML, like Gecko) Chrome/147.0.0.0 Mobile Safari/537.36"
68.152.23.72 - - [05/May/2026:07:28:00 -0500] "GET /wp-includes/js/jquery/jquery.min.js?ver=3.7.1 HTTP/2.0" 200 29769 "https://easysalads.com/easy-5-bean-salad/" "Mozilla/5.0 (Linux; Android 10; K) AppleWebKit/537.36 (KHTML, like Gecko) Chrome/147.0.0.0 Mobile Safari/537.36"
68.152.23.72 - - [05/May/2026:07:28:00 -0500] "GET /wp-includes/js/jquery/jquery-migrate.min.js?ver=3.4.1 HTTP/2.0" 200 4679 "https://easysalads.com/easy-5-bean-salad/" "Mozilla/5.0 (Linux; Android 10; K) AppleWebKit/537.36 (KHTML, like Gecko) Chrome/147.0.0.0 Mobile Safari/537.36"
68.152.23.72 - - [05/May/2026:07:28:00 -0500] "GET /wp-content/plugins/wpforms-lite/assets/lib/jquery.validate.min.js?ver=1.21.0 HTTP/2.0" 200 7807 "https://easysalads.com/easy-5-bean-salad/" "Mozilla/5.0 (Linux; Android 10; K) AppleWebKit/537.36 (KHTML, like Gecko) Chrome/147.0.0.0 Mobile Safari/537.36"
68.152.23.72 - - [05/May/2026:07:28:02 -0500] "GET /wp-content/plugins/wpforms-lite/assets/lib/mailcheck.min.js?ver=1.1.2 HTTP/2.0" 200 1616 "https://easysalads.com/easy-5-bean-salad/" "Mozilla/5.0 (Linux; Android 10; K) AppleWebKit/537.36 (KHTML, like Gecko) Chrome/147.0.0.0 Mobile Safari/537.36"
68.152.23.72 - - [05/May/2026:07:28:02 -0500] "GET /wp-content/plugins/wpforms-lite/assets/js/frontend/wpforms.min.js?ver=1.10.0.4 HTTP/2.0" 200 14614 "https://easysalads.com/easy-5-bean-salad/" "Mozilla/5.0 (Linux; Android 10; K) AppleWebKit/537.36 (KHTML, like Gecko) Chrome/147.0.0.0 Mobile Safari/537.36"
68.152.23.72 - - [05/May/2026:07:28:02 -0500] "GET /wp-content/plugins/wpforms-lite/assets/lib/punycode.min.js?ver=1.0.0 HTTP/2.0" 200 834 "https://easysalads.com/easy-5-bean-salad/" "Mozilla/5.0 (Linux; Android 10; K) AppleWebKit/537.36 (KHTML, like Gecko) Chrome/147.0.0.0 Mobile Safari/537.36"
68.152.23.72 - - [05/May/2026:07:28:02 -0500] "GET /wp-content/plugins/wpforms-lite/assets/js/share/utils.min.js?ver=1.10.0.4 HTTP/2.0" 200 727 "https://easysalads.com/easy-5-bean-salad/" "Mozilla/5.0 (Linux; Android 10; K) AppleWebKit/537.36 (KHTML, like Gecko) Chrome/147.0.0.0 Mobile Safari/537.36"
68.152.23.72 - - [05/May/2026:07:28:02 -0500] "GET /wp-content/plugins/wpforms-lite/assets/js/frontend/fields/address.min.js?ver=1.10.0.4 HTTP/2.0" 200 673 "https://easysalads.com/easy-5-bean-salad/" "Mozilla/5.0 (Linux; Android 10; K) AppleWebKit/537.36 (KHTML, like Gecko) Chrome/147.0.0.0 Mobile Safari/537.36"
68.152.23.72 - - [05/May/2026:07:28:02 -0500] "GET /wp-content/plugins/wpforms-lite/assets/js/frontend/wpforms-modern.min.js?ver=1.10.0.4 HTTP/2.0" 200 1866 "https://easysalads.com/easy-5-bean-salad/" "Mozilla/5.0 (Linux; Android 10; K) AppleWebKit/537.36 (KHTML, like Gecko) Chrome/147.0.0.0 Mobile Safari/537.36"
68.152.23.72 - - [05/May/2026:07:28:02 -0500] "GET /wp-content/plugins/wpforms-lite/assets/images/submit-spin.svg HTTP/2.0" 200 509 "https://easysalads.com/easy-5-bean-salad/" "Mozilla/5.0 (Linux; Android 10; K) AppleWebKit/537.36 (KHTML, like Gecko) Chrome/147.0.0.0 Mobile Safari/537.36"
68.152.23.72 - - [05/May/2026:07:28:02 -0500] "GET /wp-content/plugins/wp-recipe-maker/assets/icons/rating/stars-alt-5.svg HTTP/2.0" 200 976 "https://easysalads.com/easy-5-bean-salad/" "Mozilla/5.0 (Linux; Android 10; K) AppleWebKit/537.36 (KHTML, like Gecko) Chrome/147.0.0.0 Mobile Safari/537.36"
68.152.23.72 - - [05/May/2026:07:28:02 -0500] "GET /wp-includes/js/comment-reply.min.js?ver=6.9.4 HTTP/2.0" 200 1248 "https://easysalads.com/easy-5-bean-salad/" "Mozilla/5.0 (Linux; Android 10; K) AppleWebKit/537.36 (KHTML, like Gecko) Chrome/147.0.0.0 Mobile Safari/537.36"
68.152.23.72 - - [05/May/2026:07:28:02 -0500] "GET /wp-content/themes/kadence/assets/js/navigation-lite.min.js?ver=1.1.21 HTTP/2.0" 200 2083 "https://easysalads.com/easy-5-bean-salad/" "Mozilla/5.0 (Linux; Android 10; K) AppleWebKit/537.36 (KHTML, like Gecko) Chrome/147.0.0.0 Mobile Safari/537.36"
68.152.23.72 - - [05/May/2026:07:28:02 -0500] "GET /wp-content/plugins/social-pug/assets/dist/front-end-pro.js?ver=2.28.0 HTTP/2.0" 200 9339 "https://easysalads.com/easy-5-bean-salad/" "Mozilla/5.0 (Linux; Android 10; K) AppleWebKit/537.36 (KHTML, like Gecko) Chrome/147.0.0.0 Mobile Safari/537.36"
68.152.23.72 - - [05/May/2026:07:28:02 -0500] "GET /wp-content/plugins/akismet/_inc/akismet-frontend.js?ver=1764724306 HTTP/2.0" 200 3016 "https://easysalads.com/easy-5-bean-salad/" "Mozilla/5.0 (Linux; Android 10; K) AppleWebKit/537.36 (KHTML, like Gecko) Chrome/147.0.0.0 Mobile Safari/537.36"
18.234.251.43 - - [05/May/2026:07:28:04 -0500] "GET /tomato-onion-salad HTTP/1.1" 200 128806 "-" "Mozilla/5.0 (compatible; proximic; +https://www.comscore.com/Web-Crawler)"
54.175.74.27 - - [05/May/2026:07:28:10 -0500] "GET /tomato-onion-salad/ HTTP/1.1" 200 128806 "-" "Mozilla/5.0 (Macintosh; Intel Mac OS X 10_10_1) AppleWebKit/600.1.25 (KHTML, like Gecko) Version/8.0 Safari/600.1.25"
54.175.74.27 - - [05/May/2026:07:28:11 -0500] "GET /wprm_print/hot-chicken-salad HTTP/1.1" 200 11010 "-" "Mozilla/5.0 (Macintosh; Intel Mac OS X 10_10_1) AppleWebKit/600.1.25 (KHTML, like Gecko) Version/8.0 Safari/600.1.25"
68.152.23.72 - - [05/May/2026:07:28:19 -0500] "GET /wp-content/uploads/2022/11/5-Bean-Salad-03-683x1024.jpg HTTP/2.0" 200 133745 "https://easysalads.com/easy-5-bean-salad/" "Mozilla/5.0 (Linux; Android 10; K) AppleWebKit/537.36 (KHTML, like Gecko) Chrome/147.0.0.0 Mobile Safari/537.36"
54.167.48.207 - - [05/May/2026:07:28:20 -0500] "GET /easy-5-bean-salad/ HTTP/1.1" 200 130924 "-" "Mozilla/5.0 (compatible; proximic; +https://www.comscore.com/Web-Crawler)"
170.178.246.21 - - [05/May/2026:07:28:23 -0500] "GET /wp-content/uploads/2024/01/tomato-onion-salad-06-500x500.jpg HTTP/2.0" 200 97058 "https://easysalads.com/tomato-onion-salad/" "Mozilla/5.0 (Windows NT 10.0; Win64; x64; rv:150.0) Gecko/20100101 Firefox/150.0"
13.217.99.145 - - [05/May/2026:07:28:25 -0500] "GET /easy-5-bean-salad/ HTTP/1.1" 200 130924 "-" "Mozilla/5.0 (compatible; proximic; +https://www.comscore.com/Web-Crawler)"
54.167.48.207 - - [05/May/2026:07:28:34 -0500] "GET /easy-5-bean-salad HTTP/1.1" 200 130924 "-" "Mozilla/5.0 (compatible; proximic; +https://www.comscore.com/Web-Crawler)"
91.227.37.60 - - [05/May/2026:07:28:42 -0500] "GET /wp-login.php HTTP/2.0" 444 0 "-" "Mozilla/5.0 (X11; CrOS armv7l 10323.67.0) AppleWebKit/537.36 (KHTML, like Gecko) Chrome/65.0.3325.209 Safari/537.36"
103.255.134.61 - - [05/May/2026:07:28:53 -0500] "GET /wp-login.php HTTP/2.0" 444 0 "-" "Mozilla/5.0 (Windows NT 10.0; WOW64) AppleWebKit/537.36 (KHTML, like Gecko) Chrome/65.0.3325.181 Safari/537.36 OPR/52.0.2871.64"
154.18.244.252 - - [05/May/2026:07:28:53 -0500] "POST /wp-cron.php?doing_wp_cron=1777984133.4724919795989990234375 HTTP/1.1" 200 11 "-" "WordPress/6.9.4; https://easysalads.com"
209.141.55.159 - - [05/May/2026:07:28:53 -0500] "GET /wp-login.php HTTP/1.1" 200 6405 "-" "Mozilla/5.0 (iPad; CPU OS 16_7 like Mac OS X) AppleWebKit/605.1.15 (KHTML, like Gecko) Version/16.7 Mobile/15E148 Safari/604.1"
154.18.244.252 - - [05/May/2026:07:28:59 -0500] "POST /wp-cron.php?doing_wp_cron=1777984139.5075891017913818359375 HTTP/1.1" 200 11 "-" "WordPress/6.9.4; https://easysalads.com"
170.178.246.21 - - [05/May/2026:07:28:59 -0500] "GET /wprm_print/tomato-and-onion-salad HTTP/2.0" 200 9711 "https://easysalads.com/tomato-onion-salad/" "Mozilla/5.0 (Windows NT 10.0; Win64; x64; rv:150.0) Gecko/20100101 Firefox/150.0"
170.178.246.21 - - [05/May/2026:07:28:59 -0500] "GET /wp-content/plugins/wp-recipe-maker/dist/print.css?ver=10.5.0 HTTP/2.0" 200 999 "https://easysalads.com/wprm_print/tomato-and-onion-salad" "Mozilla/5.0 (Windows NT 10.0; Win64; x64; rv:150.0) Gecko/20100101 Firefox/150.0"
170.178.246.21 - - [05/May/2026:07:28:59 -0500] "GET /wp-content/plugins/wp-recipe-maker/dist/print.js?ver=10.5.0 HTTP/2.0" 200 2670 "https://easysalads.com/wprm_print/tomato-and-onion-salad" "Mozilla/5.0 (Windows NT 10.0; Win64; x64; rv:150.0) Gecko/20100101 Firefox/150.0"
170.178.246.21 - - [05/May/2026:07:28:59 -0500] "GET /wp-content/plugins/wp-recipe-maker-premium/dist/print.css?ver=10.5.0 HTTP/2.0" 200 1436 "https://easysalads.com/wprm_print/tomato-and-onion-salad" "Mozilla/5.0 (Windows NT 10.0; Win64; x64; rv:150.0) Gecko/20100101 Firefox/150.0"
170.178.246.21 - - [05/May/2026:07:28:59 -0500] "GET /wp-content/plugins/wp-recipe-maker-premium/dist/print.js?ver=10.5.0 HTTP/2.0" 200 278266 "https://easysalads.com/wprm_print/tomato-and-onion-salad" "Mozilla/5.0 (Windows NT 10.0; Win64; x64; rv:150.0) Gecko/20100101 Firefox/150.0"
54.161.61.201 - - [05/May/2026:07:29:00 -0500] "GET /easy-5-bean-salad HTTP/1.1" 200 130924 "-" "Mozilla/5.0 (compatible; proximic; +https://www.comscore.com/Web-Crawler)"
23.20.165.51 - - [05/May/2026:07:29:01 -0500] "GET /wprm_print/tomato-and-onion-salad HTTP/1.1" 200 10716 "-" "Mozilla/5.0 (compatible; proximic; +https://www.comscore.com/Web-Crawler)"
170.178.246.21 - - [05/May/2026:07:29:02 -0500] "GET /wprm_print/tomato-and-onion-salad?gpp=DBABzw%7E1YNY%7EBVQqAAAAAgA&gpp_sid=6%2C7 HTTP/2.0" 200 9640 "-" "Mozilla/5.0 (Windows NT 10.0; Win64; x64; rv:150.0) Gecko/20100101 Firefox/150.0"
57.128.189.19 - - [05/May/2026:07:29:04 -0500] "GET /?nocache=1777984081 HTTP/2.0" 200 89192 "-" "BigScootsMonitor Mozilla/5.0 (Windows NT 10.0; Win64; x64) AppleWebKit/537.36 (KHTML, like Gecko) Chrome/74.0.3729.169 Safari/537.36"
18.232.157.106 - - [05/May/2026:07:29:04 -0500] "GET /wprm_print/tomato-and-onion-salad HTTP/1.1" 200 10716 "-" "Mozilla/5.0 (compatible; proximic; +https://www.comscore.com/Web-Crawler)"
51.222.136.175 - - [05/May/2026:07:29:05 -0500] "GET /?nocache=1777984081 HTTP/2.0" 200 89193 "-" "BigScootsMonitor Mozilla/5.0 (Windows NT 10.0; Win64; x64) AppleWebKit/537.36 (KHTML, like Gecko) Chrome/74.0.3729.169 Safari/537.36"
222.165.190.235 - - [05/May/2026:07:29:06 -0500] "GET /wp-login.php HTTP/2.0" 444 0 "-" "Mozilla/5.0 (Macintosh; Intel Mac OS X 10_13_6) AppleWebKit/605.1.15 (KHTML, like Gecko) Version/11.1.2 Safari/605.1.15"
68.152.23.72 - - [05/May/2026:07:29:06 -0500] "GET /wp-content/uploads/2022/11/5-Bean-Salad-04-683x1024.jpg HTTP/2.0" 200 182362 "https://easysalads.com/easy-5-bean-salad/" "Mozilla/5.0 (Linux; Android 10; K) AppleWebKit/537.36 (KHTML, like Gecko) Chrome/147.0.0.0 Mobile Safari/537.36"
74.119.118.20 - - [05/May/2026:07:29:09 -0500] "GET /wprm_print/tomato-and-onion-salad HTTP/1.1" 200 10716 "-" "CriteoBot/0.1 (+https://www.criteo.com/criteo-crawler/)"
74.119.118.32 - - [05/May/2026:07:29:10 -0500] "GET /wprm_print/tomato-and-onion-salad HTTP/1.1" 200 10716 "-" "CriteoBot/0.1 (+https://www.criteo.com/criteo-crawler/)"
204.15.208.28 - - [05/May/2026:07:29:11 -0500] "GET /wprm_print/hot-chicken-salad HTTP/1.1" 200 11010 "-" "peer39_crawler/1.0"
3.234.232.81 - - [05/May/2026:07:29:13 -0500] "GET /wprm_print/tomato-and-onion-salad HTTP/1.1" 200 9653 "-" "Verity/1.1 (https://gumgum.com/verity; [email protected])"
204.15.208.40 - - [05/May/2026:07:29:17 -0500] "GET /tomato-onion-salad HTTP/1.1" 200 128806 "-" "peer39_crawler/1.0"
74.119.118.194 - - [05/May/2026:07:29:20 -0500] "GET /wprm_print/tomato-and-onion-salad HTTP/1.1" 200 10716 "-" "CriteoBot/0.1 (+https://www.criteo.com/criteo-crawler/)"
34.7.148.205 - - [05/May/2026:07:29:20 -0500] "GET /wprm_print/hot-chicken-salad HTTP/1.1" 200 9989 "-" "Mozilla/5.0 (Windows NT 10.0) AppleWebKit/537.36 (KHTML, like Gecko) Chrome/145.0.7632.160 Safari/537.36"
204.15.208.37 - - [05/May/2026:07:29:21 -0500] "GET /tomato-onion-salad HTTP/1.1" 200 128806 "-" "peer39_crawler/1.0"
66.249.66.77 - - [05/May/2026:07:29:32 -0500] "GET /wprm_print/tomato-and-onion-salad HTTP/1.1" 200 9743 "-" "Mediapartners-Google"
66.249.66.76 - - [05/May/2026:07:29:33 -0500] "GET /tomato-onion-salad HTTP/1.1" 200 104226 "-" "Mediapartners-Google"
66.249.66.77 - - [05/May/2026:07:29:34 -0500] "GET /wp-content/plugins/wp-recipe-maker/dist/print.js?ver=10.5.0 HTTP/1.1" 200 2682 "https://easysalads.com/wprm_print/tomato-and-onion-salad" "Mediapartners-Google"
68.152.23.72 - - [05/May/2026:07:29:45 -0500] "GET /wp-content/uploads/2022/11/5-Bean-Salad-00-500x500.jpg HTTP/2.0" 200 90345 "https://easysalads.com/easy-5-bean-salad/" "Mozilla/5.0 (Linux; Android 10; K) AppleWebKit/537.36 (KHTML, like Gecko) Chrome/147.0.0.0 Mobile Safari/537.36"
204.15.208.43 - - [05/May/2026:07:29:51 -0500] "GET /wprm_print/tomato-and-onion-salad HTTP/1.1" 200 10716 "-" "peer39_crawler/1.0"
44.207.146.154 - - [05/May/2026:07:29:54 -0500] "GET /wprm_print/summer-orzo-salad HTTP/1.1" 200 10279 "-" "Mozilla/5.0 (Macintosh; Intel Mac OS X 10_15_7) AppleWebKit/537.36 (KHTML, like Gecko) Chrome/135.0.0.0 Safari/537.36"
206.204.19.109 - - [05/May/2026:07:29:59 -0500] "GET /wprm_print/tomato-and-onion-salad HTTP/1.1" 200 9743 "-" "Mozilla/5.0 (compatible; TTD-Content; +https://www.thetradedesk.com/general/ttd-content)"
154.18.244.252 - - [05/May/2026:07:30:15 -0500] "POST /wp-cron.php?doing_wp_cron=1777984215.0970680713653564453125 HTTP/1.1" 200 11 "-" "WordPress/6.9.4; https://easysalads.com"
97.119.168.191 - - [05/May/2026:07:30:15 -0500] "GET /broccoli-raisin-salad-recipe/ HTTP/2.0" 200 102999 "https://www.google.com/url?q=https://easysalads.com/broccoli-raisin-salad-recipe/&sa=U&sqi=2&ved=2ahUKEwjc7-iok6KUAxUYiisGHc9lAhwQFnoECCAQAQ&usg=AOvVaw1YY3JkAARZ-0k5KMZmnk5N" "Mozilla/5.0 (iPhone; CPU iPhone OS 26_3_1 like Mac OS X) AppleWebKit/605.1.15 (KHTML, like Gecko) GSA/419.4.905781065 Mobile/15E148 Safari/604.1"
97.119.168.191 - - [05/May/2026:07:30:15 -0500] "GET /wp-content/plugins/kadence-blocks/dist/style-blocks-rowlayout.css?ver=3.6.7 HTTP/2.0" 200 1771 "https://easysalads.com/broccoli-raisin-salad-recipe/" "Mozilla/5.0 (iPhone; CPU iPhone OS 26_3_1 like Mac OS X) AppleWebKit/605.1.15 (KHTML, like Gecko) GSA/419.4.905781065 Mobile/15E148 Safari/604.1"
97.119.168.191 - - [05/May/2026:07:30:15 -0500] "GET /wp-content/plugins/kadence-blocks/dist/style-blocks-column.css?ver=3.6.7 HTTP/2.0" 200 428 "https://easysalads.com/broccoli-raisin-salad-recipe/" "Mozilla/5.0 (iPhone; CPU iPhone OS 26_3_1 like Mac OS X) AppleWebKit/605.1.15 (KHTML, like Gecko) GSA/419.4.905781065 Mobile/15E148 Safari/604.1"
97.119.168.191 - - [05/May/2026:07:30:15 -0500] "GET /wp-content/plugins/kadence-blocks/dist/style-blocks-infobox.css?ver=3.6.7 HTTP/2.0" 200 1340 "https://easysalads.com/broccoli-raisin-salad-recipe/" "Mozilla/5.0 (iPhone; CPU iPhone OS 26_3_1 like Mac OS X) AppleWebKit/605.1.15 (KHTML, like Gecko) GSA/419.4.905781065 Mobile/15E148 Safari/604.1"
97.119.168.191 - - [05/May/2026:07:30:15 -0500] "GET /wp-content/plugins/kadence-blocks/dist/style-blocks-advancedbtn.css?ver=3.6.7 HTTP/2.0" 200 705 "https://easysalads.com/broccoli-raisin-salad-recipe/" "Mozilla/5.0 (iPhone; CPU iPhone OS 26_3_1 like Mac OS X) AppleWebKit/605.1.15 (KHTML, like Gecko) GSA/419.4.905781065 Mobile/15E148 Safari/604.1"
97.119.168.191 - - [05/May/2026:07:30:15 -0500] "GET /wp-content/plugins/kadence-blocks-pro/dist/style-blocks-postgrid.css?ver=2.8.13.1 HTTP/2.0" 200 2795 "https://easysalads.com/broccoli-raisin-salad-recipe/" "Mozilla/5.0 (iPhone; CPU iPhone OS 26_3_1 like Mac OS X) AppleWebKit/605.1.15 (KHTML, like Gecko) GSA/419.4.905781065 Mobile/15E148 Safari/604.1"
97.119.168.191 - - [05/May/2026:07:30:15 -0500] "GET /wp-content/plugins/wp-recipe-maker/dist/public-modern.css?ver=10.5.0 HTTP/2.0" 200 7712 "https://easysalads.com/broccoli-raisin-salad-recipe/" "Mozilla/5.0 (iPhone; CPU iPhone OS 26_3_1 like Mac OS X) AppleWebKit/605.1.15 (KHTML, like Gecko) GSA/419.4.905781065 Mobile/15E148 Safari/604.1"
97.119.168.191 - - [05/May/2026:07:30:15 -0500] "GET /wp-content/plugins/wp-recipe-maker-premium/dist/public-pro.css?ver=10.5.0 HTTP/2.0" 200 6796 "https://easysalads.com/broccoli-raisin-salad-recipe/" "Mozilla/5.0 (iPhone; CPU iPhone OS 26_3_1 like Mac OS X) AppleWebKit/605.1.15 (KHTML, like Gecko) GSA/419.4.905781065 Mobile/15E148 Safari/604.1"
97.119.168.191 - - [05/May/2026:07:30:15 -0500] "GET /wp-content/themes/kadence/assets/css/global.min.css?ver=1.1.22 HTTP/2.0" 200 4256 "https://easysalads.com/broccoli-raisin-salad-recipe/" "Mozilla/5.0 (iPhone; CPU iPhone OS 26_3_1 like Mac OS X) AppleWebKit/605.1.15 (KHTML, like Gecko) GSA/419.4.905781065 Mobile/15E148 Safari/604.1"
97.119.168.191 - - [05/May/2026:07:30:15 -0500] "GET /wp-content/themes/kadence/assets/css/header.min.css?ver=1.1.22 HTTP/2.0" 200 4295 "https://easysalads.com/broccoli-raisin-salad-recipe/" "Mozilla/5.0 (iPhone; CPU iPhone OS 26_3_1 like Mac OS X) AppleWebKit/605.1.15 (KHTML, like Gecko) GSA/419.4.905781065 Mobile/15E148 Safari/604.1"
97.119.168.191 - - [05/May/2026:07:30:15 -0500] "GET /wp-content/themes/kadence/assets/css/content.min.css?ver=1.1.22 HTTP/2.0" 200 5512 "https://easysalads.com/broccoli-raisin-salad-recipe/" "Mozilla/5.0 (iPhone; CPU iPhone OS 26_3_1 like Mac OS X) AppleWebKit/605.1.15 (KHTML, like Gecko) GSA/419.4.905781065 Mobile/15E148 Safari/604.1"
97.119.168.191 - - [05/May/2026:07:30:15 -0500] "GET /wp-content/themes/kadence/assets/css/comments.min.css?ver=1.1.22 HTTP/2.0" 200 1289 "https://easysalads.com/broccoli-raisin-salad-recipe/" "Mozilla/5.0 (iPhone; CPU iPhone OS 26_3_1 like Mac OS X) AppleWebKit/605.1.15 (KHTML, like Gecko) GSA/419.4.905781065 Mobile/15E148 Safari/604.1"
97.119.168.191 - - [05/May/2026:07:30:15 -0500] "GET /wp-content/themes/kadence/assets/css/sidebar.min.css?ver=1.1.22 HTTP/2.0" 200 749 "https://easysalads.com/broccoli-raisin-salad-recipe/" "Mozilla/5.0 (iPhone; CPU iPhone OS 26_3_1 like Mac OS X) AppleWebKit/605.1.15 (KHTML, like Gecko) GSA/419.4.905781065 Mobile/15E148 Safari/604.1"
97.119.168.191 - - [05/May/2026:07:30:15 -0500] "GET /wp-content/themes/kadence/assets/css/footer.min.css?ver=1.1.22 HTTP/2.0" 200 1580 "https://easysalads.com/broccoli-raisin-salad-recipe/" "Mozilla/5.0 (iPhone; CPU iPhone OS 26_3_1 like Mac OS X) AppleWebKit/605.1.15 (KHTML, like Gecko) GSA/419.4.905781065 Mobile/15E148 Safari/604.1"
97.119.168.191 - - [05/May/2026:07:30:15 -0500] "GET /wp-content/plugins/kadence-pro/dist/mega-menu/menu-addon.css?ver=1.1.19 HTTP/2.0" 200 1126 "https://easysalads.com/broccoli-raisin-salad-recipe/" "Mozilla/5.0 (iPhone; CPU iPhone OS 26_3_1 like Mac OS X) AppleWebKit/605.1.15 (KHTML, like Gecko) GSA/419.4.905781065 Mobile/15E148 Safari/604.1"
97.119.168.191 - - [05/May/2026:07:30:15 -0500] "GET /wp-content/plugins/social-pug/assets/dist/style-frontend-pro.css?ver=2.28.0 HTTP/2.0" 200 11454 "https://easysalads.com/broccoli-raisin-salad-recipe/" "Mozilla/5.0 (iPhone; CPU iPhone OS 26_3_1 like Mac OS X) AppleWebKit/605.1.15 (KHTML, like Gecko) GSA/419.4.905781065 Mobile/15E148 Safari/604.1"
97.119.168.191 - - [05/May/2026:07:30:15 -0500] "GET /wp-content/themes/restored316-sage/style.css?ver=1_0_1 HTTP/2.0" 200 1089 "https://easysalads.com/broccoli-raisin-salad-recipe/" "Mozilla/5.0 (iPhone; CPU iPhone OS 26_3_1 like Mac OS X) AppleWebKit/605.1.15 (KHTML, like Gecko) GSA/419.4.905781065 Mobile/15E148 Safari/604.1"
97.119.168.191 - - [05/May/2026:07:30:15 -0500] "GET /wp-content/plugins/wpforms-lite/assets/css/frontend/modern/wpforms-full.min.css?ver=1.10.0.4 HTTP/2.0" 200 14792 "https://easysalads.com/broccoli-raisin-salad-recipe/" "Mozilla/5.0 (iPhone; CPU iPhone OS 26_3_1 like Mac OS X) AppleWebKit/605.1.15 (KHTML, like Gecko) GSA/419.4.905781065 Mobile/15E148 Safari/604.1"
97.119.168.191 - - [05/May/2026:07:30:15 -0500] "GET /wp-content/uploads/2022/09/Easy-Salads-website-logo-1536x451.png HTTP/2.0" 200 71572 "https://easysalads.com/broccoli-raisin-salad-recipe/" "Mozilla/5.0 (iPhone; CPU iPhone OS 26_3_1 like Mac OS X) AppleWebKit/605.1.15 (KHTML, like Gecko) GSA/419.4.905781065 Mobile/15E148 Safari/604.1"
97.119.168.191 - - [05/May/2026:07:30:15 -0500] "GET /wp-content/plugins/kadence-blocks/dist/style-blocks-iconlist.css?ver=3.6.7 HTTP/2.0" 200 597 "https://easysalads.com/broccoli-raisin-salad-recipe/" "Mozilla/5.0 (iPhone; CPU iPhone OS 26_3_1 like Mac OS X) AppleWebKit/605.1.15 (KHTML, like Gecko) GSA/419.4.905781065 Mobile/15E148 Safari/604.1"
97.119.168.191 - - [05/May/2026:07:30:15 -0500] "GET /wp-content/plugins/kadence-blocks/dist/style-blocks-spacer.css?ver=3.6.7 HTTP/2.0" 200 385 "https://easysalads.com/broccoli-raisin-salad-recipe/" "Mozilla/5.0 (iPhone; CPU iPhone OS 26_3_1 like Mac OS X) AppleWebKit/605.1.15 (KHTML, like Gecko) GSA/419.4.905781065 Mobile/15E148 Safari/604.1"
97.119.168.191 - - [05/May/2026:07:30:15 -0500] "GET /wp-content/plugins/wp-recipe-maker/dist/public-modern.js?ver=10.5.0 HTTP/2.0" 200 23744 "https://easysalads.com/broccoli-raisin-salad-recipe/" "Mozilla/5.0 (iPhone; CPU iPhone OS 26_3_1 like Mac OS X) AppleWebKit/605.1.15 (KHTML, like Gecko) GSA/419.4.905781065 Mobile/15E148 Safari/604.1"
97.119.168.191 - - [05/May/2026:07:30:15 -0500] "GET /wp-content/plugins/wp-recipe-maker-premium/dist/public-pro.js?ver=10.5.0 HTTP/2.0" 200 20140 "https://easysalads.com/broccoli-raisin-salad-recipe/" "Mozilla/5.0 (iPhone; CPU iPhone OS 26_3_1 like Mac OS X) AppleWebKit/605.1.15 (KHTML, like Gecko) GSA/419.4.905781065 Mobile/15E148 Safari/604.1"
97.119.168.191 - - [05/May/2026:07:30:15 -0500] "GET /wp-content/themes/kadence/assets/js/navigation-lite.min.js?ver=1.1.21 HTTP/2.0" 200 2083 "https://easysalads.com/broccoli-raisin-salad-recipe/" "Mozilla/5.0 (iPhone; CPU iPhone OS 26_3_1 like Mac OS X) AppleWebKit/605.1.15 (KHTML, like Gecko) GSA/419.4.905781065 Mobile/15E148 Safari/604.1"
97.119.168.191 - - [05/May/2026:07:30:15 -0500] "GET /wp-content/plugins/social-pug/assets/dist/front-end-pro.js?ver=2.28.0 HTTP/2.0" 200 9339 "https://easysalads.com/broccoli-raisin-salad-recipe/" "Mozilla/5.0 (iPhone; CPU iPhone OS 26_3_1 like Mac OS X) AppleWebKit/605.1.15 (KHTML, like Gecko) GSA/419.4.905781065 Mobile/15E148 Safari/604.1"
97.119.168.191 - - [05/May/2026:07:30:15 -0500] "GET /wp-content/plugins/kadence-pro/dist/mega-menu/kadence-mega-menu.min.js?ver=1.1.19 HTTP/2.0" 200 457 "https://easysalads.com/broccoli-raisin-salad-recipe/" "Mozilla/5.0 (iPhone; CPU iPhone OS 26_3_1 like Mac OS X) AppleWebKit/605.1.15 (KHTML, like Gecko) GSA/419.4.905781065 Mobile/15E148 Safari/604.1"
97.119.168.191 - - [05/May/2026:07:30:15 -0500] "GET /wp-content/plugins/akismet/_inc/akismet-frontend.js?ver=1764724306 HTTP/2.0" 200 3016 "https://easysalads.com/broccoli-raisin-salad-recipe/" "Mozilla/5.0 (iPhone; CPU iPhone OS 26_3_1 like Mac OS X) AppleWebKit/605.1.15 (KHTML, like Gecko) GSA/419.4.905781065 Mobile/15E148 Safari/604.1"
97.119.168.191 - - [05/May/2026:07:30:15 -0500] "GET /wp-includes/js/jquery/jquery.min.js?ver=3.7.1 HTTP/2.0" 200 29769 "https://easysalads.com/broccoli-raisin-salad-recipe/" "Mozilla/5.0 (iPhone; CPU iPhone OS 26_3_1 like Mac OS X) AppleWebKit/605.1.15 (KHTML, like Gecko) GSA/419.4.905781065 Mobile/15E148 Safari/604.1"
97.119.168.191 - - [05/May/2026:07:30:15 -0500] "GET /wp-includes/js/jquery/jquery-migrate.min.js?ver=3.4.1 HTTP/2.0" 200 4679 "https://easysalads.com/broccoli-raisin-salad-recipe/" "Mozilla/5.0 (iPhone; CPU iPhone OS 26_3_1 like Mac OS X) AppleWebKit/605.1.15 (KHTML, like Gecko) GSA/419.4.905781065 Mobile/15E148 Safari/604.1"
97.119.168.191 - - [05/May/2026:07:30:15 -0500] "GET /wp-content/plugins/wpforms-lite/assets/lib/jquery.validate.min.js?ver=1.21.0 HTTP/2.0" 200 7807 "https://easysalads.com/broccoli-raisin-salad-recipe/" "Mozilla/5.0 (iPhone; CPU iPhone OS 26_3_1 like Mac OS X) AppleWebKit/605.1.15 (KHTML, like Gecko) GSA/419.4.905781065 Mobile/15E148 Safari/604.1"
97.119.168.191 - - [05/May/2026:07:30:15 -0500] "GET /wp-content/plugins/wpforms-lite/assets/lib/mailcheck.min.js?ver=1.1.2 HTTP/2.0" 200 1616 "https://easysalads.com/broccoli-raisin-salad-recipe/" "Mozilla/5.0 (iPhone; CPU iPhone OS 26_3_1 like Mac OS X) AppleWebKit/605.1.15 (KHTML, like Gecko) GSA/419.4.905781065 Mobile/15E148 Safari/604.1"
97.119.168.191 - - [05/May/2026:07:30:15 -0500] "GET /wp-content/plugins/wpforms-lite/assets/lib/punycode.min.js?ver=1.0.0 HTTP/2.0" 200 834 "https://easysalads.com/broccoli-raisin-salad-recipe/" "Mozilla/5.0 (iPhone; CPU iPhone OS 26_3_1 like Mac OS X) AppleWebKit/605.1.15 (KHTML, like Gecko) GSA/419.4.905781065 Mobile/15E148 Safari/604.1"
97.119.168.191 - - [05/May/2026:07:30:15 -0500] "GET /wp-content/plugins/wpforms-lite/assets/js/share/utils.min.js?ver=1.10.0.4 HTTP/2.0" 200 727 "https://easysalads.com/broccoli-raisin-salad-recipe/" "Mozilla/5.0 (iPhone; CPU iPhone OS 26_3_1 like Mac OS X) AppleWebKit/605.1.15 (KHTML, like Gecko) GSA/419.4.905781065 Mobile/15E148 Safari/604.1"
97.119.168.191 - - [05/May/2026:07:30:15 -0500] "GET /wp-content/plugins/wpforms-lite/assets/js/frontend/wpforms.min.js?ver=1.10.0.4 HTTP/2.0" 200 14614 "https://easysalads.com/broccoli-raisin-salad-recipe/" "Mozilla/5.0 (iPhone; CPU iPhone OS 26_3_1 like Mac OS X) AppleWebKit/605.1.15 (KHTML, like Gecko) GSA/419.4.905781065 Mobile/15E148 Safari/604.1"
97.119.168.191 - - [05/May/2026:07:30:15 -0500] "GET /wp-content/plugins/wpforms-lite/assets/js/frontend/wpforms-modern.min.js?ver=1.10.0.4 HTTP/2.0" 200 1866 "https://easysalads.com/broccoli-raisin-salad-recipe/" "Mozilla/5.0 (iPhone; CPU iPhone OS 26_3_1 like Mac OS X) AppleWebKit/605.1.15 (KHTML, like Gecko) GSA/419.4.905781065 Mobile/15E148 Safari/604.1"
97.119.168.191 - - [05/May/2026:07:30:15 -0500] "GET /wp-content/plugins/wpforms-lite/assets/js/frontend/fields/address.min.js?ver=1.10.0.4 HTTP/2.0" 200 673 "https://easysalads.com/broccoli-raisin-salad-recipe/" "Mozilla/5.0 (iPhone; CPU iPhone OS 26_3_1 like Mac OS X) AppleWebKit/605.1.15 (KHTML, like Gecko) GSA/419.4.905781065 Mobile/15E148 Safari/604.1"
97.119.168.191 - - [05/May/2026:07:30:15 -0500] "GET /wp-content/uploads/2024/02/broccoli-raisin-salad-04.jpg HTTP/2.0" 200 838646 "https://easysalads.com/broccoli-raisin-salad-recipe/" "Mozilla/5.0 (iPhone; CPU iPhone OS 26_3_1 like Mac OS X) AppleWebKit/605.1.15 (KHTML, like Gecko) GSA/419.4.905781065 Mobile/15E148 Safari/604.1"
97.119.168.191 - - [05/May/2026:07:30:15 -0500] "GET /wp-content/plugins/wpforms-lite/assets/images/submit-spin.svg HTTP/2.0" 200 509 "https://easysalads.com/broccoli-raisin-salad-recipe/" "Mozilla/5.0 (iPhone; CPU iPhone OS 26_3_1 like Mac OS X) AppleWebKit/605.1.15 (KHTML, like Gecko) GSA/419.4.905781065 Mobile/15E148 Safari/604.1"
97.119.168.191 - - [05/May/2026:07:30:16 -0500] "GET /wp-content/uploads/2024/02/broccoli-raisin-salad-00.jpg HTTP/2.0" 200 1068314 "https://easysalads.com/broccoli-raisin-salad-recipe/" "Mozilla/5.0 (iPhone; CPU iPhone OS 26_3_1 like Mac OS X) AppleWebKit/605.1.15 (KHTML, like Gecko) GSA/419.4.905781065 Mobile/15E148 Safari/604.1"
97.119.168.191 - - [05/May/2026:07:30:16 -0500] "GET /wp-content/plugins/wp-recipe-maker/assets/icons/rating/stars-alt-5.svg HTTP/2.0" 200 976 "https://easysalads.com/broccoli-raisin-salad-recipe/" "Mozilla/5.0 (iPhone; CPU iPhone OS 26_3_1 like Mac OS X) AppleWebKit/605.1.15 (KHTML, like Gecko) GSA/419.4.905781065 Mobile/15E148 Safari/604.1"
97.119.168.191 - - [05/May/2026:07:30:16 -0500] "GET /wp-includes/js/comment-reply.min.js?ver=6.9.4 HTTP/2.0" 200 1248 "https://easysalads.com/broccoli-raisin-salad-recipe/" "Mozilla/5.0 (iPhone; CPU iPhone OS 26_3_1 like Mac OS X) AppleWebKit/605.1.15 (KHTML, like Gecko) GSA/419.4.905781065 Mobile/15E148 Safari/604.1"
97.119.168.191 - - [05/May/2026:07:30:16 -0500] "GET /wp-content/uploads/2024/02/Blogger-Call-Out-Icons-1.png HTTP/2.0" 404 146 "https://easysalads.com/broccoli-raisin-salad-recipe/" "Mozilla/5.0 (iPhone; CPU iPhone OS 26_3_1 like Mac OS X) AppleWebKit/605.1.15 (KHTML, like Gecko) GSA/419.4.905781065 Mobile/15E148 Safari/604.1"
77.68.30.172 - - [05/May/2026:07:30:17 -0500] "GET /wp-login.php HTTP/2.0" 200 1882 "-" "Mozilla/5.0 (Windows NT 6.1) AppleWebKit/537.36 (KHTML, like Gecko) Chrome/65.0.3325.181 Safari/537.36 OPR/52.0.2871.64"
77.68.30.172 - - [05/May/2026:07:30:17 -0500] "POST /wp-login.php HTTP/2.0" 200 2019 "https://easysalads.com/wp-login.php" "Mozilla/5.0 (Windows NT 6.1) AppleWebKit/537.36 (KHTML, like Gecko) Chrome/65.0.3325.181 Safari/537.36 OPR/52.0.2871.64"
34.228.215.80 - - [05/May/2026:07:30:18 -0500] "GET /broccoli-raisin-salad-recipe HTTP/1.1" 200 130713 "-" "Mozilla/5.0 (compatible; proximic; +https://www.comscore.com/Web-Crawler)"
66.249.66.43 - - [05/May/2026:07:30:33 -0500] "GET /tomato-onion-salad HTTP/1.1" 200 104226 "-" "Googlebot-Image/1.0"
91.227.37.60 - - [05/May/2026:07:30:43 -0500] "GET /wp-login.php HTTP/2.0" 444 0 "-" "Mozilla/5.0 (Windows NT 5.1; Win64; x64) AppleWebKit/537.36 (KHTML, like Gecko) Chrome/52.0.2743.116 Safari/537.36 Edge/15.15063"
68.152.23.72 - - [05/May/2026:07:30:46 -0500] "GET /wp-content/uploads/2022/09/cropped-site-icon-easy-salads-192x192.png HTTP/2.0" 200 8410 "https://easysalads.com/easy-5-bean-salad/" "Mozilla/5.0 (Linux; Android 10; K) AppleWebKit/537.36 (KHTML, like Gecko) Chrome/147.0.0.0 Mobile Safari/537.36"
68.152.23.72 - - [05/May/2026:07:30:47 -0500] "GET /wp-content/uploads/2022/09/cropped-site-icon-easy-salads-180x180.png HTTP/2.0" 200 7710 "https://easysalads.com/easy-5-bean-salad/" "Mozilla/5.0 (Linux; Android 10; K) AppleWebKit/537.36 (KHTML, like Gecko) Chrome/147.0.0.0 Mobile Safari/537.36"
34.96.44.7 - - [05/May/2026:07:30:54 -0500] "GET /tomato-onion-salad HTTP/1.1" 200 128806 "-" "Mozilla/5.0 (Windows NT 10.0; Win64; x64) AppleWebKit/537.36 (KHTML, like Gecko) Chrome/78.0.3904.108 Safari/537.36"
66.249.66.75 - - [05/May/2026:07:30:56 -0500] "GET /wp-content/uploads/2024/03/yogurt-dill-dressing-00-480x270.jpg HTTP/1.1" 200 29868 "-" "Googlebot-Image/1.0"
154.18.244.252 - - [05/May/2026:07:30:58 -0500] "POST /wp-cron.php?doing_wp_cron=1777984258.1285970211029052734375 HTTP/1.1" 200 11 "-" "WordPress/6.9.4; https://easysalads.com"
209.141.55.159 - - [05/May/2026:07:30:58 -0500] "POST /wp-login.php HTTP/1.1" 200 6854 "-" "Mozilla/5.0 (iPad; CPU OS 16_7 like Mac OS X) AppleWebKit/605.1.15 (KHTML, like Gecko) Version/16.7 Mobile/15E148 Safari/604.1"
57.128.189.19 - - [05/May/2026:07:31:04 -0500] "GET /?nocache=1777984201 HTTP/2.0" 200 89192 "-" "BigScootsMonitor Mozilla/5.0 (Windows NT 10.0; Win64; x64) AppleWebKit/537.36 (KHTML, like Gecko) Chrome/74.0.3729.169 Safari/537.36"
51.222.136.175 - - [05/May/2026:07:31:04 -0500] "GET /?nocache=1777984201 HTTP/2.0" 200 89192 "-" "BigScootsMonitor Mozilla/5.0 (Windows NT 10.0; Win64; x64) AppleWebKit/537.36 (KHTML, like Gecko) Chrome/74.0.3729.169 Safari/537.36"
35.234.166.161 - - [05/May/2026:07:31:09 -0500] "GET /wprm_print/tomato-and-onion-salad HTTP/1.1" 200 9743 "-" "Mozilla/5.0 (X11; CrOS x86_64 14541.0.0) AppleWebKit/537.36 (KHTML, like Gecko) Chrome/119.0.0.0 Safari/537.36"
71.56.56.119 - - [05/May/2026:07:31:21 -0500] "GET /broccoli-raisin-salad-recipe/mraid.js HTTP/2.0" 404 548 "https://easysalads.com/broccoli-raisin-salad-recipe/" "Mozilla/5.0 (Windows NT 10.0; Win64; x64) AppleWebKit/537.36 (KHTML, like Gecko) Chrome/147.0.0.0 Safari/537.36"
192.176.172.166 - - [05/May/2026:07:31:34 -0500] "GET /wp-login.php HTTP/2.0" 444 0 "-" "Mozilla/5.0 (Windows NT 6.1; Win64; x64) AppleWebKit/537.36 (KHTML, like Gecko) Chrome/65.0.3325.181 Safari/537.36"
129.232.96.143 - - [05/May/2026:07:31:39 -0500] "GET /wp-content/uploads/2024/01/tomato-onion-salad-06.jpg HTTP/2.0" 200 1661522 "https://www.google.com/" "Mozilla/5.0 (Linux; Android 8.1.0; Hisense U50 Build/OPM2.171019.012; wv) AppleWebKit/537.36 (KHTML, like Gecko) Version/4.0 Chrome/138.0.7204.179 Mobile Safari/537.36 NSTNWV/3.73.516407828.release.go"
52.232.35.131 - - [05/May/2026:07:31:46 -0500] "GET /wp-login.php HTTP/2.0" 200 1882 "-" "Mozilla/5.0 (Windows NT 10.0; Win64; x64; rv:62.0) Gecko/20100101 Firefox/62.0"
52.232.35.131 - - [05/May/2026:07:31:47 -0500] "POST /wp-login.php HTTP/2.0" 200 2018 "https://easysalads.com/wp-login.php" "Mozilla/5.0 (Windows NT 10.0; Win64; x64; rv:62.0) Gecko/20100101 Firefox/62.0"
154.18.244.252 - - [05/May/2026:07:32:13 -0500] "POST /wp-cron.php?doing_wp_cron=1777984334.0307450294494628906250 HTTP/1.1" 200 11 "-" "WordPress/6.9.4; https://easysalads.com"
121.200.216.56 - - [05/May/2026:07:32:13 -0500] "GET /wp-login.php HTTP/2.0" 200 1882 "-" "Mozilla/5.0 (Windows NT 6.2; Win64; x64) AppleWebKit/537.36 (KHTML, like Gecko) Chrome/58.0.3029.110 Safari/537.36 Edge/16.16299"
121.200.216.56 - - [05/May/2026:07:32:14 -0500] "POST /wp-login.php HTTP/2.0" 200 2019 "https://easysalads.com/wp-login.php" "Mozilla/5.0 (Windows NT 6.2; Win64; x64) AppleWebKit/537.36 (KHTML, like Gecko) Chrome/58.0.3029.110 Safari/537.36 Edge/16.16299"
165.22.116.110 - - [05/May/2026:07:32:20 -0500] "GET /wp-login.php HTTP/2.0" 444 0 "-" "Mozilla/5.0 (Windows NT 6.2; Win64; x64) AppleWebKit/537.36 (KHTML, like Gecko) Chrome/66.0.3359.117 Safari/537.36"
121.200.216.56 - - [05/May/2026:07:32:24 -0500] "GET /wp-login.php HTTP/2.0" 200 1882 "-" "Mozilla/5.0 (Windows NT 6.3) AppleWebKit/537.36 (KHTML, like Gecko) Chrome/65.0.3325.181 Safari/537.36"
121.200.216.56 - - [05/May/2026:07:32:25 -0500] "POST /wp-login.php HTTP/2.0" 200 2017 "https://easysalads.com/wp-login.php" "Mozilla/5.0 (Windows NT 6.3) AppleWebKit/537.36 (KHTML, like Gecko) Chrome/65.0.3325.181 Safari/537.36"
44.207.146.154 - - [05/May/2026:07:32:45 -0500] "GET /yogurt-dill-dressing HTTP/1.1" 200 101926 "-" "Mozilla/5.0 (Macintosh; Intel Mac OS X 10_15_7) AppleWebKit/537.36 (KHTML, like Gecko) Chrome/135.0.0.0 Safari/537.36"
153.66.57.227 - - [05/May/2026:07:32:53 -0500] "GET /apple-touch-icon-precomposed.png HTTP/2.0" 200 0 "-" "NetworkingExtension/8624.1.16.10.6 Network/5812.102.3 iOS/26.4.2"
153.66.57.227 - - [05/May/2026:07:32:53 -0500] "GET /apple-touch-icon.png HTTP/2.0" 200 0 "-" "NetworkingExtension/8624.1.16.10.6 Network/5812.102.3 iOS/26.4.2"
153.66.57.227 - - [05/May/2026:07:32:53 -0500] "GET /favicon.ico HTTP/2.0" 404 146 "-" "NetworkingExtension/8624.1.16.10.6 Network/5812.102.3 iOS/26.4.2"
204.15.208.37 - - [05/May/2026:07:32:53 -0500] "GET /broccoli-raisin-salad-recipe HTTP/1.1" 200 130713 "-" "peer39_crawler/1.0"
153.66.57.227 - - [05/May/2026:07:32:53 -0500] "GET /creamy-apple-cider-dressing/ HTTP/2.0" 200 103141 "-" "Mozilla/5.0 (Macintosh; Intel Mac OS X 10_11_1) AppleWebKit/601.2.4 (KHTML, like Gecko) Version/9.0.1 Safari/601.2.4 facebookexternalhit/1.1 Facebot Twitterbot/1.0"
153.66.57.227 - - [05/May/2026:07:32:54 -0500] "GET /wp-content/uploads/2022/11/creamy-apple-cider-dressing-01.jpg HTTP/2.0" 200 170919 "-" "NetworkingExtension/8624.1.16.10.6 Network/5812.102.3 iOS/26.4.2"
153.66.57.227 - - [05/May/2026:07:32:54 -0500] "GET /wp-content/uploads/2022/09/cropped-site-icon-easy-salads-32x32.png HTTP/2.0" 200 907 "-" "NetworkingExtension/8624.1.16.10.6 Network/5812.102.3 iOS/26.4.2"
153.66.57.227 - - [05/May/2026:07:32:54 -0500] "GET /wp-content/uploads/2022/09/cropped-site-icon-easy-salads-192x192.png HTTP/2.0" 200 8410 "-" "NetworkingExtension/8624.1.16.10.6 Network/5812.102.3 iOS/26.4.2"
153.66.57.227 - - [05/May/2026:07:32:54 -0500] "GET /wp-content/uploads/2022/09/cropped-site-icon-easy-salads-180x180.png HTTP/2.0" 200 7710 "-" "NetworkingExtension/8624.1.16.10.6 Network/5812.102.3 iOS/26.4.2"
153.66.57.227 - - [05/May/2026:07:32:54 -0500] "GET /wp-content/uploads/2022/11/creamy-apple-cider-dressing-02.jpg HTTP/2.0" 200 351644 "-" "NetworkingExtension/8624.1.16.10.6 Network/5812.102.3 iOS/26.4.2"
153.66.57.227 - - [05/May/2026:07:32:54 -0500] "GET /wp-content/uploads/2022/11/creamy-apple-cider-dressing-03.jpg HTTP/2.0" 200 398020 "-" "NetworkingExtension/8624.1.16.10.6 Network/5812.102.3 iOS/26.4.2"
153.66.57.227 - - [05/May/2026:07:32:54 -0500] "GET /wp-content/uploads/2022/11/creamy-apple-cider-dressing-00.jpg HTTP/2.0" 200 303789 "-" "NetworkingExtension/8624.1.16.10.6 Network/5812.102.3 iOS/26.4.2"
69.63.184.17 - - [05/May/2026:07:32:55 -0500] "GET / HTTP/2.0" 200 536590 "-" "meta-webindexer/1.1 (+https://developers.facebook.com/docs/sharing/webmasters/crawler)"
154.18.244.252 - - [05/May/2026:07:33:04 -0500] "POST /wp-cron.php?doing_wp_cron=1777984384.3364729881286621093750 HTTP/1.1" 200 11 "-" "WordPress/6.9.4; https://easysalads.com"
57.128.189.19 - - [05/May/2026:07:33:04 -0500] "GET /?nocache=1777984321 HTTP/2.0" 200 89192 "-" "BigScootsMonitor Mozilla/5.0 (Windows NT 10.0; Win64; x64) AppleWebKit/537.36 (KHTML, like Gecko) Chrome/74.0.3729.169 Safari/537.36"
51.222.136.175 - - [05/May/2026:07:33:05 -0500] "GET /?nocache=1777984321 HTTP/2.0" 200 89192 "-" "BigScootsMonitor Mozilla/5.0 (Windows NT 10.0; Win64; x64) AppleWebKit/537.36 (KHTML, like Gecko) Chrome/74.0.3729.169 Safari/537.36"
193.186.4.85 - - [05/May/2026:07:33:19 -0500] "GET /tomato-onion-salad/ HTTP/2.0" 200 101448 "https://www.google.com/" "Mozilla/5.0 (Linux; Android 10; K) AppleWebKit/537.36 (KHTML, like Gecko) Chrome/131.0.0.0 Mobile Safari/537.36"
54.147.21.173 - - [05/May/2026:07:33:38 -0500] "GET /wprm_print/tomato-and-onion-salad HTTP/2.0" 200 10703 "-" "carbon-umbrella-bot/1.0"
51.222.172.191 - - [05/May/2026:07:34:36 -0500] "GET /hot-chicken-salad HTTP/1.1" 200 559540 "-" "Mozilla/5.0 (Macintosh; Intel Mac OS X 10_15_7) AppleWebKit/537.36 (KHTML, like Gecko) Chrome/147.0.0.0 Safari/537.36"
154.18.244.252 - - [05/May/2026:07:35:04 -0500] "POST /wp-cron.php?doing_wp_cron=1777984504.7728519439697265625000 HTTP/1.1" 200 11 "-" "WordPress/6.9.4; https://easysalads.com"
51.222.136.175 - - [05/May/2026:07:35:04 -0500] "GET /?nocache=1777984441 HTTP/2.0" 200 89193 "-" "BigScootsMonitor Mozilla/5.0 (Windows NT 10.0; Win64; x64) AppleWebKit/537.36 (KHTML, like Gecko) Chrome/74.0.3729.169 Safari/537.36"
57.128.189.19 - - [05/May/2026:07:35:04 -0500] "GET /?nocache=1777984441 HTTP/2.0" 200 89193 "-" "BigScootsMonitor Mozilla/5.0 (Windows NT 10.0; Win64; x64) AppleWebKit/537.36 (KHTML, like Gecko) Chrome/74.0.3729.169 Safari/537.36"
44.193.97.218 - - [05/May/2026:07:35:12 -0500] "GET /cucumber-strawberry-salad/?utm_source=Pinterest&utm_medium=organic HTTP/1.1" 200 558796 "https://www.google.com" "Mozilla/5.0 (Windows NT 10.0; WOW64; x64) AppleWebKit/537.36 (KHTML, like Gecko) Chrome/130.0.6556.192 Safari/537.36"
154.18.244.252 - - [05/May/2026:07:37:04 -0500] "POST /wp-cron.php?doing_wp_cron=1777984624.4375240802764892578125 HTTP/1.1" 200 11 "-" "WordPress/6.9.4; https://easysalads.com"
57.128.189.19 - - [05/May/2026:07:37:04 -0500] "GET /?nocache=1777984561 HTTP/2.0" 200 89193 "-" "BigScootsMonitor Mozilla/5.0 (Windows NT 10.0; Win64; x64) AppleWebKit/537.36 (KHTML, like Gecko) Chrome/74.0.3729.169 Safari/537.36"
51.222.136.175 - - [05/May/2026:07:37:05 -0500] "GET /?nocache=1777984561 HTTP/2.0" 200 89193 "-" "BigScootsMonitor Mozilla/5.0 (Windows NT 10.0; Win64; x64) AppleWebKit/537.36 (KHTML, like Gecko) Chrome/74.0.3729.169 Safari/537.36"
173.239.53.95 - - [05/May/2026:07:37:18 -0500] "GET /easy-5-bean-salad/ HTTP/1.1" 200 130924 "-" "Mozilla/5.0 (compatible; AdkernelTopicCrawler/1.0; +http://adkernel.com/robot/)"
173.239.53.95 - - [05/May/2026:07:37:18 -0500] "GET /wprm_print/hot-chicken-salad HTTP/1.1" 200 11010 "-" "Mozilla/5.0 (compatible; AdkernelTopicCrawler/1.0; +http://adkernel.com/robot/)"
64.251.49.2 - - [05/May/2026:07:37:28 -0500] "GET /wp-content/uploads/2024/02/broccoli-raisin-salad-04.jpg HTTP/2.0" 200 838646 "https://www.google.com/" "Mozilla/5.0 (Windows NT 10.0; Win64; x64) AppleWebKit/537.36 (KHTML, like Gecko) Chrome/147.0.0.0 Safari/537.36"
74.91.224.220 - - [05/May/2026:07:38:04 -0500] "GET /wp-login.php HTTP/2.0" 444 0 "-" "Mozilla/5.0 (Macintosh; Intel Mac OS X 10_11_6) AppleWebKit/537.36 (KHTML, like Gecko) Chrome/65.0.3325.162 Safari/537.36"
104.131.50.136 - - [05/May/2026:07:38:04 -0500] "GET /wp-login.php HTTP/2.0" 444 0 "-" "Mozilla/5.0 (Windows NT 6.3; WOW64; Trident/7.0; Touch; MATBJS; rv:11.0) like Gecko"
154.18.244.252 - - [05/May/2026:07:38:31 -0500] "POST /wp-cron.php?doing_wp_cron=1777984712.0262019634246826171875 HTTP/1.1" 200 11 "-" "WordPress/6.9.4; https://easysalads.com"
3.6.48.38 - - [05/May/2026:07:38:31 -0500] "GET /wp-login.php HTTP/2.0" 200 1882 "-" "Mozilla/5.0 (Windows NT 6.3; WOW64) AppleWebKit/537.36 (KHTML, like Gecko) Chrome/66.0.3359.181 Safari/537.36"
3.6.48.38 - - [05/May/2026:07:38:32 -0500] "POST /wp-login.php HTTP/2.0" 200 2017 "https://easysalads.com/wp-login.php" "Mozilla/5.0 (Windows NT 6.3; WOW64) AppleWebKit/537.36 (KHTML, like Gecko) Chrome/66.0.3359.181 Safari/537.36"
51.15.160.8 - - [05/May/2026:07:38:51 -0500] "GET /wp-login.php HTTP/2.0" 444 0 "-" "Mozilla/5.0 (Macintosh; Intel Mac OS X 10_9_5) AppleWebKit/537.36 (KHTML, like Gecko) Chrome/67.0.3396.87 Safari/537.36"
207.46.13.107 - - [05/May/2026:07:38:56 -0500] "GET /southern-strawberry-jello-salad-with-cool-whip/ HTTP/2.0" 200 102872 "-" "Mozilla/5.0 AppleWebKit/537.36 (KHTML, like Gecko; compatible; bingbot/2.0; +http://www.bing.com/bingbot.htm) Chrome/116.0.1938.76 Safari/537.36"
154.18.244.252 - - [05/May/2026:07:39:04 -0500] "POST /wp-cron.php?doing_wp_cron=1777984744.1209509372711181640625 HTTP/1.1" 200 11 "-" "WordPress/6.9.4; https://easysalads.com"
57.128.189.19 - - [05/May/2026:07:39:04 -0500] "GET /?nocache=1777984681 HTTP/2.0" 200 89193 "-" "BigScootsMonitor Mozilla/5.0 (Windows NT 10.0; Win64; x64) AppleWebKit/537.36 (KHTML, like Gecko) Chrome/74.0.3729.169 Safari/537.36"
51.222.136.175 - - [05/May/2026:07:39:04 -0500] "GET /?nocache=1777984681 HTTP/2.0" 200 89193 "-" "BigScootsMonitor Mozilla/5.0 (Windows NT 10.0; Win64; x64) AppleWebKit/537.36 (KHTML, like Gecko) Chrome/74.0.3729.169 Safari/537.36"
