3.70.164.132 - - [05/May/2026:07:39:33 -0500] "GET /wp-login.php HTTP/2.0" 200 1882 "-" "Mozilla/5.0 (Windows NT 6.1; Win64; x64) AppleWebKit/537.36 (KHTML, like Gecko) Chrome/63.0.3239.132 Safari/537.36 OPR/50.0.2762.67"
3.70.164.132 - - [05/May/2026:07:39:34 -0500] "POST /wp-login.php HTTP/2.0" 200 2019 "https://easysalads.com/wp-login.php" "Mozilla/5.0 (Windows NT 6.1; Win64; x64) AppleWebKit/537.36 (KHTML, like Gecko) Chrome/63.0.3239.132 Safari/537.36 OPR/50.0.2762.67"
217.121.9.129 - - [05/May/2026:07:39:40 -0500] "GET /wp-content/uploads/2024/01/tomato-onion-salad-06.jpg HTTP/2.0" 200 1661522 "https://www.google.com/" "Mozilla/5.0 (iPhone; CPU iPhone OS 26_3 like Mac OS X) AppleWebKit/605.1.15 (KHTML, like Gecko) CriOS/123.0.6312.52 Mobile/15E148 Safari/604.1"
54.81.163.198 - - [05/May/2026:07:39:43 -0500] "GET /classic-chicken-salad/ HTTP/1.1" 200 127327 "-" "Mozilla/5.0 (compatible; proximic; +https://www.comscore.com/Web-Crawler)"
66.249.66.76 - - [05/May/2026:07:40:19 -0500] "GET /wp-content/uploads/2024/03/bruschetta-pasta-salad-01-200x300.jpg HTTP/1.1" 200 31337 "-" "Googlebot-Image/1.0"
154.18.244.252 - - [05/May/2026:07:40:34 -0500] "POST /wp-cron.php?doing_wp_cron=1777984834.2489740848541259765625 HTTP/1.1" 200 11 "-" "WordPress/6.9.4; https://easysalads.com"
129.232.96.143 - - [05/May/2026:07:40:34 -0500] "GET /tomato-onion-salad/ HTTP/2.0" 200 101320 "-" "Mozilla/5.0 (Linux; Android 8.1.0; Hisense U50 Build/OPM2.171019.012) AppleWebKit/537.36 (KHTML, like Gecko) Chrome/138.0.7204.179 Mobile Safari/537.36"
129.232.96.143 - - [05/May/2026:07:40:36 -0500] "GET /wp-content/plugins/kadence-blocks/dist/style-blocks-rowlayout.css?ver=3.6.7 HTTP/2.0" 200 1771 "https://easysalads.com/tomato-onion-salad/" "Mozilla/5.0 (Linux; Android 8.1.0; Hisense U50 Build/OPM2.171019.012) AppleWebKit/537.36 (KHTML, like Gecko) Chrome/138.0.7204.179 Mobile Safari/537.36"
129.232.96.143 - - [05/May/2026:07:40:36 -0500] "GET /wp-content/plugins/kadence-blocks/dist/style-blocks-column.css?ver=3.6.7 HTTP/2.0" 200 428 "https://easysalads.com/tomato-onion-salad/" "Mozilla/5.0 (Linux; Android 8.1.0; Hisense U50 Build/OPM2.171019.012) AppleWebKit/537.36 (KHTML, like Gecko) Chrome/138.0.7204.179 Mobile Safari/537.36"
129.232.96.143 - - [05/May/2026:07:40:36 -0500] "GET /wp-content/plugins/kadence-blocks/dist/style-blocks-infobox.css?ver=3.6.7 HTTP/2.0" 200 1340 "https://easysalads.com/tomato-onion-salad/" "Mozilla/5.0 (Linux; Android 8.1.0; Hisense U50 Build/OPM2.171019.012) AppleWebKit/537.36 (KHTML, like Gecko) Chrome/138.0.7204.179 Mobile Safari/537.36"
129.232.96.143 - - [05/May/2026:07:40:36 -0500] "GET /wp-content/plugins/kadence-blocks/dist/style-blocks-advancedbtn.css?ver=3.6.7 HTTP/2.0" 200 705 "https://easysalads.com/tomato-onion-salad/" "Mozilla/5.0 (Linux; Android 8.1.0; Hisense U50 Build/OPM2.171019.012) AppleWebKit/537.36 (KHTML, like Gecko) Chrome/138.0.7204.179 Mobile Safari/537.36"
129.232.96.143 - - [05/May/2026:07:40:36 -0500] "GET /wp-content/plugins/kadence-blocks-pro/dist/style-blocks-postgrid.css?ver=2.8.13.1 HTTP/2.0" 200 2795 "https://easysalads.com/tomato-onion-salad/" "Mozilla/5.0 (Linux; Android 8.1.0; Hisense U50 Build/OPM2.171019.012) AppleWebKit/537.36 (KHTML, like Gecko) Chrome/138.0.7204.179 Mobile Safari/537.36"
129.232.96.143 - - [05/May/2026:07:40:36 -0500] "GET /wp-content/plugins/wp-recipe-maker/dist/public-modern.css?ver=10.5.0 HTTP/2.0" 200 7712 "https://easysalads.com/tomato-onion-salad/" "Mozilla/5.0 (Linux; Android 8.1.0; Hisense U50 Build/OPM2.171019.012) AppleWebKit/537.36 (KHTML, like Gecko) Chrome/138.0.7204.179 Mobile Safari/537.36"
129.232.96.143 - - [05/May/2026:07:40:36 -0500] "GET /wp-content/plugins/wp-recipe-maker-premium/dist/public-pro.css?ver=10.5.0 HTTP/2.0" 200 6796 "https://easysalads.com/tomato-onion-salad/" "Mozilla/5.0 (Linux; Android 8.1.0; Hisense U50 Build/OPM2.171019.012) AppleWebKit/537.36 (KHTML, like Gecko) Chrome/138.0.7204.179 Mobile Safari/537.36"
129.232.96.143 - - [05/May/2026:07:40:36 -0500] "GET /wp-content/themes/kadence/assets/css/global.min.css?ver=1.1.22 HTTP/2.0" 200 4256 "https://easysalads.com/tomato-onion-salad/" "Mozilla/5.0 (Linux; Android 8.1.0; Hisense U50 Build/OPM2.171019.012) AppleWebKit/537.36 (KHTML, like Gecko) Chrome/138.0.7204.179 Mobile Safari/537.36"
129.232.96.143 - - [05/May/2026:07:40:36 -0500] "GET /wp-content/themes/kadence/assets/css/header.min.css?ver=1.1.22 HTTP/2.0" 200 4295 "https://easysalads.com/tomato-onion-salad/" "Mozilla/5.0 (Linux; Android 8.1.0; Hisense U50 Build/OPM2.171019.012) AppleWebKit/537.36 (KHTML, like Gecko) Chrome/138.0.7204.179 Mobile Safari/537.36"
129.232.96.143 - - [05/May/2026:07:40:36 -0500] "GET /wp-content/themes/kadence/assets/css/content.min.css?ver=1.1.22 HTTP/2.0" 200 5512 "https://easysalads.com/tomato-onion-salad/" "Mozilla/5.0 (Linux; Android 8.1.0; Hisense U50 Build/OPM2.171019.012) AppleWebKit/537.36 (KHTML, like Gecko) Chrome/138.0.7204.179 Mobile Safari/537.36"
129.232.96.143 - - [05/May/2026:07:40:36 -0500] "GET /wp-content/themes/kadence/assets/css/comments.min.css?ver=1.1.22 HTTP/2.0" 200 1289 "https://easysalads.com/tomato-onion-salad/" "Mozilla/5.0 (Linux; Android 8.1.0; Hisense U50 Build/OPM2.171019.012) AppleWebKit/537.36 (KHTML, like Gecko) Chrome/138.0.7204.179 Mobile Safari/537.36"
129.232.96.143 - - [05/May/2026:07:40:36 -0500] "GET /wp-content/themes/kadence/assets/css/sidebar.min.css?ver=1.1.22 HTTP/2.0" 200 749 "https://easysalads.com/tomato-onion-salad/" "Mozilla/5.0 (Linux; Android 8.1.0; Hisense U50 Build/OPM2.171019.012) AppleWebKit/537.36 (KHTML, like Gecko) Chrome/138.0.7204.179 Mobile Safari/537.36"
129.232.96.143 - - [05/May/2026:07:40:36 -0500] "GET /wp-content/themes/kadence/assets/css/footer.min.css?ver=1.1.22 HTTP/2.0" 200 1580 "https://easysalads.com/tomato-onion-salad/" "Mozilla/5.0 (Linux; Android 8.1.0; Hisense U50 Build/OPM2.171019.012) AppleWebKit/537.36 (KHTML, like Gecko) Chrome/138.0.7204.179 Mobile Safari/537.36"
129.232.96.143 - - [05/May/2026:07:40:36 -0500] "GET /wp-content/plugins/kadence-pro/dist/mega-menu/menu-addon.css?ver=1.1.19 HTTP/2.0" 200 1126 "https://easysalads.com/tomato-onion-salad/" "Mozilla/5.0 (Linux; Android 8.1.0; Hisense U50 Build/OPM2.171019.012) AppleWebKit/537.36 (KHTML, like Gecko) Chrome/138.0.7204.179 Mobile Safari/537.36"
129.232.96.143 - - [05/May/2026:07:40:36 -0500] "GET /wp-content/plugins/social-pug/assets/dist/style-frontend-pro.css?ver=2.28.0 HTTP/2.0" 200 11454 "https://easysalads.com/tomato-onion-salad/" "Mozilla/5.0 (Linux; Android 8.1.0; Hisense U50 Build/OPM2.171019.012) AppleWebKit/537.36 (KHTML, like Gecko) Chrome/138.0.7204.179 Mobile Safari/537.36"
129.232.96.143 - - [05/May/2026:07:40:36 -0500] "GET /wp-content/plugins/kadence-blocks/dist/style-blocks-iconlist.css?ver=3.6.7 HTTP/2.0" 200 597 "https://easysalads.com/tomato-onion-salad/" "Mozilla/5.0 (Linux; Android 8.1.0; Hisense U50 Build/OPM2.171019.012) AppleWebKit/537.36 (KHTML, like Gecko) Chrome/138.0.7204.179 Mobile Safari/537.36"
129.232.96.143 - - [05/May/2026:07:40:36 -0500] "GET /wp-content/themes/restored316-sage/style.css?ver=1_0_1 HTTP/2.0" 200 1089 "https://easysalads.com/tomato-onion-salad/" "Mozilla/5.0 (Linux; Android 8.1.0; Hisense U50 Build/OPM2.171019.012) AppleWebKit/537.36 (KHTML, like Gecko) Chrome/138.0.7204.179 Mobile Safari/537.36"
129.232.96.143 - - [05/May/2026:07:40:36 -0500] "GET /wp-content/plugins/wpforms-lite/assets/css/frontend/modern/wpforms-full.min.css?ver=1.10.0.4 HTTP/2.0" 200 14792 "https://easysalads.com/tomato-onion-salad/" "Mozilla/5.0 (Linux; Android 8.1.0; Hisense U50 Build/OPM2.171019.012) AppleWebKit/537.36 (KHTML, like Gecko) Chrome/138.0.7204.179 Mobile Safari/537.36"
129.232.96.143 - - [05/May/2026:07:40:36 -0500] "GET /wp-content/uploads/2022/09/Easy-Salads-website-logo-768x226.png HTTP/2.0" 200 32242 "https://easysalads.com/tomato-onion-salad/" "Mozilla/5.0 (Linux; Android 8.1.0; Hisense U50 Build/OPM2.171019.012) AppleWebKit/537.36 (KHTML, like Gecko) Chrome/138.0.7204.179 Mobile Safari/537.36"
129.232.96.143 - - [05/May/2026:07:40:37 -0500] "GET /wp-content/uploads/2024/01/tomato-onion-salad-06-768x1152.jpg HTTP/2.0" 200 257562 "https://easysalads.com/tomato-onion-salad/" "Mozilla/5.0 (Linux; Android 8.1.0; Hisense U50 Build/OPM2.171019.012) AppleWebKit/537.36 (KHTML, like Gecko) Chrome/138.0.7204.179 Mobile Safari/537.36"
129.232.96.143 - - [05/May/2026:07:40:37 -0500] "GET /wp-content/uploads/2024/01/tomato-onion-salad-04-768x512.jpg HTTP/2.0" 200 122750 "https://easysalads.com/tomato-onion-salad/" "Mozilla/5.0 (Linux; Android 8.1.0; Hisense U50 Build/OPM2.171019.012) AppleWebKit/537.36 (KHTML, like Gecko) Chrome/138.0.7204.179 Mobile Safari/537.36"
129.232.96.143 - - [05/May/2026:07:40:38 -0500] "GET /wp-content/plugins/kadence-blocks/dist/style-blocks-spacer.css?ver=3.6.7 HTTP/2.0" 200 385 "https://easysalads.com/tomato-onion-salad/" "Mozilla/5.0 (Linux; Android 8.1.0; Hisense U50 Build/OPM2.171019.012) AppleWebKit/537.36 (KHTML, like Gecko) Chrome/138.0.7204.179 Mobile Safari/537.36"
129.232.96.143 - - [05/May/2026:07:40:39 -0500] "GET /wp-content/plugins/wp-recipe-maker/dist/public-modern.js?ver=10.5.0 HTTP/2.0" 200 23744 "https://easysalads.com/tomato-onion-salad/" "Mozilla/5.0 (Linux; Android 8.1.0; Hisense U50 Build/OPM2.171019.012) AppleWebKit/537.36 (KHTML, like Gecko) Chrome/138.0.7204.179 Mobile Safari/537.36"
129.232.96.143 - - [05/May/2026:07:40:39 -0500] "GET /wp-content/plugins/kadence-pro/dist/mega-menu/kadence-mega-menu.min.js?ver=1.1.19 HTTP/2.0" 200 457 "https://easysalads.com/tomato-onion-salad/" "Mozilla/5.0 (Linux; Android 8.1.0; Hisense U50 Build/OPM2.171019.012) AppleWebKit/537.36 (KHTML, like Gecko) Chrome/138.0.7204.179 Mobile Safari/537.36"
129.232.96.143 - - [05/May/2026:07:40:39 -0500] "GET /wp-content/plugins/wp-recipe-maker-premium/dist/public-pro.js?ver=10.5.0 HTTP/2.0" 200 20140 "https://easysalads.com/tomato-onion-salad/" "Mozilla/5.0 (Linux; Android 8.1.0; Hisense U50 Build/OPM2.171019.012) AppleWebKit/537.36 (KHTML, like Gecko) Chrome/138.0.7204.179 Mobile Safari/537.36"
129.232.96.143 - - [05/May/2026:07:40:39 -0500] "GET /wp-includes/js/jquery/jquery.min.js?ver=3.7.1 HTTP/2.0" 200 29769 "https://easysalads.com/tomato-onion-salad/" "Mozilla/5.0 (Linux; Android 8.1.0; Hisense U50 Build/OPM2.171019.012) AppleWebKit/537.36 (KHTML, like Gecko) Chrome/138.0.7204.179 Mobile Safari/537.36"
129.232.96.143 - - [05/May/2026:07:40:39 -0500] "GET /wp-includes/js/jquery/jquery-migrate.min.js?ver=3.4.1 HTTP/2.0" 200 4679 "https://easysalads.com/tomato-onion-salad/" "Mozilla/5.0 (Linux; Android 8.1.0; Hisense U50 Build/OPM2.171019.012) AppleWebKit/537.36 (KHTML, like Gecko) Chrome/138.0.7204.179 Mobile Safari/537.36"
129.232.96.143 - - [05/May/2026:07:40:40 -0500] "GET /wp-content/plugins/wpforms-lite/assets/lib/jquery.validate.min.js?ver=1.21.0 HTTP/2.0" 200 7807 "https://easysalads.com/tomato-onion-salad/" "Mozilla/5.0 (Linux; Android 8.1.0; Hisense U50 Build/OPM2.171019.012) AppleWebKit/537.36 (KHTML, like Gecko) Chrome/138.0.7204.179 Mobile Safari/537.36"
129.232.96.143 - - [05/May/2026:07:40:40 -0500] "GET /wp-content/plugins/wpforms-lite/assets/lib/mailcheck.min.js?ver=1.1.2 HTTP/2.0" 200 1616 "https://easysalads.com/tomato-onion-salad/" "Mozilla/5.0 (Linux; Android 8.1.0; Hisense U50 Build/OPM2.171019.012) AppleWebKit/537.36 (KHTML, like Gecko) Chrome/138.0.7204.179 Mobile Safari/537.36"
129.232.96.143 - - [05/May/2026:07:40:40 -0500] "GET /wp-content/plugins/wpforms-lite/assets/lib/punycode.min.js?ver=1.0.0 HTTP/2.0" 200 834 "https://easysalads.com/tomato-onion-salad/" "Mozilla/5.0 (Linux; Android 8.1.0; Hisense U50 Build/OPM2.171019.012) AppleWebKit/537.36 (KHTML, like Gecko) Chrome/138.0.7204.179 Mobile Safari/537.36"
129.232.96.143 - - [05/May/2026:07:40:40 -0500] "GET /wp-content/plugins/wpforms-lite/assets/js/share/utils.min.js?ver=1.10.0.4 HTTP/2.0" 200 727 "https://easysalads.com/tomato-onion-salad/" "Mozilla/5.0 (Linux; Android 8.1.0; Hisense U50 Build/OPM2.171019.012) AppleWebKit/537.36 (KHTML, like Gecko) Chrome/138.0.7204.179 Mobile Safari/537.36"
129.232.96.143 - - [05/May/2026:07:40:40 -0500] "GET /wp-content/plugins/wpforms-lite/assets/js/frontend/wpforms.min.js?ver=1.10.0.4 HTTP/2.0" 200 14614 "https://easysalads.com/tomato-onion-salad/" "Mozilla/5.0 (Linux; Android 8.1.0; Hisense U50 Build/OPM2.171019.012) AppleWebKit/537.36 (KHTML, like Gecko) Chrome/138.0.7204.179 Mobile Safari/537.36"
129.232.96.143 - - [05/May/2026:07:40:40 -0500] "GET /wp-content/plugins/wpforms-lite/assets/js/frontend/wpforms-modern.min.js?ver=1.10.0.4 HTTP/2.0" 200 1866 "https://easysalads.com/tomato-onion-salad/" "Mozilla/5.0 (Linux; Android 8.1.0; Hisense U50 Build/OPM2.171019.012) AppleWebKit/537.36 (KHTML, like Gecko) Chrome/138.0.7204.179 Mobile Safari/537.36"
129.232.96.143 - - [05/May/2026:07:40:40 -0500] "GET /wp-content/plugins/wpforms-lite/assets/js/frontend/fields/address.min.js?ver=1.10.0.4 HTTP/2.0" 200 673 "https://easysalads.com/tomato-onion-salad/" "Mozilla/5.0 (Linux; Android 8.1.0; Hisense U50 Build/OPM2.171019.012) AppleWebKit/537.36 (KHTML, like Gecko) Chrome/138.0.7204.179 Mobile Safari/537.36"
129.232.96.143 - - [05/May/2026:07:40:40 -0500] "GET /wp-content/plugins/wpforms-lite/assets/images/submit-spin.svg HTTP/2.0" 200 509 "https://easysalads.com/tomato-onion-salad/" "Mozilla/5.0 (Linux; Android 8.1.0; Hisense U50 Build/OPM2.171019.012) AppleWebKit/537.36 (KHTML, like Gecko) Chrome/138.0.7204.179 Mobile Safari/537.36"
129.232.96.143 - - [05/May/2026:07:40:40 -0500] "GET /wp-includes/js/comment-reply.min.js?ver=6.9.4 HTTP/2.0" 200 1248 "https://easysalads.com/tomato-onion-salad/" "Mozilla/5.0 (Linux; Android 8.1.0; Hisense U50 Build/OPM2.171019.012) AppleWebKit/537.36 (KHTML, like Gecko) Chrome/138.0.7204.179 Mobile Safari/537.36"
129.232.96.143 - - [05/May/2026:07:40:40 -0500] "GET /wp-content/themes/kadence/assets/js/navigation-lite.min.js?ver=1.1.21 HTTP/2.0" 200 2083 "https://easysalads.com/tomato-onion-salad/" "Mozilla/5.0 (Linux; Android 8.1.0; Hisense U50 Build/OPM2.171019.012) AppleWebKit/537.36 (KHTML, like Gecko) Chrome/138.0.7204.179 Mobile Safari/537.36"
129.232.96.143 - - [05/May/2026:07:40:40 -0500] "GET /wp-content/plugins/social-pug/assets/dist/front-end-pro.js?ver=2.28.0 HTTP/2.0" 200 9339 "https://easysalads.com/tomato-onion-salad/" "Mozilla/5.0 (Linux; Android 8.1.0; Hisense U50 Build/OPM2.171019.012) AppleWebKit/537.36 (KHTML, like Gecko) Chrome/138.0.7204.179 Mobile Safari/537.36"
129.232.96.143 - - [05/May/2026:07:40:40 -0500] "GET /wp-content/plugins/akismet/_inc/akismet-frontend.js?ver=1764724306 HTTP/2.0" 200 3016 "https://easysalads.com/tomato-onion-salad/" "Mozilla/5.0 (Linux; Android 8.1.0; Hisense U50 Build/OPM2.171019.012) AppleWebKit/537.36 (KHTML, like Gecko) Chrome/138.0.7204.179 Mobile Safari/537.36"
150.230.164.215 - - [05/May/2026:07:40:47 -0500] "GET /wp-json/wp/v2/pages?per_page=40&orderby=id&order=asc&page=1&_fields=id%2Clink%2Cmodified_gmt HTTP/1.1" 200 239 "-" "Mozilla/5.0 (compatible; SlickBot/1.0; +http://slickstream.com)"
150.230.164.215 - - [05/May/2026:07:40:47 -0500] "GET /wp-json/wp/v2/posts?per_page=40&orderby=id&order=asc&page=1&_fields=id%2Clink%2Cmodified_gmt HTTP/1.1" 200 1090 "-" "Mozilla/5.0 (compatible; SlickBot/1.0; +http://slickstream.com)"
150.230.164.215 - - [05/May/2026:07:40:47 -0500] "GET /wp-json/wp/v2/posts?per_page=40&orderby=id&order=asc&page=2&_fields=id%2Clink%2Cmodified_gmt HTTP/1.1" 200 217 "-" "Mozilla/5.0 (compatible; SlickBot/1.0; +http://slickstream.com)"
150.230.164.215 - - [05/May/2026:07:40:47 -0500] "GET /wp-json/web-stories/v1/web-story?per_page=40&orderby=id&order=asc&page=1&_fields=id%2Clink%2Cmodified_gmt HTTP/1.1" 200 179 "-" "Mozilla/5.0 (compatible; SlickBot/1.0; +http://slickstream.com)"
150.230.164.215 - - [05/May/2026:07:40:48 -0500] "GET /sitemap_index.xml?&ssts=1777984848180 HTTP/1.1" 200 378 "-" "Mozilla/5.0 (compatible; SlickBot/1.0; +http://slickstream.com)"
150.230.164.215 - - [05/May/2026:07:40:48 -0500] "GET /post-sitemap.xml?&ssts=1777984848414 HTTP/1.1" 200 2766 "-" "Mozilla/5.0 (compatible; SlickBot/1.0; +http://slickstream.com)"
150.230.164.215 - - [05/May/2026:07:40:48 -0500] "GET /page-sitemap.xml?&ssts=1777984848741 HTTP/1.1" 200 570 "-" "Mozilla/5.0 (compatible; SlickBot/1.0; +http://slickstream.com)"
150.230.164.215 - - [05/May/2026:07:40:49 -0500] "GET /kadence_element-sitemap.xml?&ssts=1777984849098 HTTP/1.1" 200 511 "-" "Mozilla/5.0 (compatible; SlickBot/1.0; +http://slickstream.com)"
150.230.164.215 - - [05/May/2026:07:40:49 -0500] "GET /web-story-sitemap.xml?&ssts=1777984849377 HTTP/1.1" 200 499 "-" "Mozilla/5.0 (compatible; SlickBot/1.0; +http://slickstream.com)"
150.230.164.215 - - [05/May/2026:07:40:49 -0500] "GET /category-sitemap.xml?&ssts=1777984849734 HTTP/1.1" 200 551 "-" "Mozilla/5.0 (compatible; SlickBot/1.0; +http://slickstream.com)"
150.230.164.215 - - [05/May/2026:07:40:51 -0500] "GET / HTTP/1.1" 200 114538 "-" "Mozilla/5.0 (compatible; SlickBot/1.0; +http://slickstream.com)"
147.135.193.88 - - [05/May/2026:07:40:54 -0500] "GET /wp-content/uploads/2024/01/lemon-orzo-salad-with-walnuts-03-300x279.jpg HTTP/1.1" 200 31847 "-" "python-urllib3/1.26.9"
129.232.96.143 - - [05/May/2026:07:40:57 -0500] "GET /wp-content/uploads/2024/01/tomato-onion-salad-03-768x768.jpg HTTP/2.0" 200 169079 "https://easysalads.com/tomato-onion-salad/" "Mozilla/5.0 (Linux; Android 8.1.0; Hisense U50 Build/OPM2.171019.012) AppleWebKit/537.36 (KHTML, like Gecko) Chrome/138.0.7204.179 Mobile Safari/537.36"
154.18.244.252 - - [05/May/2026:07:41:04 -0500] "POST /wp-cron.php?doing_wp_cron=1777984864.4187850952148437500000 HTTP/1.1" 200 11 "-" "WordPress/6.9.4; https://easysalads.com"
57.128.189.19 - - [05/May/2026:07:41:04 -0500] "GET /?nocache=1777984801 HTTP/2.0" 200 89193 "-" "BigScootsMonitor Mozilla/5.0 (Windows NT 10.0; Win64; x64) AppleWebKit/537.36 (KHTML, like Gecko) Chrome/74.0.3729.169 Safari/537.36"
51.222.136.175 - - [05/May/2026:07:41:05 -0500] "GET /?nocache=1777984801 HTTP/2.0" 200 89193 "-" "BigScootsMonitor Mozilla/5.0 (Windows NT 10.0; Win64; x64) AppleWebKit/537.36 (KHTML, like Gecko) Chrome/74.0.3729.169 Safari/537.36"
103.216.117.42 - - [05/May/2026:07:41:05 -0500] "GET /wp-login.php HTTP/2.0" 444 0 "-" "Mozilla/5.0 (Windows NT 6.1; WOW64; Trident/7.0; FunWebProducts; rv:11.0) like Gecko"
198.175.24.218 - - [05/May/2026:07:41:09 -0500] "GET /?v=nocache-1739936881 HTTP/2.0" 200 89193 "-" "BigScoots Monitoring"
147.135.193.88 - - [05/May/2026:07:41:18 -0500] "GET /wp-content/uploads/2024/11/sweet-potato-feta-salad-03.jpg HTTP/1.1" 200 950038 "-" "python-urllib3/1.26.9"
3.70.164.132 - - [05/May/2026:07:41:20 -0500] "GET /wp-login.php HTTP/2.0" 200 1882 "-" "Mozilla/5.0 (Windows NT 6.1; WOW64) AppleWebKit/537.36 (KHTML, like Gecko) Chrome/66.0.3359.139 Safari/537.36"
3.70.164.132 - - [05/May/2026:07:41:20 -0500] "POST /wp-login.php HTTP/2.0" 200 2022 "https://easysalads.com/wp-login.php" "Mozilla/5.0 (Windows NT 6.1; WOW64) AppleWebKit/537.36 (KHTML, like Gecko) Chrome/66.0.3359.139 Safari/537.36"
182.161.74.96 - - [05/May/2026:07:41:23 -0500] "GET /tomato-onion-salad/ HTTP/1.1" 200 128806 "-" "CriteoBot/0.1 (+https://www.criteo.com/criteo-crawler/)"
89.207.16.164 - - [05/May/2026:07:41:25 -0500] "GET /ads.txt HTTP/1.1" 301 5 "-" "Mozilla/5.0 (X11; Linux x86_64) AppleWebKit/53 (KHTML, like Gecko) Chrome/15.0.87"
1.145.155.119 - - [05/May/2026:07:41:27 -0500] "GET /apple-touch-icon-precomposed.png HTTP/2.0" 200 0 "-" "NetworkingExtension/8623.2.7.10.4 Network/5569.82.5 iOS/26.3.1"
1.145.155.119 - - [05/May/2026:07:41:27 -0500] "GET /apple-touch-icon.png HTTP/2.0" 200 0 "-" "NetworkingExtension/8623.2.7.10.4 Network/5569.82.5 iOS/26.3.1"
1.145.155.119 - - [05/May/2026:07:41:27 -0500] "GET /favicon.ico HTTP/2.0" 404 146 "-" "NetworkingExtension/8623.2.7.10.4 Network/5569.82.5 iOS/26.3.1"
1.145.155.119 - - [05/May/2026:07:41:28 -0500] "GET /rocket-salad-with-pear-parmesan/ HTTP/2.0" 200 99712 "-" "Mozilla/5.0 (Macintosh; Intel Mac OS X 10_11_1) AppleWebKit/601.2.4 (KHTML, like Gecko) Version/9.0.1 Safari/601.2.4 facebookexternalhit/1.1 Facebot Twitterbot/1.0"
159.195.26.89 - - [05/May/2026:07:41:28 -0500] "GET /wp-login.php HTTP/2.0" 200 1882 "-" "Mozilla/5.0 (compatible; MSIE 10.0; Windows NT 6.2; WOW64; Trident/7.0)"
159.195.26.89 - - [05/May/2026:07:41:28 -0500] "POST /wp-login.php HTTP/2.0" 200 2019 "https://easysalads.com/wp-login.php" "Mozilla/5.0 (compatible; MSIE 10.0; Windows NT 6.2; WOW64; Trident/7.0)"
1.145.155.119 - - [05/May/2026:07:41:29 -0500] "GET /wp-content/uploads/2022/09/cropped-site-icon-easy-salads-32x32.png HTTP/2.0" 200 907 "-" "NetworkingExtension/8623.2.7.10.4 Network/5569.82.5 iOS/26.3.1"
1.145.155.119 - - [05/May/2026:07:41:29 -0500] "GET /wp-content/uploads/2022/09/cropped-site-icon-easy-salads-192x192.png HTTP/2.0" 200 8410 "-" "NetworkingExtension/8623.2.7.10.4 Network/5569.82.5 iOS/26.3.1"
1.145.155.119 - - [05/May/2026:07:41:29 -0500] "GET /wp-content/uploads/2022/09/cropped-site-icon-easy-salads-180x180.png HTTP/2.0" 200 7710 "-" "NetworkingExtension/8623.2.7.10.4 Network/5569.82.5 iOS/26.3.1"
1.145.155.119 - - [05/May/2026:07:41:30 -0500] "GET /wp-content/uploads/2024/05/rocket-salad-01.jpg HTTP/2.0" 200 517566 "-" "NetworkingExtension/8623.2.7.10.4 Network/5569.82.5 iOS/26.3.1"
1.145.155.119 - - [05/May/2026:07:41:30 -0500] "GET /wp-content/uploads/2024/05/rocket-salad-03.jpg HTTP/2.0" 200 578658 "-" "NetworkingExtension/8623.2.7.10.4 Network/5569.82.5 iOS/26.3.1"
1.145.155.119 - - [05/May/2026:07:41:30 -0500] "GET /wp-content/uploads/2024/05/rocket-salad-02.jpg HTTP/2.0" 200 298563 "-" "NetworkingExtension/8623.2.7.10.4 Network/5569.82.5 iOS/26.3.1"
1.145.155.119 - - [05/May/2026:07:41:30 -0500] "GET /wp-content/uploads/2024/05/rocket-salad-03.jpg HTTP/2.0" 200 578658 "-" "NetworkingExtension/8623.2.7.10.4 Network/5569.82.5 iOS/26.3.1"
50.6.7.129 - - [05/May/2026:07:41:33 -0500] "GET /wp-login.php HTTP/2.0" 444 0 "-" "Mozilla/5.0 (Windows NT 6.3) AppleWebKit/537.36 (KHTML, like Gecko) Chrome/66.0.3359.139 Safari/537.36"
5.35.7.175 - - [05/May/2026:07:41:41 -0500] "GET /wp-login.php HTTP/2.0" 444 0 "-" "Mozilla/5.0 (Windows NT 10.0) AppleWebKit/537.36 (KHTML, like Gecko) Chrome/65.0.3325.181 Safari/537.36"
147.135.193.88 - - [05/May/2026:07:41:42 -0500] "GET /wp-content/uploads/2024/11/sweet-potato-feta-salad-00-500x500.jpg HTTP/1.1" 200 122419 "-" "python-urllib3/1.26.9"
154.18.244.252 - - [05/May/2026:07:42:03 -0500] "POST /wp-cron.php?doing_wp_cron=1777984923.1033720970153808593750 HTTP/1.1" 200 11 "-" "WordPress/6.9.4; https://easysalads.com"
161.132.40.97 - - [05/May/2026:07:42:03 -0500] "GET /wp-login.php HTTP/2.0" 200 1882 "-" "Mozilla/4.0 (compatible; MSIE 7.0; Windows NT 6.1; Win64; x64; Trident/7.0; .NET CLR 2.0.50727; SLCC2; .NET4.0C; .NET4.0E; .NET CLR 3.5.30729; .NET CLR 3.0.30729)"
161.132.40.97 - - [05/May/2026:07:42:03 -0500] "POST /wp-login.php HTTP/2.0" 200 2017 "https://easysalads.com/wp-login.php" "Mozilla/4.0 (compatible; MSIE 7.0; Windows NT 6.1; Win64; x64; Trident/7.0; .NET CLR 2.0.50727; SLCC2; .NET4.0C; .NET4.0E; .NET CLR 3.5.30729; .NET CLR 3.0.30729)"
147.135.193.88 - - [05/May/2026:07:42:07 -0500] "GET /wp-content/uploads/2024/11/sweet-potato-feta-salad-01.jpg HTTP/1.1" 200 480640 "-" "python-urllib3/1.26.9"
52.112.95.132 - - [05/May/2026:07:42:07 -0500] "GET /wp-content/uploads/2024/03/Edamame-Corn-Salad-05.jpg HTTP/1.1" 200 604340 "-" "Mozilla/5.0 (Windows NT 6.1; WOW64) SkypeUriPreview Preview/0.5 [email protected]"
121.200.217.27 - - [05/May/2026:07:42:22 -0500] "GET /wp-login.php HTTP/2.0" 444 0 "-" "Mozilla/5.0 (Windows NT 6.2; Win64; x64; Trident/7.0; rv:11.0) like Gecko"
69.171.231.19 - - [05/May/2026:07:42:35 -0500] "GET /wp-content/uploads/2022/09/cropped-site-icon-easy-salads-192x192.png HTTP/2.0" 200 8410 "-" "facebookexternalhit/1.1 (+http://www.facebook.com/externalhit_uatext.php)"
147.135.193.88 - - [05/May/2026:07:42:36 -0500] "GET /wp-content/uploads/2022/09/panera-tomato-basil-cucumber-salad-sq02-300x300.jpg HTTP/1.1" 200 33089 "-" "python-urllib3/1.26.9"
147.135.193.88 - - [05/May/2026:07:42:57 -0500] "GET /wp-content/uploads/2024/11/sweet-potato-feta-salad-04.jpg HTTP/1.1" 200 681806 "-" "python-urllib3/1.26.9"
154.18.244.252 - - [05/May/2026:07:43:04 -0500] "POST /wp-cron.php?doing_wp_cron=1777984984.6940550804138183593750 HTTP/1.1" 200 11 "-" "WordPress/6.9.4; https://easysalads.com"
51.222.136.175 - - [05/May/2026:07:43:04 -0500] "GET /?nocache=1777984921 HTTP/2.0" 200 89193 "-" "BigScootsMonitor Mozilla/5.0 (Windows NT 10.0; Win64; x64) AppleWebKit/537.36 (KHTML, like Gecko) Chrome/74.0.3729.169 Safari/537.36"
57.128.189.19 - - [05/May/2026:07:43:04 -0500] "GET /?nocache=1777984921 HTTP/2.0" 200 89193 "-" "BigScootsMonitor Mozilla/5.0 (Windows NT 10.0; Win64; x64) AppleWebKit/537.36 (KHTML, like Gecko) Chrome/74.0.3729.169 Safari/537.36"
107.116.185.94 - - [05/May/2026:07:43:17 -0500] "GET /hot-chicken-salad/ HTTP/2.0" 499 0 "-" "Mozilla/5.0 (iPhone; CPU iPhone OS 18_7 like Mac OS X) AppleWebKit/605.1.15 (KHTML, like Gecko) Version/26.3 Mobile/15E148 Safari/604.1"
147.135.193.88 - - [05/May/2026:07:43:19 -0500] "GET /wp-content/uploads/2024/11/sweet-potato-feta-salad-00.jpg HTTP/1.1" 200 886828 "-" "python-urllib3/1.26.9"
202.76.181.27 - - [05/May/2026:07:43:22 -0500] "GET /wprm_print/shrimp-salad HTTP/1.1" 200 11195 "-" "Mozilla/5.0 (Macintosh; Intel Mac OS X 13.5; rv:136.0) Gecko/20100101 Firefox/136.0"
137.74.133.23 - - [05/May/2026:07:43:34 -0500] "GET /wp-login.php HTTP/2.0" 200 1882 "-" "Mozilla/5.0 (Windows NT 10.0; Win64; x64) AppleWebKit/537.36 (KHTML, like Gecko) Chrome/67.0.3396.62 Safari/537.36"
137.74.133.23 - - [05/May/2026:07:43:35 -0500] "POST /wp-login.php HTTP/2.0" 200 1998 "https://easysalads.com/wp-login.php" "Mozilla/5.0 (Windows NT 10.0; Win64; x64) AppleWebKit/537.36 (KHTML, like Gecko) Chrome/67.0.3396.62 Safari/537.36"
147.135.193.88 - - [05/May/2026:07:43:44 -0500] "GET /wp-content/uploads/2024/06/street-corn-pasta-salad-03-200x300.jpg HTTP/1.1" 200 29773 "-" "python-urllib3/1.26.9"
147.135.193.88 - - [05/May/2026:07:43:44 -0500] "GET /wp-content/uploads/2022/01/courtney-whitmore-easy-salads02.jpg HTTP/1.1" 200 119383 "-" "python-urllib3/1.26.9"
129.232.96.143 - - [05/May/2026:07:43:58 -0500] "GET /wp-content/uploads/2024/01/tomato-onion-salad-06-500x500.jpg HTTP/2.0" 200 97058 "https://easysalads.com/tomato-onion-salad/" "Mozilla/5.0 (Linux; Android 8.1.0; Hisense U50 Build/OPM2.171019.012) AppleWebKit/537.36 (KHTML, like Gecko) Chrome/138.0.7204.179 Mobile Safari/537.36"
147.135.193.88 - - [05/May/2026:07:44:07 -0500] "GET /wp-content/uploads/2024/03/Edamame-Corn-Salad-04.jpg HTTP/1.1" 200 757063 "-" "python-urllib3/1.26.9"
147.135.193.88 - - [05/May/2026:07:44:28 -0500] "GET /wp-content/uploads/2024/03/Edamame-Corn-Salad-05.jpg HTTP/1.1" 200 604340 "-" "python-urllib3/1.26.9"
147.135.193.88 - - [05/May/2026:07:44:49 -0500] "GET /wp-content/uploads/2022/09/Easy-Salads-website-logo.png HTTP/1.1" 200 84948 "-" "python-urllib3/1.26.9"
154.18.244.252 - - [05/May/2026:07:45:03 -0500] "POST /wp-cron.php?doing_wp_cron=1777985104.0673038959503173828125 HTTP/1.1" 200 11 "-" "WordPress/6.9.4; https://easysalads.com"
57.128.189.19 - - [05/May/2026:07:45:04 -0500] "GET /?nocache=1777985041 HTTP/2.0" 200 89193 "-" "BigScootsMonitor Mozilla/5.0 (Windows NT 10.0; Win64; x64) AppleWebKit/537.36 (KHTML, like Gecko) Chrome/74.0.3729.169 Safari/537.36"
51.222.136.175 - - [05/May/2026:07:45:05 -0500] "GET /?nocache=1777985041 HTTP/2.0" 200 89193 "-" "BigScootsMonitor Mozilla/5.0 (Windows NT 10.0; Win64; x64) AppleWebKit/537.36 (KHTML, like Gecko) Chrome/74.0.3729.169 Safari/537.36"
147.135.193.88 - - [05/May/2026:07:45:10 -0500] "GET /wp-content/uploads/2024/03/bruschetta-pasta-salad-01-200x300.jpg HTTP/1.1" 200 31337 "-" "python-urllib3/1.26.9"
147.135.193.88 - - [05/May/2026:07:45:10 -0500] "GET /wp-content/uploads/2024/03/Edamame-Corn-Salad-01.jpg HTTP/1.1" 200 625982 "-" "python-urllib3/1.26.9"
147.135.193.88 - - [05/May/2026:07:45:29 -0500] "GET /wp-content/uploads/2024/03/Edamame-Corn-Salad-06.jpg HTTP/1.1" 200 287936 "-" "python-urllib3/1.26.9"
147.135.193.88 - - [05/May/2026:07:45:46 -0500] "GET /wp-content/uploads/2024/03/Edamame-Corn-Salad-05-500x500.jpg HTTP/1.1" 200 94907 "-" "python-urllib3/1.26.9"
71.56.56.119 - - [05/May/2026:07:45:48 -0500] "GET /broccoli-raisin-salad-recipe/mraid.js HTTP/2.0" 404 548 "https://easysalads.com/broccoli-raisin-salad-recipe/" "Mozilla/5.0 (Windows NT 10.0; Win64; x64) AppleWebKit/537.36 (KHTML, like Gecko) Chrome/147.0.0.0 Safari/537.36"
147.135.193.88 - - [05/May/2026:07:46:00 -0500] "GET /wp-content/uploads/2024/03/Edamame-Corn-Salad-00.jpg HTTP/1.1" 200 566157 "-" "python-urllib3/1.26.9"
129.232.96.143 - - [05/May/2026:07:46:05 -0500] "GET /wp-content/uploads/2022/09/cropped-site-icon-easy-salads-192x192.png HTTP/2.0" 200 8410 "https://easysalads.com/tomato-onion-salad/" "Mozilla/5.0 (Linux; Android 8.1.0; Hisense U50 Build/OPM2.171019.012) AppleWebKit/537.36 (KHTML, like Gecko) Chrome/138.0.7204.179 Mobile Safari/537.36"
129.232.96.143 - - [05/May/2026:07:46:07 -0500] "GET /wp-content/uploads/2022/09/cropped-site-icon-easy-salads-32x32.png HTTP/2.0" 200 907 "https://easysalads.com/tomato-onion-salad/" "Mozilla/5.0 (Linux; Android 8.1.0; Hisense U50 Build/OPM2.171019.012) AppleWebKit/537.36 (KHTML, like Gecko) Chrome/138.0.7204.179 Mobile Safari/537.36"
129.122.135.0 - - [05/May/2026:07:46:16 -0500] "GET /hot-chicken-salad/ HTTP/1.1" 200 106007 "-" "Opera/8.67.(X11; Linux x86_64; iu-CA) Presto/2.9.174 Version/11.00"
71.56.56.119 - - [05/May/2026:07:46:18 -0500] "GET /broccoli-raisin-salad-recipe/mraid.js HTTP/2.0" 404 548 "https://easysalads.com/broccoli-raisin-salad-recipe/" "Mozilla/5.0 (Windows NT 10.0; Win64; x64) AppleWebKit/537.36 (KHTML, like Gecko) Chrome/147.0.0.0 Safari/537.36"
154.18.244.252 - - [05/May/2026:07:46:30 -0500] "POST /wp-cron.php?doing_wp_cron=1777985190.2835209369659423828125 HTTP/1.1" 200 11 "-" "WordPress/6.9.4; https://easysalads.com"
198.46.83.219 - - [05/May/2026:07:46:30 -0500] "GET /wp-login.php HTTP/2.0" 200 1882 "-" "Mozilla/5.0 (Windows NT 6.1; WOW64; Trident/7.0; MALCJS; rv:11.0) like Gecko"
198.46.83.219 - - [05/May/2026:07:46:30 -0500] "POST /wp-login.php HTTP/2.0" 200 2020 "https://easysalads.com/wp-login.php" "Mozilla/5.0 (Windows NT 6.1; WOW64; Trident/7.0; MALCJS; rv:11.0) like Gecko"
208.76.83.182 - - [05/May/2026:07:46:44 -0500] "GET /wp-login.php HTTP/2.0" 444 0 "-" "Mozilla/5.0 (Windows NT 10.0; Win64; x64) AppleWebKit/537.36 (KHTML, like Gecko) Chrome/66.0.3359.139 Safari/537.36"
71.56.56.119 - - [05/May/2026:07:46:47 -0500] "GET /broccoli-raisin-salad-recipe/mraid.js HTTP/2.0" 404 548 "https://easysalads.com/broccoli-raisin-salad-recipe/" "Mozilla/5.0 (Windows NT 10.0; Win64; x64) AppleWebKit/537.36 (KHTML, like Gecko) Chrome/147.0.0.0 Safari/537.36"
40.77.167.131 - - [05/May/2026:07:46:55 -0500] "GET /wp-content/uploads/2024/10/taffy-apple-salad-02-500x500.jpg HTTP/2.0" 200 107151 "-" "Mozilla/5.0 AppleWebKit/537.36 (KHTML, like Gecko; compatible; bingbot/2.0; +http://www.bing.com/bingbot.htm) Chrome/116.0.1938.76 Safari/537.36"
40.77.167.131 - - [05/May/2026:07:46:55 -0500] "GET /wp-content/uploads/2024/10/taffy-apple-salad-02.jpg HTTP/2.0" 200 413455 "-" "Mozilla/5.0 AppleWebKit/537.36 (KHTML, like Gecko; compatible; bingbot/2.0; +http://www.bing.com/bingbot.htm) Chrome/116.0.1938.76 Safari/537.36"
207.46.13.116 - - [05/May/2026:07:46:59 -0500] "GET /wp-content/uploads/2024/10/taffy-apple-salad-05.jpg HTTP/2.0" 200 790705 "-" "Mozilla/5.0 AppleWebKit/537.36 (KHTML, like Gecko; compatible; bingbot/2.0; +http://www.bing.com/bingbot.htm) Chrome/116.0.1938.76 Safari/537.36"
52.167.144.229 - - [05/May/2026:07:46:59 -0500] "GET /wp-content/uploads/2024/10/taffy-apple-salad-02-500x375.jpg HTTP/2.0" 200 79880 "-" "Mozilla/5.0 AppleWebKit/537.36 (KHTML, like Gecko; compatible; bingbot/2.0; +http://www.bing.com/bingbot.htm) Chrome/116.0.1938.76 Safari/537.36"
207.46.13.116 - - [05/May/2026:07:47:00 -0500] "GET /wp-content/uploads/2024/10/taffy-apple-salad-02-480x270.jpg HTTP/2.0" 200 58321 "-" "Mozilla/5.0 AppleWebKit/537.36 (KHTML, like Gecko; compatible; bingbot/2.0; +http://www.bing.com/bingbot.htm) Chrome/116.0.1938.76 Safari/537.36"
154.18.244.252 - - [05/May/2026:07:47:04 -0500] "POST /wp-cron.php?doing_wp_cron=1777985224.2459790706634521484375 HTTP/1.1" 200 11 "-" "WordPress/6.9.4; https://easysalads.com"
57.128.189.19 - - [05/May/2026:07:47:04 -0500] "GET /?nocache=1777985161 HTTP/2.0" 200 89191 "-" "BigScootsMonitor Mozilla/5.0 (Windows NT 10.0; Win64; x64) AppleWebKit/537.36 (KHTML, like Gecko) Chrome/74.0.3729.169 Safari/537.36"
51.222.136.175 - - [05/May/2026:07:47:04 -0500] "GET /?nocache=1777985161 HTTP/2.0" 200 89191 "-" "BigScootsMonitor Mozilla/5.0 (Windows NT 10.0; Win64; x64) AppleWebKit/537.36 (KHTML, like Gecko) Chrome/74.0.3729.169 Safari/537.36"
90.241.155.237 - - [05/May/2026:07:47:09 -0500] "GET /caesar-wedge-salad/ HTTP/2.0" 200 104163 "https://www.bing.com/" "Mozilla/5.0 (Windows NT 10.0; Win64; x64) AppleWebKit/537.36 (KHTML, like Gecko) Chrome/147.0.0.0 Safari/537.36 Edg/147.0.0.0"
90.241.155.237 - - [05/May/2026:07:47:09 -0500] "GET /wp-content/plugins/kadence-blocks/dist/style-blocks-rowlayout.css?ver=3.6.7 HTTP/2.0" 200 1771 "https://easysalads.com/caesar-wedge-salad/" "Mozilla/5.0 (Windows NT 10.0; Win64; x64) AppleWebKit/537.36 (KHTML, like Gecko) Chrome/147.0.0.0 Safari/537.36 Edg/147.0.0.0"
90.241.155.237 - - [05/May/2026:07:47:09 -0500] "GET /wp-content/plugins/kadence-blocks/dist/style-blocks-column.css?ver=3.6.7 HTTP/2.0" 200 428 "https://easysalads.com/caesar-wedge-salad/" "Mozilla/5.0 (Windows NT 10.0; Win64; x64) AppleWebKit/537.36 (KHTML, like Gecko) Chrome/147.0.0.0 Safari/537.36 Edg/147.0.0.0"
90.241.155.237 - - [05/May/2026:07:47:09 -0500] "GET /wp-content/plugins/kadence-blocks/dist/style-blocks-infobox.css?ver=3.6.7 HTTP/2.0" 200 1340 "https://easysalads.com/caesar-wedge-salad/" "Mozilla/5.0 (Windows NT 10.0; Win64; x64) AppleWebKit/537.36 (KHTML, like Gecko) Chrome/147.0.0.0 Safari/537.36 Edg/147.0.0.0"
90.241.155.237 - - [05/May/2026:07:47:09 -0500] "GET /wp-content/plugins/kadence-blocks/dist/style-blocks-advancedbtn.css?ver=3.6.7 HTTP/2.0" 200 705 "https://easysalads.com/caesar-wedge-salad/" "Mozilla/5.0 (Windows NT 10.0; Win64; x64) AppleWebKit/537.36 (KHTML, like Gecko) Chrome/147.0.0.0 Safari/537.36 Edg/147.0.0.0"
90.241.155.237 - - [05/May/2026:07:47:09 -0500] "GET /wp-content/plugins/kadence-blocks-pro/dist/style-blocks-postgrid.css?ver=2.8.13.1 HTTP/2.0" 200 2795 "https://easysalads.com/caesar-wedge-salad/" "Mozilla/5.0 (Windows NT 10.0; Win64; x64) AppleWebKit/537.36 (KHTML, like Gecko) Chrome/147.0.0.0 Safari/537.36 Edg/147.0.0.0"
90.241.155.237 - - [05/May/2026:07:47:09 -0500] "GET /wp-content/plugins/wp-recipe-maker/dist/public-modern.css?ver=10.5.0 HTTP/2.0" 200 7712 "https://easysalads.com/caesar-wedge-salad/" "Mozilla/5.0 (Windows NT 10.0; Win64; x64) AppleWebKit/537.36 (KHTML, like Gecko) Chrome/147.0.0.0 Safari/537.36 Edg/147.0.0.0"
90.241.155.237 - - [05/May/2026:07:47:09 -0500] "GET /wp-content/plugins/wp-recipe-maker-premium/dist/public-pro.css?ver=10.5.0 HTTP/2.0" 200 6796 "https://easysalads.com/caesar-wedge-salad/" "Mozilla/5.0 (Windows NT 10.0; Win64; x64) AppleWebKit/537.36 (KHTML, like Gecko) Chrome/147.0.0.0 Safari/537.36 Edg/147.0.0.0"
90.241.155.237 - - [05/May/2026:07:47:09 -0500] "GET /wp-content/themes/kadence/assets/css/global.min.css?ver=1.1.22 HTTP/2.0" 200 4256 "https://easysalads.com/caesar-wedge-salad/" "Mozilla/5.0 (Windows NT 10.0; Win64; x64) AppleWebKit/537.36 (KHTML, like Gecko) Chrome/147.0.0.0 Safari/537.36 Edg/147.0.0.0"
90.241.155.237 - - [05/May/2026:07:47:09 -0500] "GET /wp-content/themes/kadence/assets/css/header.min.css?ver=1.1.22 HTTP/2.0" 200 4295 "https://easysalads.com/caesar-wedge-salad/" "Mozilla/5.0 (Windows NT 10.0; Win64; x64) AppleWebKit/537.36 (KHTML, like Gecko) Chrome/147.0.0.0 Safari/537.36 Edg/147.0.0.0"
90.241.155.237 - - [05/May/2026:07:47:09 -0500] "GET /wp-content/themes/kadence/assets/css/content.min.css?ver=1.1.22 HTTP/2.0" 200 5512 "https://easysalads.com/caesar-wedge-salad/" "Mozilla/5.0 (Windows NT 10.0; Win64; x64) AppleWebKit/537.36 (KHTML, like Gecko) Chrome/147.0.0.0 Safari/537.36 Edg/147.0.0.0"
90.241.155.237 - - [05/May/2026:07:47:09 -0500] "GET /wp-content/themes/kadence/assets/css/comments.min.css?ver=1.1.22 HTTP/2.0" 200 1289 "https://easysalads.com/caesar-wedge-salad/" "Mozilla/5.0 (Windows NT 10.0; Win64; x64) AppleWebKit/537.36 (KHTML, like Gecko) Chrome/147.0.0.0 Safari/537.36 Edg/147.0.0.0"
90.241.155.237 - - [05/May/2026:07:47:09 -0500] "GET /wp-content/themes/kadence/assets/css/sidebar.min.css?ver=1.1.22 HTTP/2.0" 200 749 "https://easysalads.com/caesar-wedge-salad/" "Mozilla/5.0 (Windows NT 10.0; Win64; x64) AppleWebKit/537.36 (KHTML, like Gecko) Chrome/147.0.0.0 Safari/537.36 Edg/147.0.0.0"
90.241.155.237 - - [05/May/2026:07:47:09 -0500] "GET /wp-content/themes/kadence/assets/css/footer.min.css?ver=1.1.22 HTTP/2.0" 200 1580 "https://easysalads.com/caesar-wedge-salad/" "Mozilla/5.0 (Windows NT 10.0; Win64; x64) AppleWebKit/537.36 (KHTML, like Gecko) Chrome/147.0.0.0 Safari/537.36 Edg/147.0.0.0"
90.241.155.237 - - [05/May/2026:07:47:09 -0500] "GET /wp-content/plugins/kadence-pro/dist/mega-menu/menu-addon.css?ver=1.1.19 HTTP/2.0" 200 1126 "https://easysalads.com/caesar-wedge-salad/" "Mozilla/5.0 (Windows NT 10.0; Win64; x64) AppleWebKit/537.36 (KHTML, like Gecko) Chrome/147.0.0.0 Safari/537.36 Edg/147.0.0.0"
90.241.155.237 - - [05/May/2026:07:47:09 -0500] "GET /wp-content/plugins/social-pug/assets/dist/style-frontend-pro.css?ver=2.28.0 HTTP/2.0" 200 11454 "https://easysalads.com/caesar-wedge-salad/" "Mozilla/5.0 (Windows NT 10.0; Win64; x64) AppleWebKit/537.36 (KHTML, like Gecko) Chrome/147.0.0.0 Safari/537.36 Edg/147.0.0.0"
90.241.155.237 - - [05/May/2026:07:47:09 -0500] "GET /wp-content/plugins/kadence-blocks/dist/style-blocks-iconlist.css?ver=3.6.7 HTTP/2.0" 200 597 "https://easysalads.com/caesar-wedge-salad/" "Mozilla/5.0 (Windows NT 10.0; Win64; x64) AppleWebKit/537.36 (KHTML, like Gecko) Chrome/147.0.0.0 Safari/537.36 Edg/147.0.0.0"
90.241.155.237 - - [05/May/2026:07:47:09 -0500] "GET /wp-content/themes/restored316-sage/style.css?ver=1_0_1 HTTP/2.0" 200 1089 "https://easysalads.com/caesar-wedge-salad/" "Mozilla/5.0 (Windows NT 10.0; Win64; x64) AppleWebKit/537.36 (KHTML, like Gecko) Chrome/147.0.0.0 Safari/537.36 Edg/147.0.0.0"
90.241.155.237 - - [05/May/2026:07:47:09 -0500] "GET /wp-content/plugins/wpforms-lite/assets/css/frontend/modern/wpforms-full.min.css?ver=1.10.0.4 HTTP/2.0" 200 14792 "https://easysalads.com/caesar-wedge-salad/" "Mozilla/5.0 (Windows NT 10.0; Win64; x64) AppleWebKit/537.36 (KHTML, like Gecko) Chrome/147.0.0.0 Safari/537.36 Edg/147.0.0.0"
90.241.155.237 - - [05/May/2026:07:47:09 -0500] "GET /wp-content/uploads/2022/09/Easy-Salads-website-logo-2048x601.png HTTP/2.0" 200 99062 "https://easysalads.com/caesar-wedge-salad/" "Mozilla/5.0 (Windows NT 10.0; Win64; x64) AppleWebKit/537.36 (KHTML, like Gecko) Chrome/147.0.0.0 Safari/537.36 Edg/147.0.0.0"
90.241.155.237 - - [05/May/2026:07:47:10 -0500] "GET /wp-content/uploads/2024/09/caesar-wedge-salad-01.jpg HTTP/2.0" 200 854603 "https://easysalads.com/caesar-wedge-salad/" "Mozilla/5.0 (Windows NT 10.0; Win64; x64) AppleWebKit/537.36 (KHTML, like Gecko) Chrome/147.0.0.0 Safari/537.36 Edg/147.0.0.0"
90.241.155.237 - - [05/May/2026:07:47:10 -0500] "GET /wp-content/plugins/kadence-blocks/dist/style-blocks-spacer.css?ver=3.6.7 HTTP/2.0" 200 385 "https://easysalads.com/caesar-wedge-salad/" "Mozilla/5.0 (Windows NT 10.0; Win64; x64) AppleWebKit/537.36 (KHTML, like Gecko) Chrome/147.0.0.0 Safari/537.36 Edg/147.0.0.0"
90.241.155.237 - - [05/May/2026:07:47:10 -0500] "GET /wp-content/plugins/wpforms-lite/assets/images/submit-spin.svg HTTP/2.0" 200 509 "https://easysalads.com/caesar-wedge-salad/" "Mozilla/5.0 (Windows NT 10.0; Win64; x64) AppleWebKit/537.36 (KHTML, like Gecko) Chrome/147.0.0.0 Safari/537.36 Edg/147.0.0.0"
90.241.155.237 - - [05/May/2026:07:47:10 -0500] "GET /wp-content/plugins/social-pug/assets/dist/front-end-pro.js?ver=2.28.0 HTTP/2.0" 200 9339 "https://easysalads.com/caesar-wedge-salad/" "Mozilla/5.0 (Windows NT 10.0; Win64; x64) AppleWebKit/537.36 (KHTML, like Gecko) Chrome/147.0.0.0 Safari/537.36 Edg/147.0.0.0"
90.241.155.237 - - [05/May/2026:07:47:10 -0500] "GET /wp-content/uploads/2024/09/caesar-wedge-salad-04.jpg HTTP/2.0" 200 421776 "https://easysalads.com/caesar-wedge-salad/" "Mozilla/5.0 (Windows NT 10.0; Win64; x64) AppleWebKit/537.36 (KHTML, like Gecko) Chrome/147.0.0.0 Safari/537.36 Edg/147.0.0.0"
90.241.155.237 - - [05/May/2026:07:47:10 -0500] "GET /wp-content/uploads/2022/01/courtney-whitmore-easy-salads02-300x300.jpg HTTP/2.0" 200 47521 "https://easysalads.com/caesar-wedge-salad/" "Mozilla/5.0 (Windows NT 10.0; Win64; x64) AppleWebKit/537.36 (KHTML, like Gecko) Chrome/147.0.0.0 Safari/537.36 Edg/147.0.0.0"
90.241.155.237 - - [05/May/2026:07:47:10 -0500] "GET /wp-content/uploads/2023/08/Cajun-Shrimp-Cobb-Salad15-200x300.jpg HTTP/2.0" 200 30172 "https://easysalads.com/caesar-wedge-salad/" "Mozilla/5.0 (Windows NT 10.0; Win64; x64) AppleWebKit/537.36 (KHTML, like Gecko) Chrome/147.0.0.0 Safari/537.36 Edg/147.0.0.0"
90.241.155.237 - - [05/May/2026:07:47:10 -0500] "GET /wp-content/uploads/2024/01/lemon-orzo-salad-with-walnuts-03-300x279.jpg HTTP/2.0" 200 31847 "https://easysalads.com/caesar-wedge-salad/" "Mozilla/5.0 (Windows NT 10.0; Win64; x64) AppleWebKit/537.36 (KHTML, like Gecko) Chrome/147.0.0.0 Safari/537.36 Edg/147.0.0.0"
90.241.155.237 - - [05/May/2026:07:47:10 -0500] "GET /wp-content/uploads/2026/01/peruvian-chopped-salad-07-200x300.jpg HTTP/2.0" 200 36307 "https://easysalads.com/caesar-wedge-salad/" "Mozilla/5.0 (Windows NT 10.0; Win64; x64) AppleWebKit/537.36 (KHTML, like Gecko) Chrome/147.0.0.0 Safari/537.36 Edg/147.0.0.0"
90.241.155.237 - - [05/May/2026:07:47:10 -0500] "GET /wp-content/uploads/2024/07/summer-orzo-salad-03-207x300.jpg HTTP/2.0" 200 31481 "https://easysalads.com/caesar-wedge-salad/" "Mozilla/5.0 (Windows NT 10.0; Win64; x64) AppleWebKit/537.36 (KHTML, like Gecko) Chrome/147.0.0.0 Safari/537.36 Edg/147.0.0.0"
90.241.155.237 - - [05/May/2026:07:47:10 -0500] "GET /wp-content/plugins/wp-recipe-maker/dist/public-modern.js?ver=10.5.0 HTTP/2.0" 200 23744 "https://easysalads.com/caesar-wedge-salad/" "Mozilla/5.0 (Windows NT 10.0; Win64; x64) AppleWebKit/537.36 (KHTML, like Gecko) Chrome/147.0.0.0 Safari/537.36 Edg/147.0.0.0"
90.241.155.237 - - [05/May/2026:07:47:10 -0500] "GET /wp-content/plugins/wp-recipe-maker-premium/dist/public-pro.js?ver=10.5.0 HTTP/2.0" 200 20140 "https://easysalads.com/caesar-wedge-salad/" "Mozilla/5.0 (Windows NT 10.0; Win64; x64) AppleWebKit/537.36 (KHTML, like Gecko) Chrome/147.0.0.0 Safari/537.36 Edg/147.0.0.0"
90.241.155.237 - - [05/May/2026:07:47:10 -0500] "GET /wp-content/plugins/kadence-pro/dist/mega-menu/kadence-mega-menu.min.js?ver=1.1.19 HTTP/2.0" 200 457 "https://easysalads.com/caesar-wedge-salad/" "Mozilla/5.0 (Windows NT 10.0; Win64; x64) AppleWebKit/537.36 (KHTML, like Gecko) Chrome/147.0.0.0 Safari/537.36 Edg/147.0.0.0"
90.241.155.237 - - [05/May/2026:07:47:10 -0500] "GET /wp-content/plugins/akismet/_inc/akismet-frontend.js?ver=1764724306 HTTP/2.0" 200 3016 "https://easysalads.com/caesar-wedge-salad/" "Mozilla/5.0 (Windows NT 10.0; Win64; x64) AppleWebKit/537.36 (KHTML, like Gecko) Chrome/147.0.0.0 Safari/537.36 Edg/147.0.0.0"
90.241.155.237 - - [05/May/2026:07:47:10 -0500] "GET /wp-includes/js/jquery/jquery.min.js?ver=3.7.1 HTTP/2.0" 200 29769 "https://easysalads.com/caesar-wedge-salad/" "Mozilla/5.0 (Windows NT 10.0; Win64; x64) AppleWebKit/537.36 (KHTML, like Gecko) Chrome/147.0.0.0 Safari/537.36 Edg/147.0.0.0"
90.241.155.237 - - [05/May/2026:07:47:10 -0500] "GET /wp-includes/js/jquery/jquery-migrate.min.js?ver=3.4.1 HTTP/2.0" 200 4679 "https://easysalads.com/caesar-wedge-salad/" "Mozilla/5.0 (Windows NT 10.0; Win64; x64) AppleWebKit/537.36 (KHTML, like Gecko) Chrome/147.0.0.0 Safari/537.36 Edg/147.0.0.0"
90.241.155.237 - - [05/May/2026:07:47:10 -0500] "GET /wp-content/plugins/wpforms-lite/assets/lib/jquery.validate.min.js?ver=1.21.0 HTTP/2.0" 200 7807 "https://easysalads.com/caesar-wedge-salad/" "Mozilla/5.0 (Windows NT 10.0; Win64; x64) AppleWebKit/537.36 (KHTML, like Gecko) Chrome/147.0.0.0 Safari/537.36 Edg/147.0.0.0"
90.241.155.237 - - [05/May/2026:07:47:10 -0500] "GET /wp-content/plugins/wpforms-lite/assets/lib/mailcheck.min.js?ver=1.1.2 HTTP/2.0" 200 1616 "https://easysalads.com/caesar-wedge-salad/" "Mozilla/5.0 (Windows NT 10.0; Win64; x64) AppleWebKit/537.36 (KHTML, like Gecko) Chrome/147.0.0.0 Safari/537.36 Edg/147.0.0.0"
90.241.155.237 - - [05/May/2026:07:47:10 -0500] "GET /wp-content/plugins/wpforms-lite/assets/lib/punycode.min.js?ver=1.0.0 HTTP/2.0" 200 834 "https://easysalads.com/caesar-wedge-salad/" "Mozilla/5.0 (Windows NT 10.0; Win64; x64) AppleWebKit/537.36 (KHTML, like Gecko) Chrome/147.0.0.0 Safari/537.36 Edg/147.0.0.0"
90.241.155.237 - - [05/May/2026:07:47:10 -0500] "GET /wp-content/plugins/wpforms-lite/assets/js/share/utils.min.js?ver=1.10.0.4 HTTP/2.0" 200 727 "https://easysalads.com/caesar-wedge-salad/" "Mozilla/5.0 (Windows NT 10.0; Win64; x64) AppleWebKit/537.36 (KHTML, like Gecko) Chrome/147.0.0.0 Safari/537.36 Edg/147.0.0.0"
90.241.155.237 - - [05/May/2026:07:47:10 -0500] "GET /wp-content/plugins/wpforms-lite/assets/js/frontend/wpforms.min.js?ver=1.10.0.4 HTTP/2.0" 200 14614 "https://easysalads.com/caesar-wedge-salad/" "Mozilla/5.0 (Windows NT 10.0; Win64; x64) AppleWebKit/537.36 (KHTML, like Gecko) Chrome/147.0.0.0 Safari/537.36 Edg/147.0.0.0"
90.241.155.237 - - [05/May/2026:07:47:10 -0500] "GET /wp-content/plugins/wpforms-lite/assets/js/frontend/wpforms-modern.min.js?ver=1.10.0.4 HTTP/2.0" 200 1866 "https://easysalads.com/caesar-wedge-salad/" "Mozilla/5.0 (Windows NT 10.0; Win64; x64) AppleWebKit/537.36 (KHTML, like Gecko) Chrome/147.0.0.0 Safari/537.36 Edg/147.0.0.0"
90.241.155.237 - - [05/May/2026:07:47:10 -0500] "GET /wp-content/plugins/wpforms-lite/assets/js/frontend/fields/address.min.js?ver=1.10.0.4 HTTP/2.0" 200 673 "https://easysalads.com/caesar-wedge-salad/" "Mozilla/5.0 (Windows NT 10.0; Win64; x64) AppleWebKit/537.36 (KHTML, like Gecko) Chrome/147.0.0.0 Safari/537.36 Edg/147.0.0.0"
90.241.155.237 - - [05/May/2026:07:47:10 -0500] "GET /wp-includes/js/comment-reply.min.js?ver=6.9.4 HTTP/2.0" 200 1248 "https://easysalads.com/caesar-wedge-salad/" "Mozilla/5.0 (Windows NT 10.0; Win64; x64) AppleWebKit/537.36 (KHTML, like Gecko) Chrome/147.0.0.0 Safari/537.36 Edg/147.0.0.0"
90.241.155.237 - - [05/May/2026:07:47:10 -0500] "GET /wp-content/themes/kadence/assets/js/navigation-lite.min.js?ver=1.1.21 HTTP/2.0" 200 2083 "https://easysalads.com/caesar-wedge-salad/" "Mozilla/5.0 (Windows NT 10.0; Win64; x64) AppleWebKit/537.36 (KHTML, like Gecko) Chrome/147.0.0.0 Safari/537.36 Edg/147.0.0.0"
90.241.155.237 - - [05/May/2026:07:47:11 -0500] "GET /wp-content/uploads/2022/09/cropped-site-icon-easy-salads-32x32.png HTTP/2.0" 200 907 "https://easysalads.com/caesar-wedge-salad/" "Mozilla/5.0 (Windows NT 10.0; Win64; x64) AppleWebKit/537.36 (KHTML, like Gecko) Chrome/147.0.0.0 Safari/537.36 Edg/147.0.0.0"
3.84.152.103 - - [05/May/2026:07:47:12 -0500] "GET /caesar-wedge-salad/ HTTP/1.1" 200 128833 "-" "Mozilla/5.0 (compatible; proximic; +https://www.comscore.com/Web-Crawler)"
152.42.136.42 - - [05/May/2026:07:47:13 -0500] "GET /caesar-wedge-salad HTTP/2.0" 200 128803 "-" "SirdataBot (+https://semantic-api.docs.sirdata.net/contextual-api/contextual-api/introduction)"
32.192.216.235 - - [05/May/2026:07:47:13 -0500] "GET /caesar-wedge-salad HTTP/1.1" 200 128833 "-" "Mozilla/5.0 (compatible; proximic; +https://www.comscore.com/Web-Crawler)"
91.134.56.46 - - [05/May/2026:07:47:19 -0500] "GET /caesar-wedge-salad HTTP/1.1" 200 104196 "-" "Mozilla/5.0 (Windows NT 10.0; Win64; x64) AppleWebKit/537.36 (KHTML, like Gecko) Chrome/42.0.2311.135 Safari/537.36 Edge/12.246, Mozilla/5.0 (Windows NT 10.0; Win64; x64) AppleWebKit/537.36 (KHTML, like Gecko) Chrome/42.0.2311.135 Safari/537.36 Edge/12.246"
103.216.117.118 - - [05/May/2026:07:47:20 -0500] "GET /wp-login.php HTTP/2.0" 444 0 "-" "Mozilla/5.0 (Macintosh; Intel Mac OS X 10_10_5) AppleWebKit/602.1.50 (KHTML, like Gecko) Version/10.0 Safari/602.1.50"
68.152.23.72 - - [05/May/2026:07:47:40 -0500] "GET /easy-5-bean-salad/ HTTP/2.0" 200 103061 "https://www.google.com/" "Mozilla/5.0 (Linux; Android 10; K) AppleWebKit/537.36 (KHTML, like Gecko) Chrome/147.0.0.0 Mobile Safari/537.36"
68.152.23.72 - - [05/May/2026:07:47:42 -0500] "GET /wp-content/plugins/kadence-blocks/dist/style-blocks-rowlayout.css?ver=3.6.7 HTTP/2.0" 200 1771 "https://easysalads.com/easy-5-bean-salad/" "Mozilla/5.0 (Linux; Android 10; K) AppleWebKit/537.36 (KHTML, like Gecko) Chrome/147.0.0.0 Mobile Safari/537.36"
68.152.23.72 - - [05/May/2026:07:47:42 -0500] "GET /wp-content/plugins/kadence-blocks/dist/style-blocks-column.css?ver=3.6.7 HTTP/2.0" 200 428 "https://easysalads.com/easy-5-bean-salad/" "Mozilla/5.0 (Linux; Android 10; K) AppleWebKit/537.36 (KHTML, like Gecko) Chrome/147.0.0.0 Mobile Safari/537.36"
68.152.23.72 - - [05/May/2026:07:47:42 -0500] "GET /wp-content/plugins/kadence-blocks/dist/style-blocks-infobox.css?ver=3.6.7 HTTP/2.0" 200 1340 "https://easysalads.com/easy-5-bean-salad/" "Mozilla/5.0 (Linux; Android 10; K) AppleWebKit/537.36 (KHTML, like Gecko) Chrome/147.0.0.0 Mobile Safari/537.36"
