51.222.136.175 - - [05/May/2026:08:19:05 -0500] "GET /?nocache=1777987081 HTTP/2.0" 200 89191 "-" "BigScootsMonitor Mozilla/5.0 (Windows NT 10.0; Win64; x64) AppleWebKit/537.36 (KHTML, like Gecko) Chrome/74.0.3729.169 Safari/537.36"
192.12.103.9 - - [05/May/2026:08:19:16 -0500] "GET /creamy-chickpea-salad/ HTTP/2.0" 200 103869 "https://www.bing.com/" "Mozilla/5.0 (Windows NT 10.0; Win64; x64) AppleWebKit/537.36 (KHTML, like Gecko) Chrome/147.0.0.0 Safari/537.36 Edg/147.0.0.0"
192.12.103.9 - - [05/May/2026:08:19:16 -0500] "GET /wp-content/plugins/kadence-blocks/dist/style-blocks-rowlayout.css?ver=3.6.7 HTTP/2.0" 200 1771 "https://easysalads.com/creamy-chickpea-salad/" "Mozilla/5.0 (Windows NT 10.0; Win64; x64) AppleWebKit/537.36 (KHTML, like Gecko) Chrome/147.0.0.0 Safari/537.36 Edg/147.0.0.0"
192.12.103.9 - - [05/May/2026:08:19:16 -0500] "GET /wp-content/plugins/kadence-blocks/dist/style-blocks-infobox.css?ver=3.6.7 HTTP/2.0" 200 1340 "https://easysalads.com/creamy-chickpea-salad/" "Mozilla/5.0 (Windows NT 10.0; Win64; x64) AppleWebKit/537.36 (KHTML, like Gecko) Chrome/147.0.0.0 Safari/537.36 Edg/147.0.0.0"
192.12.103.9 - - [05/May/2026:08:19:16 -0500] "GET /wp-content/plugins/kadence-blocks/dist/style-blocks-advancedbtn.css?ver=3.6.7 HTTP/2.0" 200 705 "https://easysalads.com/creamy-chickpea-salad/" "Mozilla/5.0 (Windows NT 10.0; Win64; x64) AppleWebKit/537.36 (KHTML, like Gecko) Chrome/147.0.0.0 Safari/537.36 Edg/147.0.0.0"
192.12.103.9 - - [05/May/2026:08:19:16 -0500] "GET /wp-content/plugins/kadence-blocks/dist/style-blocks-column.css?ver=3.6.7 HTTP/2.0" 200 428 "https://easysalads.com/creamy-chickpea-salad/" "Mozilla/5.0 (Windows NT 10.0; Win64; x64) AppleWebKit/537.36 (KHTML, like Gecko) Chrome/147.0.0.0 Safari/537.36 Edg/147.0.0.0"
192.12.103.9 - - [05/May/2026:08:19:16 -0500] "GET /wp-content/plugins/kadence-blocks-pro/dist/style-blocks-postgrid.css?ver=2.8.13.1 HTTP/2.0" 200 2795 "https://easysalads.com/creamy-chickpea-salad/" "Mozilla/5.0 (Windows NT 10.0; Win64; x64) AppleWebKit/537.36 (KHTML, like Gecko) Chrome/147.0.0.0 Safari/537.36 Edg/147.0.0.0"
192.12.103.9 - - [05/May/2026:08:19:16 -0500] "GET /wp-content/themes/kadence/assets/css/header.min.css?ver=1.1.22 HTTP/2.0" 200 4295 "https://easysalads.com/creamy-chickpea-salad/" "Mozilla/5.0 (Windows NT 10.0; Win64; x64) AppleWebKit/537.36 (KHTML, like Gecko) Chrome/147.0.0.0 Safari/537.36 Edg/147.0.0.0"
192.12.103.9 - - [05/May/2026:08:19:16 -0500] "GET /wp-content/plugins/wp-recipe-maker/dist/public-modern.css?ver=10.5.0 HTTP/2.0" 200 7712 "https://easysalads.com/creamy-chickpea-salad/" "Mozilla/5.0 (Windows NT 10.0; Win64; x64) AppleWebKit/537.36 (KHTML, like Gecko) Chrome/147.0.0.0 Safari/537.36 Edg/147.0.0.0"
192.12.103.9 - - [05/May/2026:08:19:16 -0500] "GET /wp-content/themes/kadence/assets/css/content.min.css?ver=1.1.22 HTTP/2.0" 200 5512 "https://easysalads.com/creamy-chickpea-salad/" "Mozilla/5.0 (Windows NT 10.0; Win64; x64) AppleWebKit/537.36 (KHTML, like Gecko) Chrome/147.0.0.0 Safari/537.36 Edg/147.0.0.0"
192.12.103.9 - - [05/May/2026:08:19:16 -0500] "GET /wp-content/plugins/wp-recipe-maker-premium/dist/public-pro.css?ver=10.5.0 HTTP/2.0" 200 6796 "https://easysalads.com/creamy-chickpea-salad/" "Mozilla/5.0 (Windows NT 10.0; Win64; x64) AppleWebKit/537.36 (KHTML, like Gecko) Chrome/147.0.0.0 Safari/537.36 Edg/147.0.0.0"
192.12.103.9 - - [05/May/2026:08:19:16 -0500] "GET /wp-content/themes/kadence/assets/css/global.min.css?ver=1.1.22 HTTP/2.0" 200 4256 "https://easysalads.com/creamy-chickpea-salad/" "Mozilla/5.0 (Windows NT 10.0; Win64; x64) AppleWebKit/537.36 (KHTML, like Gecko) Chrome/147.0.0.0 Safari/537.36 Edg/147.0.0.0"
192.12.103.9 - - [05/May/2026:08:19:16 -0500] "GET /wp-content/themes/kadence/assets/css/comments.min.css?ver=1.1.22 HTTP/2.0" 200 1289 "https://easysalads.com/creamy-chickpea-salad/" "Mozilla/5.0 (Windows NT 10.0; Win64; x64) AppleWebKit/537.36 (KHTML, like Gecko) Chrome/147.0.0.0 Safari/537.36 Edg/147.0.0.0"
192.12.103.9 - - [05/May/2026:08:19:16 -0500] "GET /wp-content/themes/kadence/assets/css/sidebar.min.css?ver=1.1.22 HTTP/2.0" 200 749 "https://easysalads.com/creamy-chickpea-salad/" "Mozilla/5.0 (Windows NT 10.0; Win64; x64) AppleWebKit/537.36 (KHTML, like Gecko) Chrome/147.0.0.0 Safari/537.36 Edg/147.0.0.0"
192.12.103.9 - - [05/May/2026:08:19:16 -0500] "GET /wp-content/themes/kadence/assets/css/footer.min.css?ver=1.1.22 HTTP/2.0" 200 1580 "https://easysalads.com/creamy-chickpea-salad/" "Mozilla/5.0 (Windows NT 10.0; Win64; x64) AppleWebKit/537.36 (KHTML, like Gecko) Chrome/147.0.0.0 Safari/537.36 Edg/147.0.0.0"
192.12.103.9 - - [05/May/2026:08:19:16 -0500] "GET /wp-content/themes/restored316-sage/style.css?ver=1_0_1 HTTP/2.0" 200 1089 "https://easysalads.com/creamy-chickpea-salad/" "Mozilla/5.0 (Windows NT 10.0; Win64; x64) AppleWebKit/537.36 (KHTML, like Gecko) Chrome/147.0.0.0 Safari/537.36 Edg/147.0.0.0"
192.12.103.9 - - [05/May/2026:08:19:16 -0500] "GET /wp-content/plugins/social-pug/assets/dist/style-frontend-pro.css?ver=2.28.0 HTTP/2.0" 200 11454 "https://easysalads.com/creamy-chickpea-salad/" "Mozilla/5.0 (Windows NT 10.0; Win64; x64) AppleWebKit/537.36 (KHTML, like Gecko) Chrome/147.0.0.0 Safari/537.36 Edg/147.0.0.0"
192.12.103.9 - - [05/May/2026:08:19:16 -0500] "GET /wp-content/plugins/kadence-pro/dist/mega-menu/menu-addon.css?ver=1.1.19 HTTP/2.0" 200 1126 "https://easysalads.com/creamy-chickpea-salad/" "Mozilla/5.0 (Windows NT 10.0; Win64; x64) AppleWebKit/537.36 (KHTML, like Gecko) Chrome/147.0.0.0 Safari/537.36 Edg/147.0.0.0"
192.12.103.9 - - [05/May/2026:08:19:16 -0500] "GET /wp-content/plugins/wpforms-lite/assets/css/frontend/modern/wpforms-full.min.css?ver=1.10.0.4 HTTP/2.0" 200 14792 "https://easysalads.com/creamy-chickpea-salad/" "Mozilla/5.0 (Windows NT 10.0; Win64; x64) AppleWebKit/537.36 (KHTML, like Gecko) Chrome/147.0.0.0 Safari/537.36 Edg/147.0.0.0"
192.12.103.9 - - [05/May/2026:08:19:16 -0500] "GET /wp-content/uploads/2022/09/Easy-Salads-website-logo-2048x601.png HTTP/2.0" 200 99062 "https://easysalads.com/creamy-chickpea-salad/" "Mozilla/5.0 (Windows NT 10.0; Win64; x64) AppleWebKit/537.36 (KHTML, like Gecko) Chrome/147.0.0.0 Safari/537.36 Edg/147.0.0.0"
192.12.103.9 - - [05/May/2026:08:19:16 -0500] "GET /wp-content/uploads/2024/02/creamy-chickpea-salad03.jpg HTTP/2.0" 200 399711 "https://easysalads.com/creamy-chickpea-salad/" "Mozilla/5.0 (Windows NT 10.0; Win64; x64) AppleWebKit/537.36 (KHTML, like Gecko) Chrome/147.0.0.0 Safari/537.36 Edg/147.0.0.0"
192.12.103.9 - - [05/May/2026:08:19:16 -0500] "GET /wp-content/uploads/2024/02/creamy-chickpea-salad01.jpg HTTP/2.0" 200 229460 "https://easysalads.com/creamy-chickpea-salad/" "Mozilla/5.0 (Windows NT 10.0; Win64; x64) AppleWebKit/537.36 (KHTML, like Gecko) Chrome/147.0.0.0 Safari/537.36 Edg/147.0.0.0"
192.12.103.9 - - [05/May/2026:08:19:16 -0500] "GET /wp-content/plugins/kadence-blocks/dist/style-blocks-iconlist.css?ver=3.6.7 HTTP/2.0" 200 597 "https://easysalads.com/creamy-chickpea-salad/" "Mozilla/5.0 (Windows NT 10.0; Win64; x64) AppleWebKit/537.36 (KHTML, like Gecko) Chrome/147.0.0.0 Safari/537.36 Edg/147.0.0.0"
192.12.103.9 - - [05/May/2026:08:19:16 -0500] "GET /wp-content/plugins/kadence-blocks/dist/style-blocks-spacer.css?ver=3.6.7 HTTP/2.0" 200 385 "https://easysalads.com/creamy-chickpea-salad/" "Mozilla/5.0 (Windows NT 10.0; Win64; x64) AppleWebKit/537.36 (KHTML, like Gecko) Chrome/147.0.0.0 Safari/537.36 Edg/147.0.0.0"
192.12.103.9 - - [05/May/2026:08:19:16 -0500] "GET /wp-content/plugins/wpforms-lite/assets/images/submit-spin.svg HTTP/2.0" 200 509 "https://easysalads.com/creamy-chickpea-salad/" "Mozilla/5.0 (Windows NT 10.0; Win64; x64) AppleWebKit/537.36 (KHTML, like Gecko) Chrome/147.0.0.0 Safari/537.36 Edg/147.0.0.0"
192.12.103.9 - - [05/May/2026:08:19:16 -0500] "GET /wp-content/plugins/social-pug/assets/dist/front-end-pro.js?ver=2.28.0 HTTP/2.0" 200 9339 "https://easysalads.com/creamy-chickpea-salad/" "Mozilla/5.0 (Windows NT 10.0; Win64; x64) AppleWebKit/537.36 (KHTML, like Gecko) Chrome/147.0.0.0 Safari/537.36 Edg/147.0.0.0"
192.12.103.9 - - [05/May/2026:08:19:17 -0500] "GET /wp-content/uploads/2022/01/courtney-whitmore-easy-salads02-150x150.jpg HTTP/2.0" 200 32777 "https://easysalads.com/creamy-chickpea-salad/" "Mozilla/5.0 (Windows NT 10.0; Win64; x64) AppleWebKit/537.36 (KHTML, like Gecko) Chrome/147.0.0.0 Safari/537.36 Edg/147.0.0.0"
192.12.103.9 - - [05/May/2026:08:19:17 -0500] "GET /wp-content/uploads/2024/11/sweet-potato-feta-salad-00-150x225.jpg HTTP/2.0" 200 21441 "https://easysalads.com/creamy-chickpea-salad/" "Mozilla/5.0 (Windows NT 10.0; Win64; x64) AppleWebKit/537.36 (KHTML, like Gecko) Chrome/147.0.0.0 Safari/537.36 Edg/147.0.0.0"
192.12.103.9 - - [05/May/2026:08:19:17 -0500] "GET /wp-content/uploads/2024/06/street-corn-pasta-salad-03-150x225.jpg HTTP/2.0" 200 19412 "https://easysalads.com/creamy-chickpea-salad/" "Mozilla/5.0 (Windows NT 10.0; Win64; x64) AppleWebKit/537.36 (KHTML, like Gecko) Chrome/147.0.0.0 Safari/537.36 Edg/147.0.0.0"
192.12.103.9 - - [05/May/2026:08:19:17 -0500] "GET /wp-content/uploads/2022/11/5-Bean-Salad-00-150x225.jpg HTTP/2.0" 200 18205 "https://easysalads.com/creamy-chickpea-salad/" "Mozilla/5.0 (Windows NT 10.0; Win64; x64) AppleWebKit/537.36 (KHTML, like Gecko) Chrome/147.0.0.0 Safari/537.36 Edg/147.0.0.0"
192.12.103.9 - - [05/May/2026:08:19:17 -0500] "GET /wp-content/uploads/2024/09/caesar-wedge-salad-02-150x225.jpg HTTP/2.0" 200 20088 "https://easysalads.com/creamy-chickpea-salad/" "Mozilla/5.0 (Windows NT 10.0; Win64; x64) AppleWebKit/537.36 (KHTML, like Gecko) Chrome/147.0.0.0 Safari/537.36 Edg/147.0.0.0"
192.12.103.9 - - [05/May/2026:08:19:17 -0500] "GET /wp-content/plugins/wp-recipe-maker/dist/public-modern.js?ver=10.5.0 HTTP/2.0" 200 23744 "https://easysalads.com/creamy-chickpea-salad/" "Mozilla/5.0 (Windows NT 10.0; Win64; x64) AppleWebKit/537.36 (KHTML, like Gecko) Chrome/147.0.0.0 Safari/537.36 Edg/147.0.0.0"
192.12.103.9 - - [05/May/2026:08:19:17 -0500] "GET /wp-content/plugins/wp-recipe-maker-premium/dist/public-pro.js?ver=10.5.0 HTTP/2.0" 200 20140 "https://easysalads.com/creamy-chickpea-salad/" "Mozilla/5.0 (Windows NT 10.0; Win64; x64) AppleWebKit/537.36 (KHTML, like Gecko) Chrome/147.0.0.0 Safari/537.36 Edg/147.0.0.0"
192.12.103.9 - - [05/May/2026:08:19:17 -0500] "GET /wp-content/plugins/kadence-pro/dist/mega-menu/kadence-mega-menu.min.js?ver=1.1.19 HTTP/2.0" 200 457 "https://easysalads.com/creamy-chickpea-salad/" "Mozilla/5.0 (Windows NT 10.0; Win64; x64) AppleWebKit/537.36 (KHTML, like Gecko) Chrome/147.0.0.0 Safari/537.36 Edg/147.0.0.0"
192.12.103.9 - - [05/May/2026:08:19:17 -0500] "GET /wp-content/plugins/akismet/_inc/akismet-frontend.js?ver=1764724306 HTTP/2.0" 200 3016 "https://easysalads.com/creamy-chickpea-salad/" "Mozilla/5.0 (Windows NT 10.0; Win64; x64) AppleWebKit/537.36 (KHTML, like Gecko) Chrome/147.0.0.0 Safari/537.36 Edg/147.0.0.0"
192.12.103.9 - - [05/May/2026:08:19:17 -0500] "GET /wp-includes/js/jquery/jquery.min.js?ver=3.7.1 HTTP/2.0" 200 29769 "https://easysalads.com/creamy-chickpea-salad/" "Mozilla/5.0 (Windows NT 10.0; Win64; x64) AppleWebKit/537.36 (KHTML, like Gecko) Chrome/147.0.0.0 Safari/537.36 Edg/147.0.0.0"
192.12.103.9 - - [05/May/2026:08:19:17 -0500] "GET /wp-content/plugins/wpforms-lite/assets/lib/punycode.min.js?ver=1.0.0 HTTP/2.0" 200 834 "https://easysalads.com/creamy-chickpea-salad/" "Mozilla/5.0 (Windows NT 10.0; Win64; x64) AppleWebKit/537.36 (KHTML, like Gecko) Chrome/147.0.0.0 Safari/537.36 Edg/147.0.0.0"
192.12.103.9 - - [05/May/2026:08:19:17 -0500] "GET /wp-content/plugins/wpforms-lite/assets/lib/jquery.validate.min.js?ver=1.21.0 HTTP/2.0" 200 7807 "https://easysalads.com/creamy-chickpea-salad/" "Mozilla/5.0 (Windows NT 10.0; Win64; x64) AppleWebKit/537.36 (KHTML, like Gecko) Chrome/147.0.0.0 Safari/537.36 Edg/147.0.0.0"
192.12.103.9 - - [05/May/2026:08:19:17 -0500] "GET /wp-includes/js/jquery/jquery-migrate.min.js?ver=3.4.1 HTTP/2.0" 200 4679 "https://easysalads.com/creamy-chickpea-salad/" "Mozilla/5.0 (Windows NT 10.0; Win64; x64) AppleWebKit/537.36 (KHTML, like Gecko) Chrome/147.0.0.0 Safari/537.36 Edg/147.0.0.0"
192.12.103.9 - - [05/May/2026:08:19:17 -0500] "GET /wp-content/plugins/wpforms-lite/assets/lib/mailcheck.min.js?ver=1.1.2 HTTP/2.0" 200 1616 "https://easysalads.com/creamy-chickpea-salad/" "Mozilla/5.0 (Windows NT 10.0; Win64; x64) AppleWebKit/537.36 (KHTML, like Gecko) Chrome/147.0.0.0 Safari/537.36 Edg/147.0.0.0"
192.12.103.9 - - [05/May/2026:08:19:17 -0500] "GET /wp-content/plugins/wpforms-lite/assets/js/share/utils.min.js?ver=1.10.0.4 HTTP/2.0" 200 727 "https://easysalads.com/creamy-chickpea-salad/" "Mozilla/5.0 (Windows NT 10.0; Win64; x64) AppleWebKit/537.36 (KHTML, like Gecko) Chrome/147.0.0.0 Safari/537.36 Edg/147.0.0.0"
192.12.103.9 - - [05/May/2026:08:19:17 -0500] "GET /wp-content/plugins/wpforms-lite/assets/js/frontend/wpforms.min.js?ver=1.10.0.4 HTTP/2.0" 200 14614 "https://easysalads.com/creamy-chickpea-salad/" "Mozilla/5.0 (Windows NT 10.0; Win64; x64) AppleWebKit/537.36 (KHTML, like Gecko) Chrome/147.0.0.0 Safari/537.36 Edg/147.0.0.0"
192.12.103.9 - - [05/May/2026:08:19:17 -0500] "GET /wp-content/plugins/wpforms-lite/assets/js/frontend/wpforms-modern.min.js?ver=1.10.0.4 HTTP/2.0" 200 1866 "https://easysalads.com/creamy-chickpea-salad/" "Mozilla/5.0 (Windows NT 10.0; Win64; x64) AppleWebKit/537.36 (KHTML, like Gecko) Chrome/147.0.0.0 Safari/537.36 Edg/147.0.0.0"
192.12.103.9 - - [05/May/2026:08:19:17 -0500] "GET /wp-content/plugins/wpforms-lite/assets/js/frontend/fields/address.min.js?ver=1.10.0.4 HTTP/2.0" 200 673 "https://easysalads.com/creamy-chickpea-salad/" "Mozilla/5.0 (Windows NT 10.0; Win64; x64) AppleWebKit/537.36 (KHTML, like Gecko) Chrome/147.0.0.0 Safari/537.36 Edg/147.0.0.0"
192.12.103.9 - - [05/May/2026:08:19:17 -0500] "GET /wp-includes/js/comment-reply.min.js?ver=6.9.4 HTTP/2.0" 200 1248 "https://easysalads.com/creamy-chickpea-salad/" "Mozilla/5.0 (Windows NT 10.0; Win64; x64) AppleWebKit/537.36 (KHTML, like Gecko) Chrome/147.0.0.0 Safari/537.36 Edg/147.0.0.0"
192.12.103.9 - - [05/May/2026:08:19:17 -0500] "GET /wp-content/themes/kadence/assets/js/navigation-lite.min.js?ver=1.1.21 HTTP/2.0" 200 2083 "https://easysalads.com/creamy-chickpea-salad/" "Mozilla/5.0 (Windows NT 10.0; Win64; x64) AppleWebKit/537.36 (KHTML, like Gecko) Chrome/147.0.0.0 Safari/537.36 Edg/147.0.0.0"
18.206.221.142 - - [05/May/2026:08:19:20 -0500] "GET /creamy-chickpea-salad/ HTTP/1.1" 200 128500 "-" "Mozilla/5.0 (compatible; proximic; +https://www.comscore.com/Web-Crawler)"
54.198.104.135 - - [05/May/2026:08:19:21 -0500] "GET /creamy-chickpea-salad/ HTTP/1.1" 200 128508 "-" "Mozilla/5.0 (compatible; proximic; +https://www.comscore.com/Web-Crawler)"
192.12.103.9 - - [05/May/2026:08:19:25 -0500] "GET /wp-content/uploads/2024/02/creamy-chickpea-salad02-1024x1024.jpg HTTP/2.0" 200 249181 "https://easysalads.com/creamy-chickpea-salad/" "Mozilla/5.0 (Windows NT 10.0; Win64; x64) AppleWebKit/537.36 (KHTML, like Gecko) Chrome/147.0.0.0 Safari/537.36 Edg/147.0.0.0"
99.199.150.35 - - [05/May/2026:08:19:36 -0500] "GET /wp-content/uploads/2024/02/mediterranean-cucumber-salad-03.jpg HTTP/2.0" 200 680324 "https://www.google.com/" "Mozilla/5.0 (iPhone; CPU iPhone OS 18_7 like Mac OS X) AppleWebKit/605.1.15 (KHTML, like Gecko) Version/26.3 Mobile/15E148 Safari/604.1"
54.80.215.145 - - [05/May/2026:08:19:50 -0500] "GET /edamame-and-corn-salad HTTP/1.1" 200 130308 "-" "Mozilla/5.0 (compatible; proximic; +https://www.comscore.com/Web-Crawler)"
178.250.7.102 - - [05/May/2026:08:20:22 -0500] "GET /edamame-and-corn-salad HTTP/1.1" 200 130308 "-" "CriteoBot/0.1 (+https://www.criteo.com/criteo-crawler/)"
154.18.244.252 - - [05/May/2026:08:21:04 -0500] "POST /wp-cron.php?doing_wp_cron=1777987264.7554779052734375000000 HTTP/1.1" 200 11 "-" "WordPress/6.9.4; https://easysalads.com"
57.128.189.19 - - [05/May/2026:08:21:04 -0500] "GET /?nocache=1777987201 HTTP/2.0" 200 89190 "-" "BigScootsMonitor Mozilla/5.0 (Windows NT 10.0; Win64; x64) AppleWebKit/537.36 (KHTML, like Gecko) Chrome/74.0.3729.169 Safari/537.36"
154.18.244.252 - - [05/May/2026:08:21:04 -0500] "POST /wp-cron.php?doing_wp_cron=1777987264.9421179294586181640625 HTTP/1.1" 200 11 "-" "WordPress/6.9.4; https://easysalads.com"
51.222.136.175 - - [05/May/2026:08:21:04 -0500] "GET /?nocache=1777987201 HTTP/2.0" 200 89190 "-" "BigScootsMonitor Mozilla/5.0 (Windows NT 10.0; Win64; x64) AppleWebKit/537.36 (KHTML, like Gecko) Chrome/74.0.3729.169 Safari/537.36"
184.64.174.29 - - [05/May/2026:08:21:17 -0500] "GET /wp-content/uploads/2024/02/southern-potato-salad-02.jpg HTTP/2.0" 200 504740 "-" "Oatsy/1 CFNetwork/3860.600.2 Darwin/25.5.0"
98.63.146.4 - - [05/May/2026:08:21:45 -0500] "GET /tomato-onion-salad/ HTTP/2.0" 200 101432 "https://www.google.com/" "Mozilla/5.0 (iPhone; CPU iPhone OS 18_7 like Mac OS X) AppleWebKit/605.1.15 (KHTML, like Gecko) Version/26.4 Mobile/15E148 Safari/604.1"
98.63.146.4 - - [05/May/2026:08:21:45 -0500] "GET /wp-content/plugins/kadence-blocks/dist/style-blocks-rowlayout.css?ver=3.6.7 HTTP/2.0" 200 1771 "https://easysalads.com/tomato-onion-salad/" "Mozilla/5.0 (iPhone; CPU iPhone OS 18_7 like Mac OS X) AppleWebKit/605.1.15 (KHTML, like Gecko) Version/26.4 Mobile/15E148 Safari/604.1"
98.63.146.4 - - [05/May/2026:08:21:45 -0500] "GET /wp-content/plugins/kadence-blocks/dist/style-blocks-column.css?ver=3.6.7 HTTP/2.0" 200 428 "https://easysalads.com/tomato-onion-salad/" "Mozilla/5.0 (iPhone; CPU iPhone OS 18_7 like Mac OS X) AppleWebKit/605.1.15 (KHTML, like Gecko) Version/26.4 Mobile/15E148 Safari/604.1"
98.63.146.4 - - [05/May/2026:08:21:45 -0500] "GET /wp-content/plugins/kadence-blocks/dist/style-blocks-infobox.css?ver=3.6.7 HTTP/2.0" 200 1340 "https://easysalads.com/tomato-onion-salad/" "Mozilla/5.0 (iPhone; CPU iPhone OS 18_7 like Mac OS X) AppleWebKit/605.1.15 (KHTML, like Gecko) Version/26.4 Mobile/15E148 Safari/604.1"
98.63.146.4 - - [05/May/2026:08:21:45 -0500] "GET /wp-content/plugins/kadence-blocks/dist/style-blocks-advancedbtn.css?ver=3.6.7 HTTP/2.0" 200 705 "https://easysalads.com/tomato-onion-salad/" "Mozilla/5.0 (iPhone; CPU iPhone OS 18_7 like Mac OS X) AppleWebKit/605.1.15 (KHTML, like Gecko) Version/26.4 Mobile/15E148 Safari/604.1"
98.63.146.4 - - [05/May/2026:08:21:45 -0500] "GET /wp-content/plugins/kadence-blocks-pro/dist/style-blocks-postgrid.css?ver=2.8.13.1 HTTP/2.0" 200 2795 "https://easysalads.com/tomato-onion-salad/" "Mozilla/5.0 (iPhone; CPU iPhone OS 18_7 like Mac OS X) AppleWebKit/605.1.15 (KHTML, like Gecko) Version/26.4 Mobile/15E148 Safari/604.1"
98.63.146.4 - - [05/May/2026:08:21:45 -0500] "GET /wp-content/plugins/wp-recipe-maker/dist/public-modern.css?ver=10.5.0 HTTP/2.0" 200 7712 "https://easysalads.com/tomato-onion-salad/" "Mozilla/5.0 (iPhone; CPU iPhone OS 18_7 like Mac OS X) AppleWebKit/605.1.15 (KHTML, like Gecko) Version/26.4 Mobile/15E148 Safari/604.1"
98.63.146.4 - - [05/May/2026:08:21:45 -0500] "GET /wp-content/plugins/wp-recipe-maker-premium/dist/public-pro.css?ver=10.5.0 HTTP/2.0" 200 6796 "https://easysalads.com/tomato-onion-salad/" "Mozilla/5.0 (iPhone; CPU iPhone OS 18_7 like Mac OS X) AppleWebKit/605.1.15 (KHTML, like Gecko) Version/26.4 Mobile/15E148 Safari/604.1"
98.63.146.4 - - [05/May/2026:08:21:45 -0500] "GET /wp-content/themes/kadence/assets/css/global.min.css?ver=1.1.22 HTTP/2.0" 200 4256 "https://easysalads.com/tomato-onion-salad/" "Mozilla/5.0 (iPhone; CPU iPhone OS 18_7 like Mac OS X) AppleWebKit/605.1.15 (KHTML, like Gecko) Version/26.4 Mobile/15E148 Safari/604.1"
98.63.146.4 - - [05/May/2026:08:21:45 -0500] "GET /wp-content/themes/kadence/assets/css/header.min.css?ver=1.1.22 HTTP/2.0" 200 4295 "https://easysalads.com/tomato-onion-salad/" "Mozilla/5.0 (iPhone; CPU iPhone OS 18_7 like Mac OS X) AppleWebKit/605.1.15 (KHTML, like Gecko) Version/26.4 Mobile/15E148 Safari/604.1"
98.63.146.4 - - [05/May/2026:08:21:45 -0500] "GET /wp-content/themes/kadence/assets/css/content.min.css?ver=1.1.22 HTTP/2.0" 200 5512 "https://easysalads.com/tomato-onion-salad/" "Mozilla/5.0 (iPhone; CPU iPhone OS 18_7 like Mac OS X) AppleWebKit/605.1.15 (KHTML, like Gecko) Version/26.4 Mobile/15E148 Safari/604.1"
98.63.146.4 - - [05/May/2026:08:21:45 -0500] "GET /wp-content/themes/kadence/assets/css/comments.min.css?ver=1.1.22 HTTP/2.0" 200 1289 "https://easysalads.com/tomato-onion-salad/" "Mozilla/5.0 (iPhone; CPU iPhone OS 18_7 like Mac OS X) AppleWebKit/605.1.15 (KHTML, like Gecko) Version/26.4 Mobile/15E148 Safari/604.1"
98.63.146.4 - - [05/May/2026:08:21:45 -0500] "GET /wp-content/themes/kadence/assets/css/sidebar.min.css?ver=1.1.22 HTTP/2.0" 200 749 "https://easysalads.com/tomato-onion-salad/" "Mozilla/5.0 (iPhone; CPU iPhone OS 18_7 like Mac OS X) AppleWebKit/605.1.15 (KHTML, like Gecko) Version/26.4 Mobile/15E148 Safari/604.1"
98.63.146.4 - - [05/May/2026:08:21:45 -0500] "GET /wp-content/themes/kadence/assets/css/footer.min.css?ver=1.1.22 HTTP/2.0" 200 1580 "https://easysalads.com/tomato-onion-salad/" "Mozilla/5.0 (iPhone; CPU iPhone OS 18_7 like Mac OS X) AppleWebKit/605.1.15 (KHTML, like Gecko) Version/26.4 Mobile/15E148 Safari/604.1"
98.63.146.4 - - [05/May/2026:08:21:45 -0500] "GET /wp-content/plugins/kadence-pro/dist/mega-menu/menu-addon.css?ver=1.1.19 HTTP/2.0" 200 1126 "https://easysalads.com/tomato-onion-salad/" "Mozilla/5.0 (iPhone; CPU iPhone OS 18_7 like Mac OS X) AppleWebKit/605.1.15 (KHTML, like Gecko) Version/26.4 Mobile/15E148 Safari/604.1"
98.63.146.4 - - [05/May/2026:08:21:45 -0500] "GET /wp-content/plugins/social-pug/assets/dist/style-frontend-pro.css?ver=2.28.0 HTTP/2.0" 200 11454 "https://easysalads.com/tomato-onion-salad/" "Mozilla/5.0 (iPhone; CPU iPhone OS 18_7 like Mac OS X) AppleWebKit/605.1.15 (KHTML, like Gecko) Version/26.4 Mobile/15E148 Safari/604.1"
98.63.146.4 - - [05/May/2026:08:21:45 -0500] "GET /wp-content/plugins/kadence-blocks/dist/style-blocks-iconlist.css?ver=3.6.7 HTTP/2.0" 200 597 "https://easysalads.com/tomato-onion-salad/" "Mozilla/5.0 (iPhone; CPU iPhone OS 18_7 like Mac OS X) AppleWebKit/605.1.15 (KHTML, like Gecko) Version/26.4 Mobile/15E148 Safari/604.1"
98.63.146.4 - - [05/May/2026:08:21:45 -0500] "GET /wp-content/themes/restored316-sage/style.css?ver=1_0_1 HTTP/2.0" 200 1089 "https://easysalads.com/tomato-onion-salad/" "Mozilla/5.0 (iPhone; CPU iPhone OS 18_7 like Mac OS X) AppleWebKit/605.1.15 (KHTML, like Gecko) Version/26.4 Mobile/15E148 Safari/604.1"
98.63.146.4 - - [05/May/2026:08:21:45 -0500] "GET /wp-content/plugins/wpforms-lite/assets/css/frontend/modern/wpforms-full.min.css?ver=1.10.0.4 HTTP/2.0" 200 14792 "https://easysalads.com/tomato-onion-salad/" "Mozilla/5.0 (iPhone; CPU iPhone OS 18_7 like Mac OS X) AppleWebKit/605.1.15 (KHTML, like Gecko) Version/26.4 Mobile/15E148 Safari/604.1"
98.63.146.4 - - [05/May/2026:08:21:45 -0500] "GET /wp-content/uploads/2022/09/Easy-Salads-website-logo-1536x451.png HTTP/2.0" 200 71572 "https://easysalads.com/tomato-onion-salad/" "Mozilla/5.0 (iPhone; CPU iPhone OS 18_7 like Mac OS X) AppleWebKit/605.1.15 (KHTML, like Gecko) Version/26.4 Mobile/15E148 Safari/604.1"
98.63.146.4 - - [05/May/2026:08:21:45 -0500] "GET /wp-content/plugins/kadence-blocks/dist/style-blocks-spacer.css?ver=3.6.7 HTTP/2.0" 200 385 "https://easysalads.com/tomato-onion-salad/" "Mozilla/5.0 (iPhone; CPU iPhone OS 18_7 like Mac OS X) AppleWebKit/605.1.15 (KHTML, like Gecko) Version/26.4 Mobile/15E148 Safari/604.1"
98.63.146.4 - - [05/May/2026:08:21:45 -0500] "GET /wp-content/plugins/wp-recipe-maker/dist/public-modern.js?ver=10.5.0 HTTP/2.0" 200 23744 "https://easysalads.com/tomato-onion-salad/" "Mozilla/5.0 (iPhone; CPU iPhone OS 18_7 like Mac OS X) AppleWebKit/605.1.15 (KHTML, like Gecko) Version/26.4 Mobile/15E148 Safari/604.1"
98.63.146.4 - - [05/May/2026:08:21:45 -0500] "GET /wp-content/plugins/wp-recipe-maker-premium/dist/public-pro.js?ver=10.5.0 HTTP/2.0" 200 20140 "https://easysalads.com/tomato-onion-salad/" "Mozilla/5.0 (iPhone; CPU iPhone OS 18_7 like Mac OS X) AppleWebKit/605.1.15 (KHTML, like Gecko) Version/26.4 Mobile/15E148 Safari/604.1"
98.63.146.4 - - [05/May/2026:08:21:45 -0500] "GET /wp-content/themes/kadence/assets/js/navigation-lite.min.js?ver=1.1.21 HTTP/2.0" 200 2083 "https://easysalads.com/tomato-onion-salad/" "Mozilla/5.0 (iPhone; CPU iPhone OS 18_7 like Mac OS X) AppleWebKit/605.1.15 (KHTML, like Gecko) Version/26.4 Mobile/15E148 Safari/604.1"
98.63.146.4 - - [05/May/2026:08:21:45 -0500] "GET /wp-content/plugins/social-pug/assets/dist/front-end-pro.js?ver=2.28.0 HTTP/2.0" 200 9339 "https://easysalads.com/tomato-onion-salad/" "Mozilla/5.0 (iPhone; CPU iPhone OS 18_7 like Mac OS X) AppleWebKit/605.1.15 (KHTML, like Gecko) Version/26.4 Mobile/15E148 Safari/604.1"
98.63.146.4 - - [05/May/2026:08:21:45 -0500] "GET /wp-content/plugins/kadence-pro/dist/mega-menu/kadence-mega-menu.min.js?ver=1.1.19 HTTP/2.0" 200 457 "https://easysalads.com/tomato-onion-salad/" "Mozilla/5.0 (iPhone; CPU iPhone OS 18_7 like Mac OS X) AppleWebKit/605.1.15 (KHTML, like Gecko) Version/26.4 Mobile/15E148 Safari/604.1"
98.63.146.4 - - [05/May/2026:08:21:45 -0500] "GET /wp-content/plugins/akismet/_inc/akismet-frontend.js?ver=1764724306 HTTP/2.0" 200 3016 "https://easysalads.com/tomato-onion-salad/" "Mozilla/5.0 (iPhone; CPU iPhone OS 18_7 like Mac OS X) AppleWebKit/605.1.15 (KHTML, like Gecko) Version/26.4 Mobile/15E148 Safari/604.1"
98.63.146.4 - - [05/May/2026:08:21:45 -0500] "GET /wp-includes/js/jquery/jquery.min.js?ver=3.7.1 HTTP/2.0" 200 29769 "https://easysalads.com/tomato-onion-salad/" "Mozilla/5.0 (iPhone; CPU iPhone OS 18_7 like Mac OS X) AppleWebKit/605.1.15 (KHTML, like Gecko) Version/26.4 Mobile/15E148 Safari/604.1"
98.63.146.4 - - [05/May/2026:08:21:45 -0500] "GET /wp-includes/js/jquery/jquery-migrate.min.js?ver=3.4.1 HTTP/2.0" 200 4679 "https://easysalads.com/tomato-onion-salad/" "Mozilla/5.0 (iPhone; CPU iPhone OS 18_7 like Mac OS X) AppleWebKit/605.1.15 (KHTML, like Gecko) Version/26.4 Mobile/15E148 Safari/604.1"
98.63.146.4 - - [05/May/2026:08:21:45 -0500] "GET /wp-content/plugins/wpforms-lite/assets/lib/jquery.validate.min.js?ver=1.21.0 HTTP/2.0" 200 7807 "https://easysalads.com/tomato-onion-salad/" "Mozilla/5.0 (iPhone; CPU iPhone OS 18_7 like Mac OS X) AppleWebKit/605.1.15 (KHTML, like Gecko) Version/26.4 Mobile/15E148 Safari/604.1"
98.63.146.4 - - [05/May/2026:08:21:45 -0500] "GET /wp-content/plugins/wpforms-lite/assets/lib/mailcheck.min.js?ver=1.1.2 HTTP/2.0" 200 1616 "https://easysalads.com/tomato-onion-salad/" "Mozilla/5.0 (iPhone; CPU iPhone OS 18_7 like Mac OS X) AppleWebKit/605.1.15 (KHTML, like Gecko) Version/26.4 Mobile/15E148 Safari/604.1"
98.63.146.4 - - [05/May/2026:08:21:45 -0500] "GET /wp-content/plugins/wpforms-lite/assets/lib/punycode.min.js?ver=1.0.0 HTTP/2.0" 200 834 "https://easysalads.com/tomato-onion-salad/" "Mozilla/5.0 (iPhone; CPU iPhone OS 18_7 like Mac OS X) AppleWebKit/605.1.15 (KHTML, like Gecko) Version/26.4 Mobile/15E148 Safari/604.1"
98.63.146.4 - - [05/May/2026:08:21:45 -0500] "GET /wp-content/plugins/wpforms-lite/assets/js/share/utils.min.js?ver=1.10.0.4 HTTP/2.0" 200 727 "https://easysalads.com/tomato-onion-salad/" "Mozilla/5.0 (iPhone; CPU iPhone OS 18_7 like Mac OS X) AppleWebKit/605.1.15 (KHTML, like Gecko) Version/26.4 Mobile/15E148 Safari/604.1"
98.63.146.4 - - [05/May/2026:08:21:45 -0500] "GET /wp-content/plugins/wpforms-lite/assets/js/frontend/wpforms.min.js?ver=1.10.0.4 HTTP/2.0" 200 14614 "https://easysalads.com/tomato-onion-salad/" "Mozilla/5.0 (iPhone; CPU iPhone OS 18_7 like Mac OS X) AppleWebKit/605.1.15 (KHTML, like Gecko) Version/26.4 Mobile/15E148 Safari/604.1"
98.63.146.4 - - [05/May/2026:08:21:45 -0500] "GET /wp-content/plugins/wpforms-lite/assets/js/frontend/wpforms-modern.min.js?ver=1.10.0.4 HTTP/2.0" 200 1866 "https://easysalads.com/tomato-onion-salad/" "Mozilla/5.0 (iPhone; CPU iPhone OS 18_7 like Mac OS X) AppleWebKit/605.1.15 (KHTML, like Gecko) Version/26.4 Mobile/15E148 Safari/604.1"
98.63.146.4 - - [05/May/2026:08:21:45 -0500] "GET /wp-content/plugins/wpforms-lite/assets/js/frontend/fields/address.min.js?ver=1.10.0.4 HTTP/2.0" 200 673 "https://easysalads.com/tomato-onion-salad/" "Mozilla/5.0 (iPhone; CPU iPhone OS 18_7 like Mac OS X) AppleWebKit/605.1.15 (KHTML, like Gecko) Version/26.4 Mobile/15E148 Safari/604.1"
98.63.146.4 - - [05/May/2026:08:21:45 -0500] "GET /wp-content/uploads/2024/01/tomato-onion-salad-06.jpg HTTP/2.0" 200 1661522 "https://easysalads.com/tomato-onion-salad/" "Mozilla/5.0 (iPhone; CPU iPhone OS 18_7 like Mac OS X) AppleWebKit/605.1.15 (KHTML, like Gecko) Version/26.4 Mobile/15E148 Safari/604.1"
98.63.146.4 - - [05/May/2026:08:21:45 -0500] "GET /wp-content/plugins/wpforms-lite/assets/images/submit-spin.svg HTTP/2.0" 200 509 "https://easysalads.com/tomato-onion-salad/" "Mozilla/5.0 (iPhone; CPU iPhone OS 18_7 like Mac OS X) AppleWebKit/605.1.15 (KHTML, like Gecko) Version/26.4 Mobile/15E148 Safari/604.1"
98.63.146.4 - - [05/May/2026:08:21:45 -0500] "GET /wp-content/uploads/2024/01/tomato-onion-salad-04.jpg HTTP/2.0" 200 712014 "https://easysalads.com/tomato-onion-salad/" "Mozilla/5.0 (iPhone; CPU iPhone OS 18_7 like Mac OS X) AppleWebKit/605.1.15 (KHTML, like Gecko) Version/26.4 Mobile/15E148 Safari/604.1"
98.63.146.4 - - [05/May/2026:08:21:45 -0500] "GET /wp-includes/js/comment-reply.min.js?ver=6.9.4 HTTP/2.0" 200 1248 "https://easysalads.com/tomato-onion-salad/" "Mozilla/5.0 (iPhone; CPU iPhone OS 18_7 like Mac OS X) AppleWebKit/605.1.15 (KHTML, like Gecko) Version/26.4 Mobile/15E148 Safari/604.1"
98.63.146.4 - - [05/May/2026:08:21:47 -0500] "GET /wp-content/uploads/2022/09/cropped-site-icon-easy-salads-192x192.png HTTP/2.0" 200 8410 "https://easysalads.com/tomato-onion-salad/" "Mozilla/5.0 (iPhone; CPU iPhone OS 18_7 like Mac OS X) AppleWebKit/605.1.15 (KHTML, like Gecko) Version/26.4 Mobile/15E148 Safari/604.1"
98.63.146.4 - - [05/May/2026:08:21:47 -0500] "GET /wp-content/uploads/2022/09/cropped-site-icon-easy-salads-32x32.png HTTP/2.0" 200 907 "https://easysalads.com/tomato-onion-salad/" "Mozilla/5.0 (iPhone; CPU iPhone OS 18_7 like Mac OS X) AppleWebKit/605.1.15 (KHTML, like Gecko) Version/26.4 Mobile/15E148 Safari/604.1"
31.13.245.227 - - [05/May/2026:08:21:54 -0500] "GET /wp-login.php HTTP/2.0" 200 1882 "-" "Mozilla/5.0 (Macintosh; Intel Mac OS X 10_9_5) AppleWebKit/537.36 (KHTML, like Gecko) Chrome/66.0.3359.181 Safari/537.36"
31.13.245.227 - - [05/May/2026:08:21:54 -0500] "POST /wp-login.php HTTP/2.0" 200 2019 "https://easysalads.com/wp-login.php" "Mozilla/5.0 (Macintosh; Intel Mac OS X 10_9_5) AppleWebKit/537.36 (KHTML, like Gecko) Chrome/66.0.3359.181 Safari/537.36"
98.63.146.4 - - [05/May/2026:08:21:57 -0500] "GET /tomato-onion-salad/?gpp=DBABzw%7E1YNY%7EBVQqAAAAAgA&gpp_sid=6%2C7 HTTP/2.0" 200 101427 "-" "Mozilla/5.0 (iPhone; CPU iPhone OS 18_7 like Mac OS X) AppleWebKit/605.1.15 (KHTML, like Gecko) Version/26.4 Mobile/15E148 Safari/604.1"
98.63.146.4 - - [05/May/2026:08:21:58 -0500] "GET /tomato-onion-salad/mraid.js HTTP/2.0" 404 146 "-" "Mozilla/5.0 (iPhone; CPU iPhone OS 18_7 like Mac OS X) AppleWebKit/605.1.15 (KHTML, like Gecko) Version/26.4 Mobile/15E148 Safari/604.1"
98.63.146.4 - - [05/May/2026:08:22:06 -0500] "GET /wp-content/uploads/2022/03/TTRamillas-ExtraLight.woff2 HTTP/2.0" 200 55736 "https://easysalads.com/tomato-onion-salad/" "Mozilla/5.0 (iPhone; CPU iPhone OS 18_7 like Mac OS X) AppleWebKit/605.1.15 (KHTML, like Gecko) Version/26.4 Mobile/15E148 Safari/604.1"
98.63.146.4 - - [05/May/2026:08:22:06 -0500] "GET /wp-content/uploads/2022/03/TTRamillas-ExtraLightItalic.woff2 HTTP/2.0" 200 59480 "https://easysalads.com/tomato-onion-salad/" "Mozilla/5.0 (iPhone; CPU iPhone OS 18_7 like Mac OS X) AppleWebKit/605.1.15 (KHTML, like Gecko) Version/26.4 Mobile/15E148 Safari/604.1"
174.209.189.121 - - [05/May/2026:08:22:09 -0500] "GET /wp-content/uploads/2022/09/rosa-marina-salad-.jpg HTTP/2.0" 200 365050 "https://www.google.com/" "Mozilla/5.0 (iPhone; CPU iPhone OS 18_6_2 like Mac OS X) AppleWebKit/605.1.15 (KHTML, like Gecko) Version/18.6 Mobile/15E148 Safari/604.1"
154.18.244.252 - - [05/May/2026:08:22:25 -0500] "POST /wp-cron.php?doing_wp_cron=1777987345.9267458915710449218750 HTTP/1.1" 200 11 "-" "WordPress/6.9.4; https://easysalads.com"
162.241.53.41 - - [05/May/2026:08:22:34 -0500] "GET /wp-login.php HTTP/2.0" 200 1882 "-" "Mozilla/5.0 (Windows NT 6.1; WOW64; Trident/7.0; yie11; rv:11.0) like Gecko"
162.241.53.41 - - [05/May/2026:08:22:34 -0500] "POST /wp-login.php HTTP/2.0" 200 2018 "https://easysalads.com/wp-login.php" "Mozilla/5.0 (Windows NT 6.1; WOW64; Trident/7.0; yie11; rv:11.0) like Gecko"
54.209.60.63 - - [05/May/2026:08:22:44 -0500] "GET /wp-content/uploads/2024/05/pizza-night-salad-05.jpg HTTP/1.1" 200 178870 "-" "Ruby"
49.144.36.230 - - [05/May/2026:08:22:49 -0500] "GET /wp-content/uploads/2023/09/pulled-pork-salad-recipe00.jpg HTTP/2.0" 200 799908 "https://www.google.com/" "Mozilla/5.0 (iPhone; CPU iPhone OS 18_6_2 like Mac OS X) AppleWebKit/605.1.15 (KHTML, like Gecko) Version/18.6 Mobile/15E148 Safari/604.1"
154.18.244.252 - - [05/May/2026:08:23:04 -0500] "POST /wp-cron.php?doing_wp_cron=1777987384.4860329627990722656250 HTTP/1.1" 200 11 "-" "WordPress/6.9.4; https://easysalads.com"
51.222.136.175 - - [05/May/2026:08:23:04 -0500] "GET /?nocache=1777987321 HTTP/2.0" 200 89190 "-" "BigScootsMonitor Mozilla/5.0 (Windows NT 10.0; Win64; x64) AppleWebKit/537.36 (KHTML, like Gecko) Chrome/74.0.3729.169 Safari/537.36"
57.128.189.19 - - [05/May/2026:08:23:04 -0500] "GET /?nocache=1777987321 HTTP/2.0" 200 89190 "-" "BigScootsMonitor Mozilla/5.0 (Windows NT 10.0; Win64; x64) AppleWebKit/537.36 (KHTML, like Gecko) Chrome/74.0.3729.169 Safari/537.36"
52.91.84.213 - - [05/May/2026:08:23:19 -0500] "GET /caesar-wedge-salad/ HTTP/1.1" 200 128833 "-" "Mozilla/5.0 (compatible; proximic; +https://www.comscore.com/Web-Crawler)"
222.165.190.235 - - [05/May/2026:08:23:30 -0500] "GET /wp-login.php HTTP/2.0" 444 0 "-" "Mozilla/5.0 (Windows NT 6.1; WOW64; Trident/7.0; EIE10;ENCAWOL; rv:11.0) like Gecko"
154.18.244.252 - - [05/May/2026:08:24:28 -0500] "POST /wp-cron.php?doing_wp_cron=1777987468.2128849029541015625000 HTTP/1.1" 200 11 "-" "WordPress/6.9.4; https://easysalads.com"
66.249.66.198 - - [05/May/2026:08:24:28 -0500] "GET /category/potato-salads/ HTTP/1.1" 200 74157 "-" "Mozilla/5.0 (Linux; Android 6.0.1; Nexus 5X Build/MMB29P) AppleWebKit/537.36 (KHTML, like Gecko) Chrome/147.0.7727.137 Mobile Safari/537.36 (compatible; Googlebot/2.1; +http://www.google.com/bot.html)"
66.249.66.166 - - [05/May/2026:08:24:33 -0500] "GET /wp-content/plugins/social-pug/assets/dist/style-frontend-pro.css?ver=2.28.0 HTTP/1.1" 200 11467 "https://easysalads.com/category/potato-salads/" "Mozilla/5.0 (Linux; Android 6.0.1; Nexus 5X Build/MMB29P) AppleWebKit/537.36 (KHTML, like Gecko) Chrome/147.0.7727.137 Mobile Safari/537.36 (compatible; Googlebot/2.1; +http://www.google.com/bot.html)"
154.18.244.252 - - [05/May/2026:08:25:04 -0500] "POST /wp-cron.php?doing_wp_cron=1777987504.7478380203247070312500 HTTP/1.1" 200 11 "-" "WordPress/6.9.4; https://easysalads.com"
57.128.189.19 - - [05/May/2026:08:25:04 -0500] "GET /?nocache=1777987441 HTTP/2.0" 200 89191 "-" "BigScootsMonitor Mozilla/5.0 (Windows NT 10.0; Win64; x64) AppleWebKit/537.36 (KHTML, like Gecko) Chrome/74.0.3729.169 Safari/537.36"
51.222.136.175 - - [05/May/2026:08:25:05 -0500] "GET /?nocache=1777987441 HTTP/2.0" 200 89191 "-" "BigScootsMonitor Mozilla/5.0 (Windows NT 10.0; Win64; x64) AppleWebKit/537.36 (KHTML, like Gecko) Chrome/74.0.3729.169 Safari/537.36"
66.249.66.76 - - [05/May/2026:08:25:12 -0500] "GET /wp-content/plugins/kadence-blocks-pro/dist/style-blocks-portfoliogrid.css?ver=2.8.13.1 HTTP/1.1" 200 2143 "https://easysalads.com/" "Mozilla/5.0 (Linux; Android 6.0.1; Nexus 5X Build/MMB29P) AppleWebKit/537.36 (KHTML, like Gecko) Chrome/147.0.7727.137 Mobile Safari/537.36 (compatible; Googlebot/2.1; +http://www.google.com/bot.html)"
66.249.66.75 - - [05/May/2026:08:25:13 -0500] "GET /wp-content/plugins/kadence-blocks/dist/style-blocks-posts.css?ver=3.6.7 HTTP/1.1" 200 1377 "https://easysalads.com/" "Mozilla/5.0 (Linux; Android 6.0.1; Nexus 5X Build/MMB29P) AppleWebKit/537.36 (KHTML, like Gecko) Chrome/147.0.7727.137 Mobile Safari/537.36 (compatible; Googlebot/2.1; +http://www.google.com/bot.html)"
66.249.66.75 - - [05/May/2026:08:25:13 -0500] "GET /wp-content/plugins/kadence-blocks/dist/style-blocks-advancedgallery.css?ver=3.6.7 HTTP/1.1" 200 3535 "https://easysalads.com/" "Mozilla/5.0 (Linux; Android 6.0.1; Nexus 5X Build/MMB29P) AppleWebKit/537.36 (KHTML, like Gecko) Chrome/147.0.7727.137 Mobile Safari/537.36 (compatible; Googlebot/2.1; +http://www.google.com/bot.html)"
222.165.190.235 - - [05/May/2026:08:25:21 -0500] "GET /wp-login.php HTTP/2.0" 444 0 "-" "Mozilla/5.0 (Windows NT 6.1; WOW64; Trident/7.0; BOIE9;ENGB; rv:11.0) like Gecko"
54.37.23.187 - - [05/May/2026:08:25:24 -0500] "GET /wp-content/uploads/2024/05/pizza-night-salad-05-200x300.jpg HTTP/1.1" 200 29338 "-" "python-urllib3/1.26.9"
54.37.23.187 - - [05/May/2026:08:25:24 -0500] "GET /wp-content/uploads/2022/01/courtney-whitmore-easy-salads02.jpg HTTP/1.1" 200 119383 "-" "python-urllib3/1.26.9"
103.218.122.61 - - [05/May/2026:08:25:35 -0500] "GET /wp-login.php HTTP/2.0" 200 1882 "-" "Mozilla/5.0 (Windows NT 10.0; WOW64) AppleWebKit/537.36 (KHTML, like Gecko) Chrome/65.0.3325.181 Safari/537.36"
103.218.122.61 - - [05/May/2026:08:25:37 -0500] "POST /wp-login.php HTTP/2.0" 200 2017 "https://easysalads.com/wp-login.php" "Mozilla/5.0 (Windows NT 10.0; WOW64) AppleWebKit/537.36 (KHTML, like Gecko) Chrome/65.0.3325.181 Safari/537.36"
54.37.23.187 - - [05/May/2026:08:25:50 -0500] "GET /wp-content/uploads/2024/10/taffy-apple-salad-03.jpg HTTP/1.1" 200 922657 "-" "python-urllib3/1.26.9"
52.167.144.183 - - [05/May/2026:08:25:59 -0500] "GET /creamy-apple-cider-dressing/ HTTP/2.0" 200 105615 "-" "Mozilla/5.0 AppleWebKit/537.36 (KHTML, like Gecko; compatible; bingbot/2.0; +http://www.bing.com/bingbot.htm) Chrome/116.0.1938.76 Safari/537.36"
103.230.156.120 - - [05/May/2026:08:26:05 -0500] "GET /wp-login.php HTTP/2.0" 444 0 "-" "Mozilla/5.0 (Windows NT 6.3; WOW64; Trident/7.0; ASU2JS; rv:11.0) like Gecko"
54.37.23.187 - - [05/May/2026:08:26:17 -0500] "GET /wp-content/uploads/2024/10/taffy-apple-salad-06.jpg HTTP/1.1" 200 515916 "-" "python-urllib3/1.26.9"
165.22.116.110 - - [05/May/2026:08:26:34 -0500] "GET /wp-login.php HTTP/2.0" 444 0 "-" "Mozilla/5.0 (Windows NT 6.3; WOW64) AppleWebKit/537.36 (KHTML, like Gecko) Chrome/65.0.3325.181 Safari/537.36"
50.6.7.129 - - [05/May/2026:08:26:38 -0500] "GET /wp-login.php HTTP/2.0" 444 0 "-" "Mozilla/5.0 (Macintosh; Intel Mac OS X 10_11_6) AppleWebKit/537.36 (KHTML, like Gecko) Chrome/67.0.3396.79 Safari/537.36"
216.150.13.14 - - [05/May/2026:08:26:44 -0500] "GET /wp-content/uploads/2024/01/tomato-onion-salad-06.jpg HTTP/2.0" 200 1661522 "https://www.google.com/" "Mozilla/5.0 (iPhone; CPU iPhone OS 18_7 like Mac OS X) AppleWebKit/605.1.15 (KHTML, like Gecko) Version/26.4 Mobile/15E148 Safari/604.1"
54.37.23.187 - - [05/May/2026:08:26:52 -0500] "GET /wp-content/uploads/2024/10/taffy-apple-salad-00.jpg HTTP/1.1" 200 700310 "-" "python-urllib3/1.26.9"
154.18.244.252 - - [05/May/2026:08:27:04 -0500] "POST /wp-cron.php?doing_wp_cron=1777987624.1539111137390136718750 HTTP/1.1" 200 11 "-" "WordPress/6.9.4; https://easysalads.com"
57.128.189.19 - - [05/May/2026:08:27:04 -0500] "GET /?nocache=1777987561 HTTP/2.0" 200 89191 "-" "BigScootsMonitor Mozilla/5.0 (Windows NT 10.0; Win64; x64) AppleWebKit/537.36 (KHTML, like Gecko) Chrome/74.0.3729.169 Safari/537.36"
51.222.136.175 - - [05/May/2026:08:27:04 -0500] "GET /?nocache=1777987561 HTTP/2.0" 200 89191 "-" "BigScootsMonitor Mozilla/5.0 (Windows NT 10.0; Win64; x64) AppleWebKit/537.36 (KHTML, like Gecko) Chrome/74.0.3729.169 Safari/537.36"
54.37.23.187 - - [05/May/2026:08:27:20 -0500] "GET /wp-content/uploads/2024/10/taffy-apple-salad-05.jpg HTTP/1.1" 200 790705 "-" "python-urllib3/1.26.9"
152.53.44.20 - - [05/May/2026:08:27:40 -0500] "GET /wp-login.php HTTP/2.0" 200 1882 "-" "Mozilla/5.0 (Windows NT 10.0; WOW64) AppleWebKit/537.36 (KHTML, like Gecko) Chrome/65.0.3325.181 Safari/537.36 OPR/52.0.2871.64"
152.53.44.20 - - [05/May/2026:08:27:41 -0500] "POST /wp-login.php HTTP/2.0" 200 1998 "https://easysalads.com/wp-login.php" "Mozilla/5.0 (Windows NT 10.0; WOW64) AppleWebKit/537.36 (KHTML, like Gecko) Chrome/65.0.3325.181 Safari/537.36 OPR/52.0.2871.64"
54.37.23.187 - - [05/May/2026:08:27:47 -0500] "GET /wp-content/uploads/2024/02/creamy-chickpea-salad02-300x300.jpg HTTP/1.1" 200 37121 "-" "python-urllib3/1.26.9"
154.18.244.252 - - [05/May/2026:08:28:04 -0500] "POST /wp-cron.php?doing_wp_cron=1777987684.6236090660095214843750 HTTP/1.1" 200 11 "-" "WordPress/6.9.4; https://easysalads.com"
184.12.39.226 - - [05/May/2026:08:28:04 -0500] "GET /broccoli-raisin-salad-recipe/ HTTP/2.0" 200 102853 "-" "Mozilla/5.0 (iPhone; CPU iPhone OS 18_7 like Mac OS X) AppleWebKit/605.1.15 (KHTML, like Gecko) Version/26.3 Mobile/15E148 Safari/604.1"
184.12.39.226 - - [05/May/2026:08:28:04 -0500] "GET /wp-content/plugins/kadence-blocks/dist/style-blocks-rowlayout.css?ver=3.6.7 HTTP/2.0" 200 1771 "https://easysalads.com/broccoli-raisin-salad-recipe/" "Mozilla/5.0 (iPhone; CPU iPhone OS 18_7 like Mac OS X) AppleWebKit/605.1.15 (KHTML, like Gecko) Version/26.3 Mobile/15E148 Safari/604.1"
184.12.39.226 - - [05/May/2026:08:28:04 -0500] "GET /wp-content/plugins/kadence-blocks/dist/style-blocks-column.css?ver=3.6.7 HTTP/2.0" 200 428 "https://easysalads.com/broccoli-raisin-salad-recipe/" "Mozilla/5.0 (iPhone; CPU iPhone OS 18_7 like Mac OS X) AppleWebKit/605.1.15 (KHTML, like Gecko) Version/26.3 Mobile/15E148 Safari/604.1"
184.12.39.226 - - [05/May/2026:08:28:04 -0500] "GET /wp-content/plugins/kadence-blocks/dist/style-blocks-infobox.css?ver=3.6.7 HTTP/2.0" 200 1340 "https://easysalads.com/broccoli-raisin-salad-recipe/" "Mozilla/5.0 (iPhone; CPU iPhone OS 18_7 like Mac OS X) AppleWebKit/605.1.15 (KHTML, like Gecko) Version/26.3 Mobile/15E148 Safari/604.1"
184.12.39.226 - - [05/May/2026:08:28:04 -0500] "GET /wp-content/plugins/kadence-blocks/dist/style-blocks-advancedbtn.css?ver=3.6.7 HTTP/2.0" 200 705 "https://easysalads.com/broccoli-raisin-salad-recipe/" "Mozilla/5.0 (iPhone; CPU iPhone OS 18_7 like Mac OS X) AppleWebKit/605.1.15 (KHTML, like Gecko) Version/26.3 Mobile/15E148 Safari/604.1"
184.12.39.226 - - [05/May/2026:08:28:04 -0500] "GET /wp-content/plugins/kadence-blocks-pro/dist/style-blocks-postgrid.css?ver=2.8.13.1 HTTP/2.0" 200 2795 "https://easysalads.com/broccoli-raisin-salad-recipe/" "Mozilla/5.0 (iPhone; CPU iPhone OS 18_7 like Mac OS X) AppleWebKit/605.1.15 (KHTML, like Gecko) Version/26.3 Mobile/15E148 Safari/604.1"
184.12.39.226 - - [05/May/2026:08:28:04 -0500] "GET /wp-content/plugins/wp-recipe-maker/dist/public-modern.css?ver=10.5.0 HTTP/2.0" 200 7712 "https://easysalads.com/broccoli-raisin-salad-recipe/" "Mozilla/5.0 (iPhone; CPU iPhone OS 18_7 like Mac OS X) AppleWebKit/605.1.15 (KHTML, like Gecko) Version/26.3 Mobile/15E148 Safari/604.1"
184.12.39.226 - - [05/May/2026:08:28:04 -0500] "GET /wp-content/plugins/wp-recipe-maker-premium/dist/public-pro.css?ver=10.5.0 HTTP/2.0" 200 6796 "https://easysalads.com/broccoli-raisin-salad-recipe/" "Mozilla/5.0 (iPhone; CPU iPhone OS 18_7 like Mac OS X) AppleWebKit/605.1.15 (KHTML, like Gecko) Version/26.3 Mobile/15E148 Safari/604.1"
184.12.39.226 - - [05/May/2026:08:28:04 -0500] "GET /wp-content/themes/kadence/assets/css/global.min.css?ver=1.1.22 HTTP/2.0" 200 4256 "https://easysalads.com/broccoli-raisin-salad-recipe/" "Mozilla/5.0 (iPhone; CPU iPhone OS 18_7 like Mac OS X) AppleWebKit/605.1.15 (KHTML, like Gecko) Version/26.3 Mobile/15E148 Safari/604.1"
184.12.39.226 - - [05/May/2026:08:28:04 -0500] "GET /wp-content/themes/kadence/assets/css/header.min.css?ver=1.1.22 HTTP/2.0" 200 4295 "https://easysalads.com/broccoli-raisin-salad-recipe/" "Mozilla/5.0 (iPhone; CPU iPhone OS 18_7 like Mac OS X) AppleWebKit/605.1.15 (KHTML, like Gecko) Version/26.3 Mobile/15E148 Safari/604.1"
184.12.39.226 - - [05/May/2026:08:28:04 -0500] "GET /wp-content/themes/kadence/assets/css/content.min.css?ver=1.1.22 HTTP/2.0" 200 5512 "https://easysalads.com/broccoli-raisin-salad-recipe/" "Mozilla/5.0 (iPhone; CPU iPhone OS 18_7 like Mac OS X) AppleWebKit/605.1.15 (KHTML, like Gecko) Version/26.3 Mobile/15E148 Safari/604.1"
184.12.39.226 - - [05/May/2026:08:28:04 -0500] "GET /wp-content/themes/kadence/assets/css/comments.min.css?ver=1.1.22 HTTP/2.0" 200 1289 "https://easysalads.com/broccoli-raisin-salad-recipe/" "Mozilla/5.0 (iPhone; CPU iPhone OS 18_7 like Mac OS X) AppleWebKit/605.1.15 (KHTML, like Gecko) Version/26.3 Mobile/15E148 Safari/604.1"
184.12.39.226 - - [05/May/2026:08:28:04 -0500] "GET /wp-content/themes/kadence/assets/css/sidebar.min.css?ver=1.1.22 HTTP/2.0" 200 749 "https://easysalads.com/broccoli-raisin-salad-recipe/" "Mozilla/5.0 (iPhone; CPU iPhone OS 18_7 like Mac OS X) AppleWebKit/605.1.15 (KHTML, like Gecko) Version/26.3 Mobile/15E148 Safari/604.1"
184.12.39.226 - - [05/May/2026:08:28:04 -0500] "GET /wp-content/themes/kadence/assets/css/footer.min.css?ver=1.1.22 HTTP/2.0" 200 1580 "https://easysalads.com/broccoli-raisin-salad-recipe/" "Mozilla/5.0 (iPhone; CPU iPhone OS 18_7 like Mac OS X) AppleWebKit/605.1.15 (KHTML, like Gecko) Version/26.3 Mobile/15E148 Safari/604.1"
184.12.39.226 - - [05/May/2026:08:28:04 -0500] "GET /wp-content/plugins/kadence-pro/dist/mega-menu/menu-addon.css?ver=1.1.19 HTTP/2.0" 200 1126 "https://easysalads.com/broccoli-raisin-salad-recipe/" "Mozilla/5.0 (iPhone; CPU iPhone OS 18_7 like Mac OS X) AppleWebKit/605.1.15 (KHTML, like Gecko) Version/26.3 Mobile/15E148 Safari/604.1"
184.12.39.226 - - [05/May/2026:08:28:04 -0500] "GET /wp-content/plugins/social-pug/assets/dist/style-frontend-pro.css?ver=2.28.0 HTTP/2.0" 200 11454 "https://easysalads.com/broccoli-raisin-salad-recipe/" "Mozilla/5.0 (iPhone; CPU iPhone OS 18_7 like Mac OS X) AppleWebKit/605.1.15 (KHTML, like Gecko) Version/26.3 Mobile/15E148 Safari/604.1"
184.12.39.226 - - [05/May/2026:08:28:04 -0500] "GET /wp-content/themes/restored316-sage/style.css?ver=1_0_1 HTTP/2.0" 200 1089 "https://easysalads.com/broccoli-raisin-salad-recipe/" "Mozilla/5.0 (iPhone; CPU iPhone OS 18_7 like Mac OS X) AppleWebKit/605.1.15 (KHTML, like Gecko) Version/26.3 Mobile/15E148 Safari/604.1"
184.12.39.226 - - [05/May/2026:08:28:04 -0500] "GET /wp-content/plugins/wpforms-lite/assets/css/frontend/modern/wpforms-full.min.css?ver=1.10.0.4 HTTP/2.0" 200 14792 "https://easysalads.com/broccoli-raisin-salad-recipe/" "Mozilla/5.0 (iPhone; CPU iPhone OS 18_7 like Mac OS X) AppleWebKit/605.1.15 (KHTML, like Gecko) Version/26.3 Mobile/15E148 Safari/604.1"
184.12.39.226 - - [05/May/2026:08:28:04 -0500] "GET /wp-content/uploads/2022/09/Easy-Salads-website-logo-1536x451.png HTTP/2.0" 200 71572 "https://easysalads.com/broccoli-raisin-salad-recipe/" "Mozilla/5.0 (iPhone; CPU iPhone OS 18_7 like Mac OS X) AppleWebKit/605.1.15 (KHTML, like Gecko) Version/26.3 Mobile/15E148 Safari/604.1"
184.12.39.226 - - [05/May/2026:08:28:04 -0500] "GET /wp-content/plugins/kadence-blocks/dist/style-blocks-iconlist.css?ver=3.6.7 HTTP/2.0" 200 597 "https://easysalads.com/broccoli-raisin-salad-recipe/" "Mozilla/5.0 (iPhone; CPU iPhone OS 18_7 like Mac OS X) AppleWebKit/605.1.15 (KHTML, like Gecko) Version/26.3 Mobile/15E148 Safari/604.1"
184.12.39.226 - - [05/May/2026:08:28:04 -0500] "GET /wp-content/plugins/kadence-blocks/dist/style-blocks-spacer.css?ver=3.6.7 HTTP/2.0" 200 385 "https://easysalads.com/broccoli-raisin-salad-recipe/" "Mozilla/5.0 (iPhone; CPU iPhone OS 18_7 like Mac OS X) AppleWebKit/605.1.15 (KHTML, like Gecko) Version/26.3 Mobile/15E148 Safari/604.1"
184.12.39.226 - - [05/May/2026:08:28:04 -0500] "GET /wp-content/plugins/wp-recipe-maker-premium/dist/public-pro.js?ver=10.5.0 HTTP/2.0" 200 20140 "https://easysalads.com/broccoli-raisin-salad-recipe/" "Mozilla/5.0 (iPhone; CPU iPhone OS 18_7 like Mac OS X) AppleWebKit/605.1.15 (KHTML, like Gecko) Version/26.3 Mobile/15E148 Safari/604.1"
184.12.39.226 - - [05/May/2026:08:28:04 -0500] "GET /wp-content/themes/kadence/assets/js/navigation-lite.min.js?ver=1.1.21 HTTP/2.0" 200 2083 "https://easysalads.com/broccoli-raisin-salad-recipe/" "Mozilla/5.0 (iPhone; CPU iPhone OS 18_7 like Mac OS X) AppleWebKit/605.1.15 (KHTML, like Gecko) Version/26.3 Mobile/15E148 Safari/604.1"
184.12.39.226 - - [05/May/2026:08:28:04 -0500] "GET /wp-content/plugins/social-pug/assets/dist/front-end-pro.js?ver=2.28.0 HTTP/2.0" 200 9339 "https://easysalads.com/broccoli-raisin-salad-recipe/" "Mozilla/5.0 (iPhone; CPU iPhone OS 18_7 like Mac OS X) AppleWebKit/605.1.15 (KHTML, like Gecko) Version/26.3 Mobile/15E148 Safari/604.1"
184.12.39.226 - - [05/May/2026:08:28:04 -0500] "GET /wp-content/plugins/kadence-pro/dist/mega-menu/kadence-mega-menu.min.js?ver=1.1.19 HTTP/2.0" 200 457 "https://easysalads.com/broccoli-raisin-salad-recipe/" "Mozilla/5.0 (iPhone; CPU iPhone OS 18_7 like Mac OS X) AppleWebKit/605.1.15 (KHTML, like Gecko) Version/26.3 Mobile/15E148 Safari/604.1"
184.12.39.226 - - [05/May/2026:08:28:04 -0500] "GET /wp-content/plugins/akismet/_inc/akismet-frontend.js?ver=1764724306 HTTP/2.0" 200 3016 "https://easysalads.com/broccoli-raisin-salad-recipe/" "Mozilla/5.0 (iPhone; CPU iPhone OS 18_7 like Mac OS X) AppleWebKit/605.1.15 (KHTML, like Gecko) Version/26.3 Mobile/15E148 Safari/604.1"
184.12.39.226 - - [05/May/2026:08:28:04 -0500] "GET /wp-includes/js/jquery/jquery-migrate.min.js?ver=3.4.1 HTTP/2.0" 200 4679 "https://easysalads.com/broccoli-raisin-salad-recipe/" "Mozilla/5.0 (iPhone; CPU iPhone OS 18_7 like Mac OS X) AppleWebKit/605.1.15 (KHTML, like Gecko) Version/26.3 Mobile/15E148 Safari/604.1"
