162.120.186.167 - - [05/May/2026:07:02:29 -0500] "GET /yogurt-dill-dressing/ HTTP/2.0" 200 99567 "https://www.google.com/" "Mozilla/5.0 (Linux; Android 10; K) AppleWebKit/537.36 (KHTML, like Gecko) Chrome/147.0.0.0 Mobile Safari/537.36"
66.249.66.12 - - [05/May/2026:07:02:49 -0500] "GET /wp-content/uploads/2026/01/peruvian-chopped-salad-07-200x300.jpg HTTP/1.1" 200 36307 "-" "Googlebot-Image/1.0"
154.18.244.252 - - [05/May/2026:07:03:04 -0500] "POST /wp-cron.php?doing_wp_cron=1777982584.4083828926086425781250 HTTP/1.1" 200 11 "-" "WordPress/6.9.4; https://easysalads.com"
57.128.189.19 - - [05/May/2026:07:03:04 -0500] "GET /?nocache=1777982521 HTTP/2.0" 200 89192 "-" "BigScootsMonitor Mozilla/5.0 (Windows NT 10.0; Win64; x64) AppleWebKit/537.36 (KHTML, like Gecko) Chrome/74.0.3729.169 Safari/537.36"
51.222.136.175 - - [05/May/2026:07:03:05 -0500] "GET /?nocache=1777982521 HTTP/2.0" 200 89192 "-" "BigScootsMonitor Mozilla/5.0 (Windows NT 10.0; Win64; x64) AppleWebKit/537.36 (KHTML, like Gecko) Chrome/74.0.3729.169 Safari/537.36"
44.221.215.129 - - [05/May/2026:07:03:31 -0500] "GET /ads.txt HTTP/1.1" 301 5 "-" "axios/1.15.2"
198.46.83.219 - - [05/May/2026:07:03:31 -0500] "GET /wp-login.php HTTP/2.0" 200 1882 "-" "Mozilla/5.0 (Windows NT 6.3; WOW64; Trident/7.0; MALCJS; rv:11.0) like Gecko"
44.221.215.129 - - [05/May/2026:07:03:32 -0500] "GET /ads.txt HTTP/1.1" 301 5 "-" "axios/1.15.2"
198.46.83.219 - - [05/May/2026:07:03:32 -0500] "POST /wp-login.php HTTP/2.0" 200 2018 "https://easysalads.com/wp-login.php" "Mozilla/5.0 (Windows NT 6.3; WOW64; Trident/7.0; MALCJS; rv:11.0) like Gecko"
44.221.215.129 - - [05/May/2026:07:03:32 -0500] "GET /ads.txt HTTP/1.1" 301 5 "-" "axios/1.15.2"
44.221.215.129 - - [05/May/2026:07:03:32 -0500] "GET /ads.txt HTTP/1.1" 301 5 "-" "axios/1.15.2"
44.221.215.129 - - [05/May/2026:07:03:32 -0500] "GET / HTTP/1.1" 200 91490 "-" "AppNexusAdsTxtCrawler/1.0"
5.195.74.205 - - [05/May/2026:07:03:41 -0500] "GET /wp-content/uploads/2024/07/shrimp-corn-salad-00.jpg HTTP/1.1" 200 768867 "-" "Mozilla/5.0 (X11; Ubuntu; Linux x86_64; rv:72.0) Gecko/20100101 Firefox/72.0"
154.18.244.252 - - [05/May/2026:07:05:04 -0500] "POST /wp-cron.php?doing_wp_cron=1777982704.7762200832366943359375 HTTP/1.1" 200 11 "-" "WordPress/6.9.4; https://easysalads.com"
57.128.189.19 - - [05/May/2026:07:05:04 -0500] "GET /?nocache=1777982641 HTTP/2.0" 200 89193 "-" "BigScootsMonitor Mozilla/5.0 (Windows NT 10.0; Win64; x64) AppleWebKit/537.36 (KHTML, like Gecko) Chrome/74.0.3729.169 Safari/537.36"
154.18.244.252 - - [05/May/2026:07:05:04 -0500] "POST /wp-cron.php?doing_wp_cron=1777982705.0029881000518798828125 HTTP/1.1" 200 11 "-" "WordPress/6.9.4; https://easysalads.com"
51.222.136.175 - - [05/May/2026:07:05:04 -0500] "GET /?nocache=1777982641 HTTP/2.0" 200 89193 "-" "BigScootsMonitor Mozilla/5.0 (Windows NT 10.0; Win64; x64) AppleWebKit/537.36 (KHTML, like Gecko) Chrome/74.0.3729.169 Safari/537.36"
52.167.144.221 - - [05/May/2026:07:05:21 -0500] "GET /edamame-and-corn-salad/ HTTP/2.0" 200 105276 "-" "Mozilla/5.0 AppleWebKit/537.36 (KHTML, like Gecko; compatible; bingbot/2.0; +http://www.bing.com/bingbot.htm) Chrome/116.0.1938.76 Safari/537.36"
40.77.177.119 - - [05/May/2026:07:05:30 -0500] "GET /wp-content/plugins/akismet/_inc/akismet-frontend.js?ver=1764724306 HTTP/2.0" 200 3016 "https://easysalads.com/edamame-and-corn-salad/" "Mozilla/5.0 (Windows NT 10.0; Win64; x64) AppleWebKit/537.36 (KHTML, like Gecko) HeadlessChrome/146.0.7680.165 Safari/537.36"
40.77.177.119 - - [05/May/2026:07:05:30 -0500] "GET /wp-content/plugins/wp-recipe-maker-premium/dist/public-pro.js?ver=10.5.0 HTTP/2.0" 200 20140 "https://easysalads.com/edamame-and-corn-salad/" "Mozilla/5.0 (Windows NT 10.0; Win64; x64) AppleWebKit/537.36 (KHTML, like Gecko) HeadlessChrome/146.0.7680.165 Safari/537.36"
40.77.177.119 - - [05/May/2026:07:05:30 -0500] "GET /wp-includes/js/jquery/jquery-migrate.min.js?ver=3.4.1 HTTP/2.0" 200 4679 "https://easysalads.com/edamame-and-corn-salad/" "Mozilla/5.0 (Windows NT 10.0; Win64; x64) AppleWebKit/537.36 (KHTML, like Gecko) HeadlessChrome/146.0.7680.165 Safari/537.36"
40.77.177.119 - - [05/May/2026:07:05:30 -0500] "GET /wp-includes/js/jquery/jquery.min.js?ver=3.7.1 HTTP/2.0" 200 29769 "https://easysalads.com/edamame-and-corn-salad/" "Mozilla/5.0 (Windows NT 10.0; Win64; x64) AppleWebKit/537.36 (KHTML, like Gecko) HeadlessChrome/146.0.7680.165 Safari/537.36"
40.77.177.119 - - [05/May/2026:07:05:30 -0500] "GET /wp-content/plugins/kadence-pro/dist/mega-menu/kadence-mega-menu.min.js?ver=1.1.19 HTTP/2.0" 200 457 "https://easysalads.com/edamame-and-corn-salad/" "Mozilla/5.0 (Windows NT 10.0; Win64; x64) AppleWebKit/537.36 (KHTML, like Gecko) HeadlessChrome/146.0.7680.165 Safari/537.36"
40.77.177.119 - - [05/May/2026:07:05:30 -0500] "GET /wp-content/plugins/wp-recipe-maker/dist/public-modern.js?ver=10.5.0 HTTP/2.0" 200 23744 "https://easysalads.com/edamame-and-corn-salad/" "Mozilla/5.0 (Windows NT 10.0; Win64; x64) AppleWebKit/537.36 (KHTML, like Gecko) HeadlessChrome/146.0.7680.165 Safari/537.36"
40.77.177.119 - - [05/May/2026:07:05:30 -0500] "GET /wp-content/plugins/kadence-blocks/includes/assets/js/kb-table-of-contents.min.js?ver=3.6.7 HTTP/2.0" 200 2329 "https://easysalads.com/edamame-and-corn-salad/" "Mozilla/5.0 (Windows NT 10.0; Win64; x64) AppleWebKit/537.36 (KHTML, like Gecko) HeadlessChrome/146.0.7680.165 Safari/537.36"
40.77.177.119 - - [05/May/2026:07:05:30 -0500] "GET /wp-content/themes/kadence/assets/js/navigation-lite.min.js?ver=1.1.21 HTTP/2.0" 200 2083 "https://easysalads.com/edamame-and-corn-salad/" "Mozilla/5.0 (Windows NT 10.0; Win64; x64) AppleWebKit/537.36 (KHTML, like Gecko) HeadlessChrome/146.0.7680.165 Safari/537.36"
40.77.177.119 - - [05/May/2026:07:05:30 -0500] "GET /wp-content/plugins/wpforms-lite/assets/js/frontend/wpforms-modern.min.js?ver=1.10.0.4 HTTP/2.0" 200 1866 "https://easysalads.com/edamame-and-corn-salad/" "Mozilla/5.0 (Windows NT 10.0; Win64; x64) AppleWebKit/537.36 (KHTML, like Gecko) HeadlessChrome/146.0.7680.165 Safari/537.36"
40.77.177.119 - - [05/May/2026:07:05:30 -0500] "GET /wp-content/plugins/wpforms-lite/assets/js/frontend/wpforms.min.js?ver=1.10.0.4 HTTP/2.0" 200 14614 "https://easysalads.com/edamame-and-corn-salad/" "Mozilla/5.0 (Windows NT 10.0; Win64; x64) AppleWebKit/537.36 (KHTML, like Gecko) HeadlessChrome/146.0.7680.165 Safari/537.36"
40.77.177.119 - - [05/May/2026:07:05:30 -0500] "GET /wp-includes/js/comment-reply.min.js?ver=6.9.4 HTTP/2.0" 200 1248 "https://easysalads.com/edamame-and-corn-salad/" "Mozilla/5.0 (Windows NT 10.0; Win64; x64) AppleWebKit/537.36 (KHTML, like Gecko) HeadlessChrome/146.0.7680.165 Safari/537.36"
40.77.177.119 - - [05/May/2026:07:05:30 -0500] "GET /wp-content/plugins/wpforms-lite/assets/js/frontend/fields/address.min.js?ver=1.10.0.4 HTTP/2.0" 200 673 "https://easysalads.com/edamame-and-corn-salad/" "Mozilla/5.0 (Windows NT 10.0; Win64; x64) AppleWebKit/537.36 (KHTML, like Gecko) HeadlessChrome/146.0.7680.165 Safari/537.36"
40.77.177.119 - - [05/May/2026:07:05:30 -0500] "GET /wp-content/plugins/wpforms-lite/assets/js/share/utils.min.js?ver=1.10.0.4 HTTP/2.0" 200 727 "https://easysalads.com/edamame-and-corn-salad/" "Mozilla/5.0 (Windows NT 10.0; Win64; x64) AppleWebKit/537.36 (KHTML, like Gecko) HeadlessChrome/146.0.7680.165 Safari/537.36"
40.77.177.119 - - [05/May/2026:07:05:30 -0500] "GET /wp-content/plugins/wpforms-lite/assets/lib/mailcheck.min.js?ver=1.1.2 HTTP/2.0" 200 1616 "https://easysalads.com/edamame-and-corn-salad/" "Mozilla/5.0 (Windows NT 10.0; Win64; x64) AppleWebKit/537.36 (KHTML, like Gecko) HeadlessChrome/146.0.7680.165 Safari/537.36"
40.77.177.119 - - [05/May/2026:07:05:30 -0500] "GET /wp-content/plugins/wpforms-lite/assets/lib/jquery.validate.min.js?ver=1.21.0 HTTP/2.0" 200 7807 "https://easysalads.com/edamame-and-corn-salad/" "Mozilla/5.0 (Windows NT 10.0; Win64; x64) AppleWebKit/537.36 (KHTML, like Gecko) HeadlessChrome/146.0.7680.165 Safari/537.36"
40.77.177.119 - - [05/May/2026:07:05:30 -0500] "GET /wp-content/plugins/wpforms-lite/assets/lib/punycode.min.js?ver=1.0.0 HTTP/2.0" 200 834 "https://easysalads.com/edamame-and-corn-salad/" "Mozilla/5.0 (Windows NT 10.0; Win64; x64) AppleWebKit/537.36 (KHTML, like Gecko) HeadlessChrome/146.0.7680.165 Safari/537.36"
154.18.244.252 - - [05/May/2026:07:06:23 -0500] "POST /wp-cron.php?doing_wp_cron=1777982784.0234429836273193359375 HTTP/1.1" 200 11 "-" "WordPress/6.9.4; https://easysalads.com"
34.101.101.253 - - [05/May/2026:07:06:23 -0500] "GET /wp-login.php HTTP/2.0" 200 1882 "-" "Mozilla/4.0 (compatible; MSIE 7.0; Windows NT 6.2; WOW64; Trident/7.0; .NET4.0C; .NET4.0E; Tablet PC 2.0)"
34.101.101.253 - - [05/May/2026:07:06:24 -0500] "POST /wp-login.php HTTP/2.0" 200 1998 "https://easysalads.com/wp-login.php" "Mozilla/4.0 (compatible; MSIE 7.0; Windows NT 6.2; WOW64; Trident/7.0; .NET4.0C; .NET4.0E; Tablet PC 2.0)"
192.176.172.166 - - [05/May/2026:07:06:49 -0500] "GET /wp-login.php HTTP/2.0" 444 0 "-" "Mozilla/5.0 (Windows NT 6.1; WOW64; Trident/7.0; EIE11;ENGBWOL; rv:11.0) like Gecko"
154.18.244.252 - - [05/May/2026:07:07:04 -0500] "POST /wp-cron.php?doing_wp_cron=1777982824.1309978961944580078125 HTTP/1.1" 200 11 "-" "WordPress/6.9.4; https://easysalads.com"
57.128.189.19 - - [05/May/2026:07:07:04 -0500] "GET /?nocache=1777982761 HTTP/2.0" 200 89193 "-" "BigScootsMonitor Mozilla/5.0 (Windows NT 10.0; Win64; x64) AppleWebKit/537.36 (KHTML, like Gecko) Chrome/74.0.3729.169 Safari/537.36"
51.222.136.175 - - [05/May/2026:07:07:04 -0500] "GET /?nocache=1777982761 HTTP/2.0" 200 89193 "-" "BigScootsMonitor Mozilla/5.0 (Windows NT 10.0; Win64; x64) AppleWebKit/537.36 (KHTML, like Gecko) Chrome/74.0.3729.169 Safari/537.36"
57.141.6.33 - - [05/May/2026:07:07:39 -0500] "GET / HTTP/2.0" 200 536590 "-" "meta-webindexer/1.1 (+https://developers.facebook.com/docs/sharing/webmasters/crawler)"
172.59.214.97 - - [05/May/2026:07:07:40 -0500] "GET /easy-5-bean-salad/ HTTP/2.0" 499 0 "-" "Mozilla/5.0 (iPhone; CPU iPhone OS 18_7 like Mac OS X) AppleWebKit/605.1.15 (KHTML, like Gecko) Version/26.3 Mobile/15E148 Safari/604.1"
154.18.244.252 - - [05/May/2026:07:08:56 -0500] "POST /wp-cron.php?doing_wp_cron=1777982936.1459789276123046875000 HTTP/1.1" 200 11 "-" "WordPress/6.9.4; https://easysalads.com"
121.200.216.56 - - [05/May/2026:07:08:56 -0500] "GET /wp-login.php HTTP/2.0" 200 1882 "-" "Mozilla/5.0 (Windows NT 6.1) AppleWebKit/537.36 (KHTML, like Gecko) Chrome/65.0.3325.181 Safari/537.36"
69.201.65.190 - - [05/May/2026:07:08:56 -0500] "GET /wp-content/uploads/2022/09/hot-chicken-salad-05.jpg HTTP/2.0" 200 1005050 "https://www.google.com/" "Mozilla/5.0 (iPhone; CPU iPhone OS 18_7 like Mac OS X) AppleWebKit/605.1.15 (KHTML, like Gecko) Version/18.7.5 Mobile/15E148 Safari/604.1"
121.200.216.56 - - [05/May/2026:07:08:56 -0500] "POST /wp-login.php HTTP/2.0" 200 2017 "https://easysalads.com/wp-login.php" "Mozilla/5.0 (Windows NT 6.1) AppleWebKit/537.36 (KHTML, like Gecko) Chrome/65.0.3325.181 Safari/537.36"
57.128.189.19 - - [05/May/2026:07:09:04 -0500] "GET /?nocache=1777982881 HTTP/2.0" 200 89192 "-" "BigScootsMonitor Mozilla/5.0 (Windows NT 10.0; Win64; x64) AppleWebKit/537.36 (KHTML, like Gecko) Chrome/74.0.3729.169 Safari/537.36"
51.222.136.175 - - [05/May/2026:07:09:04 -0500] "GET /?nocache=1777982881 HTTP/2.0" 200 89193 "-" "BigScootsMonitor Mozilla/5.0 (Windows NT 10.0; Win64; x64) AppleWebKit/537.36 (KHTML, like Gecko) Chrome/74.0.3729.169 Safari/537.36"
69.201.65.190 - - [05/May/2026:07:09:06 -0500] "GET /hot-chicken-salad/ HTTP/2.0" 200 103438 "https://www.google.com/" "Mozilla/5.0 (iPhone; CPU iPhone OS 18_7 like Mac OS X) AppleWebKit/605.1.15 (KHTML, like Gecko) Version/18.7.5 Mobile/15E148 Safari/604.1"
69.201.65.190 - - [05/May/2026:07:09:07 -0500] "GET /hot-chicken-salad/ HTTP/2.0" 200 103436 "https://www.google.com/" "Mozilla/5.0 (iPhone; CPU iPhone OS 18_7 like Mac OS X) AppleWebKit/605.1.15 (KHTML, like Gecko) Version/18.7.5 Mobile/15E148 Safari/604.1"
69.201.65.190 - - [05/May/2026:07:09:07 -0500] "GET /wp-content/plugins/kadence-blocks/dist/style-blocks-rowlayout.css?ver=3.6.7 HTTP/2.0" 200 1771 "https://easysalads.com/hot-chicken-salad/" "Mozilla/5.0 (iPhone; CPU iPhone OS 18_7 like Mac OS X) AppleWebKit/605.1.15 (KHTML, like Gecko) Version/18.7.5 Mobile/15E148 Safari/604.1"
69.201.65.190 - - [05/May/2026:07:09:07 -0500] "GET /wp-content/plugins/kadence-blocks/dist/style-blocks-column.css?ver=3.6.7 HTTP/2.0" 200 428 "https://easysalads.com/hot-chicken-salad/" "Mozilla/5.0 (iPhone; CPU iPhone OS 18_7 like Mac OS X) AppleWebKit/605.1.15 (KHTML, like Gecko) Version/18.7.5 Mobile/15E148 Safari/604.1"
69.201.65.190 - - [05/May/2026:07:09:07 -0500] "GET /wp-content/plugins/kadence-blocks/dist/style-blocks-infobox.css?ver=3.6.7 HTTP/2.0" 200 1340 "https://easysalads.com/hot-chicken-salad/" "Mozilla/5.0 (iPhone; CPU iPhone OS 18_7 like Mac OS X) AppleWebKit/605.1.15 (KHTML, like Gecko) Version/18.7.5 Mobile/15E148 Safari/604.1"
69.201.65.190 - - [05/May/2026:07:09:07 -0500] "GET /wp-content/plugins/kadence-blocks/dist/style-blocks-advancedbtn.css?ver=3.6.7 HTTP/2.0" 200 705 "https://easysalads.com/hot-chicken-salad/" "Mozilla/5.0 (iPhone; CPU iPhone OS 18_7 like Mac OS X) AppleWebKit/605.1.15 (KHTML, like Gecko) Version/18.7.5 Mobile/15E148 Safari/604.1"
69.201.65.190 - - [05/May/2026:07:09:07 -0500] "GET /wp-content/plugins/kadence-blocks-pro/dist/style-blocks-postgrid.css?ver=2.8.13.1 HTTP/2.0" 200 2795 "https://easysalads.com/hot-chicken-salad/" "Mozilla/5.0 (iPhone; CPU iPhone OS 18_7 like Mac OS X) AppleWebKit/605.1.15 (KHTML, like Gecko) Version/18.7.5 Mobile/15E148 Safari/604.1"
69.201.65.190 - - [05/May/2026:07:09:07 -0500] "GET /wp-content/plugins/wp-recipe-maker/dist/public-modern.css?ver=10.5.0 HTTP/2.0" 200 7712 "https://easysalads.com/hot-chicken-salad/" "Mozilla/5.0 (iPhone; CPU iPhone OS 18_7 like Mac OS X) AppleWebKit/605.1.15 (KHTML, like Gecko) Version/18.7.5 Mobile/15E148 Safari/604.1"
69.201.65.190 - - [05/May/2026:07:09:07 -0500] "GET /wp-content/plugins/wp-recipe-maker-premium/dist/public-pro.css?ver=10.5.0 HTTP/2.0" 200 6796 "https://easysalads.com/hot-chicken-salad/" "Mozilla/5.0 (iPhone; CPU iPhone OS 18_7 like Mac OS X) AppleWebKit/605.1.15 (KHTML, like Gecko) Version/18.7.5 Mobile/15E148 Safari/604.1"
69.201.65.190 - - [05/May/2026:07:09:07 -0500] "GET /wp-content/themes/kadence/assets/css/global.min.css?ver=1.1.22 HTTP/2.0" 200 4256 "https://easysalads.com/hot-chicken-salad/" "Mozilla/5.0 (iPhone; CPU iPhone OS 18_7 like Mac OS X) AppleWebKit/605.1.15 (KHTML, like Gecko) Version/18.7.5 Mobile/15E148 Safari/604.1"
69.201.65.190 - - [05/May/2026:07:09:07 -0500] "GET /wp-content/themes/kadence/assets/css/header.min.css?ver=1.1.22 HTTP/2.0" 200 4295 "https://easysalads.com/hot-chicken-salad/" "Mozilla/5.0 (iPhone; CPU iPhone OS 18_7 like Mac OS X) AppleWebKit/605.1.15 (KHTML, like Gecko) Version/18.7.5 Mobile/15E148 Safari/604.1"
69.201.65.190 - - [05/May/2026:07:09:07 -0500] "GET /wp-content/themes/kadence/assets/css/content.min.css?ver=1.1.22 HTTP/2.0" 200 5512 "https://easysalads.com/hot-chicken-salad/" "Mozilla/5.0 (iPhone; CPU iPhone OS 18_7 like Mac OS X) AppleWebKit/605.1.15 (KHTML, like Gecko) Version/18.7.5 Mobile/15E148 Safari/604.1"
69.201.65.190 - - [05/May/2026:07:09:07 -0500] "GET /wp-content/themes/kadence/assets/css/comments.min.css?ver=1.1.22 HTTP/2.0" 200 1289 "https://easysalads.com/hot-chicken-salad/" "Mozilla/5.0 (iPhone; CPU iPhone OS 18_7 like Mac OS X) AppleWebKit/605.1.15 (KHTML, like Gecko) Version/18.7.5 Mobile/15E148 Safari/604.1"
69.201.65.190 - - [05/May/2026:07:09:07 -0500] "GET /wp-content/themes/kadence/assets/css/sidebar.min.css?ver=1.1.22 HTTP/2.0" 200 749 "https://easysalads.com/hot-chicken-salad/" "Mozilla/5.0 (iPhone; CPU iPhone OS 18_7 like Mac OS X) AppleWebKit/605.1.15 (KHTML, like Gecko) Version/18.7.5 Mobile/15E148 Safari/604.1"
69.201.65.190 - - [05/May/2026:07:09:07 -0500] "GET /wp-content/themes/kadence/assets/css/footer.min.css?ver=1.1.22 HTTP/2.0" 200 1580 "https://easysalads.com/hot-chicken-salad/" "Mozilla/5.0 (iPhone; CPU iPhone OS 18_7 like Mac OS X) AppleWebKit/605.1.15 (KHTML, like Gecko) Version/18.7.5 Mobile/15E148 Safari/604.1"
69.201.65.190 - - [05/May/2026:07:09:07 -0500] "GET /wp-content/plugins/kadence-pro/dist/mega-menu/menu-addon.css?ver=1.1.19 HTTP/2.0" 200 1126 "https://easysalads.com/hot-chicken-salad/" "Mozilla/5.0 (iPhone; CPU iPhone OS 18_7 like Mac OS X) AppleWebKit/605.1.15 (KHTML, like Gecko) Version/18.7.5 Mobile/15E148 Safari/604.1"
69.201.65.190 - - [05/May/2026:07:09:07 -0500] "GET /wp-content/plugins/social-pug/assets/dist/style-frontend-pro.css?ver=2.28.0 HTTP/2.0" 200 11454 "https://easysalads.com/hot-chicken-salad/" "Mozilla/5.0 (iPhone; CPU iPhone OS 18_7 like Mac OS X) AppleWebKit/605.1.15 (KHTML, like Gecko) Version/18.7.5 Mobile/15E148 Safari/604.1"
69.201.65.190 - - [05/May/2026:07:09:07 -0500] "GET /wp-content/plugins/kadence-blocks/dist/style-blocks-spacer.css?ver=3.6.7 HTTP/2.0" 200 385 "https://easysalads.com/hot-chicken-salad/" "Mozilla/5.0 (iPhone; CPU iPhone OS 18_7 like Mac OS X) AppleWebKit/605.1.15 (KHTML, like Gecko) Version/18.7.5 Mobile/15E148 Safari/604.1"
69.201.65.190 - - [05/May/2026:07:09:07 -0500] "GET /wp-content/plugins/kadence-blocks/dist/style-blocks-iconlist.css?ver=3.6.7 HTTP/2.0" 200 597 "https://easysalads.com/hot-chicken-salad/" "Mozilla/5.0 (iPhone; CPU iPhone OS 18_7 like Mac OS X) AppleWebKit/605.1.15 (KHTML, like Gecko) Version/18.7.5 Mobile/15E148 Safari/604.1"
69.201.65.190 - - [05/May/2026:07:09:07 -0500] "GET /wp-content/themes/restored316-sage/style.css?ver=1_0_1 HTTP/2.0" 200 1089 "https://easysalads.com/hot-chicken-salad/" "Mozilla/5.0 (iPhone; CPU iPhone OS 18_7 like Mac OS X) AppleWebKit/605.1.15 (KHTML, like Gecko) Version/18.7.5 Mobile/15E148 Safari/604.1"
69.201.65.190 - - [05/May/2026:07:09:07 -0500] "GET /wp-content/plugins/wpforms-lite/assets/css/frontend/modern/wpforms-full.min.css?ver=1.10.0.4 HTTP/2.0" 200 14792 "https://easysalads.com/hot-chicken-salad/" "Mozilla/5.0 (iPhone; CPU iPhone OS 18_7 like Mac OS X) AppleWebKit/605.1.15 (KHTML, like Gecko) Version/18.7.5 Mobile/15E148 Safari/604.1"
69.201.65.190 - - [05/May/2026:07:09:07 -0500] "GET /wp-content/uploads/2022/09/Easy-Salads-website-logo-1536x451.png HTTP/2.0" 200 71572 "https://easysalads.com/hot-chicken-salad/" "Mozilla/5.0 (iPhone; CPU iPhone OS 18_7 like Mac OS X) AppleWebKit/605.1.15 (KHTML, like Gecko) Version/18.7.5 Mobile/15E148 Safari/604.1"
69.201.65.190 - - [05/May/2026:07:09:07 -0500] "GET /wp-content/plugins/wp-recipe-maker/dist/public-modern.js?ver=10.5.0 HTTP/2.0" 200 23744 "https://easysalads.com/hot-chicken-salad/" "Mozilla/5.0 (iPhone; CPU iPhone OS 18_7 like Mac OS X) AppleWebKit/605.1.15 (KHTML, like Gecko) Version/18.7.5 Mobile/15E148 Safari/604.1"
69.201.65.190 - - [05/May/2026:07:09:07 -0500] "GET /wp-content/plugins/wp-recipe-maker-premium/dist/public-pro.js?ver=10.5.0 HTTP/2.0" 200 20140 "https://easysalads.com/hot-chicken-salad/" "Mozilla/5.0 (iPhone; CPU iPhone OS 18_7 like Mac OS X) AppleWebKit/605.1.15 (KHTML, like Gecko) Version/18.7.5 Mobile/15E148 Safari/604.1"
69.201.65.190 - - [05/May/2026:07:09:07 -0500] "GET /wp-content/themes/kadence/assets/js/navigation-lite.min.js?ver=1.1.21 HTTP/2.0" 200 2083 "https://easysalads.com/hot-chicken-salad/" "Mozilla/5.0 (iPhone; CPU iPhone OS 18_7 like Mac OS X) AppleWebKit/605.1.15 (KHTML, like Gecko) Version/18.7.5 Mobile/15E148 Safari/604.1"
69.201.65.190 - - [05/May/2026:07:09:07 -0500] "GET /wp-content/plugins/social-pug/assets/dist/front-end-pro.js?ver=2.28.0 HTTP/2.0" 200 9339 "https://easysalads.com/hot-chicken-salad/" "Mozilla/5.0 (iPhone; CPU iPhone OS 18_7 like Mac OS X) AppleWebKit/605.1.15 (KHTML, like Gecko) Version/18.7.5 Mobile/15E148 Safari/604.1"
69.201.65.190 - - [05/May/2026:07:09:07 -0500] "GET /wp-content/plugins/kadence-pro/dist/mega-menu/kadence-mega-menu.min.js?ver=1.1.19 HTTP/2.0" 200 457 "https://easysalads.com/hot-chicken-salad/" "Mozilla/5.0 (iPhone; CPU iPhone OS 18_7 like Mac OS X) AppleWebKit/605.1.15 (KHTML, like Gecko) Version/18.7.5 Mobile/15E148 Safari/604.1"
69.201.65.190 - - [05/May/2026:07:09:07 -0500] "GET /wp-content/plugins/akismet/_inc/akismet-frontend.js?ver=1764724306 HTTP/2.0" 200 3016 "https://easysalads.com/hot-chicken-salad/" "Mozilla/5.0 (iPhone; CPU iPhone OS 18_7 like Mac OS X) AppleWebKit/605.1.15 (KHTML, like Gecko) Version/18.7.5 Mobile/15E148 Safari/604.1"
69.201.65.190 - - [05/May/2026:07:09:07 -0500] "GET /wp-includes/js/jquery/jquery.min.js?ver=3.7.1 HTTP/2.0" 200 29769 "https://easysalads.com/hot-chicken-salad/" "Mozilla/5.0 (iPhone; CPU iPhone OS 18_7 like Mac OS X) AppleWebKit/605.1.15 (KHTML, like Gecko) Version/18.7.5 Mobile/15E148 Safari/604.1"
69.201.65.190 - - [05/May/2026:07:09:07 -0500] "GET /wp-includes/js/jquery/jquery-migrate.min.js?ver=3.4.1 HTTP/2.0" 200 4679 "https://easysalads.com/hot-chicken-salad/" "Mozilla/5.0 (iPhone; CPU iPhone OS 18_7 like Mac OS X) AppleWebKit/605.1.15 (KHTML, like Gecko) Version/18.7.5 Mobile/15E148 Safari/604.1"
69.201.65.190 - - [05/May/2026:07:09:07 -0500] "GET /wp-content/plugins/wpforms-lite/assets/lib/jquery.validate.min.js?ver=1.21.0 HTTP/2.0" 200 7807 "https://easysalads.com/hot-chicken-salad/" "Mozilla/5.0 (iPhone; CPU iPhone OS 18_7 like Mac OS X) AppleWebKit/605.1.15 (KHTML, like Gecko) Version/18.7.5 Mobile/15E148 Safari/604.1"
69.201.65.190 - - [05/May/2026:07:09:07 -0500] "GET /wp-content/plugins/wpforms-lite/assets/lib/mailcheck.min.js?ver=1.1.2 HTTP/2.0" 200 1616 "https://easysalads.com/hot-chicken-salad/" "Mozilla/5.0 (iPhone; CPU iPhone OS 18_7 like Mac OS X) AppleWebKit/605.1.15 (KHTML, like Gecko) Version/18.7.5 Mobile/15E148 Safari/604.1"
69.201.65.190 - - [05/May/2026:07:09:07 -0500] "GET /wp-content/plugins/wpforms-lite/assets/lib/punycode.min.js?ver=1.0.0 HTTP/2.0" 200 834 "https://easysalads.com/hot-chicken-salad/" "Mozilla/5.0 (iPhone; CPU iPhone OS 18_7 like Mac OS X) AppleWebKit/605.1.15 (KHTML, like Gecko) Version/18.7.5 Mobile/15E148 Safari/604.1"
69.201.65.190 - - [05/May/2026:07:09:07 -0500] "GET /wp-content/plugins/wpforms-lite/assets/js/share/utils.min.js?ver=1.10.0.4 HTTP/2.0" 200 727 "https://easysalads.com/hot-chicken-salad/" "Mozilla/5.0 (iPhone; CPU iPhone OS 18_7 like Mac OS X) AppleWebKit/605.1.15 (KHTML, like Gecko) Version/18.7.5 Mobile/15E148 Safari/604.1"
69.201.65.190 - - [05/May/2026:07:09:07 -0500] "GET /wp-content/plugins/wpforms-lite/assets/js/frontend/wpforms.min.js?ver=1.10.0.4 HTTP/2.0" 200 14614 "https://easysalads.com/hot-chicken-salad/" "Mozilla/5.0 (iPhone; CPU iPhone OS 18_7 like Mac OS X) AppleWebKit/605.1.15 (KHTML, like Gecko) Version/18.7.5 Mobile/15E148 Safari/604.1"
69.201.65.190 - - [05/May/2026:07:09:07 -0500] "GET /wp-content/plugins/wpforms-lite/assets/js/frontend/wpforms-modern.min.js?ver=1.10.0.4 HTTP/2.0" 200 1866 "https://easysalads.com/hot-chicken-salad/" "Mozilla/5.0 (iPhone; CPU iPhone OS 18_7 like Mac OS X) AppleWebKit/605.1.15 (KHTML, like Gecko) Version/18.7.5 Mobile/15E148 Safari/604.1"
69.201.65.190 - - [05/May/2026:07:09:07 -0500] "GET /wp-content/plugins/wpforms-lite/assets/js/frontend/fields/address.min.js?ver=1.10.0.4 HTTP/2.0" 200 673 "https://easysalads.com/hot-chicken-salad/" "Mozilla/5.0 (iPhone; CPU iPhone OS 18_7 like Mac OS X) AppleWebKit/605.1.15 (KHTML, like Gecko) Version/18.7.5 Mobile/15E148 Safari/604.1"
69.201.65.190 - - [05/May/2026:07:09:07 -0500] "GET /wp-content/uploads/2022/09/hot-chicken-salad-05.jpg HTTP/2.0" 200 1005050 "https://easysalads.com/hot-chicken-salad/" "Mozilla/5.0 (iPhone; CPU iPhone OS 18_7 like Mac OS X) AppleWebKit/605.1.15 (KHTML, like Gecko) Version/18.7.5 Mobile/15E148 Safari/604.1"
69.201.65.190 - - [05/May/2026:07:09:07 -0500] "GET /wp-content/plugins/wpforms-lite/assets/images/submit-spin.svg HTTP/2.0" 200 509 "https://easysalads.com/hot-chicken-salad/" "Mozilla/5.0 (iPhone; CPU iPhone OS 18_7 like Mac OS X) AppleWebKit/605.1.15 (KHTML, like Gecko) Version/18.7.5 Mobile/15E148 Safari/604.1"
69.201.65.190 - - [05/May/2026:07:09:07 -0500] "GET /wp-content/uploads/2022/09/hot-chicken-salad-10.jpg HTTP/2.0" 200 566820 "https://easysalads.com/hot-chicken-salad/" "Mozilla/5.0 (iPhone; CPU iPhone OS 18_7 like Mac OS X) AppleWebKit/605.1.15 (KHTML, like Gecko) Version/18.7.5 Mobile/15E148 Safari/604.1"
69.201.65.190 - - [05/May/2026:07:09:07 -0500] "GET /wp-content/plugins/wp-recipe-maker/assets/icons/rating/stars-alt-5.svg HTTP/2.0" 200 976 "https://easysalads.com/hot-chicken-salad/" "Mozilla/5.0 (iPhone; CPU iPhone OS 18_7 like Mac OS X) AppleWebKit/605.1.15 (KHTML, like Gecko) Version/18.7.5 Mobile/15E148 Safari/604.1"
69.201.65.190 - - [05/May/2026:07:09:07 -0500] "GET /wp-includes/js/comment-reply.min.js?ver=6.9.4 HTTP/2.0" 200 1248 "https://easysalads.com/hot-chicken-salad/" "Mozilla/5.0 (iPhone; CPU iPhone OS 18_7 like Mac OS X) AppleWebKit/605.1.15 (KHTML, like Gecko) Version/18.7.5 Mobile/15E148 Safari/604.1"
69.201.65.190 - - [05/May/2026:07:09:07 -0500] "GET /wp-content/uploads/2022/09/hot-chicken-salad-05-1134x1536.jpg HTTP/2.0" 200 633529 "https://easysalads.com/hot-chicken-salad/" "Mozilla/5.0 (iPhone; CPU iPhone OS 18_7 like Mac OS X) AppleWebKit/605.1.15 (KHTML, like Gecko) Version/18.7.5 Mobile/15E148 Safari/604.1"
54.224.17.188 - - [05/May/2026:07:09:10 -0500] "GET /hot-chicken-salad/ HTTP/1.1" 200 131391 "-" "Mozilla/5.0 (compatible; proximic; +https://www.comscore.com/Web-Crawler)"
69.201.65.190 - - [05/May/2026:07:09:10 -0500] "GET /wp-content/uploads/2022/09/cropped-site-icon-easy-salads-192x192.png HTTP/2.0" 200 8410 "https://easysalads.com/hot-chicken-salad/" "Mozilla/5.0 (iPhone; CPU iPhone OS 18_7 like Mac OS X) AppleWebKit/605.1.15 (KHTML, like Gecko) Version/18.7.5 Mobile/15E148 Safari/604.1"
69.201.65.190 - - [05/May/2026:07:09:10 -0500] "GET /wp-content/uploads/2022/09/cropped-site-icon-easy-salads-32x32.png HTTP/2.0" 200 907 "https://easysalads.com/hot-chicken-salad/" "Mozilla/5.0 (iPhone; CPU iPhone OS 18_7 like Mac OS X) AppleWebKit/605.1.15 (KHTML, like Gecko) Version/18.7.5 Mobile/15E148 Safari/604.1"
69.201.65.190 - - [05/May/2026:07:09:21 -0500] "GET /hot-chicken-salad/?gpp=DBABzw%7E1YNY%7EBVQqAAAAAgA&gpp_sid=6%2C7 HTTP/2.0" 200 103424 "-" "Mozilla/5.0 (iPhone; CPU iPhone OS 18_7 like Mac OS X) AppleWebKit/605.1.15 (KHTML, like Gecko) Version/18.7.5 Mobile/15E148 Safari/604.1"
69.201.65.190 - - [05/May/2026:07:09:21 -0500] "GET /wp-content/uploads/2022/03/TTRamillas-ExtraLight.woff2 HTTP/2.0" 200 55736 "https://easysalads.com/hot-chicken-salad/" "Mozilla/5.0 (iPhone; CPU iPhone OS 18_7 like Mac OS X) AppleWebKit/605.1.15 (KHTML, like Gecko) Version/18.7.5 Mobile/15E148 Safari/604.1"
69.201.65.190 - - [05/May/2026:07:09:21 -0500] "GET /wp-content/uploads/2022/03/TTRamillas-ExtraLightItalic.woff2 HTTP/2.0" 200 59480 "https://easysalads.com/hot-chicken-salad/" "Mozilla/5.0 (iPhone; CPU iPhone OS 18_7 like Mac OS X) AppleWebKit/605.1.15 (KHTML, like Gecko) Version/18.7.5 Mobile/15E148 Safari/604.1"
69.201.65.190 - - [05/May/2026:07:09:21 -0500] "GET /hot-chicken-salad/mraid.js HTTP/2.0" 404 146 "-" "Mozilla/5.0 (iPhone; CPU iPhone OS 18_7 like Mac OS X) AppleWebKit/605.1.15 (KHTML, like Gecko) Version/18.7.5 Mobile/15E148 Safari/604.1"
69.201.65.190 - - [05/May/2026:07:09:23 -0500] "GET /hot-chicken-salad/?gpp=DBABzw%7E1YNY%7EBVQqAAAAAgA&gpp_sid=6%2C7 HTTP/2.0" 200 103317 "-" "Mozilla/5.0 (iPhone; CPU iPhone OS 18_7 like Mac OS X) AppleWebKit/605.1.15 (KHTML, like Gecko) Version/18.7.5 Mobile/15E148 Safari/604.1"
69.201.65.190 - - [05/May/2026:07:09:23 -0500] "GET /hot-chicken-salad/mraid.js HTTP/2.0" 404 146 "-" "Mozilla/5.0 (iPhone; CPU iPhone OS 18_7 like Mac OS X) AppleWebKit/605.1.15 (KHTML, like Gecko) Version/18.7.5 Mobile/15E148 Safari/604.1"
69.201.65.190 - - [05/May/2026:07:09:46 -0500] "GET /wp-content/uploads/2022/09/hot-chicken-salad-06.jpg HTTP/2.0" 200 1010852 "https://easysalads.com/hot-chicken-salad/" "Mozilla/5.0 (iPhone; CPU iPhone OS 18_7 like Mac OS X) AppleWebKit/605.1.15 (KHTML, like Gecko) Version/18.7.5 Mobile/15E148 Safari/604.1"
103.216.117.42 - - [05/May/2026:07:10:17 -0500] "GET /wp-login.php HTTP/2.0" 444 0 "-" "Mozilla/5.0 (Windows NT 6.1) AppleWebKit/537.36 (KHTML, like Gecko) Chrome/66.0.3359.170 Safari/537.36"
20.118.20.77 - - [05/May/2026:07:10:22 -0500] "GET /wp-login.php HTTP/2.0" 444 0 "-" "Mozilla/5.0 (Macintosh; Intel Mac OS X 10_13_4) AppleWebKit/537.36 (KHTML, like Gecko) Chrome/67.0.3396.62 Safari/537.36"
184.73.44.153 - - [05/May/2026:07:10:28 -0500] "GET /hot-chicken-salad HTTP/1.1" 200 131391 "-" "Mozilla/5.0 (compatible; proximic; +https://www.comscore.com/Web-Crawler)"
54.175.74.27 - - [05/May/2026:07:10:35 -0500] "GET /hot-chicken-salad/ HTTP/1.1" 200 131391 "-" "Mozilla/5.0 (Macintosh; Intel Mac OS X 10_10_1) AppleWebKit/600.1.25 (KHTML, like Gecko) Version/8.0 Safari/600.1.25"
154.18.244.252 - - [05/May/2026:07:10:36 -0500] "POST /wp-cron.php?doing_wp_cron=1777983036.8306229114532470703125 HTTP/1.1" 200 11 "-" "WordPress/6.9.4; https://easysalads.com"
70.240.229.19 - - [05/May/2026:07:10:36 -0500] "GET /crispy-chicken-caesar-pasta-salad/ HTTP/2.0" 200 101693 "https://easysalads.com/" "Mozilla/5.0 (iPhone; CPU iPhone OS 26_3_1 like Mac OS X) AppleWebKit/605.1.15 (KHTML, like Gecko) CriOS/147.0.7727.99 Mobile/15E148 Safari/604.1"
70.240.229.19 - - [05/May/2026:07:10:36 -0500] "GET /wp-content/plugins/kadence-blocks/dist/style-blocks-rowlayout.css?ver=3.6.7 HTTP/2.0" 200 1771 "https://easysalads.com/crispy-chicken-caesar-pasta-salad/" "Mozilla/5.0 (iPhone; CPU iPhone OS 26_3_1 like Mac OS X) AppleWebKit/605.1.15 (KHTML, like Gecko) CriOS/147.0.7727.99 Mobile/15E148 Safari/604.1"
70.240.229.19 - - [05/May/2026:07:10:36 -0500] "GET /wp-content/plugins/kadence-blocks/dist/style-blocks-column.css?ver=3.6.7 HTTP/2.0" 200 428 "https://easysalads.com/crispy-chicken-caesar-pasta-salad/" "Mozilla/5.0 (iPhone; CPU iPhone OS 26_3_1 like Mac OS X) AppleWebKit/605.1.15 (KHTML, like Gecko) CriOS/147.0.7727.99 Mobile/15E148 Safari/604.1"
70.240.229.19 - - [05/May/2026:07:10:36 -0500] "GET /wp-content/plugins/kadence-blocks/dist/style-blocks-infobox.css?ver=3.6.7 HTTP/2.0" 200 1340 "https://easysalads.com/crispy-chicken-caesar-pasta-salad/" "Mozilla/5.0 (iPhone; CPU iPhone OS 26_3_1 like Mac OS X) AppleWebKit/605.1.15 (KHTML, like Gecko) CriOS/147.0.7727.99 Mobile/15E148 Safari/604.1"
70.240.229.19 - - [05/May/2026:07:10:36 -0500] "GET /wp-content/plugins/kadence-blocks/dist/style-blocks-advancedbtn.css?ver=3.6.7 HTTP/2.0" 200 705 "https://easysalads.com/crispy-chicken-caesar-pasta-salad/" "Mozilla/5.0 (iPhone; CPU iPhone OS 26_3_1 like Mac OS X) AppleWebKit/605.1.15 (KHTML, like Gecko) CriOS/147.0.7727.99 Mobile/15E148 Safari/604.1"
70.240.229.19 - - [05/May/2026:07:10:36 -0500] "GET /wp-content/plugins/kadence-blocks-pro/dist/style-blocks-postgrid.css?ver=2.8.13.1 HTTP/2.0" 200 2795 "https://easysalads.com/crispy-chicken-caesar-pasta-salad/" "Mozilla/5.0 (iPhone; CPU iPhone OS 26_3_1 like Mac OS X) AppleWebKit/605.1.15 (KHTML, like Gecko) CriOS/147.0.7727.99 Mobile/15E148 Safari/604.1"
70.240.229.19 - - [05/May/2026:07:10:36 -0500] "GET /wp-content/plugins/wp-recipe-maker/dist/public-modern.css?ver=10.5.0 HTTP/2.0" 200 7712 "https://easysalads.com/crispy-chicken-caesar-pasta-salad/" "Mozilla/5.0 (iPhone; CPU iPhone OS 26_3_1 like Mac OS X) AppleWebKit/605.1.15 (KHTML, like Gecko) CriOS/147.0.7727.99 Mobile/15E148 Safari/604.1"
70.240.229.19 - - [05/May/2026:07:10:36 -0500] "GET /wp-content/plugins/wp-recipe-maker-premium/dist/public-pro.css?ver=10.5.0 HTTP/2.0" 200 6796 "https://easysalads.com/crispy-chicken-caesar-pasta-salad/" "Mozilla/5.0 (iPhone; CPU iPhone OS 26_3_1 like Mac OS X) AppleWebKit/605.1.15 (KHTML, like Gecko) CriOS/147.0.7727.99 Mobile/15E148 Safari/604.1"
70.240.229.19 - - [05/May/2026:07:10:36 -0500] "GET /wp-content/themes/kadence/assets/css/global.min.css?ver=1.1.22 HTTP/2.0" 200 4256 "https://easysalads.com/crispy-chicken-caesar-pasta-salad/" "Mozilla/5.0 (iPhone; CPU iPhone OS 26_3_1 like Mac OS X) AppleWebKit/605.1.15 (KHTML, like Gecko) CriOS/147.0.7727.99 Mobile/15E148 Safari/604.1"
70.240.229.19 - - [05/May/2026:07:10:36 -0500] "GET /wp-content/themes/kadence/assets/css/header.min.css?ver=1.1.22 HTTP/2.0" 200 4295 "https://easysalads.com/crispy-chicken-caesar-pasta-salad/" "Mozilla/5.0 (iPhone; CPU iPhone OS 26_3_1 like Mac OS X) AppleWebKit/605.1.15 (KHTML, like Gecko) CriOS/147.0.7727.99 Mobile/15E148 Safari/604.1"
70.240.229.19 - - [05/May/2026:07:10:36 -0500] "GET /wp-content/themes/kadence/assets/css/content.min.css?ver=1.1.22 HTTP/2.0" 200 5512 "https://easysalads.com/crispy-chicken-caesar-pasta-salad/" "Mozilla/5.0 (iPhone; CPU iPhone OS 26_3_1 like Mac OS X) AppleWebKit/605.1.15 (KHTML, like Gecko) CriOS/147.0.7727.99 Mobile/15E148 Safari/604.1"
70.240.229.19 - - [05/May/2026:07:10:36 -0500] "GET /wp-content/themes/kadence/assets/css/comments.min.css?ver=1.1.22 HTTP/2.0" 200 1289 "https://easysalads.com/crispy-chicken-caesar-pasta-salad/" "Mozilla/5.0 (iPhone; CPU iPhone OS 26_3_1 like Mac OS X) AppleWebKit/605.1.15 (KHTML, like Gecko) CriOS/147.0.7727.99 Mobile/15E148 Safari/604.1"
70.240.229.19 - - [05/May/2026:07:10:36 -0500] "GET /wp-content/themes/kadence/assets/css/sidebar.min.css?ver=1.1.22 HTTP/2.0" 200 749 "https://easysalads.com/crispy-chicken-caesar-pasta-salad/" "Mozilla/5.0 (iPhone; CPU iPhone OS 26_3_1 like Mac OS X) AppleWebKit/605.1.15 (KHTML, like Gecko) CriOS/147.0.7727.99 Mobile/15E148 Safari/604.1"
70.240.229.19 - - [05/May/2026:07:10:36 -0500] "GET /wp-content/themes/kadence/assets/css/footer.min.css?ver=1.1.22 HTTP/2.0" 200 1580 "https://easysalads.com/crispy-chicken-caesar-pasta-salad/" "Mozilla/5.0 (iPhone; CPU iPhone OS 26_3_1 like Mac OS X) AppleWebKit/605.1.15 (KHTML, like Gecko) CriOS/147.0.7727.99 Mobile/15E148 Safari/604.1"
70.240.229.19 - - [05/May/2026:07:10:36 -0500] "GET /wp-content/plugins/kadence-pro/dist/mega-menu/menu-addon.css?ver=1.1.19 HTTP/2.0" 200 1126 "https://easysalads.com/crispy-chicken-caesar-pasta-salad/" "Mozilla/5.0 (iPhone; CPU iPhone OS 26_3_1 like Mac OS X) AppleWebKit/605.1.15 (KHTML, like Gecko) CriOS/147.0.7727.99 Mobile/15E148 Safari/604.1"
70.240.229.19 - - [05/May/2026:07:10:36 -0500] "GET /wp-content/plugins/social-pug/assets/dist/style-frontend-pro.css?ver=2.28.0 HTTP/2.0" 200 11454 "https://easysalads.com/crispy-chicken-caesar-pasta-salad/" "Mozilla/5.0 (iPhone; CPU iPhone OS 26_3_1 like Mac OS X) AppleWebKit/605.1.15 (KHTML, like Gecko) CriOS/147.0.7727.99 Mobile/15E148 Safari/604.1"
70.240.229.19 - - [05/May/2026:07:10:36 -0500] "GET /wp-content/plugins/kadence-blocks/dist/style-blocks-iconlist.css?ver=3.6.7 HTTP/2.0" 200 597 "https://easysalads.com/crispy-chicken-caesar-pasta-salad/" "Mozilla/5.0 (iPhone; CPU iPhone OS 26_3_1 like Mac OS X) AppleWebKit/605.1.15 (KHTML, like Gecko) CriOS/147.0.7727.99 Mobile/15E148 Safari/604.1"
70.240.229.19 - - [05/May/2026:07:10:36 -0500] "GET /wp-content/themes/restored316-sage/style.css?ver=1_0_1 HTTP/2.0" 200 1089 "https://easysalads.com/crispy-chicken-caesar-pasta-salad/" "Mozilla/5.0 (iPhone; CPU iPhone OS 26_3_1 like Mac OS X) AppleWebKit/605.1.15 (KHTML, like Gecko) CriOS/147.0.7727.99 Mobile/15E148 Safari/604.1"
70.240.229.19 - - [05/May/2026:07:10:36 -0500] "GET /wp-content/plugins/wpforms-lite/assets/css/frontend/modern/wpforms-full.min.css?ver=1.10.0.4 HTTP/2.0" 200 14792 "https://easysalads.com/crispy-chicken-caesar-pasta-salad/" "Mozilla/5.0 (iPhone; CPU iPhone OS 26_3_1 like Mac OS X) AppleWebKit/605.1.15 (KHTML, like Gecko) CriOS/147.0.7727.99 Mobile/15E148 Safari/604.1"
70.240.229.19 - - [05/May/2026:07:10:36 -0500] "GET /wp-content/uploads/2022/09/Easy-Salads-website-logo-1536x451.png HTTP/2.0" 200 71572 "https://easysalads.com/crispy-chicken-caesar-pasta-salad/" "Mozilla/5.0 (iPhone; CPU iPhone OS 26_3_1 like Mac OS X) AppleWebKit/605.1.15 (KHTML, like Gecko) CriOS/147.0.7727.99 Mobile/15E148 Safari/604.1"
70.240.229.19 - - [05/May/2026:07:10:36 -0500] "GET /wp-content/plugins/kadence-blocks/dist/style-blocks-spacer.css?ver=3.6.7 HTTP/2.0" 200 385 "https://easysalads.com/crispy-chicken-caesar-pasta-salad/" "Mozilla/5.0 (iPhone; CPU iPhone OS 26_3_1 like Mac OS X) AppleWebKit/605.1.15 (KHTML, like Gecko) CriOS/147.0.7727.99 Mobile/15E148 Safari/604.1"
70.240.229.19 - - [05/May/2026:07:10:36 -0500] "GET /wp-content/plugins/wp-recipe-maker/dist/public-modern.js?ver=10.5.0 HTTP/2.0" 200 23744 "https://easysalads.com/crispy-chicken-caesar-pasta-salad/" "Mozilla/5.0 (iPhone; CPU iPhone OS 26_3_1 like Mac OS X) AppleWebKit/605.1.15 (KHTML, like Gecko) CriOS/147.0.7727.99 Mobile/15E148 Safari/604.1"
70.240.229.19 - - [05/May/2026:07:10:36 -0500] "GET /wp-content/plugins/wp-recipe-maker-premium/dist/public-pro.js?ver=10.5.0 HTTP/2.0" 200 20140 "https://easysalads.com/crispy-chicken-caesar-pasta-salad/" "Mozilla/5.0 (iPhone; CPU iPhone OS 26_3_1 like Mac OS X) AppleWebKit/605.1.15 (KHTML, like Gecko) CriOS/147.0.7727.99 Mobile/15E148 Safari/604.1"
70.240.229.19 - - [05/May/2026:07:10:36 -0500] "GET /wp-content/themes/kadence/assets/js/navigation-lite.min.js?ver=1.1.21 HTTP/2.0" 200 2083 "https://easysalads.com/crispy-chicken-caesar-pasta-salad/" "Mozilla/5.0 (iPhone; CPU iPhone OS 26_3_1 like Mac OS X) AppleWebKit/605.1.15 (KHTML, like Gecko) CriOS/147.0.7727.99 Mobile/15E148 Safari/604.1"
70.240.229.19 - - [05/May/2026:07:10:36 -0500] "GET /wp-content/plugins/social-pug/assets/dist/front-end-pro.js?ver=2.28.0 HTTP/2.0" 200 9339 "https://easysalads.com/crispy-chicken-caesar-pasta-salad/" "Mozilla/5.0 (iPhone; CPU iPhone OS 26_3_1 like Mac OS X) AppleWebKit/605.1.15 (KHTML, like Gecko) CriOS/147.0.7727.99 Mobile/15E148 Safari/604.1"
70.240.229.19 - - [05/May/2026:07:10:36 -0500] "GET /wp-content/plugins/kadence-pro/dist/mega-menu/kadence-mega-menu.min.js?ver=1.1.19 HTTP/2.0" 200 457 "https://easysalads.com/crispy-chicken-caesar-pasta-salad/" "Mozilla/5.0 (iPhone; CPU iPhone OS 26_3_1 like Mac OS X) AppleWebKit/605.1.15 (KHTML, like Gecko) CriOS/147.0.7727.99 Mobile/15E148 Safari/604.1"
70.240.229.19 - - [05/May/2026:07:10:36 -0500] "GET /wp-content/plugins/akismet/_inc/akismet-frontend.js?ver=1764724306 HTTP/2.0" 200 3016 "https://easysalads.com/crispy-chicken-caesar-pasta-salad/" "Mozilla/5.0 (iPhone; CPU iPhone OS 26_3_1 like Mac OS X) AppleWebKit/605.1.15 (KHTML, like Gecko) CriOS/147.0.7727.99 Mobile/15E148 Safari/604.1"
70.240.229.19 - - [05/May/2026:07:10:36 -0500] "GET /wp-includes/js/jquery/jquery.min.js?ver=3.7.1 HTTP/2.0" 200 29769 "https://easysalads.com/crispy-chicken-caesar-pasta-salad/" "Mozilla/5.0 (iPhone; CPU iPhone OS 26_3_1 like Mac OS X) AppleWebKit/605.1.15 (KHTML, like Gecko) CriOS/147.0.7727.99 Mobile/15E148 Safari/604.1"
70.240.229.19 - - [05/May/2026:07:10:36 -0500] "GET /wp-includes/js/jquery/jquery-migrate.min.js?ver=3.4.1 HTTP/2.0" 200 4679 "https://easysalads.com/crispy-chicken-caesar-pasta-salad/" "Mozilla/5.0 (iPhone; CPU iPhone OS 26_3_1 like Mac OS X) AppleWebKit/605.1.15 (KHTML, like Gecko) CriOS/147.0.7727.99 Mobile/15E148 Safari/604.1"
70.240.229.19 - - [05/May/2026:07:10:36 -0500] "GET /wp-content/plugins/wpforms-lite/assets/lib/jquery.validate.min.js?ver=1.21.0 HTTP/2.0" 200 7807 "https://easysalads.com/crispy-chicken-caesar-pasta-salad/" "Mozilla/5.0 (iPhone; CPU iPhone OS 26_3_1 like Mac OS X) AppleWebKit/605.1.15 (KHTML, like Gecko) CriOS/147.0.7727.99 Mobile/15E148 Safari/604.1"
70.240.229.19 - - [05/May/2026:07:10:36 -0500] "GET /wp-content/plugins/wpforms-lite/assets/lib/mailcheck.min.js?ver=1.1.2 HTTP/2.0" 200 1616 "https://easysalads.com/crispy-chicken-caesar-pasta-salad/" "Mozilla/5.0 (iPhone; CPU iPhone OS 26_3_1 like Mac OS X) AppleWebKit/605.1.15 (KHTML, like Gecko) CriOS/147.0.7727.99 Mobile/15E148 Safari/604.1"
70.240.229.19 - - [05/May/2026:07:10:36 -0500] "GET /wp-content/plugins/wpforms-lite/assets/lib/punycode.min.js?ver=1.0.0 HTTP/2.0" 200 834 "https://easysalads.com/crispy-chicken-caesar-pasta-salad/" "Mozilla/5.0 (iPhone; CPU iPhone OS 26_3_1 like Mac OS X) AppleWebKit/605.1.15 (KHTML, like Gecko) CriOS/147.0.7727.99 Mobile/15E148 Safari/604.1"
70.240.229.19 - - [05/May/2026:07:10:36 -0500] "GET /wp-content/plugins/wpforms-lite/assets/js/share/utils.min.js?ver=1.10.0.4 HTTP/2.0" 200 727 "https://easysalads.com/crispy-chicken-caesar-pasta-salad/" "Mozilla/5.0 (iPhone; CPU iPhone OS 26_3_1 like Mac OS X) AppleWebKit/605.1.15 (KHTML, like Gecko) CriOS/147.0.7727.99 Mobile/15E148 Safari/604.1"
70.240.229.19 - - [05/May/2026:07:10:36 -0500] "GET /wp-content/plugins/wpforms-lite/assets/js/frontend/wpforms.min.js?ver=1.10.0.4 HTTP/2.0" 200 14614 "https://easysalads.com/crispy-chicken-caesar-pasta-salad/" "Mozilla/5.0 (iPhone; CPU iPhone OS 26_3_1 like Mac OS X) AppleWebKit/605.1.15 (KHTML, like Gecko) CriOS/147.0.7727.99 Mobile/15E148 Safari/604.1"
70.240.229.19 - - [05/May/2026:07:10:36 -0500] "GET /wp-content/plugins/wpforms-lite/assets/js/frontend/wpforms-modern.min.js?ver=1.10.0.4 HTTP/2.0" 200 1866 "https://easysalads.com/crispy-chicken-caesar-pasta-salad/" "Mozilla/5.0 (iPhone; CPU iPhone OS 26_3_1 like Mac OS X) AppleWebKit/605.1.15 (KHTML, like Gecko) CriOS/147.0.7727.99 Mobile/15E148 Safari/604.1"
70.240.229.19 - - [05/May/2026:07:10:36 -0500] "GET /wp-content/plugins/wpforms-lite/assets/js/frontend/fields/address.min.js?ver=1.10.0.4 HTTP/2.0" 200 673 "https://easysalads.com/crispy-chicken-caesar-pasta-salad/" "Mozilla/5.0 (iPhone; CPU iPhone OS 26_3_1 like Mac OS X) AppleWebKit/605.1.15 (KHTML, like Gecko) CriOS/147.0.7727.99 Mobile/15E148 Safari/604.1"
70.240.229.19 - - [05/May/2026:07:10:37 -0500] "GET /wp-content/uploads/2024/09/crispy-chicken-caesar-pasta-salad02.jpg HTTP/2.0" 200 912771 "https://easysalads.com/crispy-chicken-caesar-pasta-salad/" "Mozilla/5.0 (iPhone; CPU iPhone OS 26_3_1 like Mac OS X) AppleWebKit/605.1.15 (KHTML, like Gecko) CriOS/147.0.7727.99 Mobile/15E148 Safari/604.1"
70.240.229.19 - - [05/May/2026:07:10:37 -0500] "GET /wp-content/plugins/wpforms-lite/assets/images/submit-spin.svg HTTP/2.0" 200 509 "https://easysalads.com/crispy-chicken-caesar-pasta-salad/" "Mozilla/5.0 (iPhone; CPU iPhone OS 26_3_1 like Mac OS X) AppleWebKit/605.1.15 (KHTML, like Gecko) CriOS/147.0.7727.99 Mobile/15E148 Safari/604.1"
70.240.229.19 - - [05/May/2026:07:10:37 -0500] "GET /wp-content/uploads/2024/09/crispy-chicken-caesar-pasta-salad01.jpg HTTP/2.0" 200 859660 "https://easysalads.com/crispy-chicken-caesar-pasta-salad/" "Mozilla/5.0 (iPhone; CPU iPhone OS 26_3_1 like Mac OS X) AppleWebKit/605.1.15 (KHTML, like Gecko) CriOS/147.0.7727.99 Mobile/15E148 Safari/604.1"
70.240.229.19 - - [05/May/2026:07:10:37 -0500] "GET /wp-includes/js/comment-reply.min.js?ver=6.9.4 HTTP/2.0" 200 1248 "https://easysalads.com/crispy-chicken-caesar-pasta-salad/" "Mozilla/5.0 (iPhone; CPU iPhone OS 26_3_1 like Mac OS X) AppleWebKit/605.1.15 (KHTML, like Gecko) CriOS/147.0.7727.99 Mobile/15E148 Safari/604.1"
70.240.229.19 - - [05/May/2026:07:10:37 -0500] "GET /wp-content/uploads/2022/09/cropped-site-icon-easy-salads-192x192.png HTTP/2.0" 200 8410 "-" "Mozilla/5.0 (iPhone; CPU iPhone OS 26_3_1 like Mac OS X) AppleWebKit/605.1.15 (KHTML, like Gecko) CriOS/147.0.7727.99 Mobile/15E148 Safari/604.1"
70.240.229.19 - - [05/May/2026:07:10:37 -0500] "GET /wp-content/uploads/2022/09/cropped-site-icon-easy-salads-180x180.png HTTP/2.0" 200 7710 "-" "Mozilla/5.0 (iPhone; CPU iPhone OS 26_3_1 like Mac OS X) AppleWebKit/605.1.15 (KHTML, like Gecko) CriOS/147.0.7727.99 Mobile/15E148 Safari/604.1"
13.221.140.25 - - [05/May/2026:07:10:38 -0500] "GET /crispy-chicken-caesar-pasta-salad/ HTTP/1.1" 200 128814 "-" "Mozilla/5.0 (compatible; proximic; +https://www.comscore.com/Web-Crawler)"
54.210.22.229 - - [05/May/2026:07:10:39 -0500] "GET /crispy-chicken-caesar-pasta-salad HTTP/1.1" 200 128807 "-" "Mozilla/5.0 (compatible; proximic; +https://www.comscore.com/Web-Crawler)"
35.236.198.124 - - [05/May/2026:07:10:40 -0500] "GET /ads.txt HTTP/1.1" 301 5 "-" "Adstxt Parser, Demandbase Inc."
154.18.244.252 - - [05/May/2026:07:11:04 -0500] "POST /wp-cron.php?doing_wp_cron=1777983064.8680119514465332031250 HTTP/1.1" 200 11 "-" "WordPress/6.9.4; https://easysalads.com"
57.128.189.19 - - [05/May/2026:07:11:04 -0500] "GET /?nocache=1777983001 HTTP/2.0" 200 89192 "-" "BigScootsMonitor Mozilla/5.0 (Windows NT 10.0; Win64; x64) AppleWebKit/537.36 (KHTML, like Gecko) Chrome/74.0.3729.169 Safari/537.36"
154.18.244.252 - - [05/May/2026:07:11:04 -0500] "POST /wp-cron.php?doing_wp_cron=1777983065.0597128868103027343750 HTTP/1.1" 200 11 "-" "WordPress/6.9.4; https://easysalads.com"
51.222.136.175 - - [05/May/2026:07:11:05 -0500] "GET /?nocache=1777983001 HTTP/2.0" 200 89192 "-" "BigScootsMonitor Mozilla/5.0 (Windows NT 10.0; Win64; x64) AppleWebKit/537.36 (KHTML, like Gecko) Chrome/74.0.3729.169 Safari/537.36"
69.201.65.190 - - [05/May/2026:07:11:27 -0500] "GET /wp-content/plugins/kadence-blocks/dist/style-blocks-column.css?ver=3.6.7 HTTP/2.0" 200 428 "https://easysalads.com/hot-chicken-salad/" "Mozilla/5.0 (iPhone; CPU iPhone OS 18_7 like Mac OS X) AppleWebKit/605.1.15 (KHTML, like Gecko) Version/18.7.5 Mobile/15E148 Safari/604.1"
69.201.65.190 - - [05/May/2026:07:11:27 -0500] "GET /wp-content/themes/kadence/assets/css/header.min.css?ver=1.1.22 HTTP/2.0" 200 4295 "https://easysalads.com/hot-chicken-salad/" "Mozilla/5.0 (iPhone; CPU iPhone OS 18_7 like Mac OS X) AppleWebKit/605.1.15 (KHTML, like Gecko) Version/18.7.5 Mobile/15E148 Safari/604.1"
69.201.65.190 - - [05/May/2026:07:11:27 -0500] "GET /wp-content/themes/kadence/assets/css/content.min.css?ver=1.1.22 HTTP/2.0" 200 5512 "https://easysalads.com/hot-chicken-salad/" "Mozilla/5.0 (iPhone; CPU iPhone OS 18_7 like Mac OS X) AppleWebKit/605.1.15 (KHTML, like Gecko) Version/18.7.5 Mobile/15E148 Safari/604.1"
69.201.65.190 - - [05/May/2026:07:11:27 -0500] "GET /wp-content/plugins/kadence-blocks/dist/style-blocks-iconlist.css?ver=3.6.7 HTTP/2.0" 200 597 "https://easysalads.com/hot-chicken-salad/" "Mozilla/5.0 (iPhone; CPU iPhone OS 18_7 like Mac OS X) AppleWebKit/605.1.15 (KHTML, like Gecko) Version/18.7.5 Mobile/15E148 Safari/604.1"
69.201.65.190 - - [05/May/2026:07:11:27 -0500] "GET /wp-content/plugins/kadence-pro/dist/mega-menu/menu-addon.css?ver=1.1.19 HTTP/2.0" 200 1126 "https://easysalads.com/hot-chicken-salad/" "Mozilla/5.0 (iPhone; CPU iPhone OS 18_7 like Mac OS X) AppleWebKit/605.1.15 (KHTML, like Gecko) Version/18.7.5 Mobile/15E148 Safari/604.1"
69.201.65.190 - - [05/May/2026:07:11:27 -0500] "GET /wp-content/uploads/2022/09/Easy-Salads-website-logo-1536x451.png HTTP/2.0" 200 71572 "https://easysalads.com/hot-chicken-salad/" "Mozilla/5.0 (iPhone; CPU iPhone OS 18_7 like Mac OS X) AppleWebKit/605.1.15 (KHTML, like Gecko) Version/18.7.5 Mobile/15E148 Safari/604.1"
69.201.65.190 - - [05/May/2026:07:11:27 -0500] "GET /wp-content/plugins/wp-recipe-maker-premium/dist/public-pro.js?ver=10.5.0 HTTP/2.0" 200 20140 "https://easysalads.com/hot-chicken-salad/" "Mozilla/5.0 (iPhone; CPU iPhone OS 18_7 like Mac OS X) AppleWebKit/605.1.15 (KHTML, like Gecko) Version/18.7.5 Mobile/15E148 Safari/604.1"
69.201.65.190 - - [05/May/2026:07:11:27 -0500] "GET /wp-content/plugins/akismet/_inc/akismet-frontend.js?ver=1764724306 HTTP/2.0" 200 3016 "https://easysalads.com/hot-chicken-salad/" "Mozilla/5.0 (iPhone; CPU iPhone OS 18_7 like Mac OS X) AppleWebKit/605.1.15 (KHTML, like Gecko) Version/18.7.5 Mobile/15E148 Safari/604.1"
69.201.65.190 - - [05/May/2026:07:11:27 -0500] "GET /wp-content/plugins/wpforms-lite/assets/lib/jquery.validate.min.js?ver=1.21.0 HTTP/2.0" 200 7807 "https://easysalads.com/hot-chicken-salad/" "Mozilla/5.0 (iPhone; CPU iPhone OS 18_7 like Mac OS X) AppleWebKit/605.1.15 (KHTML, like Gecko) Version/18.7.5 Mobile/15E148 Safari/604.1"
69.201.65.190 - - [05/May/2026:07:11:27 -0500] "GET /wp-content/plugins/wpforms-lite/assets/js/share/utils.min.js?ver=1.10.0.4 HTTP/2.0" 200 727 "https://easysalads.com/hot-chicken-salad/" "Mozilla/5.0 (iPhone; CPU iPhone OS 18_7 like Mac OS X) AppleWebKit/605.1.15 (KHTML, like Gecko) Version/18.7.5 Mobile/15E148 Safari/604.1"
69.201.65.190 - - [05/May/2026:07:11:27 -0500] "GET /wp-content/plugins/wpforms-lite/assets/js/frontend/wpforms.min.js?ver=1.10.0.4 HTTP/2.0" 200 14614 "https://easysalads.com/hot-chicken-salad/" "Mozilla/5.0 (iPhone; CPU iPhone OS 18_7 like Mac OS X) AppleWebKit/605.1.15 (KHTML, like Gecko) Version/18.7.5 Mobile/15E148 Safari/604.1"
69.201.65.190 - - [05/May/2026:07:11:27 -0500] "GET /wp-content/uploads/2022/09/hot-chicken-salad-05-1134x1536.jpg HTTP/2.0" 200 633529 "https://easysalads.com/hot-chicken-salad/" "Mozilla/5.0 (iPhone; CPU iPhone OS 18_7 like Mac OS X) AppleWebKit/605.1.15 (KHTML, like Gecko) Version/18.7.5 Mobile/15E148 Safari/604.1"
69.201.65.190 - - [05/May/2026:07:11:27 -0500] "GET /wp-content/plugins/wpforms-lite/assets/images/submit-spin.svg HTTP/2.0" 200 509 "https://easysalads.com/hot-chicken-salad/" "Mozilla/5.0 (iPhone; CPU iPhone OS 18_7 like Mac OS X) AppleWebKit/605.1.15 (KHTML, like Gecko) Version/18.7.5 Mobile/15E148 Safari/604.1"
69.201.65.190 - - [05/May/2026:07:11:28 -0500] "GET /wp-content/plugins/wp-recipe-maker/assets/icons/rating/stars-alt-5.svg HTTP/2.0" 200 976 "https://easysalads.com/hot-chicken-salad/" "Mozilla/5.0 (iPhone; CPU iPhone OS 18_7 like Mac OS X) AppleWebKit/605.1.15 (KHTML, like Gecko) Version/18.7.5 Mobile/15E148 Safari/604.1"
69.201.65.190 - - [05/May/2026:07:11:40 -0500] "GET /wp-content/uploads/2022/03/TTRamillas-ExtraLightItalic.woff2 HTTP/2.0" 200 59480 "https://easysalads.com/hot-chicken-salad/" "Mozilla/5.0 (iPhone; CPU iPhone OS 18_7 like Mac OS X) AppleWebKit/605.1.15 (KHTML, like Gecko) Version/18.7.5 Mobile/15E148 Safari/604.1"
34.204.85.145 - - [05/May/2026:07:12:02 -0500] "GET /hot-chicken-salad HTTP/1.1" 200 131391 "-" "Mozilla/5.0 (compatible; proximic; +https://www.comscore.com/Web-Crawler)"
