20.29.71.103 - - [05/May/2026:02:07:38 -0500] "GET /wp-content/plugins/apikey/apikey.php.suspected?test=hello HTTP/1.1" 404 359949 "-" "Mozlila/5.0 (Linux; Android 7.0; SM-G892A Bulid/NRD90M; wv) AppleWebKit/537.36 (KHTML, like Gecko) Version/4.0 Chrome/60.0.3112.107 Moblie Safari/537.36"
20.29.71.103 - - [05/May/2026:02:07:38 -0500] "GET /plugins/content/apismtp/apismtp.php.suspected?test=hello HTTP/1.1" 404 359949 "-" "Mozlila/5.0 (Linux; Android 7.0; SM-G892A Bulid/NRD90M; wv) AppleWebKit/537.36 (KHTML, like Gecko) Version/4.0 Chrome/60.0.3112.107 Moblie Safari/537.36"
41.214.49.233 - - [05/May/2026:02:07:42 -0500] "GET /wp-content/uploads/2022/09/Easy-Salads-website-logo-768x226.png HTTP/2.0" 200 32242 "https://easysalads.com/" "Mozilla/5.0 (Linux; Android 6.0; Nexus 5 Build/MRA58N) AppleWebKit/537.36 (KHTML, like Gecko) Chrome/122.0.0.0 Mobile Safari/537.36 Edg/122.0.0.0"
86.30.15.54 - - [05/May/2026:02:07:43 -0500] "GET / HTTP/2.0" 301 0 "-" "Mozilla/5.0 (Linux; Android 13; SM-S901B) AppleWebKit/537.36 (KHTML, like Gecko) Chrome/112.0.0.0 Mobile Safari/537.36"
86.30.15.54 - - [05/May/2026:02:07:44 -0500] "GET / HTTP/2.0" 200 89188 "https://www.easysalads.com/" "Mozilla/5.0 (Linux; Android 13; SM-S901B) AppleWebKit/537.36 (KHTML, like Gecko) Chrome/112.0.0.0 Mobile Safari/537.36"
86.30.15.54 - - [05/May/2026:02:07:46 -0500] "GET /wp-content/plugins/wpforms-lite/assets/images/submit-spin.svg HTTP/2.0" 200 509 "https://easysalads.com/" "Mozilla/5.0 (Linux; Android 13; SM-S901B) AppleWebKit/537.36 (KHTML, like Gecko) Chrome/112.0.0.0 Mobile Safari/537.36"
192.176.172.166 - - [05/May/2026:02:07:46 -0500] "GET /wp-login.php HTTP/2.0" 444 0 "-" "Mozilla/5.0 (Windows NT 10.0) AppleWebKit/537.36 (KHTML, like Gecko) Chrome/66.0.3359.117 Safari/537.36"
76.34.241.172 - - [05/May/2026:02:07:52 -0500] "GET / HTTP/1.1" 301 5 "https://easysalads.com/" "Mozilla/5.0 (Linux; Android 8.0.0; SM-J330G) AppleWebKit/537.36 (KHTML, like Gecko) Chrome/114.0.0.0 Mobile Safari/537.36 EdgA/114.0.1823.74"
70.191.6.33 - - [05/May/2026:02:07:52 -0500] "GET /wp-content/plugins/social-pug/assets/dist/front-end-pro.js?ver=2.28.0 HTTP/2.0" 200 9339 "https://easysalads.com/" "Mozilla/5.0 (Linux; Android 10; K) AppleWebKit/537.36 (KHTML, like Gecko) Chrome/131.0.0.0 Mobile Safari/537.36 EdgA/131.0.0.0"
107.173.113.47 - - [05/May/2026:02:07:53 -0500] "GET /wp-content/plugins/kadence-pro/dist/mega-menu/kadence-mega-menu.min.js?ver=1.1.19 HTTP/2.0" 200 457 "-" "Mozilla/5.0 (Linux; Android 8.0.0; SM-J330G) AppleWebKit/537.36 (KHTML, like Gecko) Chrome/114.0.0.0 Mobile Safari/537.36 EdgA/114.0.1823.74"
104.143.236.57 - - [05/May/2026:02:07:53 -0500] "GET /wp-includes/js/jquery/jquery.min.js?ver=3.7.1 HTTP/2.0" 200 29769 "-" "Mozilla/5.0 (Linux; Android 6.0; Nexus 5 Build/MRA58N) AppleWebKit/537.36 (KHTML, like Gecko) Chrome/122.0.0.0 Mobile Safari/537.36 Edg/122.0.0.0"
76.34.241.172 - - [05/May/2026:02:07:54 -0500] "GET / HTTP/1.1" 200 89202 "https://easysalads.com/" "Mozilla/5.0 (Linux; Android 8.0.0; SM-J330G) AppleWebKit/537.36 (KHTML, like Gecko) Chrome/114.0.0.0 Mobile Safari/537.36 EdgA/114.0.1823.74"
112.203.57.24 - - [05/May/2026:02:07:54 -0500] "GET / HTTP/1.1" 301 5 "https://easysalads.com/" "Mozilla/5.0 (Linux; Android 14; Pixel 6 Pro) AppleWebKit/537.36 (KHTML, like Gecko) Chrome/122.0.6261.119 Mobile Safari/537.36 OPR/81.2.4292.78581"
74.91.224.220 - - [05/May/2026:02:07:55 -0500] "GET /wp-login.php HTTP/2.0" 444 0 "-" "Mozilla/5.0 (Windows NT 6.3; Win64; x64; Trident/7.0; Touch; TNJB; rv:11.0) like Gecko"
154.18.244.252 - - [05/May/2026:02:07:55 -0500] "POST /wp-cron.php?doing_wp_cron=1777964875.6538469791412353515625 HTTP/1.1" 200 11 "-" "WordPress/6.9.4; https://easysalads.com"
149.143.158.185 - - [05/May/2026:02:07:55 -0500] "GET / HTTP/2.0" 301 0 "-" "Mozilla/5.0 (Linux; Android 6.0; Nexus 5 Build/MRA58N) AppleWebKit/537.36 (KHTML, like Gecko) Chrome/119.0.0.0 Mobile Safari/537.36"
166.88.139.125 - - [05/May/2026:02:07:55 -0500] "GET /wp-content/plugins/wpforms-lite/assets/lib/jquery.validate.min.js?ver=1.21.0 HTTP/2.0" 200 7807 "-" "Mozilla/5.0 (Linux; Android 9; SM-S901B) AppleWebKit/537.36 (KHTML, like Gecko) Chrome/112.0.0.0 Mobile Safari/537.36"
87.171.66.65 - - [05/May/2026:02:07:55 -0500] "GET /wp-includes/js/jquery/jquery-migrate.min.js?ver=3.4.1 HTTP/2.0" 200 4679 "https://easysalads.com/" "Mozilla/5.0 (Linux; Android 10; K) AppleWebKit/537.36 (KHTML, like Gecko) Chrome/131.0.0.0 Mobile Safari/537.36 EdgA/131.0.0.0"
149.143.158.185 - - [05/May/2026:02:07:56 -0500] "GET / HTTP/2.0" 200 89188 "https://www.easysalads.com/" "Mozilla/5.0 (Linux; Android 6.0; Nexus 5 Build/MRA58N) AppleWebKit/537.36 (KHTML, like Gecko) Chrome/119.0.0.0 Mobile Safari/537.36"
112.203.57.24 - - [05/May/2026:02:07:57 -0500] "GET / HTTP/1.1" 200 89202 "https://easysalads.com/" "Mozilla/5.0 (Linux; Android 14; Pixel 6 Pro) AppleWebKit/537.36 (KHTML, like Gecko) Chrome/122.0.6261.119 Mobile Safari/537.36 OPR/81.2.4292.78581"
76.34.241.172 - - [05/May/2026:02:07:57 -0500] "GET /wp-includes/js/comment-reply.min.js?ver=6.9.4 HTTP/1.1" 200 1260 "https://easysalads.com/" "Mozilla/5.0 (Linux; Android 8.0.0; SM-J330G) AppleWebKit/537.36 (KHTML, like Gecko) Chrome/114.0.0.0 Mobile Safari/537.36 EdgA/114.0.1823.74"
149.143.158.185 - - [05/May/2026:02:07:58 -0500] "GET /wp-content/plugins/wpforms-lite/assets/lib/mailcheck.min.js?ver=1.1.2 HTTP/2.0" 200 1616 "https://easysalads.com/" "Mozilla/5.0 (Linux; Android 6.0; Nexus 5 Build/MRA58N) AppleWebKit/537.36 (KHTML, like Gecko) Chrome/119.0.0.0 Mobile Safari/537.36"
108.204.28.179 - - [05/May/2026:02:07:58 -0500] "GET /wp-content/plugins/wpforms-lite/assets/lib/punycode.min.js?ver=1.0.0 HTTP/2.0" 200 834 "https://www.google.com/" "Mozilla/5.0 (Linux; Android 14; Pixel 6 Pro) AppleWebKit/537.36 (KHTML, like Gecko) Chrome/122.0.6261.119 Mobile Safari/537.36 OPR/81.2.4292.78581"
47.155.22.76 - - [05/May/2026:02:07:59 -0500] "GET /wp-content/plugins/wpforms-lite/assets/js/frontend/wpforms.min.js?ver=1.10.0.4 HTTP/2.0" 200 14614 "https://easysalads.com/" "Mozilla/5.0 (Linux; Android 10; K) AppleWebKit/537.36 (KHTML, like Gecko) Chrome/127.0.0.0 Mobile Safari/537.36 OPR/84.0.0.0"
112.203.57.24 - - [05/May/2026:02:08:00 -0500] "GET /wp-content/plugins/wp-recipe-maker-premium/dist/public-pro.js?ver=10.5.0 HTTP/1.1" 200 20153 "https://easysalads.com/" "Mozilla/5.0 (Linux; Android 14; Pixel 6 Pro) AppleWebKit/537.36 (KHTML, like Gecko) Chrome/122.0.6261.119 Mobile Safari/537.36 OPR/81.2.4292.78581"
54.210.22.229 - - [05/May/2026:02:08:18 -0500] "GET /grilled-peach-and-burrata-salad/ HTTP/1.1" 200 130150 "-" "Mozilla/5.0 (compatible; proximic; +https://www.comscore.com/Web-Crawler)"
154.18.244.252 - - [05/May/2026:02:08:21 -0500] "POST /wp-cron.php?doing_wp_cron=1777964901.7287099361419677734375 HTTP/1.1" 200 11 "-" "WordPress/6.9.4; https://easysalads.com"
47.128.115.3 - - [05/May/2026:02:08:21 -0500] "GET /grilled-peach-and-burrata-salad/ HTTP/2.0" 200 102107 "-" "Mozilla/5.0 (Linux; Android 5.0) AppleWebKit/537.36 (KHTML, like Gecko) Mobile Safari/537.36 (compatible; TikTokSpider; [email protected])"
47.128.115.3 - - [05/May/2026:02:08:22 -0500] "GET /wp-content/plugins/wpforms-lite/assets/images/submit-spin.svg HTTP/2.0" 206 500 "https://easysalads.com/grilled-peach-and-burrata-salad/" "Mozilla/5.0 (Linux; Android 5.0) AppleWebKit/537.36 (KHTML, like Gecko) Mobile Safari/537.36 (compatible; TikTokSpider; [email protected])"
47.128.115.3 - - [05/May/2026:02:08:22 -0500] "GET /wp-content/uploads/2023/07/grilled-peach-burrata-salad04-683x1024.jpg HTTP/2.0" 206 500 "https://easysalads.com/grilled-peach-and-burrata-salad/" "Mozilla/5.0 (Linux; Android 5.0) AppleWebKit/537.36 (KHTML, like Gecko) Mobile Safari/537.36 (compatible; TikTokSpider; [email protected])"
47.128.115.3 - - [05/May/2026:02:08:22 -0500] "GET /wp-content/plugins/wpforms-lite/assets/images/submit-spin.svg HTTP/2.0" 304 0 "https://easysalads.com/grilled-peach-and-burrata-salad/" "Mozilla/5.0 (Linux; Android 5.0) AppleWebKit/537.36 (KHTML, like Gecko) Mobile Safari/537.36 (compatible; TikTokSpider; [email protected])"
47.128.115.3 - - [05/May/2026:02:08:22 -0500] "GET /wp-content/uploads/2023/07/grilled-peach-burrata-salad04.jpg HTTP/2.0" 206 500 "https://easysalads.com/grilled-peach-and-burrata-salad/" "Mozilla/5.0 (Linux; Android 5.0) AppleWebKit/537.36 (KHTML, like Gecko) Mobile Safari/537.36 (compatible; TikTokSpider; [email protected])"
47.128.115.3 - - [05/May/2026:02:08:23 -0500] "GET /grilled-peach-and-burrata-salad/ HTTP/2.0" 200 102112 "https://easysalads.com/grilled-peach-and-burrata-salad/" "Mozilla/5.0 (Linux; Android 5.0) AppleWebKit/537.36 (KHTML, like Gecko) Mobile Safari/537.36 (compatible; TikTokSpider; [email protected])"
47.128.115.3 - - [05/May/2026:02:08:23 -0500] "GET /wp-content/plugins/wpforms-lite/assets/images/submit-spin.svg HTTP/2.0" 206 9 "https://easysalads.com/grilled-peach-and-burrata-salad/" "Mozilla/5.0 (Linux; Android 5.0) AppleWebKit/537.36 (KHTML, like Gecko) Mobile Safari/537.36 (compatible; TikTokSpider; [email protected])"
47.128.115.3 - - [05/May/2026:02:08:23 -0500] "GET /wp-content/plugins/wpforms-lite/assets/images/submit-spin.svg HTTP/2.0" 304 0 "https://easysalads.com/grilled-peach-and-burrata-salad/" "Mozilla/5.0 (Linux; Android 5.0) AppleWebKit/537.36 (KHTML, like Gecko) Mobile Safari/537.36 (compatible; TikTokSpider; [email protected])"
47.128.115.3 - - [05/May/2026:02:08:23 -0500] "GET /wp-content/plugins/wpforms-lite/assets/images/submit-spin.svg HTTP/2.0" 304 0 "https://easysalads.com/grilled-peach-and-burrata-salad/" "Mozilla/5.0 (Linux; Android 5.0) AppleWebKit/537.36 (KHTML, like Gecko) Mobile Safari/537.36 (compatible; TikTokSpider; [email protected])"
47.128.115.3 - - [05/May/2026:02:08:24 -0500] "GET /grilled-peach-and-burrata-salad/ HTTP/2.0" 200 102086 "https://easysalads.com/grilled-peach-and-burrata-salad/" "Mozilla/5.0 (Linux; Android 5.0) AppleWebKit/537.36 (KHTML, like Gecko) Mobile Safari/537.36 (compatible; TikTokSpider; [email protected])"
47.128.115.3 - - [05/May/2026:02:08:24 -0500] "GET /wp-content/plugins/wpforms-lite/assets/images/submit-spin.svg HTTP/2.0" 206 9 "https://easysalads.com/grilled-peach-and-burrata-salad/" "Mozilla/5.0 (Linux; Android 5.0) AppleWebKit/537.36 (KHTML, like Gecko) Mobile Safari/537.36 (compatible; TikTokSpider; [email protected])"
47.128.115.3 - - [05/May/2026:02:08:24 -0500] "GET /wp-content/plugins/wpforms-lite/assets/images/submit-spin.svg HTTP/2.0" 304 0 "https://easysalads.com/grilled-peach-and-burrata-salad/" "Mozilla/5.0 (Linux; Android 5.0) AppleWebKit/537.36 (KHTML, like Gecko) Mobile Safari/537.36 (compatible; TikTokSpider; [email protected])"
47.128.115.3 - - [05/May/2026:02:08:24 -0500] "GET /grilled-peach-and-burrata-salad/ HTTP/2.0" 200 102100 "https://easysalads.com/grilled-peach-and-burrata-salad/" "Mozilla/5.0 (Linux; Android 5.0) AppleWebKit/537.36 (KHTML, like Gecko) Mobile Safari/537.36 (compatible; TikTokSpider; [email protected])"
47.128.115.3 - - [05/May/2026:02:08:24 -0500] "GET /wp-content/plugins/wpforms-lite/assets/images/submit-spin.svg HTTP/2.0" 304 0 "https://easysalads.com/grilled-peach-and-burrata-salad/" "Mozilla/5.0 (Linux; Android 5.0) AppleWebKit/537.36 (KHTML, like Gecko) Mobile Safari/537.36 (compatible; TikTokSpider; [email protected])"
47.128.115.3 - - [05/May/2026:02:08:25 -0500] "GET /wp-content/plugins/wpforms-lite/assets/images/submit-spin.svg HTTP/2.0" 206 500 "https://easysalads.com/grilled-peach-and-burrata-salad/" "Mozilla/5.0 (Linux; Android 5.0) AppleWebKit/537.36 (KHTML, like Gecko) Mobile Safari/537.36 (compatible; TikTokSpider; [email protected])"
47.128.115.3 - - [05/May/2026:02:08:25 -0500] "GET /grilled-peach-and-burrata-salad/ HTTP/2.0" 200 102121 "https://easysalads.com/grilled-peach-and-burrata-salad/" "Mozilla/5.0 (Linux; Android 5.0) AppleWebKit/537.36 (KHTML, like Gecko) Mobile Safari/537.36 (compatible; TikTokSpider; [email protected])"
47.128.115.3 - - [05/May/2026:02:08:25 -0500] "GET /wp-content/plugins/wpforms-lite/assets/images/submit-spin.svg HTTP/2.0" 304 0 "https://easysalads.com/grilled-peach-and-burrata-salad/" "Mozilla/5.0 (Linux; Android 5.0) AppleWebKit/537.36 (KHTML, like Gecko) Mobile Safari/537.36 (compatible; TikTokSpider; [email protected])"
47.128.115.3 - - [05/May/2026:02:08:26 -0500] "GET /wp-content/plugins/wpforms-lite/assets/images/submit-spin.svg HTTP/2.0" 206 500 "https://easysalads.com/grilled-peach-and-burrata-salad/" "Mozilla/5.0 (Linux; Android 5.0) AppleWebKit/537.36 (KHTML, like Gecko) Mobile Safari/537.36 (compatible; TikTokSpider; [email protected])"
47.128.115.3 - - [05/May/2026:02:08:26 -0500] "GET /wp-content/plugins/wpforms-lite/assets/images/submit-spin.svg HTTP/2.0" 304 0 "https://easysalads.com/grilled-peach-and-burrata-salad/" "Mozilla/5.0 (Linux; Android 5.0) AppleWebKit/537.36 (KHTML, like Gecko) Mobile Safari/537.36 (compatible; TikTokSpider; [email protected])"
47.128.115.3 - - [05/May/2026:02:08:26 -0500] "GET /grilled-peach-and-burrata-salad/ HTTP/2.0" 200 102045 "https://easysalads.com/grilled-peach-and-burrata-salad/" "Mozilla/5.0 (Linux; Android 5.0) AppleWebKit/537.36 (KHTML, like Gecko) Mobile Safari/537.36 (compatible; TikTokSpider; [email protected])"
47.128.115.3 - - [05/May/2026:02:08:27 -0500] "GET /wp-content/plugins/wpforms-lite/assets/images/submit-spin.svg HTTP/2.0" 206 9 "https://easysalads.com/grilled-peach-and-burrata-salad/" "Mozilla/5.0 (Linux; Android 5.0) AppleWebKit/537.36 (KHTML, like Gecko) Mobile Safari/537.36 (compatible; TikTokSpider; [email protected])"
47.128.115.3 - - [05/May/2026:02:08:27 -0500] "GET /wp-content/plugins/wpforms-lite/assets/images/submit-spin.svg HTTP/2.0" 304 0 "https://easysalads.com/grilled-peach-and-burrata-salad/" "Mozilla/5.0 (Linux; Android 5.0) AppleWebKit/537.36 (KHTML, like Gecko) Mobile Safari/537.36 (compatible; TikTokSpider; [email protected])"
47.128.115.3 - - [05/May/2026:02:08:27 -0500] "GET /wp-content/plugins/wpforms-lite/assets/images/submit-spin.svg HTTP/2.0" 304 0 "https://easysalads.com/grilled-peach-and-burrata-salad/" "Mozilla/5.0 (Linux; Android 5.0) AppleWebKit/537.36 (KHTML, like Gecko) Mobile Safari/537.36 (compatible; TikTokSpider; [email protected])"
47.128.115.3 - - [05/May/2026:02:08:27 -0500] "GET /grilled-peach-and-burrata-salad/ HTTP/2.0" 200 102110 "https://easysalads.com/grilled-peach-and-burrata-salad/" "Mozilla/5.0 (Linux; Android 5.0) AppleWebKit/537.36 (KHTML, like Gecko) Mobile Safari/537.36 (compatible; TikTokSpider; [email protected])"
47.128.115.3 - - [05/May/2026:02:08:28 -0500] "GET /wp-content/plugins/wpforms-lite/assets/images/submit-spin.svg HTTP/2.0" 206 9 "https://easysalads.com/grilled-peach-and-burrata-salad/" "Mozilla/5.0 (Linux; Android 5.0) AppleWebKit/537.36 (KHTML, like Gecko) Mobile Safari/537.36 (compatible; TikTokSpider; [email protected])"
47.128.115.3 - - [05/May/2026:02:08:28 -0500] "GET /wp-content/plugins/wpforms-lite/assets/images/submit-spin.svg HTTP/2.0" 304 0 "https://easysalads.com/grilled-peach-and-burrata-salad/" "Mozilla/5.0 (Linux; Android 5.0) AppleWebKit/537.36 (KHTML, like Gecko) Mobile Safari/537.36 (compatible; TikTokSpider; [email protected])"
47.128.115.3 - - [05/May/2026:02:08:28 -0500] "GET /wp-content/plugins/wpforms-lite/assets/images/submit-spin.svg HTTP/2.0" 304 0 "https://easysalads.com/grilled-peach-and-burrata-salad/" "Mozilla/5.0 (Linux; Android 5.0) AppleWebKit/537.36 (KHTML, like Gecko) Mobile Safari/537.36 (compatible; TikTokSpider; [email protected])"
47.128.115.3 - - [05/May/2026:02:08:28 -0500] "GET /grilled-peach-and-burrata-salad/ HTTP/2.0" 200 102061 "https://easysalads.com/grilled-peach-and-burrata-salad/" "Mozilla/5.0 (Linux; Android 5.0) AppleWebKit/537.36 (KHTML, like Gecko) Mobile Safari/537.36 (compatible; TikTokSpider; [email protected])"
47.128.115.3 - - [05/May/2026:02:08:29 -0500] "GET /wp-content/plugins/wpforms-lite/assets/images/submit-spin.svg HTTP/2.0" 206 9 "https://easysalads.com/grilled-peach-and-burrata-salad/" "Mozilla/5.0 (Linux; Android 5.0) AppleWebKit/537.36 (KHTML, like Gecko) Mobile Safari/537.36 (compatible; TikTokSpider; [email protected])"
47.128.115.3 - - [05/May/2026:02:08:29 -0500] "GET /wp-content/plugins/wpforms-lite/assets/images/submit-spin.svg HTTP/2.0" 304 0 "https://easysalads.com/grilled-peach-and-burrata-salad/" "Mozilla/5.0 (Linux; Android 5.0) AppleWebKit/537.36 (KHTML, like Gecko) Mobile Safari/537.36 (compatible; TikTokSpider; [email protected])"
47.128.115.3 - - [05/May/2026:02:08:29 -0500] "GET /grilled-peach-and-burrata-salad/ HTTP/2.0" 200 102121 "https://easysalads.com/grilled-peach-and-burrata-salad/" "Mozilla/5.0 (Linux; Android 5.0) AppleWebKit/537.36 (KHTML, like Gecko) Mobile Safari/537.36 (compatible; TikTokSpider; [email protected])"
47.128.115.3 - - [05/May/2026:02:08:29 -0500] "GET /wp-content/plugins/wpforms-lite/assets/images/submit-spin.svg HTTP/2.0" 304 0 "https://easysalads.com/grilled-peach-and-burrata-salad/" "Mozilla/5.0 (Linux; Android 5.0) AppleWebKit/537.36 (KHTML, like Gecko) Mobile Safari/537.36 (compatible; TikTokSpider; [email protected])"
47.128.115.3 - - [05/May/2026:02:08:30 -0500] "GET /wp-content/plugins/wpforms-lite/assets/images/submit-spin.svg HTTP/2.0" 304 0 "https://easysalads.com/grilled-peach-and-burrata-salad/" "Mozilla/5.0 (Linux; Android 5.0) AppleWebKit/537.36 (KHTML, like Gecko) Mobile Safari/537.36 (compatible; TikTokSpider; [email protected])"
47.128.115.3 - - [05/May/2026:02:08:30 -0500] "GET /grilled-peach-and-burrata-salad/ HTTP/2.0" 200 102223 "https://easysalads.com/grilled-peach-and-burrata-salad/" "Mozilla/5.0 (Linux; Android 5.0) AppleWebKit/537.36 (KHTML, like Gecko) Mobile Safari/537.36 (compatible; TikTokSpider; [email protected])"
47.128.115.3 - - [05/May/2026:02:08:30 -0500] "GET /wp-content/plugins/wpforms-lite/assets/images/submit-spin.svg HTTP/2.0" 304 0 "https://easysalads.com/grilled-peach-and-burrata-salad/" "Mozilla/5.0 (Linux; Android 5.0) AppleWebKit/537.36 (KHTML, like Gecko) Mobile Safari/537.36 (compatible; TikTokSpider; [email protected])"
47.128.115.3 - - [05/May/2026:02:08:31 -0500] "GET /wp-content/plugins/wpforms-lite/assets/images/submit-spin.svg HTTP/2.0" 304 0 "https://easysalads.com/grilled-peach-and-burrata-salad/" "Mozilla/5.0 (Linux; Android 5.0) AppleWebKit/537.36 (KHTML, like Gecko) Mobile Safari/537.36 (compatible; TikTokSpider; [email protected])"
47.128.115.3 - - [05/May/2026:02:08:31 -0500] "GET /grilled-peach-and-burrata-salad/ HTTP/2.0" 200 102139 "https://easysalads.com/grilled-peach-and-burrata-salad/" "Mozilla/5.0 (Linux; Android 5.0) AppleWebKit/537.36 (KHTML, like Gecko) Mobile Safari/537.36 (compatible; TikTokSpider; [email protected])"
47.128.115.3 - - [05/May/2026:02:08:31 -0500] "GET /wp-content/plugins/wpforms-lite/assets/images/submit-spin.svg HTTP/2.0" 304 0 "https://easysalads.com/grilled-peach-and-burrata-salad/" "Mozilla/5.0 (Linux; Android 5.0) AppleWebKit/537.36 (KHTML, like Gecko) Mobile Safari/537.36 (compatible; TikTokSpider; [email protected])"
47.128.115.3 - - [05/May/2026:02:08:31 -0500] "GET /wp-content/plugins/wpforms-lite/assets/images/submit-spin.svg HTTP/2.0" 206 500 "https://easysalads.com/grilled-peach-and-burrata-salad/" "Mozilla/5.0 (Linux; Android 5.0) AppleWebKit/537.36 (KHTML, like Gecko) Mobile Safari/537.36 (compatible; TikTokSpider; [email protected])"
162.240.175.101 - - [05/May/2026:02:08:31 -0500] "GET /wp-login.php HTTP/2.0" 444 0 "-" "Mozilla/5.0 (Windows NT 6.1; Win64; x64) AppleWebKit/537.36 (KHTML, like Gecko) Chrome/52.0.2743.116 Safari/537.36 Edge/15.15063"
47.128.115.3 - - [05/May/2026:02:08:32 -0500] "GET /grilled-peach-and-burrata-salad/ HTTP/2.0" 200 102071 "https://easysalads.com/grilled-peach-and-burrata-salad/" "Mozilla/5.0 (Linux; Android 5.0) AppleWebKit/537.36 (KHTML, like Gecko) Mobile Safari/537.36 (compatible; TikTokSpider; [email protected])"
47.128.115.3 - - [05/May/2026:02:08:32 -0500] "GET /wp-content/plugins/wpforms-lite/assets/images/submit-spin.svg HTTP/2.0" 304 0 "https://easysalads.com/grilled-peach-and-burrata-salad/" "Mozilla/5.0 (Linux; Android 5.0) AppleWebKit/537.36 (KHTML, like Gecko) Mobile Safari/537.36 (compatible; TikTokSpider; [email protected])"
103.216.117.42 - - [05/May/2026:02:08:32 -0500] "GET /wp-login.php HTTP/2.0" 444 0 "-" "Mozilla/5.0 (Macintosh; Intel Mac OS X 10_13_3) AppleWebKit/537.36 (KHTML, like Gecko) Chrome/66.0.3359.181 Safari/537.36"
47.128.115.3 - - [05/May/2026:02:08:32 -0500] "GET /wp-content/plugins/wpforms-lite/assets/images/submit-spin.svg HTTP/2.0" 206 500 "https://easysalads.com/grilled-peach-and-burrata-salad/" "Mozilla/5.0 (Linux; Android 5.0) AppleWebKit/537.36 (KHTML, like Gecko) Mobile Safari/537.36 (compatible; TikTokSpider; [email protected])"
47.128.115.3 - - [05/May/2026:02:08:33 -0500] "GET /wp-content/plugins/wpforms-lite/assets/images/submit-spin.svg HTTP/2.0" 304 0 "https://easysalads.com/grilled-peach-and-burrata-salad/" "Mozilla/5.0 (Linux; Android 5.0) AppleWebKit/537.36 (KHTML, like Gecko) Mobile Safari/537.36 (compatible; TikTokSpider; [email protected])"
47.128.115.3 - - [05/May/2026:02:08:33 -0500] "GET /grilled-peach-and-burrata-salad/ HTTP/2.0" 200 102232 "https://easysalads.com/grilled-peach-and-burrata-salad/" "Mozilla/5.0 (Linux; Android 5.0) AppleWebKit/537.36 (KHTML, like Gecko) Mobile Safari/537.36 (compatible; TikTokSpider; [email protected])"
54.242.101.102 - - [05/May/2026:02:08:33 -0500] "GET /grilled-peach-and-burrata-salad/ HTTP/1.1" 200 104504 "http://www.google.com/" "Mozilla/5.0 AppleWebKit/537.36 (KHTML, like Gecko; compatible; AudigentAdBot; +http://www.audigent.com/bot.html) Chrome/W.X.Y.Z Safari/537.36"
47.128.115.3 - - [05/May/2026:02:08:33 -0500] "GET /wp-content/plugins/wpforms-lite/assets/images/submit-spin.svg HTTP/2.0" 206 9 "https://easysalads.com/grilled-peach-and-burrata-salad/" "Mozilla/5.0 (Linux; Android 5.0) AppleWebKit/537.36 (KHTML, like Gecko) Mobile Safari/537.36 (compatible; TikTokSpider; [email protected])"
47.128.115.3 - - [05/May/2026:02:08:33 -0500] "GET /wp-content/plugins/wpforms-lite/assets/images/submit-spin.svg HTTP/2.0" 304 0 "https://easysalads.com/grilled-peach-and-burrata-salad/" "Mozilla/5.0 (Linux; Android 5.0) AppleWebKit/537.36 (KHTML, like Gecko) Mobile Safari/537.36 (compatible; TikTokSpider; [email protected])"
47.128.115.3 - - [05/May/2026:02:08:34 -0500] "GET /wp-content/plugins/wpforms-lite/assets/images/submit-spin.svg HTTP/2.0" 304 0 "https://easysalads.com/grilled-peach-and-burrata-salad/" "Mozilla/5.0 (Linux; Android 5.0) AppleWebKit/537.36 (KHTML, like Gecko) Mobile Safari/537.36 (compatible; TikTokSpider; [email protected])"
47.128.115.3 - - [05/May/2026:02:08:34 -0500] "GET /grilled-peach-and-burrata-salad/ HTTP/2.0" 200 102014 "https://easysalads.com/grilled-peach-and-burrata-salad/" "Mozilla/5.0 (Linux; Android 5.0) AppleWebKit/537.36 (KHTML, like Gecko) Mobile Safari/537.36 (compatible; TikTokSpider; [email protected])"
47.128.115.3 - - [05/May/2026:02:08:34 -0500] "GET /wp-content/plugins/wpforms-lite/assets/images/submit-spin.svg HTTP/2.0" 206 9 "https://easysalads.com/grilled-peach-and-burrata-salad/" "Mozilla/5.0 (Linux; Android 5.0) AppleWebKit/537.36 (KHTML, like Gecko) Mobile Safari/537.36 (compatible; TikTokSpider; [email protected])"
47.128.115.3 - - [05/May/2026:02:08:34 -0500] "GET /wp-content/plugins/wpforms-lite/assets/images/submit-spin.svg HTTP/2.0" 304 0 "https://easysalads.com/grilled-peach-and-burrata-salad/" "Mozilla/5.0 (Linux; Android 5.0) AppleWebKit/537.36 (KHTML, like Gecko) Mobile Safari/537.36 (compatible; TikTokSpider; [email protected])"
47.128.115.3 - - [05/May/2026:02:08:35 -0500] "GET /grilled-peach-and-burrata-salad/ HTTP/2.0" 200 102089 "https://easysalads.com/grilled-peach-and-burrata-salad/" "Mozilla/5.0 (Linux; Android 5.0) AppleWebKit/537.36 (KHTML, like Gecko) Mobile Safari/537.36 (compatible; TikTokSpider; [email protected])"
47.128.115.3 - - [05/May/2026:02:08:35 -0500] "GET /wp-content/plugins/wpforms-lite/assets/images/submit-spin.svg HTTP/2.0" 304 0 "https://easysalads.com/grilled-peach-and-burrata-salad/" "Mozilla/5.0 (Linux; Android 5.0) AppleWebKit/537.36 (KHTML, like Gecko) Mobile Safari/537.36 (compatible; TikTokSpider; [email protected])"
47.128.115.3 - - [05/May/2026:02:08:35 -0500] "GET /wp-content/plugins/wpforms-lite/assets/images/submit-spin.svg HTTP/2.0" 206 500 "https://easysalads.com/grilled-peach-and-burrata-salad/" "Mozilla/5.0 (Linux; Android 5.0) AppleWebKit/537.36 (KHTML, like Gecko) Mobile Safari/537.36 (compatible; TikTokSpider; [email protected])"
47.128.115.3 - - [05/May/2026:02:08:35 -0500] "GET /wp-content/plugins/wpforms-lite/assets/images/submit-spin.svg HTTP/2.0" 304 0 "https://easysalads.com/grilled-peach-and-burrata-salad/" "Mozilla/5.0 (Linux; Android 5.0) AppleWebKit/537.36 (KHTML, like Gecko) Mobile Safari/537.36 (compatible; TikTokSpider; [email protected])"
47.128.115.3 - - [05/May/2026:02:08:35 -0500] "GET /grilled-peach-and-burrata-salad/ HTTP/2.0" 200 102078 "https://easysalads.com/grilled-peach-and-burrata-salad/" "Mozilla/5.0 (Linux; Android 5.0) AppleWebKit/537.36 (KHTML, like Gecko) Mobile Safari/537.36 (compatible; TikTokSpider; [email protected])"
47.128.115.3 - - [05/May/2026:02:08:36 -0500] "GET /wp-content/plugins/wpforms-lite/assets/images/submit-spin.svg HTTP/2.0" 206 9 "https://easysalads.com/grilled-peach-and-burrata-salad/" "Mozilla/5.0 (Linux; Android 5.0) AppleWebKit/537.36 (KHTML, like Gecko) Mobile Safari/537.36 (compatible; TikTokSpider; [email protected])"
47.128.115.3 - - [05/May/2026:02:08:36 -0500] "GET /wp-content/plugins/wpforms-lite/assets/images/submit-spin.svg HTTP/2.0" 304 0 "https://easysalads.com/grilled-peach-and-burrata-salad/" "Mozilla/5.0 (Linux; Android 5.0) AppleWebKit/537.36 (KHTML, like Gecko) Mobile Safari/537.36 (compatible; TikTokSpider; [email protected])"
47.128.115.3 - - [05/May/2026:02:08:36 -0500] "GET /grilled-peach-and-burrata-salad/ HTTP/2.0" 200 102107 "https://easysalads.com/grilled-peach-and-burrata-salad/" "Mozilla/5.0 (Linux; Android 5.0) AppleWebKit/537.36 (KHTML, like Gecko) Mobile Safari/537.36 (compatible; TikTokSpider; [email protected])"
47.128.115.3 - - [05/May/2026:02:08:36 -0500] "GET /wp-content/plugins/wpforms-lite/assets/images/submit-spin.svg HTTP/2.0" 304 0 "https://easysalads.com/grilled-peach-and-burrata-salad/" "Mozilla/5.0 (Linux; Android 5.0) AppleWebKit/537.36 (KHTML, like Gecko) Mobile Safari/537.36 (compatible; TikTokSpider; [email protected])"
47.128.115.3 - - [05/May/2026:02:08:37 -0500] "GET /wp-content/plugins/wpforms-lite/assets/images/submit-spin.svg HTTP/2.0" 206 500 "https://easysalads.com/grilled-peach-and-burrata-salad/" "Mozilla/5.0 (Linux; Android 5.0) AppleWebKit/537.36 (KHTML, like Gecko) Mobile Safari/537.36 (compatible; TikTokSpider; [email protected])"
47.128.115.3 - - [05/May/2026:02:08:37 -0500] "GET /wp-content/plugins/wpforms-lite/assets/images/submit-spin.svg HTTP/2.0" 304 0 "https://easysalads.com/grilled-peach-and-burrata-salad/" "Mozilla/5.0 (Linux; Android 5.0) AppleWebKit/537.36 (KHTML, like Gecko) Mobile Safari/537.36 (compatible; TikTokSpider; [email protected])"
47.128.115.3 - - [05/May/2026:02:08:37 -0500] "GET /grilled-peach-and-burrata-salad/ HTTP/2.0" 200 102061 "https://easysalads.com/grilled-peach-and-burrata-salad/" "Mozilla/5.0 (Linux; Android 5.0) AppleWebKit/537.36 (KHTML, like Gecko) Mobile Safari/537.36 (compatible; TikTokSpider; [email protected])"
47.128.115.3 - - [05/May/2026:02:08:38 -0500] "GET /wp-content/plugins/wpforms-lite/assets/images/submit-spin.svg HTTP/2.0" 206 9 "https://easysalads.com/grilled-peach-and-burrata-salad/" "Mozilla/5.0 (Linux; Android 5.0) AppleWebKit/537.36 (KHTML, like Gecko) Mobile Safari/537.36 (compatible; TikTokSpider; [email protected])"
47.128.115.3 - - [05/May/2026:02:08:38 -0500] "GET /wp-content/plugins/wpforms-lite/assets/images/submit-spin.svg HTTP/2.0" 304 0 "https://easysalads.com/grilled-peach-and-burrata-salad/" "Mozilla/5.0 (Linux; Android 5.0) AppleWebKit/537.36 (KHTML, like Gecko) Mobile Safari/537.36 (compatible; TikTokSpider; [email protected])"
47.128.115.3 - - [05/May/2026:02:08:38 -0500] "GET /wp-content/plugins/wpforms-lite/assets/images/submit-spin.svg HTTP/2.0" 304 0 "https://easysalads.com/grilled-peach-and-burrata-salad/" "Mozilla/5.0 (Linux; Android 5.0) AppleWebKit/537.36 (KHTML, like Gecko) Mobile Safari/537.36 (compatible; TikTokSpider; [email protected])"
47.128.115.3 - - [05/May/2026:02:08:38 -0500] "GET /grilled-peach-and-burrata-salad/ HTTP/2.0" 200 102154 "https://easysalads.com/grilled-peach-and-burrata-salad/" "Mozilla/5.0 (Linux; Android 5.0) AppleWebKit/537.36 (KHTML, like Gecko) Mobile Safari/537.36 (compatible; TikTokSpider; [email protected])"
47.128.115.3 - - [05/May/2026:02:08:39 -0500] "GET /wp-content/plugins/wpforms-lite/assets/images/submit-spin.svg HTTP/2.0" 206 9 "https://easysalads.com/grilled-peach-and-burrata-salad/" "Mozilla/5.0 (Linux; Android 5.0) AppleWebKit/537.36 (KHTML, like Gecko) Mobile Safari/537.36 (compatible; TikTokSpider; [email protected])"
47.128.115.3 - - [05/May/2026:02:08:39 -0500] "GET /wp-content/plugins/wpforms-lite/assets/images/submit-spin.svg HTTP/2.0" 304 0 "https://easysalads.com/grilled-peach-and-burrata-salad/" "Mozilla/5.0 (Linux; Android 5.0) AppleWebKit/537.36 (KHTML, like Gecko) Mobile Safari/537.36 (compatible; TikTokSpider; [email protected])"
47.128.115.3 - - [05/May/2026:02:08:39 -0500] "GET /grilled-peach-and-burrata-salad/ HTTP/2.0" 200 102099 "https://easysalads.com/grilled-peach-and-burrata-salad/" "Mozilla/5.0 (Linux; Android 5.0) AppleWebKit/537.36 (KHTML, like Gecko) Mobile Safari/537.36 (compatible; TikTokSpider; [email protected])"
47.128.115.3 - - [05/May/2026:02:08:39 -0500] "GET /wp-content/plugins/wpforms-lite/assets/images/submit-spin.svg HTTP/2.0" 304 0 "https://easysalads.com/grilled-peach-and-burrata-salad/" "Mozilla/5.0 (Linux; Android 5.0) AppleWebKit/537.36 (KHTML, like Gecko) Mobile Safari/537.36 (compatible; TikTokSpider; [email protected])"
47.128.115.3 - - [05/May/2026:02:08:39 -0500] "GET /wp-content/plugins/wpforms-lite/assets/images/submit-spin.svg HTTP/2.0" 206 500 "https://easysalads.com/grilled-peach-and-burrata-salad/" "Mozilla/5.0 (Linux; Android 5.0) AppleWebKit/537.36 (KHTML, like Gecko) Mobile Safari/537.36 (compatible; TikTokSpider; [email protected])"
47.128.115.3 - - [05/May/2026:02:08:40 -0500] "GET /grilled-peach-and-burrata-salad/ HTTP/2.0" 200 102107 "https://easysalads.com/grilled-peach-and-burrata-salad/" "Mozilla/5.0 (Linux; Android 5.0) AppleWebKit/537.36 (KHTML, like Gecko) Mobile Safari/537.36 (compatible; TikTokSpider; [email protected])"
47.128.115.3 - - [05/May/2026:02:08:40 -0500] "GET /wp-content/plugins/wpforms-lite/assets/images/submit-spin.svg HTTP/2.0" 304 0 "https://easysalads.com/grilled-peach-and-burrata-salad/" "Mozilla/5.0 (Linux; Android 5.0) AppleWebKit/537.36 (KHTML, like Gecko) Mobile Safari/537.36 (compatible; TikTokSpider; [email protected])"
47.128.115.3 - - [05/May/2026:02:08:40 -0500] "GET /wp-content/plugins/wpforms-lite/assets/images/submit-spin.svg HTTP/2.0" 206 500 "https://easysalads.com/grilled-peach-and-burrata-salad/" "Mozilla/5.0 (Linux; Android 5.0) AppleWebKit/537.36 (KHTML, like Gecko) Mobile Safari/537.36 (compatible; TikTokSpider; [email protected])"
47.128.115.3 - - [05/May/2026:02:08:41 -0500] "GET /wp-content/plugins/wpforms-lite/assets/images/submit-spin.svg HTTP/2.0" 304 0 "https://easysalads.com/grilled-peach-and-burrata-salad/" "Mozilla/5.0 (Linux; Android 5.0) AppleWebKit/537.36 (KHTML, like Gecko) Mobile Safari/537.36 (compatible; TikTokSpider; [email protected])"
47.128.115.3 - - [05/May/2026:02:08:41 -0500] "GET /grilled-peach-and-burrata-salad/ HTTP/2.0" 200 102026 "https://easysalads.com/grilled-peach-and-burrata-salad/" "Mozilla/5.0 (Linux; Android 5.0) AppleWebKit/537.36 (KHTML, like Gecko) Mobile Safari/537.36 (compatible; TikTokSpider; [email protected])"
47.128.115.3 - - [05/May/2026:02:08:41 -0500] "GET /wp-content/plugins/wpforms-lite/assets/images/submit-spin.svg HTTP/2.0" 206 9 "https://easysalads.com/grilled-peach-and-burrata-salad/" "Mozilla/5.0 (Linux; Android 5.0) AppleWebKit/537.36 (KHTML, like Gecko) Mobile Safari/537.36 (compatible; TikTokSpider; [email protected])"
47.128.115.3 - - [05/May/2026:02:08:41 -0500] "GET /wp-content/plugins/wpforms-lite/assets/images/submit-spin.svg HTTP/2.0" 304 0 "https://easysalads.com/grilled-peach-and-burrata-salad/" "Mozilla/5.0 (Linux; Android 5.0) AppleWebKit/537.36 (KHTML, like Gecko) Mobile Safari/537.36 (compatible; TikTokSpider; [email protected])"
47.128.115.3 - - [05/May/2026:02:08:42 -0500] "GET /grilled-peach-and-burrata-salad/ HTTP/2.0" 200 102078 "https://easysalads.com/grilled-peach-and-burrata-salad/" "Mozilla/5.0 (Linux; Android 5.0) AppleWebKit/537.36 (KHTML, like Gecko) Mobile Safari/537.36 (compatible; TikTokSpider; [email protected])"
47.128.115.3 - - [05/May/2026:02:08:42 -0500] "GET /wp-content/plugins/wpforms-lite/assets/images/submit-spin.svg HTTP/2.0" 304 0 "https://easysalads.com/grilled-peach-and-burrata-salad/" "Mozilla/5.0 (Linux; Android 5.0) AppleWebKit/537.36 (KHTML, like Gecko) Mobile Safari/537.36 (compatible; TikTokSpider; [email protected])"
47.128.115.3 - - [05/May/2026:02:08:42 -0500] "GET /wp-content/plugins/wpforms-lite/assets/images/submit-spin.svg HTTP/2.0" 206 500 "https://easysalads.com/grilled-peach-and-burrata-salad/" "Mozilla/5.0 (Linux; Android 5.0) AppleWebKit/537.36 (KHTML, like Gecko) Mobile Safari/537.36 (compatible; TikTokSpider; [email protected])"
47.128.115.3 - - [05/May/2026:02:08:42 -0500] "GET /wp-content/plugins/wpforms-lite/assets/images/submit-spin.svg HTTP/2.0" 304 0 "https://easysalads.com/grilled-peach-and-burrata-salad/" "Mozilla/5.0 (Linux; Android 5.0) AppleWebKit/537.36 (KHTML, like Gecko) Mobile Safari/537.36 (compatible; TikTokSpider; [email protected])"
47.128.115.3 - - [05/May/2026:02:08:42 -0500] "GET /grilled-peach-and-burrata-salad/ HTTP/2.0" 200 102065 "https://easysalads.com/grilled-peach-and-burrata-salad/" "Mozilla/5.0 (Linux; Android 5.0) AppleWebKit/537.36 (KHTML, like Gecko) Mobile Safari/537.36 (compatible; TikTokSpider; [email protected])"
47.128.115.3 - - [05/May/2026:02:08:43 -0500] "GET /wp-content/plugins/wpforms-lite/assets/images/submit-spin.svg HTTP/2.0" 206 9 "https://easysalads.com/grilled-peach-and-burrata-salad/" "Mozilla/5.0 (Linux; Android 5.0) AppleWebKit/537.36 (KHTML, like Gecko) Mobile Safari/537.36 (compatible; TikTokSpider; [email protected])"
47.128.115.3 - - [05/May/2026:02:08:43 -0500] "GET /wp-content/plugins/wpforms-lite/assets/images/submit-spin.svg HTTP/2.0" 304 0 "https://easysalads.com/grilled-peach-and-burrata-salad/" "Mozilla/5.0 (Linux; Android 5.0) AppleWebKit/537.36 (KHTML, like Gecko) Mobile Safari/537.36 (compatible; TikTokSpider; [email protected])"
47.128.115.3 - - [05/May/2026:02:08:43 -0500] "GET /grilled-peach-and-burrata-salad/ HTTP/2.0" 200 102231 "https://easysalads.com/grilled-peach-and-burrata-salad/" "Mozilla/5.0 (Linux; Android 5.0) AppleWebKit/537.36 (KHTML, like Gecko) Mobile Safari/537.36 (compatible; TikTokSpider; [email protected])"
47.128.115.3 - - [05/May/2026:02:08:43 -0500] "GET /wp-content/plugins/wpforms-lite/assets/images/submit-spin.svg HTTP/2.0" 304 0 "https://easysalads.com/grilled-peach-and-burrata-salad/" "Mozilla/5.0 (Linux; Android 5.0) AppleWebKit/537.36 (KHTML, like Gecko) Mobile Safari/537.36 (compatible; TikTokSpider; [email protected])"
47.128.115.3 - - [05/May/2026:02:08:44 -0500] "GET /wp-content/plugins/wpforms-lite/assets/images/submit-spin.svg HTTP/2.0" 304 0 "https://easysalads.com/grilled-peach-and-burrata-salad/" "Mozilla/5.0 (Linux; Android 5.0) AppleWebKit/537.36 (KHTML, like Gecko) Mobile Safari/537.36 (compatible; TikTokSpider; [email protected])"
47.128.115.3 - - [05/May/2026:02:08:44 -0500] "GET /grilled-peach-and-burrata-salad/ HTTP/2.0" 200 102042 "https://easysalads.com/grilled-peach-and-burrata-salad/" "Mozilla/5.0 (Linux; Android 5.0) AppleWebKit/537.36 (KHTML, like Gecko) Mobile Safari/537.36 (compatible; TikTokSpider; [email protected])"
47.128.115.3 - - [05/May/2026:02:08:44 -0500] "GET /wp-content/plugins/wpforms-lite/assets/images/submit-spin.svg HTTP/2.0" 304 0 "https://easysalads.com/grilled-peach-and-burrata-salad/" "Mozilla/5.0 (Linux; Android 5.0) AppleWebKit/537.36 (KHTML, like Gecko) Mobile Safari/537.36 (compatible; TikTokSpider; [email protected])"
47.128.115.3 - - [05/May/2026:02:08:45 -0500] "GET /wp-content/plugins/wpforms-lite/assets/images/submit-spin.svg HTTP/2.0" 206 500 "https://easysalads.com/grilled-peach-and-burrata-salad/" "Mozilla/5.0 (Linux; Android 5.0) AppleWebKit/537.36 (KHTML, like Gecko) Mobile Safari/537.36 (compatible; TikTokSpider; [email protected])"
47.128.115.3 - - [05/May/2026:02:08:45 -0500] "GET /wp-content/plugins/wpforms-lite/assets/images/submit-spin.svg HTTP/2.0" 304 0 "https://easysalads.com/grilled-peach-and-burrata-salad/" "Mozilla/5.0 (Linux; Android 5.0) AppleWebKit/537.36 (KHTML, like Gecko) Mobile Safari/537.36 (compatible; TikTokSpider; [email protected])"
47.128.115.3 - - [05/May/2026:02:08:45 -0500] "GET /grilled-peach-and-burrata-salad/ HTTP/2.0" 200 102108 "https://easysalads.com/grilled-peach-and-burrata-salad/" "Mozilla/5.0 (Linux; Android 5.0) AppleWebKit/537.36 (KHTML, like Gecko) Mobile Safari/537.36 (compatible; TikTokSpider; [email protected])"
47.128.115.3 - - [05/May/2026:02:08:45 -0500] "GET /wp-content/plugins/wpforms-lite/assets/images/submit-spin.svg HTTP/2.0" 206 9 "https://easysalads.com/grilled-peach-and-burrata-salad/" "Mozilla/5.0 (Linux; Android 5.0) AppleWebKit/537.36 (KHTML, like Gecko) Mobile Safari/537.36 (compatible; TikTokSpider; [email protected])"
47.128.115.3 - - [05/May/2026:02:08:45 -0500] "GET /wp-content/plugins/wpforms-lite/assets/images/submit-spin.svg HTTP/2.0" 304 0 "https://easysalads.com/grilled-peach-and-burrata-salad/" "Mozilla/5.0 (Linux; Android 5.0) AppleWebKit/537.36 (KHTML, like Gecko) Mobile Safari/537.36 (compatible; TikTokSpider; [email protected])"
47.128.115.3 - - [05/May/2026:02:08:46 -0500] "GET /wp-content/plugins/wpforms-lite/assets/images/submit-spin.svg HTTP/2.0" 304 0 "https://easysalads.com/grilled-peach-and-burrata-salad/" "Mozilla/5.0 (Linux; Android 5.0) AppleWebKit/537.36 (KHTML, like Gecko) Mobile Safari/537.36 (compatible; TikTokSpider; [email protected])"
47.128.115.3 - - [05/May/2026:02:08:46 -0500] "GET /grilled-peach-and-burrata-salad/ HTTP/2.0" 200 102131 "https://easysalads.com/grilled-peach-and-burrata-salad/" "Mozilla/5.0 (Linux; Android 5.0) AppleWebKit/537.36 (KHTML, like Gecko) Mobile Safari/537.36 (compatible; TikTokSpider; [email protected])"
47.128.115.3 - - [05/May/2026:02:08:46 -0500] "GET /wp-content/plugins/wpforms-lite/assets/images/submit-spin.svg HTTP/2.0" 206 9 "https://easysalads.com/grilled-peach-and-burrata-salad/" "Mozilla/5.0 (Linux; Android 5.0) AppleWebKit/537.36 (KHTML, like Gecko) Mobile Safari/537.36 (compatible; TikTokSpider; [email protected])"
47.128.115.3 - - [05/May/2026:02:08:46 -0500] "GET /wp-content/plugins/wpforms-lite/assets/images/submit-spin.svg HTTP/2.0" 304 0 "https://easysalads.com/grilled-peach-and-burrata-salad/" "Mozilla/5.0 (Linux; Android 5.0) AppleWebKit/537.36 (KHTML, like Gecko) Mobile Safari/537.36 (compatible; TikTokSpider; [email protected])"
47.128.115.3 - - [05/May/2026:02:08:47 -0500] "GET /grilled-peach-and-burrata-salad/ HTTP/2.0" 200 102093 "https://easysalads.com/grilled-peach-and-burrata-salad/" "Mozilla/5.0 (Linux; Android 5.0) AppleWebKit/537.36 (KHTML, like Gecko) Mobile Safari/537.36 (compatible; TikTokSpider; [email protected])"
47.128.115.3 - - [05/May/2026:02:08:47 -0500] "GET /wp-content/plugins/wpforms-lite/assets/images/submit-spin.svg HTTP/2.0" 304 0 "https://easysalads.com/grilled-peach-and-burrata-salad/" "Mozilla/5.0 (Linux; Android 5.0) AppleWebKit/537.36 (KHTML, like Gecko) Mobile Safari/537.36 (compatible; TikTokSpider; [email protected])"
47.128.115.3 - - [05/May/2026:02:08:47 -0500] "GET /wp-content/plugins/wpforms-lite/assets/images/submit-spin.svg HTTP/2.0" 206 500 "https://easysalads.com/grilled-peach-and-burrata-salad/" "Mozilla/5.0 (Linux; Android 5.0) AppleWebKit/537.36 (KHTML, like Gecko) Mobile Safari/537.36 (compatible; TikTokSpider; [email protected])"
47.128.115.3 - - [05/May/2026:02:08:47 -0500] "GET /wp-content/plugins/wpforms-lite/assets/images/submit-spin.svg HTTP/2.0" 304 0 "https://easysalads.com/grilled-peach-and-burrata-salad/" "Mozilla/5.0 (Linux; Android 5.0) AppleWebKit/537.36 (KHTML, like Gecko) Mobile Safari/537.36 (compatible; TikTokSpider; [email protected])"
47.128.115.3 - - [05/May/2026:02:08:48 -0500] "GET /grilled-peach-and-burrata-salad/ HTTP/2.0" 200 102144 "https://easysalads.com/grilled-peach-and-burrata-salad/" "Mozilla/5.0 (Linux; Android 5.0) AppleWebKit/537.36 (KHTML, like Gecko) Mobile Safari/537.36 (compatible; TikTokSpider; [email protected])"
47.128.115.3 - - [05/May/2026:02:08:48 -0500] "GET /wp-content/plugins/wpforms-lite/assets/images/submit-spin.svg HTTP/2.0" 206 9 "https://easysalads.com/grilled-peach-and-burrata-salad/" "Mozilla/5.0 (Linux; Android 5.0) AppleWebKit/537.36 (KHTML, like Gecko) Mobile Safari/537.36 (compatible; TikTokSpider; [email protected])"
47.128.115.3 - - [05/May/2026:02:08:48 -0500] "GET /wp-content/plugins/wpforms-lite/assets/images/submit-spin.svg HTTP/2.0" 304 0 "https://easysalads.com/grilled-peach-and-burrata-salad/" "Mozilla/5.0 (Linux; Android 5.0) AppleWebKit/537.36 (KHTML, like Gecko) Mobile Safari/537.36 (compatible; TikTokSpider; [email protected])"
154.18.244.252 - - [05/May/2026:02:09:04 -0500] "POST /wp-cron.php?doing_wp_cron=1777964944.7238199710845947265625 HTTP/1.1" 200 11 "-" "WordPress/6.9.4; https://easysalads.com"
57.128.189.19 - - [05/May/2026:02:09:04 -0500] "GET /?nocache=1777964881 HTTP/2.0" 200 89188 "-" "BigScootsMonitor Mozilla/5.0 (Windows NT 10.0; Win64; x64) AppleWebKit/537.36 (KHTML, like Gecko) Chrome/74.0.3729.169 Safari/537.36"
154.18.244.252 - - [05/May/2026:02:09:04 -0500] "POST /wp-cron.php?doing_wp_cron=1777964944.8972439765930175781250 HTTP/1.1" 200 11 "-" "WordPress/6.9.4; https://easysalads.com"
51.222.136.175 - - [05/May/2026:02:09:04 -0500] "GET /?nocache=1777964881 HTTP/2.0" 200 89188 "-" "BigScootsMonitor Mozilla/5.0 (Windows NT 10.0; Win64; x64) AppleWebKit/537.36 (KHTML, like Gecko) Chrome/74.0.3729.169 Safari/537.36"
3.87.170.124 - - [05/May/2026:02:09:10 -0500] "GET / HTTP/1.1" 200 114546 "-" "Mozilla/5.0 (compatible; proximic; +https://www.comscore.com/Web-Crawler)"
64.226.120.21 - - [05/May/2026:02:09:31 -0500] "GET /wp-login.php HTTP/2.0" 200 1883 "-" "Mozilla/5.0 (Windows NT 6.3; WOW64) AppleWebKit/537.36 (KHTML, like Gecko) Chrome/65.0.3325.181 Safari/537.36"
64.226.120.21 - - [05/May/2026:02:09:31 -0500] "POST /wp-login.php HTTP/2.0" 200 2018 "https://easysalads.com/wp-login.php" "Mozilla/5.0 (Windows NT 6.3; WOW64) AppleWebKit/537.36 (KHTML, like Gecko) Chrome/65.0.3325.181 Safari/537.36"
34.96.49.146 - - [05/May/2026:02:09:39 -0500] "GET /ads.txt HTTP/1.1" 301 5 "-" "bidswitchbot/1.0"
192.176.172.166 - - [05/May/2026:02:09:46 -0500] "GET /wp-login.php HTTP/2.0" 444 0 "-" "Mozilla/5.0 (Windows NT 6.1) AppleWebKit/537.36 (KHTML, like Gecko) Chrome/66.0.3359.181 Safari/537.36"
54.210.152.179 - - [05/May/2026:02:09:52 -0500] "GET /southern-strawberry-jello-salad-with-cool-whip/ HTTP/1.1" 200 127080 "-" "Mozilla/5.0 AppleWebKit/537.36 (KHTML, like Gecko; compatible; Amazonbot/0.1; +https://developer.amazon.com/support/amazonbot) Chrome/119.0.6045.214 Safari/537.36"
204.15.208.34 - - [05/May/2026:02:10:10 -0500] "GET /grilled-peach-and-burrata-salad HTTP/1.1" 200 130150 "-" "peer39_crawler/1.0"
154.18.244.252 - - [05/May/2026:02:10:40 -0500] "POST /wp-cron.php?doing_wp_cron=1777965040.1096830368041992187500 HTTP/1.1" 200 11 "-" "WordPress/6.9.4; https://easysalads.com"
78.142.18.172 - - [05/May/2026:02:10:40 -0500] "GET /wp-login.php HTTP/2.0" 200 1883 "-" "Mozilla/5.0 (Macintosh; Intel Mac OS X 10_13_4) AppleWebKit/537.36 (KHTML, like Gecko) Chrome/66.0.3359.117 Safari/537.36"
78.142.18.172 - - [05/May/2026:02:10:40 -0500] "POST /wp-login.php HTTP/2.0" 200 2021 "https://easysalads.com/wp-login.php" "Mozilla/5.0 (Macintosh; Intel Mac OS X 10_13_4) AppleWebKit/537.36 (KHTML, like Gecko) Chrome/66.0.3359.117 Safari/537.36"
154.18.244.252 - - [05/May/2026:02:11:04 -0500] "POST /wp-cron.php?doing_wp_cron=1777965064.1964769363403320312500 HTTP/1.1" 200 11 "-" "WordPress/6.9.4; https://easysalads.com"
57.128.189.19 - - [05/May/2026:02:11:04 -0500] "GET /?nocache=1777965001 HTTP/2.0" 200 89187 "-" "BigScootsMonitor Mozilla/5.0 (Windows NT 10.0; Win64; x64) AppleWebKit/537.36 (KHTML, like Gecko) Chrome/74.0.3729.169 Safari/537.36"
51.222.136.175 - - [05/May/2026:02:11:04 -0500] "GET /?nocache=1777965001 HTTP/2.0" 200 89187 "-" "BigScootsMonitor Mozilla/5.0 (Windows NT 10.0; Win64; x64) AppleWebKit/537.36 (KHTML, like Gecko) Chrome/74.0.3729.169 Safari/537.36"
54.147.21.173 - - [05/May/2026:02:11:25 -0500] "GET /grilled-peach-and-burrata-salad/ HTTP/2.0" 200 130120 "-" "carbon-umbrella-bot/1.0"
154.18.244.252 - - [05/May/2026:02:12:35 -0500] "POST /wp-cron.php?doing_wp_cron=1777965156.0614659786224365234375 HTTP/1.1" 200 11 "-" "WordPress/6.9.4; https://easysalads.com"
139.59.242.14 - - [05/May/2026:02:12:35 -0500] "GET /wp-login.php HTTP/2.0" 200 1883 "-" "Mozilla/5.0 (Windows NT 6.1; WOW64; rv:61.0) Gecko/20100101 Firefox/61.0"
139.59.242.14 - - [05/May/2026:02:12:36 -0500] "POST /wp-login.php HTTP/2.0" 200 2019 "https://easysalads.com/wp-login.php" "Mozilla/5.0 (Windows NT 6.1; WOW64; rv:61.0) Gecko/20100101 Firefox/61.0"
154.18.244.252 - - [05/May/2026:02:13:04 -0500] "POST /wp-cron.php?doing_wp_cron=1777965184.4840190410614013671875 HTTP/1.1" 200 11 "-" "WordPress/6.9.4; https://easysalads.com"
57.128.189.19 - - [05/May/2026:02:13:04 -0500] "GET /?nocache=1777965121 HTTP/2.0" 200 89187 "-" "BigScootsMonitor Mozilla/5.0 (Windows NT 10.0; Win64; x64) AppleWebKit/537.36 (KHTML, like Gecko) Chrome/74.0.3729.169 Safari/537.36"
51.222.136.175 - - [05/May/2026:02:13:04 -0500] "GET /?nocache=1777965121 HTTP/2.0" 200 89187 "-" "BigScootsMonitor Mozilla/5.0 (Windows NT 10.0; Win64; x64) AppleWebKit/537.36 (KHTML, like Gecko) Chrome/74.0.3729.169 Safari/537.36"
151.237.138.20 - - [05/May/2026:02:13:39 -0500] "GET /wp-login.php HTTP/2.0" 444 0 "-" "Mozilla/5.0 (Windows NT 6.2; Win64; x64) AppleWebKit/537.36 (KHTML, like Gecko) Chrome/65.0.3325.181 Safari/537.36 OPR/52.0.2871.99"
35.153.159.180 - - [05/May/2026:02:13:39 -0500] "GET /peruvian-chopped-salad HTTP/1.1" 200 129086 "-" "Mozilla/5.0 (compatible; proximic; +https://www.comscore.com/Web-Crawler)"
64.226.57.164 - - [05/May/2026:02:14:25 -0500] "GET /wp-content/uploads/2024/01/tomato-onion-salad-06.jpg HTTP/2.0" 200 1661522 "https://www.google.com/" "Mozilla/5.0 (Linux; Android 10; K) AppleWebKit/537.36 (KHTML, like Gecko) Chrome/147.0.0.0 Mobile Safari/537.36"
66.249.66.168 - - [05/May/2026:02:14:27 -0500] "GET /wp-content/uploads/2024/10/taffy-apple-salad-02-480x270.jpg HTTP/1.1" 200 58321 "-" "Googlebot-Image/1.0"
54.209.101.100 - - [05/May/2026:02:14:28 -0500] "GET /creamy-cucumber-salad HTTP/1.1" 200 126083 "-" "Mozilla/5.0 (compatible; proximic; +https://www.comscore.com/Web-Crawler)"
135.236.141.8 - - [05/May/2026:02:14:52 -0500] "GET /wp-login.php HTTP/2.0" 444 0 "-" "Mozilla/5.0 (Windows NT 6.2; WOW64; Trident/7.0; rv:11.0) like Gecko"
154.18.244.252 - - [05/May/2026:02:15:04 -0500] "POST /wp-cron.php?doing_wp_cron=1777965304.6355450153350830078125 HTTP/1.1" 200 11 "-" "WordPress/6.9.4; https://easysalads.com"
57.128.189.19 - - [05/May/2026:02:15:04 -0500] "GET /?nocache=1777965241 HTTP/2.0" 200 89188 "-" "BigScootsMonitor Mozilla/5.0 (Windows NT 10.0; Win64; x64) AppleWebKit/537.36 (KHTML, like Gecko) Chrome/74.0.3729.169 Safari/537.36"
51.222.136.175 - - [05/May/2026:02:15:05 -0500] "GET /?nocache=1777965241 HTTP/2.0" 200 89188 "-" "BigScootsMonitor Mozilla/5.0 (Windows NT 10.0; Win64; x64) AppleWebKit/537.36 (KHTML, like Gecko) Chrome/74.0.3729.169 Safari/537.36"
104.28.86.126 - - [05/May/2026:02:15:15 -0500] "GET /creamy-chickpea-salad/ HTTP/2.0" 499 0 "-" "Mozilla/5.0 (iPad; CPU OS 18_7 like Mac OS X) AppleWebKit/605.1.15 (KHTML, like Gecko) Version/26.2 Mobile/15E148 Safari/604.1"
18.234.124.125 - - [05/May/2026:02:15:30 -0500] "GET /southern-strawberry-jello-salad-with-cool-whip HTTP/1.1" 200 127073 "-" "Mozilla/5.0 (compatible; proximic; +https://www.comscore.com/Web-Crawler)"
197.35.125.121 - - [05/May/2026:02:15:47 -0500] "GET /wp-content/uploads/2022/12/Grinder-Salad-00.jpg HTTP/2.0" 200 700229 "-" "ChatGPT/1.2026.104 (iOS 26.4.2; iPhone15,2; build 24584068813)"
57.141.0.41 - - [05/May/2026:02:16:02 -0500] "GET /classic-chicken-salad/ HTTP/2.0" 200 540480 "-" "meta-externalagent/1.1 (+https://developers.facebook.com/docs/sharing/webmasters/crawler)"
1.145.159.115 - - [05/May/2026:02:16:29 -0500] "GET /apple-touch-icon-precomposed.png HTTP/2.0" 200 0 "-" "NetworkingExtension/8623.2.7.10.4 Network/5569.82.5 iOS/26.3.1"
1.145.159.115 - - [05/May/2026:02:16:29 -0500] "GET /apple-touch-icon.png HTTP/2.0" 200 0 "-" "NetworkingExtension/8623.2.7.10.4 Network/5569.82.5 iOS/26.3.1"
1.145.159.115 - - [05/May/2026:02:16:29 -0500] "GET /favicon.ico HTTP/2.0" 404 146 "-" "NetworkingExtension/8623.2.7.10.4 Network/5569.82.5 iOS/26.3.1"
154.18.244.252 - - [05/May/2026:02:16:29 -0500] "POST /wp-cron.php?doing_wp_cron=1777965390.0414819717407226562500 HTTP/1.1" 200 11 "-" "WordPress/6.9.4; https://easysalads.com"
1.145.159.115 - - [05/May/2026:02:16:30 -0500] "GET /rocket-salad-with-pear-parmesan/ HTTP/2.0" 200 99646 "-" "Mozilla/5.0 (Macintosh; Intel Mac OS X 10_11_1) AppleWebKit/601.2.4 (KHTML, like Gecko) Version/9.0.1 Safari/601.2.4 facebookexternalhit/1.1 Facebot Twitterbot/1.0"
