192.145.242.88 - - [05/May/2026:09:02:04 -0500] "GET /wp-content/plugins/wp-recipe-maker-premium/dist/public-pro.js?ver=10.5.0 HTTP/2.0" 200 20140 "https://easysalads.com/broccoli-raisin-salad-recipe/" "Mozilla/5.0 (iPhone; CPU iPhone OS 18_7 like Mac OS X) AppleWebKit/605.1.15 (KHTML, like Gecko) Version/26.3 Mobile/15E148 Safari/604.1"
192.145.242.88 - - [05/May/2026:09:02:04 -0500] "GET /wp-content/themes/kadence/assets/js/navigation-lite.min.js?ver=1.1.21 HTTP/2.0" 200 2083 "https://easysalads.com/broccoli-raisin-salad-recipe/" "Mozilla/5.0 (iPhone; CPU iPhone OS 18_7 like Mac OS X) AppleWebKit/605.1.15 (KHTML, like Gecko) Version/26.3 Mobile/15E148 Safari/604.1"
192.145.242.88 - - [05/May/2026:09:02:04 -0500] "GET /wp-content/plugins/social-pug/assets/dist/front-end-pro.js?ver=2.28.0 HTTP/2.0" 200 9339 "https://easysalads.com/broccoli-raisin-salad-recipe/" "Mozilla/5.0 (iPhone; CPU iPhone OS 18_7 like Mac OS X) AppleWebKit/605.1.15 (KHTML, like Gecko) Version/26.3 Mobile/15E148 Safari/604.1"
192.145.242.88 - - [05/May/2026:09:02:04 -0500] "GET /wp-content/plugins/kadence-pro/dist/mega-menu/kadence-mega-menu.min.js?ver=1.1.19 HTTP/2.0" 200 457 "https://easysalads.com/broccoli-raisin-salad-recipe/" "Mozilla/5.0 (iPhone; CPU iPhone OS 18_7 like Mac OS X) AppleWebKit/605.1.15 (KHTML, like Gecko) Version/26.3 Mobile/15E148 Safari/604.1"
192.145.242.88 - - [05/May/2026:09:02:04 -0500] "GET /wp-content/plugins/akismet/_inc/akismet-frontend.js?ver=1764724306 HTTP/2.0" 200 3016 "https://easysalads.com/broccoli-raisin-salad-recipe/" "Mozilla/5.0 (iPhone; CPU iPhone OS 18_7 like Mac OS X) AppleWebKit/605.1.15 (KHTML, like Gecko) Version/26.3 Mobile/15E148 Safari/604.1"
192.145.242.88 - - [05/May/2026:09:02:04 -0500] "GET /wp-includes/js/jquery/jquery.min.js?ver=3.7.1 HTTP/2.0" 200 29769 "https://easysalads.com/broccoli-raisin-salad-recipe/" "Mozilla/5.0 (iPhone; CPU iPhone OS 18_7 like Mac OS X) AppleWebKit/605.1.15 (KHTML, like Gecko) Version/26.3 Mobile/15E148 Safari/604.1"
192.145.242.88 - - [05/May/2026:09:02:04 -0500] "GET /wp-includes/js/jquery/jquery-migrate.min.js?ver=3.4.1 HTTP/2.0" 200 4679 "https://easysalads.com/broccoli-raisin-salad-recipe/" "Mozilla/5.0 (iPhone; CPU iPhone OS 18_7 like Mac OS X) AppleWebKit/605.1.15 (KHTML, like Gecko) Version/26.3 Mobile/15E148 Safari/604.1"
192.145.242.88 - - [05/May/2026:09:02:04 -0500] "GET /wp-content/plugins/wpforms-lite/assets/lib/jquery.validate.min.js?ver=1.21.0 HTTP/2.0" 200 7807 "https://easysalads.com/broccoli-raisin-salad-recipe/" "Mozilla/5.0 (iPhone; CPU iPhone OS 18_7 like Mac OS X) AppleWebKit/605.1.15 (KHTML, like Gecko) Version/26.3 Mobile/15E148 Safari/604.1"
192.145.242.88 - - [05/May/2026:09:02:04 -0500] "GET /wp-content/plugins/wpforms-lite/assets/lib/mailcheck.min.js?ver=1.1.2 HTTP/2.0" 200 1616 "https://easysalads.com/broccoli-raisin-salad-recipe/" "Mozilla/5.0 (iPhone; CPU iPhone OS 18_7 like Mac OS X) AppleWebKit/605.1.15 (KHTML, like Gecko) Version/26.3 Mobile/15E148 Safari/604.1"
192.145.242.88 - - [05/May/2026:09:02:04 -0500] "GET /wp-content/plugins/wpforms-lite/assets/lib/punycode.min.js?ver=1.0.0 HTTP/2.0" 200 834 "https://easysalads.com/broccoli-raisin-salad-recipe/" "Mozilla/5.0 (iPhone; CPU iPhone OS 18_7 like Mac OS X) AppleWebKit/605.1.15 (KHTML, like Gecko) Version/26.3 Mobile/15E148 Safari/604.1"
192.145.242.88 - - [05/May/2026:09:02:04 -0500] "GET /wp-content/plugins/wpforms-lite/assets/js/share/utils.min.js?ver=1.10.0.4 HTTP/2.0" 200 727 "https://easysalads.com/broccoli-raisin-salad-recipe/" "Mozilla/5.0 (iPhone; CPU iPhone OS 18_7 like Mac OS X) AppleWebKit/605.1.15 (KHTML, like Gecko) Version/26.3 Mobile/15E148 Safari/604.1"
192.145.242.88 - - [05/May/2026:09:02:04 -0500] "GET /wp-content/plugins/wpforms-lite/assets/js/frontend/wpforms.min.js?ver=1.10.0.4 HTTP/2.0" 200 14614 "https://easysalads.com/broccoli-raisin-salad-recipe/" "Mozilla/5.0 (iPhone; CPU iPhone OS 18_7 like Mac OS X) AppleWebKit/605.1.15 (KHTML, like Gecko) Version/26.3 Mobile/15E148 Safari/604.1"
192.145.242.88 - - [05/May/2026:09:02:04 -0500] "GET /wp-content/plugins/wpforms-lite/assets/js/frontend/wpforms-modern.min.js?ver=1.10.0.4 HTTP/2.0" 200 1866 "https://easysalads.com/broccoli-raisin-salad-recipe/" "Mozilla/5.0 (iPhone; CPU iPhone OS 18_7 like Mac OS X) AppleWebKit/605.1.15 (KHTML, like Gecko) Version/26.3 Mobile/15E148 Safari/604.1"
192.145.242.88 - - [05/May/2026:09:02:04 -0500] "GET /wp-content/plugins/wpforms-lite/assets/js/frontend/fields/address.min.js?ver=1.10.0.4 HTTP/2.0" 200 673 "https://easysalads.com/broccoli-raisin-salad-recipe/" "Mozilla/5.0 (iPhone; CPU iPhone OS 18_7 like Mac OS X) AppleWebKit/605.1.15 (KHTML, like Gecko) Version/26.3 Mobile/15E148 Safari/604.1"
192.145.242.88 - - [05/May/2026:09:02:04 -0500] "GET /wp-content/uploads/2024/02/broccoli-raisin-salad-04.jpg HTTP/2.0" 200 838646 "https://easysalads.com/broccoli-raisin-salad-recipe/" "Mozilla/5.0 (iPhone; CPU iPhone OS 18_7 like Mac OS X) AppleWebKit/605.1.15 (KHTML, like Gecko) Version/26.3 Mobile/15E148 Safari/604.1"
192.145.242.88 - - [05/May/2026:09:02:04 -0500] "GET /wp-content/plugins/wpforms-lite/assets/images/submit-spin.svg HTTP/2.0" 200 509 "https://easysalads.com/broccoli-raisin-salad-recipe/" "Mozilla/5.0 (iPhone; CPU iPhone OS 18_7 like Mac OS X) AppleWebKit/605.1.15 (KHTML, like Gecko) Version/26.3 Mobile/15E148 Safari/604.1"
192.145.242.88 - - [05/May/2026:09:02:04 -0500] "GET /wp-content/uploads/2024/02/broccoli-raisin-salad-00.jpg HTTP/2.0" 200 1068314 "https://easysalads.com/broccoli-raisin-salad-recipe/" "Mozilla/5.0 (iPhone; CPU iPhone OS 18_7 like Mac OS X) AppleWebKit/605.1.15 (KHTML, like Gecko) Version/26.3 Mobile/15E148 Safari/604.1"
192.145.242.88 - - [05/May/2026:09:02:04 -0500] "GET /wp-content/plugins/wp-recipe-maker/assets/icons/rating/stars-alt-5.svg HTTP/2.0" 200 976 "https://easysalads.com/broccoli-raisin-salad-recipe/" "Mozilla/5.0 (iPhone; CPU iPhone OS 18_7 like Mac OS X) AppleWebKit/605.1.15 (KHTML, like Gecko) Version/26.3 Mobile/15E148 Safari/604.1"
192.145.242.88 - - [05/May/2026:09:02:04 -0500] "GET /wp-includes/js/comment-reply.min.js?ver=6.9.4 HTTP/2.0" 200 1248 "https://easysalads.com/broccoli-raisin-salad-recipe/" "Mozilla/5.0 (iPhone; CPU iPhone OS 18_7 like Mac OS X) AppleWebKit/605.1.15 (KHTML, like Gecko) Version/26.3 Mobile/15E148 Safari/604.1"
192.145.242.88 - - [05/May/2026:09:02:04 -0500] "GET /wp-content/uploads/2024/02/Blogger-Call-Out-Icons-1.png HTTP/2.0" 404 146 "https://easysalads.com/broccoli-raisin-salad-recipe/" "Mozilla/5.0 (iPhone; CPU iPhone OS 18_7 like Mac OS X) AppleWebKit/605.1.15 (KHTML, like Gecko) Version/26.3 Mobile/15E148 Safari/604.1"
192.145.242.88 - - [05/May/2026:09:02:05 -0500] "GET /wp-content/uploads/2022/09/cropped-site-icon-easy-salads-32x32.png HTTP/2.0" 200 907 "https://easysalads.com/broccoli-raisin-salad-recipe/" "Mozilla/5.0 (iPhone; CPU iPhone OS 18_7 like Mac OS X) AppleWebKit/605.1.15 (KHTML, like Gecko) Version/26.3 Mobile/15E148 Safari/604.1"
192.145.242.88 - - [05/May/2026:09:02:05 -0500] "GET /wp-content/uploads/2022/09/cropped-site-icon-easy-salads-192x192.png HTTP/2.0" 200 8410 "https://easysalads.com/broccoli-raisin-salad-recipe/" "Mozilla/5.0 (iPhone; CPU iPhone OS 18_7 like Mac OS X) AppleWebKit/605.1.15 (KHTML, like Gecko) Version/26.3 Mobile/15E148 Safari/604.1"
3.236.88.11 - - [05/May/2026:09:02:09 -0500] "GET /category/bean-salads?html_parser HTTP/1.1" 301 5 "-" "Mozilla/5.0 (X11; Linux x86_64) AppleWebKit/537.36 (KHTML, like Gecko) Chrome/103.0.4430.93 Safari/537.36"
3.236.88.11 - - [05/May/2026:09:02:09 -0500] "GET /category/bean-salads/?html_parser HTTP/1.1" 200 93797 "-" "Mozilla/5.0 (X11; Linux x86_64) AppleWebKit/537.36 (KHTML, like Gecko) Chrome/103.0.4430.93 Safari/537.36"
192.145.242.88 - - [05/May/2026:09:02:12 -0500] "GET /wp-content/uploads/2024/02/broccoli-raisin-salad-02.jpg HTTP/2.0" 200 980314 "https://easysalads.com/broccoli-raisin-salad-recipe/" "Mozilla/5.0 (iPhone; CPU iPhone OS 18_7 like Mac OS X) AppleWebKit/605.1.15 (KHTML, like Gecko) Version/26.3 Mobile/15E148 Safari/604.1"
67.161.208.230 - - [05/May/2026:09:02:13 -0500] "GET /easy-5-bean-salad/ HTTP/2.0" 200 105514 "-" "Mozilla/5.0 (iPad; CPU OS 26_3_1 like Mac OS X) AppleWebKit/605.1.15 (KHTML, like Gecko) GSA/419.4.905781065 Mobile/15E148 Safari/604.1"
67.161.208.230 - - [05/May/2026:09:02:13 -0500] "GET /wp-content/plugins/kadence-blocks/dist/style-blocks-rowlayout.css?ver=3.6.7 HTTP/2.0" 200 1771 "https://easysalads.com/easy-5-bean-salad/" "Mozilla/5.0 (iPad; CPU OS 26_3_1 like Mac OS X) AppleWebKit/605.1.15 (KHTML, like Gecko) GSA/419.4.905781065 Mobile/15E148 Safari/604.1"
67.161.208.230 - - [05/May/2026:09:02:13 -0500] "GET /wp-content/plugins/kadence-blocks/dist/style-blocks-column.css?ver=3.6.7 HTTP/2.0" 200 428 "https://easysalads.com/easy-5-bean-salad/" "Mozilla/5.0 (iPad; CPU OS 26_3_1 like Mac OS X) AppleWebKit/605.1.15 (KHTML, like Gecko) GSA/419.4.905781065 Mobile/15E148 Safari/604.1"
67.161.208.230 - - [05/May/2026:09:02:13 -0500] "GET /wp-content/plugins/kadence-blocks/dist/style-blocks-infobox.css?ver=3.6.7 HTTP/2.0" 200 1340 "https://easysalads.com/easy-5-bean-salad/" "Mozilla/5.0 (iPad; CPU OS 26_3_1 like Mac OS X) AppleWebKit/605.1.15 (KHTML, like Gecko) GSA/419.4.905781065 Mobile/15E148 Safari/604.1"
67.161.208.230 - - [05/May/2026:09:02:13 -0500] "GET /wp-content/plugins/kadence-blocks/dist/style-blocks-advancedbtn.css?ver=3.6.7 HTTP/2.0" 200 705 "https://easysalads.com/easy-5-bean-salad/" "Mozilla/5.0 (iPad; CPU OS 26_3_1 like Mac OS X) AppleWebKit/605.1.15 (KHTML, like Gecko) GSA/419.4.905781065 Mobile/15E148 Safari/604.1"
67.161.208.230 - - [05/May/2026:09:02:13 -0500] "GET /wp-content/plugins/kadence-blocks-pro/dist/style-blocks-postgrid.css?ver=2.8.13.1 HTTP/2.0" 200 2795 "https://easysalads.com/easy-5-bean-salad/" "Mozilla/5.0 (iPad; CPU OS 26_3_1 like Mac OS X) AppleWebKit/605.1.15 (KHTML, like Gecko) GSA/419.4.905781065 Mobile/15E148 Safari/604.1"
67.161.208.230 - - [05/May/2026:09:02:13 -0500] "GET /wp-content/plugins/wp-recipe-maker/dist/public-modern.css?ver=10.5.0 HTTP/2.0" 200 7712 "https://easysalads.com/easy-5-bean-salad/" "Mozilla/5.0 (iPad; CPU OS 26_3_1 like Mac OS X) AppleWebKit/605.1.15 (KHTML, like Gecko) GSA/419.4.905781065 Mobile/15E148 Safari/604.1"
67.161.208.230 - - [05/May/2026:09:02:13 -0500] "GET /wp-content/plugins/wp-recipe-maker-premium/dist/public-pro.css?ver=10.5.0 HTTP/2.0" 200 6796 "https://easysalads.com/easy-5-bean-salad/" "Mozilla/5.0 (iPad; CPU OS 26_3_1 like Mac OS X) AppleWebKit/605.1.15 (KHTML, like Gecko) GSA/419.4.905781065 Mobile/15E148 Safari/604.1"
67.161.208.230 - - [05/May/2026:09:02:13 -0500] "GET /wp-content/themes/kadence/assets/css/global.min.css?ver=1.1.22 HTTP/2.0" 200 4256 "https://easysalads.com/easy-5-bean-salad/" "Mozilla/5.0 (iPad; CPU OS 26_3_1 like Mac OS X) AppleWebKit/605.1.15 (KHTML, like Gecko) GSA/419.4.905781065 Mobile/15E148 Safari/604.1"
67.161.208.230 - - [05/May/2026:09:02:13 -0500] "GET /wp-content/themes/kadence/assets/css/header.min.css?ver=1.1.22 HTTP/2.0" 200 4295 "https://easysalads.com/easy-5-bean-salad/" "Mozilla/5.0 (iPad; CPU OS 26_3_1 like Mac OS X) AppleWebKit/605.1.15 (KHTML, like Gecko) GSA/419.4.905781065 Mobile/15E148 Safari/604.1"
67.161.208.230 - - [05/May/2026:09:02:13 -0500] "GET /wp-content/themes/kadence/assets/css/content.min.css?ver=1.1.22 HTTP/2.0" 200 5512 "https://easysalads.com/easy-5-bean-salad/" "Mozilla/5.0 (iPad; CPU OS 26_3_1 like Mac OS X) AppleWebKit/605.1.15 (KHTML, like Gecko) GSA/419.4.905781065 Mobile/15E148 Safari/604.1"
67.161.208.230 - - [05/May/2026:09:02:13 -0500] "GET /wp-content/themes/kadence/assets/css/comments.min.css?ver=1.1.22 HTTP/2.0" 200 1289 "https://easysalads.com/easy-5-bean-salad/" "Mozilla/5.0 (iPad; CPU OS 26_3_1 like Mac OS X) AppleWebKit/605.1.15 (KHTML, like Gecko) GSA/419.4.905781065 Mobile/15E148 Safari/604.1"
67.161.208.230 - - [05/May/2026:09:02:13 -0500] "GET /wp-content/themes/kadence/assets/css/sidebar.min.css?ver=1.1.22 HTTP/2.0" 200 749 "https://easysalads.com/easy-5-bean-salad/" "Mozilla/5.0 (iPad; CPU OS 26_3_1 like Mac OS X) AppleWebKit/605.1.15 (KHTML, like Gecko) GSA/419.4.905781065 Mobile/15E148 Safari/604.1"
67.161.208.230 - - [05/May/2026:09:02:13 -0500] "GET /wp-content/themes/kadence/assets/css/footer.min.css?ver=1.1.22 HTTP/2.0" 200 1580 "https://easysalads.com/easy-5-bean-salad/" "Mozilla/5.0 (iPad; CPU OS 26_3_1 like Mac OS X) AppleWebKit/605.1.15 (KHTML, like Gecko) GSA/419.4.905781065 Mobile/15E148 Safari/604.1"
67.161.208.230 - - [05/May/2026:09:02:13 -0500] "GET /wp-content/plugins/kadence-pro/dist/mega-menu/menu-addon.css?ver=1.1.19 HTTP/2.0" 200 1126 "https://easysalads.com/easy-5-bean-salad/" "Mozilla/5.0 (iPad; CPU OS 26_3_1 like Mac OS X) AppleWebKit/605.1.15 (KHTML, like Gecko) GSA/419.4.905781065 Mobile/15E148 Safari/604.1"
67.161.208.230 - - [05/May/2026:09:02:13 -0500] "GET /wp-content/plugins/social-pug/assets/dist/style-frontend-pro.css?ver=2.28.0 HTTP/2.0" 200 11454 "https://easysalads.com/easy-5-bean-salad/" "Mozilla/5.0 (iPad; CPU OS 26_3_1 like Mac OS X) AppleWebKit/605.1.15 (KHTML, like Gecko) GSA/419.4.905781065 Mobile/15E148 Safari/604.1"
67.161.208.230 - - [05/May/2026:09:02:13 -0500] "GET /wp-content/plugins/kadence-blocks/dist/style-blocks-spacer.css?ver=3.6.7 HTTP/2.0" 200 385 "https://easysalads.com/easy-5-bean-salad/" "Mozilla/5.0 (iPad; CPU OS 26_3_1 like Mac OS X) AppleWebKit/605.1.15 (KHTML, like Gecko) GSA/419.4.905781065 Mobile/15E148 Safari/604.1"
67.161.208.230 - - [05/May/2026:09:02:13 -0500] "GET /wp-content/plugins/kadence-blocks/dist/style-blocks-iconlist.css?ver=3.6.7 HTTP/2.0" 200 597 "https://easysalads.com/easy-5-bean-salad/" "Mozilla/5.0 (iPad; CPU OS 26_3_1 like Mac OS X) AppleWebKit/605.1.15 (KHTML, like Gecko) GSA/419.4.905781065 Mobile/15E148 Safari/604.1"
67.161.208.230 - - [05/May/2026:09:02:13 -0500] "GET /wp-content/themes/restored316-sage/style.css?ver=1_0_1 HTTP/2.0" 200 1089 "https://easysalads.com/easy-5-bean-salad/" "Mozilla/5.0 (iPad; CPU OS 26_3_1 like Mac OS X) AppleWebKit/605.1.15 (KHTML, like Gecko) GSA/419.4.905781065 Mobile/15E148 Safari/604.1"
67.161.208.230 - - [05/May/2026:09:02:13 -0500] "GET /wp-content/plugins/wpforms-lite/assets/css/frontend/modern/wpforms-full.min.css?ver=1.10.0.4 HTTP/2.0" 200 14792 "https://easysalads.com/easy-5-bean-salad/" "Mozilla/5.0 (iPad; CPU OS 26_3_1 like Mac OS X) AppleWebKit/605.1.15 (KHTML, like Gecko) GSA/419.4.905781065 Mobile/15E148 Safari/604.1"
67.161.208.230 - - [05/May/2026:09:02:13 -0500] "GET /wp-content/uploads/2022/09/Easy-Salads-website-logo.png HTTP/2.0" 200 84948 "https://easysalads.com/easy-5-bean-salad/" "Mozilla/5.0 (iPad; CPU OS 26_3_1 like Mac OS X) AppleWebKit/605.1.15 (KHTML, like Gecko) GSA/419.4.905781065 Mobile/15E148 Safari/604.1"
67.161.208.230 - - [05/May/2026:09:02:13 -0500] "GET /wp-content/plugins/social-pug/assets/dist/front-end-pro.js?ver=2.28.0 HTTP/2.0" 200 9339 "https://easysalads.com/easy-5-bean-salad/" "Mozilla/5.0 (iPad; CPU OS 26_3_1 like Mac OS X) AppleWebKit/605.1.15 (KHTML, like Gecko) GSA/419.4.905781065 Mobile/15E148 Safari/604.1"
67.161.208.230 - - [05/May/2026:09:02:13 -0500] "GET /wp-content/uploads/2022/11/5-Bean-Salad-00.jpg HTTP/2.0" 200 626193 "https://easysalads.com/easy-5-bean-salad/" "Mozilla/5.0 (iPad; CPU OS 26_3_1 like Mac OS X) AppleWebKit/605.1.15 (KHTML, like Gecko) GSA/419.4.905781065 Mobile/15E148 Safari/604.1"
67.161.208.230 - - [05/May/2026:09:02:13 -0500] "GET /wp-content/plugins/wpforms-lite/assets/images/submit-spin.svg HTTP/2.0" 200 509 "https://easysalads.com/easy-5-bean-salad/" "Mozilla/5.0 (iPad; CPU OS 26_3_1 like Mac OS X) AppleWebKit/605.1.15 (KHTML, like Gecko) GSA/419.4.905781065 Mobile/15E148 Safari/604.1"
67.161.208.230 - - [05/May/2026:09:02:13 -0500] "GET /wp-content/uploads/2022/11/5-Bean-Salad-02.jpg HTTP/2.0" 200 352148 "https://easysalads.com/easy-5-bean-salad/" "Mozilla/5.0 (iPad; CPU OS 26_3_1 like Mac OS X) AppleWebKit/605.1.15 (KHTML, like Gecko) GSA/419.4.905781065 Mobile/15E148 Safari/604.1"
67.161.208.230 - - [05/May/2026:09:02:13 -0500] "GET /wp-content/plugins/wp-recipe-maker/assets/icons/rating/stars-alt-5.svg HTTP/2.0" 200 976 "https://easysalads.com/easy-5-bean-salad/" "Mozilla/5.0 (iPad; CPU OS 26_3_1 like Mac OS X) AppleWebKit/605.1.15 (KHTML, like Gecko) GSA/419.4.905781065 Mobile/15E148 Safari/604.1"
67.161.208.230 - - [05/May/2026:09:02:13 -0500] "GET /wp-content/uploads/2022/01/courtney-whitmore-easy-salads02.jpg HTTP/2.0" 200 119383 "https://easysalads.com/easy-5-bean-salad/" "Mozilla/5.0 (iPad; CPU OS 26_3_1 like Mac OS X) AppleWebKit/605.1.15 (KHTML, like Gecko) GSA/419.4.905781065 Mobile/15E148 Safari/604.1"
67.161.208.230 - - [05/May/2026:09:02:13 -0500] "GET /wp-content/uploads/2024/05/rocket-salad-03-683x1024.jpg HTTP/2.0" 200 169199 "https://easysalads.com/easy-5-bean-salad/" "Mozilla/5.0 (iPad; CPU OS 26_3_1 like Mac OS X) AppleWebKit/605.1.15 (KHTML, like Gecko) GSA/419.4.905781065 Mobile/15E148 Safari/604.1"
67.161.208.230 - - [05/May/2026:09:02:13 -0500] "GET /wp-content/uploads/2022/09/panera-tomato-basil-cucumber-salad-sq02-768x768.jpg HTTP/2.0" 200 159453 "https://easysalads.com/easy-5-bean-salad/" "Mozilla/5.0 (iPad; CPU OS 26_3_1 like Mac OS X) AppleWebKit/605.1.15 (KHTML, like Gecko) GSA/419.4.905781065 Mobile/15E148 Safari/604.1"
67.161.208.230 - - [05/May/2026:09:02:13 -0500] "GET /wp-content/uploads/2024/03/bruschetta-pasta-salad-01-683x1024.jpg HTTP/2.0" 200 211088 "https://easysalads.com/easy-5-bean-salad/" "Mozilla/5.0 (iPad; CPU OS 26_3_1 like Mac OS X) AppleWebKit/605.1.15 (KHTML, like Gecko) GSA/419.4.905781065 Mobile/15E148 Safari/604.1"
67.161.208.230 - - [05/May/2026:09:02:14 -0500] "GET /wp-content/uploads/2024/05/5-cup-salad-04-683x1024.jpg HTTP/2.0" 200 109405 "https://easysalads.com/easy-5-bean-salad/" "Mozilla/5.0 (iPad; CPU OS 26_3_1 like Mac OS X) AppleWebKit/605.1.15 (KHTML, like Gecko) GSA/419.4.905781065 Mobile/15E148 Safari/604.1"
192.145.242.88 - - [05/May/2026:09:02:15 -0500] "GET /wp-content/uploads/2022/03/TTRamillas-ExtraLight.woff2 HTTP/2.0" 200 55736 "https://easysalads.com/broccoli-raisin-salad-recipe/" "Mozilla/5.0 (iPhone; CPU iPhone OS 18_7 like Mac OS X) AppleWebKit/605.1.15 (KHTML, like Gecko) Version/26.3 Mobile/15E148 Safari/604.1"
192.145.242.88 - - [05/May/2026:09:02:15 -0500] "GET /wp-content/uploads/2022/03/TTRamillas-ExtraLightItalic.woff2 HTTP/2.0" 200 59480 "https://easysalads.com/broccoli-raisin-salad-recipe/" "Mozilla/5.0 (iPhone; CPU iPhone OS 18_7 like Mac OS X) AppleWebKit/605.1.15 (KHTML, like Gecko) Version/26.3 Mobile/15E148 Safari/604.1"
34.207.174.195 - - [05/May/2026:09:02:16 -0500] "GET /easy-5-bean-salad/ HTTP/1.1" 200 130924 "-" "Mozilla/5.0 (compatible; proximic; +https://www.comscore.com/Web-Crawler)"
67.161.208.230 - - [05/May/2026:09:02:16 -0500] "GET /wp-content/plugins/wp-recipe-maker/dist/public-modern.js?ver=10.5.0 HTTP/2.0" 200 23744 "https://easysalads.com/easy-5-bean-salad/" "Mozilla/5.0 (iPad; CPU OS 26_3_1 like Mac OS X) AppleWebKit/605.1.15 (KHTML, like Gecko) GSA/419.4.905781065 Mobile/15E148 Safari/604.1"
67.161.208.230 - - [05/May/2026:09:02:16 -0500] "GET /wp-content/plugins/wp-recipe-maker-premium/dist/public-pro.js?ver=10.5.0 HTTP/2.0" 200 20140 "https://easysalads.com/easy-5-bean-salad/" "Mozilla/5.0 (iPad; CPU OS 26_3_1 like Mac OS X) AppleWebKit/605.1.15 (KHTML, like Gecko) GSA/419.4.905781065 Mobile/15E148 Safari/604.1"
67.161.208.230 - - [05/May/2026:09:02:16 -0500] "GET /wp-content/plugins/kadence-pro/dist/mega-menu/kadence-mega-menu.min.js?ver=1.1.19 HTTP/2.0" 200 457 "https://easysalads.com/easy-5-bean-salad/" "Mozilla/5.0 (iPad; CPU OS 26_3_1 like Mac OS X) AppleWebKit/605.1.15 (KHTML, like Gecko) GSA/419.4.905781065 Mobile/15E148 Safari/604.1"
67.161.208.230 - - [05/May/2026:09:02:16 -0500] "GET /wp-content/plugins/akismet/_inc/akismet-frontend.js?ver=1764724306 HTTP/2.0" 200 3016 "https://easysalads.com/easy-5-bean-salad/" "Mozilla/5.0 (iPad; CPU OS 26_3_1 like Mac OS X) AppleWebKit/605.1.15 (KHTML, like Gecko) GSA/419.4.905781065 Mobile/15E148 Safari/604.1"
67.161.208.230 - - [05/May/2026:09:02:16 -0500] "GET /wp-includes/js/jquery/jquery.min.js?ver=3.7.1 HTTP/2.0" 200 29769 "https://easysalads.com/easy-5-bean-salad/" "Mozilla/5.0 (iPad; CPU OS 26_3_1 like Mac OS X) AppleWebKit/605.1.15 (KHTML, like Gecko) GSA/419.4.905781065 Mobile/15E148 Safari/604.1"
67.161.208.230 - - [05/May/2026:09:02:16 -0500] "GET /wp-includes/js/jquery/jquery-migrate.min.js?ver=3.4.1 HTTP/2.0" 200 4679 "https://easysalads.com/easy-5-bean-salad/" "Mozilla/5.0 (iPad; CPU OS 26_3_1 like Mac OS X) AppleWebKit/605.1.15 (KHTML, like Gecko) GSA/419.4.905781065 Mobile/15E148 Safari/604.1"
67.161.208.230 - - [05/May/2026:09:02:16 -0500] "GET /wp-content/plugins/wpforms-lite/assets/lib/jquery.validate.min.js?ver=1.21.0 HTTP/2.0" 200 7807 "https://easysalads.com/easy-5-bean-salad/" "Mozilla/5.0 (iPad; CPU OS 26_3_1 like Mac OS X) AppleWebKit/605.1.15 (KHTML, like Gecko) GSA/419.4.905781065 Mobile/15E148 Safari/604.1"
67.161.208.230 - - [05/May/2026:09:02:16 -0500] "GET /wp-content/plugins/wpforms-lite/assets/lib/mailcheck.min.js?ver=1.1.2 HTTP/2.0" 200 1616 "https://easysalads.com/easy-5-bean-salad/" "Mozilla/5.0 (iPad; CPU OS 26_3_1 like Mac OS X) AppleWebKit/605.1.15 (KHTML, like Gecko) GSA/419.4.905781065 Mobile/15E148 Safari/604.1"
67.161.208.230 - - [05/May/2026:09:02:16 -0500] "GET /wp-content/plugins/wpforms-lite/assets/lib/punycode.min.js?ver=1.0.0 HTTP/2.0" 200 834 "https://easysalads.com/easy-5-bean-salad/" "Mozilla/5.0 (iPad; CPU OS 26_3_1 like Mac OS X) AppleWebKit/605.1.15 (KHTML, like Gecko) GSA/419.4.905781065 Mobile/15E148 Safari/604.1"
67.161.208.230 - - [05/May/2026:09:02:16 -0500] "GET /wp-content/plugins/wpforms-lite/assets/js/share/utils.min.js?ver=1.10.0.4 HTTP/2.0" 200 727 "https://easysalads.com/easy-5-bean-salad/" "Mozilla/5.0 (iPad; CPU OS 26_3_1 like Mac OS X) AppleWebKit/605.1.15 (KHTML, like Gecko) GSA/419.4.905781065 Mobile/15E148 Safari/604.1"
67.161.208.230 - - [05/May/2026:09:02:16 -0500] "GET /wp-content/plugins/wpforms-lite/assets/js/frontend/wpforms.min.js?ver=1.10.0.4 HTTP/2.0" 200 14614 "https://easysalads.com/easy-5-bean-salad/" "Mozilla/5.0 (iPad; CPU OS 26_3_1 like Mac OS X) AppleWebKit/605.1.15 (KHTML, like Gecko) GSA/419.4.905781065 Mobile/15E148 Safari/604.1"
67.161.208.230 - - [05/May/2026:09:02:16 -0500] "GET /wp-content/plugins/wpforms-lite/assets/js/frontend/wpforms-modern.min.js?ver=1.10.0.4 HTTP/2.0" 200 1866 "https://easysalads.com/easy-5-bean-salad/" "Mozilla/5.0 (iPad; CPU OS 26_3_1 like Mac OS X) AppleWebKit/605.1.15 (KHTML, like Gecko) GSA/419.4.905781065 Mobile/15E148 Safari/604.1"
67.161.208.230 - - [05/May/2026:09:02:16 -0500] "GET /wp-content/plugins/wpforms-lite/assets/js/frontend/fields/address.min.js?ver=1.10.0.4 HTTP/2.0" 200 673 "https://easysalads.com/easy-5-bean-salad/" "Mozilla/5.0 (iPad; CPU OS 26_3_1 like Mac OS X) AppleWebKit/605.1.15 (KHTML, like Gecko) GSA/419.4.905781065 Mobile/15E148 Safari/604.1"
67.161.208.230 - - [05/May/2026:09:02:16 -0500] "GET /wp-includes/js/comment-reply.min.js?ver=6.9.4 HTTP/2.0" 200 1248 "https://easysalads.com/easy-5-bean-salad/" "Mozilla/5.0 (iPad; CPU OS 26_3_1 like Mac OS X) AppleWebKit/605.1.15 (KHTML, like Gecko) GSA/419.4.905781065 Mobile/15E148 Safari/604.1"
67.161.208.230 - - [05/May/2026:09:02:16 -0500] "GET /wp-content/themes/kadence/assets/js/navigation-lite.min.js?ver=1.1.21 HTTP/2.0" 200 2083 "https://easysalads.com/easy-5-bean-salad/" "Mozilla/5.0 (iPad; CPU OS 26_3_1 like Mac OS X) AppleWebKit/605.1.15 (KHTML, like Gecko) GSA/419.4.905781065 Mobile/15E148 Safari/604.1"
192.145.242.88 - - [05/May/2026:09:02:16 -0500] "GET /wp-content/uploads/2024/02/broccoli-raisin-salad-03.jpg HTTP/2.0" 200 693556 "https://easysalads.com/broccoli-raisin-salad-recipe/" "Mozilla/5.0 (iPhone; CPU iPhone OS 18_7 like Mac OS X) AppleWebKit/605.1.15 (KHTML, like Gecko) Version/26.3 Mobile/15E148 Safari/604.1"
192.145.242.88 - - [05/May/2026:09:02:17 -0500] "GET /wp-content/uploads/2024/02/broccoli-raisin-salad-04-500x500.jpg HTTP/2.0" 200 121473 "https://easysalads.com/broccoli-raisin-salad-recipe/" "Mozilla/5.0 (iPhone; CPU iPhone OS 18_7 like Mac OS X) AppleWebKit/605.1.15 (KHTML, like Gecko) Version/26.3 Mobile/15E148 Safari/604.1"
3.236.88.11 - - [05/May/2026:09:02:24 -0500] "GET /category/quick-salads/?html_parser HTTP/1.1" 200 94540 "-" "Mozilla/5.0 (X11; Linux x86_64) AppleWebKit/537.36 (KHTML, like Gecko) Chrome/103.0.4430.93 Safari/537.36"
13.221.140.25 - - [05/May/2026:09:02:29 -0500] "GET /easy-5-bean-salad/ HTTP/1.1" 200 130924 "-" "Mozilla/5.0 (compatible; proximic; +https://www.comscore.com/Web-Crawler)"
52.207.251.242 - - [05/May/2026:09:02:43 -0500] "GET /category/chopped-salads?html_parser HTTP/1.1" 301 5 "-" "Mozilla/5.0 (X11; Linux x86_64) AppleWebKit/537.36 (KHTML, like Gecko) Chrome/103.0.4430.93 Safari/537.36"
67.161.208.230 - - [05/May/2026:09:02:44 -0500] "GET /wp-content/uploads/2022/11/5-Bean-Salad-03.jpg HTTP/2.0" 200 396349 "https://easysalads.com/easy-5-bean-salad/" "Mozilla/5.0 (iPad; CPU OS 26_3_1 like Mac OS X) AppleWebKit/605.1.15 (KHTML, like Gecko) GSA/419.4.905781065 Mobile/15E148 Safari/604.1"
52.207.251.242 - - [05/May/2026:09:02:44 -0500] "GET /category/chopped-salads/?html_parser HTTP/1.1" 200 94943 "-" "Mozilla/5.0 (X11; Linux x86_64) AppleWebKit/537.36 (KHTML, like Gecko) Chrome/103.0.4430.93 Safari/537.36"
114.119.159.177 - - [05/May/2026:09:02:46 -0500] "GET /wp-content/uploads/2022/09/panera-tomato-basil-cucumber-salad-00-768x1151.jpg HTTP/1.1" 200 170664 "https://eroppa.com/panera-bread-tomato-basil-cucumber-salad/" "Mozilla/5.0 (Linux; Android 7.0;) AppleWebKit/537.36 (HTML, like Gecko) Mobile Safari/537.36 (compatible; PetalBot;+https://webmaster.petalsearch.com/site/petalbot)"
66.249.66.77 - - [05/May/2026:09:02:49 -0500] "GET /wp-content/uploads/2024/01/tomato-onion-salad-06-500x500.jpg HTTP/1.1" 200 97058 "-" "Googlebot-Image/1.0"
41.210.146.135 - - [05/May/2026:09:02:56 -0500] "GET /wp-content/uploads/2024/02/southern-potato-salad-02.jpg HTTP/2.0" 200 504740 "https://www.bing.com/" "Mozilla/5.0 (Windows NT 10.0; Win64; x64) AppleWebKit/537.36 (KHTML, like Gecko) Chrome/147.0.0.0 Safari/537.36 Edg/147.0.0.0"
67.161.208.230 - - [05/May/2026:09:02:59 -0500] "GET /easy-5-bean-salad/mraid.js HTTP/2.0" 404 146 "-" "Mozilla/5.0 (iPad; CPU OS 26_3_1 like Mac OS X) AppleWebKit/605.1.15 (KHTML, like Gecko) GSA/419.4.905781065 Mobile/15E148 Safari/604.1"
67.161.208.230 - - [05/May/2026:09:03:00 -0500] "GET /wp-content/uploads/2022/11/5-Bean-Salad-04.jpg HTTP/2.0" 200 563779 "https://easysalads.com/easy-5-bean-salad/" "Mozilla/5.0 (iPad; CPU OS 26_3_1 like Mac OS X) AppleWebKit/605.1.15 (KHTML, like Gecko) GSA/419.4.905781065 Mobile/15E148 Safari/604.1"
44.194.237.38 - - [05/May/2026:09:03:01 -0500] "GET /wprm_print/broccoli-raisin-salad HTTP/1.1" 200 10761 "-" "Mozilla/5.0 (compatible; AmazonAdBot/1.0; +https://adbot.amazon.com)"
154.18.244.252 - - [05/May/2026:09:03:04 -0500] "POST /wp-cron.php?doing_wp_cron=1777989784.6260070800781250000000 HTTP/1.1" 200 11 "-" "WordPress/6.9.4; https://easysalads.com"
57.128.189.19 - - [05/May/2026:09:03:04 -0500] "GET /?nocache=1777989721 HTTP/2.0" 200 89193 "-" "BigScootsMonitor Mozilla/5.0 (Windows NT 10.0; Win64; x64) AppleWebKit/537.36 (KHTML, like Gecko) Chrome/74.0.3729.169 Safari/537.36"
51.222.136.175 - - [05/May/2026:09:03:05 -0500] "GET /?nocache=1777989721 HTTP/2.0" 200 89193 "-" "BigScootsMonitor Mozilla/5.0 (Windows NT 10.0; Win64; x64) AppleWebKit/537.36 (KHTML, like Gecko) Chrome/74.0.3729.169 Safari/537.36"
67.161.208.230 - - [05/May/2026:09:03:07 -0500] "GET /easy-5-bean-salad/mraid.js HTTP/2.0" 404 146 "-" "Mozilla/5.0 (iPad; CPU OS 26_3_1 like Mac OS X) AppleWebKit/605.1.15 (KHTML, like Gecko) GSA/419.4.905781065 Mobile/15E148 Safari/604.1"
3.238.78.17 - - [05/May/2026:09:03:10 -0500] "GET /category/chicken-salads/?html_parser HTTP/1.1" 200 93785 "-" "Mozilla/5.0 (X11; Linux x86_64) AppleWebKit/537.36 (KHTML, like Gecko) Chrome/103.0.4430.93 Safari/537.36"
67.161.208.230 - - [05/May/2026:09:03:11 -0500] "GET /wp-content/uploads/2022/11/5-Bean-Salad-00-500x500.jpg HTTP/2.0" 200 90345 "https://easysalads.com/easy-5-bean-salad/" "Mozilla/5.0 (iPad; CPU OS 26_3_1 like Mac OS X) AppleWebKit/605.1.15 (KHTML, like Gecko) GSA/419.4.905781065 Mobile/15E148 Safari/604.1"
18.206.214.170 - - [05/May/2026:09:03:25 -0500] "GET /category/leafy-salads/?html_parser HTTP/1.1" 200 94533 "-" "Mozilla/5.0 (X11; Linux x86_64) AppleWebKit/537.36 (KHTML, like Gecko) Chrome/103.0.4430.93 Safari/537.36"
44.211.30.101 - - [05/May/2026:09:03:29 -0500] "GET /page/2/?html_parser HTTP/1.1" 200 111784 "-" "Mozilla/5.0 (X11; Linux x86_64) AppleWebKit/537.36 (KHTML, like Gecko) Chrome/103.0.4430.93 Safari/537.36"
66.249.66.168 - - [05/May/2026:09:03:42 -0500] "GET /easy-5-bean-salad HTTP/1.1" 200 105528 "-" "Mediapartners-Google"
198.175.24.218 - - [05/May/2026:09:03:46 -0500] "GET /?v=nocache-1739936881 HTTP/2.0" 200 89193 "-" "BigScoots Monitoring"
74.91.224.220 - - [05/May/2026:09:03:58 -0500] "GET /wp-login.php HTTP/2.0" 444 0 "-" "Mozilla/5.0 (X11; CrOS x86_64 10323.67.0) AppleWebKit/537.36 (KHTML, like Gecko) Chrome/65.0.3325.209 Safari/537.36"
69.171.230.6 - - [05/May/2026:09:04:13 -0500] "GET / HTTP/2.0" 200 536590 "-" "meta-webindexer/1.1 (+https://developers.facebook.com/docs/sharing/webmasters/crawler)"
154.18.244.252 - - [05/May/2026:09:04:24 -0500] "POST /wp-cron.php?doing_wp_cron=1777989864.6518950462341308593750 HTTP/1.1" 200 11 "-" "WordPress/6.9.4; https://easysalads.com"
174.129.52.87 - - [05/May/2026:09:04:24 -0500] "GET /?html_parser HTTP/1.1" 200 111779 "-" "Mozilla/5.0 (X11; Linux x86_64) AppleWebKit/537.36 (KHTML, like Gecko) Chrome/103.0.4430.93 Safari/537.36"
100.31.68.120 - - [05/May/2026:09:04:36 -0500] "GET /tomato-onion-salad/ HTTP/1.1" 200 128806 "-" "Mozilla/5.0 (compatible; proximic; +https://www.comscore.com/Web-Crawler)"
66.249.66.76 - - [05/May/2026:09:04:41 -0500] "GET /easy-5-bean-salad HTTP/1.1" 200 105528 "-" "Googlebot-Image/1.0"
3.90.83.10 - - [05/May/2026:09:04:44 -0500] "GET /tomato-onion-salad/ HTTP/1.1" 200 104226 "-" "Mozilla/5.0 (compatible; Yahoo! Slurp; http://help.yahoo.com/help/us/ysearch/slurp)"
3.90.83.10 - - [05/May/2026:09:04:44 -0500] "GET /wp-content/plugins/kadence-blocks-pro/dist/style-blocks-postgrid.css?ver=2.8.13.1 HTTP/1.1" 200 2807 "https://easysalads.com/tomato-onion-salad/" "Mozilla/5.0 (compatible; Yahoo! Slurp; http://help.yahoo.com/help/us/ysearch/slurp)"
44.193.42.212 - - [05/May/2026:09:04:44 -0500] "GET /wp-content/plugins/kadence-blocks/dist/style-blocks-infobox.css?ver=3.6.7 HTTP/1.1" 200 1352 "https://easysalads.com/tomato-onion-salad/" "Mozilla/5.0 (compatible; Yahoo! Slurp; http://help.yahoo.com/help/us/ysearch/slurp)"
3.226.7.73 - - [05/May/2026:09:04:44 -0500] "GET /wp-content/plugins/kadence-blocks/dist/style-blocks-rowlayout.css?ver=3.6.7 HTTP/1.1" 200 1783 "https://easysalads.com/tomato-onion-salad/" "Mozilla/5.0 (compatible; Yahoo! Slurp; http://help.yahoo.com/help/us/ysearch/slurp)"
52.203.13.176 - - [05/May/2026:09:04:44 -0500] "GET /wp-content/plugins/kadence-blocks/dist/style-blocks-advancedbtn.css?ver=3.6.7 HTTP/1.1" 200 717 "https://easysalads.com/tomato-onion-salad/" "Mozilla/5.0 (compatible; Yahoo! Slurp; http://help.yahoo.com/help/us/ysearch/slurp)"
3.226.7.73 - - [05/May/2026:09:04:44 -0500] "GET /wp-content/plugins/kadence-blocks/dist/style-blocks-column.css?ver=3.6.7 HTTP/1.1" 200 440 "https://easysalads.com/tomato-onion-salad/" "Mozilla/5.0 (compatible; Yahoo! Slurp; http://help.yahoo.com/help/us/ysearch/slurp)"
44.193.42.212 - - [05/May/2026:09:04:45 -0500] "GET /wp-content/plugins/wp-recipe-maker-premium/dist/public-pro.css?ver=10.5.0 HTTP/1.1" 200 6809 "https://easysalads.com/tomato-onion-salad/" "Mozilla/5.0 (compatible; Yahoo! Slurp; http://help.yahoo.com/help/us/ysearch/slurp)"
23.20.165.115 - - [05/May/2026:09:04:45 -0500] "GET /wp-content/plugins/wp-recipe-maker/dist/public-modern.css?ver=10.5.0 HTTP/1.1" 200 7725 "https://easysalads.com/tomato-onion-salad/" "Mozilla/5.0 (compatible; Yahoo! Slurp; http://help.yahoo.com/help/us/ysearch/slurp)"
3.226.7.73 - - [05/May/2026:09:04:45 -0500] "GET /wp-content/themes/kadence/assets/css/global.min.css?ver=1.1.22 HTTP/1.1" 200 4269 "https://easysalads.com/tomato-onion-salad/" "Mozilla/5.0 (compatible; Yahoo! Slurp; http://help.yahoo.com/help/us/ysearch/slurp)"
3.90.83.10 - - [05/May/2026:09:04:45 -0500] "GET /wp-content/themes/kadence/assets/css/header.min.css?ver=1.1.22 HTTP/1.1" 200 4308 "https://easysalads.com/tomato-onion-salad/" "Mozilla/5.0 (compatible; Yahoo! Slurp; http://help.yahoo.com/help/us/ysearch/slurp)"
3.226.7.73 - - [05/May/2026:09:04:45 -0500] "GET /wp-content/themes/kadence/assets/css/comments.min.css?ver=1.1.22 HTTP/1.1" 200 1301 "https://easysalads.com/tomato-onion-salad/" "Mozilla/5.0 (compatible; Yahoo! Slurp; http://help.yahoo.com/help/us/ysearch/slurp)"
52.203.13.176 - - [05/May/2026:09:04:45 -0500] "GET /wp-content/themes/kadence/assets/css/content.min.css?ver=1.1.22 HTTP/1.1" 200 5525 "https://easysalads.com/tomato-onion-salad/" "Mozilla/5.0 (compatible; Yahoo! Slurp; http://help.yahoo.com/help/us/ysearch/slurp)"
3.226.7.73 - - [05/May/2026:09:04:45 -0500] "GET /wp-content/themes/kadence/assets/css/footer.min.css?ver=1.1.22 HTTP/1.1" 200 1592 "https://easysalads.com/tomato-onion-salad/" "Mozilla/5.0 (compatible; Yahoo! Slurp; http://help.yahoo.com/help/us/ysearch/slurp)"
23.20.165.115 - - [05/May/2026:09:04:45 -0500] "GET /wp-content/plugins/kadence-pro/dist/mega-menu/menu-addon.css?ver=1.1.19 HTTP/1.1" 200 1138 "https://easysalads.com/tomato-onion-salad/" "Mozilla/5.0 (compatible; Yahoo! Slurp; http://help.yahoo.com/help/us/ysearch/slurp)"
3.90.83.10 - - [05/May/2026:09:04:45 -0500] "GET /wp-content/plugins/kadence-blocks/dist/style-blocks-iconlist.css?ver=3.6.7 HTTP/1.1" 200 609 "https://easysalads.com/tomato-onion-salad/" "Mozilla/5.0 (compatible; Yahoo! Slurp; http://help.yahoo.com/help/us/ysearch/slurp)"
44.193.42.212 - - [05/May/2026:09:04:45 -0500] "GET /wp-content/plugins/social-pug/assets/dist/style-frontend-pro.css?ver=2.28.0 HTTP/1.1" 200 11467 "https://easysalads.com/tomato-onion-salad/" "Mozilla/5.0 (compatible; Yahoo! Slurp; http://help.yahoo.com/help/us/ysearch/slurp)"
3.226.7.73 - - [05/May/2026:09:04:45 -0500] "GET /wp-content/themes/restored316-sage/style.css?ver=1_0_1 HTTP/1.1" 200 1101 "https://easysalads.com/tomato-onion-salad/" "Mozilla/5.0 (compatible; Yahoo! Slurp; http://help.yahoo.com/help/us/ysearch/slurp)"
52.203.13.176 - - [05/May/2026:09:04:45 -0500] "GET /wp-content/plugins/wpforms-lite/assets/css/frontend/modern/wpforms-full.min.css?ver=1.10.0.4 HTTP/1.1" 200 14805 "https://easysalads.com/tomato-onion-salad/" "Mozilla/5.0 (compatible; Yahoo! Slurp; http://help.yahoo.com/help/us/ysearch/slurp)"
3.226.7.73 - - [05/May/2026:09:04:45 -0500] "GET /wp-content/uploads/2022/09/Easy-Salads-website-logo-1024x301.png HTTP/1.1" 200 44390 "https://easysalads.com/tomato-onion-salad/" "Mozilla/5.0 (compatible; Yahoo! Slurp; http://help.yahoo.com/help/us/ysearch/slurp)"
23.20.165.115 - - [05/May/2026:09:04:45 -0500] "GET /wp-content/uploads/2024/01/tomato-onion-salad-06-1024x1536.jpg HTTP/1.1" 200 410167 "https://easysalads.com/tomato-onion-salad/" "Mozilla/5.0 (compatible; Yahoo! Slurp; http://help.yahoo.com/help/us/ysearch/slurp)"
3.90.83.10 - - [05/May/2026:09:04:45 -0500] "GET /wp-content/uploads/2024/01/tomato-onion-salad-04-1024x683.jpg HTTP/1.1" 200 191132 "https://easysalads.com/tomato-onion-salad/" "Mozilla/5.0 (compatible; Yahoo! Slurp; http://help.yahoo.com/help/us/ysearch/slurp)"
44.193.42.212 - - [05/May/2026:09:04:45 -0500] "GET /wp-content/plugins/kadence-blocks/dist/style-blocks-spacer.css?ver=3.6.7 HTTP/1.1" 200 397 "https://easysalads.com/tomato-onion-salad/" "Mozilla/5.0 (compatible; Yahoo! Slurp; http://help.yahoo.com/help/us/ysearch/slurp)"
3.226.7.73 - - [05/May/2026:09:04:45 -0500] "GET /wp-content/plugins/wpforms-lite/assets/images/submit-spin.svg HTTP/1.1" 200 509 "https://easysalads.com/tomato-onion-salad/" "Mozilla/5.0 (compatible; Yahoo! Slurp; http://help.yahoo.com/help/us/ysearch/slurp)"
52.203.13.176 - - [05/May/2026:09:04:45 -0500] "GET /wp-content/plugins/social-pug/assets/dist/front-end-pro.js?ver=2.28.0 HTTP/1.1" 200 9352 "https://easysalads.com/tomato-onion-salad/" "Mozilla/5.0 (compatible; Yahoo! Slurp; http://help.yahoo.com/help/us/ysearch/slurp)"
57.141.6.29 - - [05/May/2026:09:04:46 -0500] "GET /mediterranean-cucumber-salad/ HTTP/2.0" 200 544141 "-" "meta-webindexer/1.1 (+https://developers.facebook.com/docs/sharing/webmasters/crawler)"
54.224.190.1 - - [05/May/2026:09:04:49 -0500] "GET /wprm_print/tomato-and-onion-salad HTTP/1.1" 200 10716 "-" "Mozilla/5.0 (compatible; proximic; +https://www.comscore.com/Web-Crawler)"
121.200.216.56 - - [05/May/2026:09:04:52 -0500] "GET /wp-login.php HTTP/2.0" 200 1882 "-" "Mozilla/5.0 (Windows NT 6.3; Trident/7.0; rv:11.0) like Gecko"
121.200.216.56 - - [05/May/2026:09:04:53 -0500] "POST /wp-login.php HTTP/2.0" 200 2018 "https://easysalads.com/wp-login.php" "Mozilla/5.0 (Windows NT 6.3; Trident/7.0; rv:11.0) like Gecko"
184.72.84.161 - - [05/May/2026:09:04:53 -0500] "GET /wprm_print/broccoli-raisin-salad HTTP/2.0" 200 9719 "-" "Mozilla/5.0 (compatible; AmazonAdBot/1.0; +https://adbot.amazon.com)"
184.72.84.161 - - [05/May/2026:09:04:53 -0500] "GET /wp-content/plugins/wp-recipe-maker/dist/public-modern.css?ver=10.5.0 HTTP/2.0" 200 7712 "https://easysalads.com/wprm_print/broccoli-raisin-salad" "Mozilla/5.0 (compatible; AmazonAdBot/1.0; +https://adbot.amazon.com)"
184.72.84.161 - - [05/May/2026:09:04:53 -0500] "GET /wp-content/plugins/wp-recipe-maker/dist/print.css?ver=10.5.0 HTTP/2.0" 200 999 "https://easysalads.com/wprm_print/broccoli-raisin-salad" "Mozilla/5.0 (compatible; AmazonAdBot/1.0; +https://adbot.amazon.com)"
184.72.84.161 - - [05/May/2026:09:04:53 -0500] "GET /wp-content/plugins/wp-recipe-maker-premium/dist/public-pro.css?ver=10.5.0 HTTP/2.0" 200 6796 "https://easysalads.com/wprm_print/broccoli-raisin-salad" "Mozilla/5.0 (compatible; AmazonAdBot/1.0; +https://adbot.amazon.com)"
184.72.84.161 - - [05/May/2026:09:04:53 -0500] "GET /wp-content/plugins/wp-recipe-maker/dist/print.js?ver=10.5.0 HTTP/2.0" 200 2670 "https://easysalads.com/wprm_print/broccoli-raisin-salad" "Mozilla/5.0 (compatible; AmazonAdBot/1.0; +https://adbot.amazon.com)"
184.72.84.161 - - [05/May/2026:09:04:53 -0500] "GET /wp-content/plugins/wp-recipe-maker-premium/dist/print.css?ver=10.5.0 HTTP/2.0" 200 1436 "https://easysalads.com/wprm_print/broccoli-raisin-salad" "Mozilla/5.0 (compatible; AmazonAdBot/1.0; +https://adbot.amazon.com)"
184.72.84.161 - - [05/May/2026:09:04:53 -0500] "GET /wp-content/plugins/wp-recipe-maker-premium/dist/print.js?ver=10.5.0 HTTP/2.0" 200 278266 "https://easysalads.com/wprm_print/broccoli-raisin-salad" "Mozilla/5.0 (compatible; AmazonAdBot/1.0; +https://adbot.amazon.com)"
184.72.84.161 - - [05/May/2026:09:04:54 -0500] "GET /wp-content/uploads/2024/02/broccoli-raisin-salad-04-500x500.jpg HTTP/2.0" 200 121473 "https://easysalads.com/wprm_print/broccoli-raisin-salad" "Mozilla/5.0 (compatible; AmazonAdBot/1.0; +https://adbot.amazon.com)"
184.72.84.161 - - [05/May/2026:09:04:54 -0500] "GET /wp-content/uploads/2022/09/cropped-site-icon-easy-salads-32x32.png HTTP/2.0" 200 907 "https://easysalads.com/wprm_print/broccoli-raisin-salad" "Mozilla/5.0 (compatible; AmazonAdBot/1.0; +https://adbot.amazon.com)"
154.18.244.252 - - [05/May/2026:09:05:04 -0500] "POST /wp-cron.php?doing_wp_cron=1777989903.9833300113677978515625 HTTP/1.1" 200 11 "-" "WordPress/6.9.4; https://easysalads.com"
57.128.189.19 - - [05/May/2026:09:05:04 -0500] "GET /?nocache=1777989841 HTTP/2.0" 200 89193 "-" "BigScootsMonitor Mozilla/5.0 (Windows NT 10.0; Win64; x64) AppleWebKit/537.36 (KHTML, like Gecko) Chrome/74.0.3729.169 Safari/537.36"
51.222.136.175 - - [05/May/2026:09:05:04 -0500] "GET /?nocache=1777989841 HTTP/2.0" 200 89193 "-" "BigScootsMonitor Mozilla/5.0 (Windows NT 10.0; Win64; x64) AppleWebKit/537.36 (KHTML, like Gecko) Chrome/74.0.3729.169 Safari/537.36"
34.239.149.142 - - [05/May/2026:09:05:15 -0500] "GET /about/?html_parser HTTP/1.1" 200 99169 "-" "Mozilla/5.0 (X11; Linux x86_64) AppleWebKit/537.36 (KHTML, like Gecko) Chrome/103.0.4430.93 Safari/537.36"
45.147.9.132 - - [05/May/2026:09:05:27 -0500] "GET /?getversionwordpress=5&_=1777989926676521900 HTTP/1.1" 200 111779 "-" "Mozilla/5.0 (Windows NT 10.0; Win64; x64) AppleWebKit/537.36 (KHTML, like Gecko) Chrome/120.0.0.0 Safari/537.36"
45.147.9.132 - - [05/May/2026:09:05:28 -0500] "HEAD /wp-login.php HTTP/1.1" 200 0 "-" "Mozilla/5.0 (Windows NT 10.0; Win64; x64) AppleWebKit/537.36 (KHTML, like Gecko) Chrome/120.0.0.0 Safari/537.36"
24.53.240.172 - - [05/May/2026:09:05:32 -0500] "GET /easy-5-bean-salad/ HTTP/2.0" 200 105514 "-" "Mozilla/5.0 (Macintosh; Intel Mac OS X 10_15_7) AppleWebKit/605.1.15 (KHTML, like Gecko) Version/26.2 Safari/605.1.15"
135.236.141.8 - - [05/May/2026:09:05:35 -0500] "GET /wp-login.php HTTP/2.0" 444 0 "-" "Mozilla/5.0 (Windows NT 10.0; WOW64) AppleWebKit/537.36 (KHTML, like Gecko) Chrome/66.0.3359.139 Safari/537.36"
44.211.30.101 - - [05/May/2026:09:05:39 -0500] "GET /category/fruit-salads?html_parser HTTP/1.1" 301 5 "-" "Mozilla/5.0 (X11; Linux x86_64) AppleWebKit/537.36 (KHTML, like Gecko) Chrome/103.0.4430.93 Safari/537.36"
44.211.30.101 - - [05/May/2026:09:05:39 -0500] "GET /category/fruit-salads/?html_parser HTTP/1.1" 200 94187 "-" "Mozilla/5.0 (X11; Linux x86_64) AppleWebKit/537.36 (KHTML, like Gecko) Chrome/103.0.4430.93 Safari/537.36"
154.18.244.252 - - [05/May/2026:09:06:00 -0500] "POST /wp-cron.php?doing_wp_cron=1777989960.9375829696655273437500 HTTP/1.1" 200 11 "-" "WordPress/6.9.4; https://easysalads.com"
57.141.0.23 - - [05/May/2026:09:06:00 -0500] "GET /SiteMap.aspx HTTP/2.0" 404 359175 "-" "meta-externalagent/1.1 (+https://developers.facebook.com/docs/sharing/webmasters/crawler)"
103.28.36.122 - - [05/May/2026:09:06:02 -0500] "GET /wp-login.php HTTP/2.0" 444 0 "-" "Mozilla/5.0 (Windows NT 6.3; Win64; x64) AppleWebKit/537.36 (KHTML, like Gecko) Chrome/65.0.3325.181 Safari/537.36 OPR/52.0.2871.99"
121.200.217.27 - - [05/May/2026:09:06:14 -0500] "GET /wp-login.php HTTP/2.0" 444 0 "-" "Mozilla/5.0 (Macintosh; Intel Mac OS X 10_13_4) AppleWebKit/537.36 (KHTML, like Gecko) Chrome/67.0.3396.79 Safari/537.36"
54.175.65.45 - - [05/May/2026:09:06:15 -0500] "GET /category/fruit-salads/?html_parser HTTP/1.1" 200 94178 "-" "Mozilla/5.0 (X11; Linux x86_64) AppleWebKit/537.36 (KHTML, like Gecko) Chrome/103.0.4430.93 Safari/537.36"
154.18.244.252 - - [05/May/2026:09:06:49 -0500] "POST /wp-cron.php?doing_wp_cron=1777990009.2361259460449218750000 HTTP/1.1" 200 11 "-" "WordPress/6.9.4; https://easysalads.com"
3.239.4.48 - - [05/May/2026:09:06:49 -0500] "GET /blog/page/4/?html_parser HTTP/1.1" 200 98755 "-" "Mozilla/5.0 (X11; Linux x86_64) AppleWebKit/537.36 (KHTML, like Gecko) Chrome/103.0.4430.93 Safari/537.36"
162.120.186.141 - - [05/May/2026:09:07:02 -0500] "GET /shrimp-salad-old-bay/ HTTP/2.0" 200 103992 "https://www.google.com/" "Mozilla/5.0 (Windows NT 10.0; Win64; x64) AppleWebKit/537.36 (KHTML, like Gecko) Chrome/147.0.0.0 Safari/537.36"
154.18.244.252 - - [05/May/2026:09:07:04 -0500] "POST /wp-cron.php?doing_wp_cron=1777990024.2270829677581787109375 HTTP/1.1" 200 11 "-" "WordPress/6.9.4; https://easysalads.com"
57.128.189.19 - - [05/May/2026:09:07:04 -0500] "GET /?nocache=1777989961 HTTP/2.0" 200 89193 "-" "BigScootsMonitor Mozilla/5.0 (Windows NT 10.0; Win64; x64) AppleWebKit/537.36 (KHTML, like Gecko) Chrome/74.0.3729.169 Safari/537.36"
51.222.136.175 - - [05/May/2026:09:07:05 -0500] "GET /?nocache=1777989961 HTTP/2.0" 200 89194 "-" "BigScootsMonitor Mozilla/5.0 (Windows NT 10.0; Win64; x64) AppleWebKit/537.36 (KHTML, like Gecko) Chrome/74.0.3729.169 Safari/537.36"
54.196.218.203 - - [05/May/2026:09:07:17 -0500] "GET /pulled-pork-salad/ HTTP/1.1" 200 128729 "-" "Mozilla/5.0 (compatible; proximic; +https://www.comscore.com/Web-Crawler)"
192.176.172.166 - - [05/May/2026:09:07:26 -0500] "GET /wp-login.php HTTP/2.0" 444 0 "-" "Mozilla/5.0 (Macintosh; Intel Mac OS X 10_11_6) AppleWebKit/537.36 (KHTML, like Gecko) Chrome/67.0.3396.87 Safari/537.36"
3.82.108.191 - - [05/May/2026:09:07:26 -0500] "GET /blog/?html_parser HTTP/1.1" 200 99687 "-" "Mozilla/5.0 (X11; Linux x86_64) AppleWebKit/537.36 (KHTML, like Gecko) Chrome/103.0.4430.93 Safari/537.36"
192.176.172.166 - - [05/May/2026:09:07:51 -0500] "GET /wp-login.php HTTP/2.0" 444 0 "-" "Mozilla/5.0 (Windows NT 6.1; Win64; x64) AppleWebKit/537.36 (KHTML, like Gecko) Chrome/63.0.3239.132 Safari/537.36 OPR/50.0.2762.67"
91.227.37.60 - - [05/May/2026:09:08:04 -0500] "GET /wp-login.php HTTP/2.0" 444 0 "-" "Mozilla/5.0 (Windows NT 10.0; Win64; x64) AppleWebKit/537.36 (KHTML, like Gecko) Chrome/66.0.3359.181 Safari/537.36"
154.18.244.252 - - [05/May/2026:09:08:32 -0500] "POST /wp-cron.php?doing_wp_cron=1777990112.7264809608459472656250 HTTP/1.1" 200 11 "-" "WordPress/6.9.4; https://easysalads.com"
192.99.100.166 - - [05/May/2026:09:08:32 -0500] "GET /wp-login.php HTTP/2.0" 200 1882 "-" "Mozilla/5.0 (Windows NT 6.3; Win64; x64; Trident/7.0; MAGWJS; rv:11.0) like Gecko"
192.99.100.166 - - [05/May/2026:09:08:32 -0500] "POST /wp-login.php HTTP/2.0" 200 2017 "https://easysalads.com/wp-login.php" "Mozilla/5.0 (Windows NT 6.3; Win64; x64; Trident/7.0; MAGWJS; rv:11.0) like Gecko"
3.239.4.48 - - [05/May/2026:09:08:38 -0500] "GET /category/chopped-salads/?html_parser HTTP/1.1" 200 94943 "-" "Mozilla/5.0 (X11; Linux x86_64) AppleWebKit/537.36 (KHTML, like Gecko) Chrome/103.0.4430.93 Safari/537.36"
153.66.253.26 - - [05/May/2026:09:08:42 -0500] "GET /apple-touch-icon-precomposed.png HTTP/2.0" 200 0 "-" "NetworkingExtension/8623.2.7.10.4 Network/5569.82.5 iOS/26.3.1"
153.66.253.26 - - [05/May/2026:09:08:42 -0500] "GET /apple-touch-icon.png HTTP/2.0" 200 0 "-" "NetworkingExtension/8623.2.7.10.4 Network/5569.82.5 iOS/26.3.1"
153.66.253.26 - - [05/May/2026:09:08:42 -0500] "GET /favicon.ico HTTP/2.0" 404 146 "-" "NetworkingExtension/8623.2.7.10.4 Network/5569.82.5 iOS/26.3.1"
153.66.253.26 - - [05/May/2026:09:08:43 -0500] "GET /broccoli-raisin-salad-recipe/ HTTP/2.0" 200 102932 "-" "Mozilla/5.0 (Macintosh; Intel Mac OS X 10_11_1) AppleWebKit/601.2.4 (KHTML, like Gecko) Version/9.0.1 Safari/601.2.4 facebookexternalhit/1.1 Facebot Twitterbot/1.0"
153.66.253.26 - - [05/May/2026:09:08:43 -0500] "GET /wp-content/uploads/2022/09/cropped-site-icon-easy-salads-32x32.png HTTP/2.0" 200 907 "-" "NetworkingExtension/8623.2.7.10.4 Network/5569.82.5 iOS/26.3.1"
153.66.253.26 - - [05/May/2026:09:08:43 -0500] "GET /wp-content/uploads/2022/09/cropped-site-icon-easy-salads-192x192.png HTTP/2.0" 200 8410 "-" "NetworkingExtension/8623.2.7.10.4 Network/5569.82.5 iOS/26.3.1"
153.66.253.26 - - [05/May/2026:09:08:43 -0500] "GET /wp-content/uploads/2022/09/cropped-site-icon-easy-salads-180x180.png HTTP/2.0" 200 7710 "-" "NetworkingExtension/8623.2.7.10.4 Network/5569.82.5 iOS/26.3.1"
153.66.253.26 - - [05/May/2026:09:08:43 -0500] "GET /wp-content/uploads/2024/02/broccoli-raisin-salad-04.jpg HTTP/2.0" 200 838646 "-" "NetworkingExtension/8623.2.7.10.4 Network/5569.82.5 iOS/26.3.1"
153.66.253.26 - - [05/May/2026:09:08:43 -0500] "GET /wp-content/uploads/2024/02/broccoli-raisin-salad-00.jpg HTTP/2.0" 200 1068314 "-" "NetworkingExtension/8623.2.7.10.4 Network/5569.82.5 iOS/26.3.1"
153.66.253.26 - - [05/May/2026:09:08:43 -0500] "GET /wp-content/uploads/2024/02/broccoli-raisin-salad-02.jpg HTTP/2.0" 200 980314 "-" "NetworkingExtension/8623.2.7.10.4 Network/5569.82.5 iOS/26.3.1"
153.66.253.26 - - [05/May/2026:09:08:43 -0500] "GET /wp-content/uploads/2024/02/broccoli-raisin-salad-04.jpg HTTP/2.0" 200 838646 "-" "NetworkingExtension/8623.2.7.10.4 Network/5569.82.5 iOS/26.3.1"
100.31.145.21 - - [05/May/2026:09:08:48 -0500] "GET /contact/?html_parser HTTP/1.1" 200 96454 "-" "Mozilla/5.0 (X11; Linux x86_64) AppleWebKit/537.36 (KHTML, like Gecko) Chrome/103.0.4430.93 Safari/537.36"
154.18.244.252 - - [05/May/2026:09:09:04 -0500] "POST /wp-cron.php?doing_wp_cron=1777990144.2760119438171386718750 HTTP/1.1" 200 11 "-" "WordPress/6.9.4; https://easysalads.com"
57.128.189.19 - - [05/May/2026:09:09:04 -0500] "GET /?nocache=1777990081 HTTP/2.0" 200 89193 "-" "BigScootsMonitor Mozilla/5.0 (Windows NT 10.0; Win64; x64) AppleWebKit/537.36 (KHTML, like Gecko) Chrome/74.0.3729.169 Safari/537.36"
51.222.136.175 - - [05/May/2026:09:09:05 -0500] "GET /?nocache=1777990081 HTTP/2.0" 200 89193 "-" "BigScootsMonitor Mozilla/5.0 (Windows NT 10.0; Win64; x64) AppleWebKit/537.36 (KHTML, like Gecko) Chrome/74.0.3729.169 Safari/537.36"
18.212.39.99 - - [05/May/2026:09:09:10 -0500] "GET /best-protein-ideas-for-salads-creative-easy/?html_parser HTTP/1.1" 200 117539 "-" "Mozilla/5.0 (X11; Linux x86_64) AppleWebKit/537.36 (KHTML, like Gecko) Chrome/103.0.4430.93 Safari/537.36"
57.141.0.34 - - [05/May/2026:09:09:10 -0500] "GET /classic-chicken-salad/ HTTP/2.0" 200 540480 "-" "meta-externalagent/1.1 (+https://developers.facebook.com/docs/sharing/webmasters/crawler)"
154.18.244.252 - - [05/May/2026:09:09:44 -0500] "POST /wp-cron.php?doing_wp_cron=1777990184.4486880302429199218750 HTTP/1.1" 200 11 "-" "WordPress/6.9.4; https://easysalads.com"
3.235.182.235 - - [05/May/2026:09:09:44 -0500] "GET /privacy-policy/?html_parser HTTP/1.1" 200 98394 "-" "Mozilla/5.0 (X11; Linux x86_64) AppleWebKit/537.36 (KHTML, like Gecko) Chrome/103.0.4430.93 Safari/537.36"
172.59.33.38 - - [05/May/2026:09:09:50 -0500] "GET /wp-content/uploads/2024/01/tomato-onion-salad-06.jpg HTTP/2.0" 200 1661522 "-" "Blissey/1 CFNetwork/3860.500.112 Darwin/25.4.0"
