51.222.136.175 - - [05/May/2026:00:21:04 -0500] "GET /?nocache=1777958401 HTTP/2.0" 200 89189 "-" "BigScootsMonitor Mozilla/5.0 (Windows NT 10.0; Win64; x64) AppleWebKit/537.36 (KHTML, like Gecko) Chrome/74.0.3729.169 Safari/537.36"
57.128.189.19 - - [05/May/2026:00:21:04 -0500] "GET /?nocache=1777958401 HTTP/2.0" 200 89189 "-" "BigScootsMonitor Mozilla/5.0 (Windows NT 10.0; Win64; x64) AppleWebKit/537.36 (KHTML, like Gecko) Chrome/74.0.3729.169 Safari/537.36"
66.249.66.43 - - [05/May/2026:00:21:05 -0500] "GET /wp-content/uploads/2024/01/tomato-onion-salad-04.jpg HTTP/1.1" 200 712014 "-" "Googlebot-Image/1.0"
104.28.90.4 - - [05/May/2026:00:21:14 -0500] "GET /wp-content/uploads/2024/02/creamy-chickpea-salad02.jpg HTTP/2.0" 200 317503 "https://www.google.com/" "Mozilla/5.0 (iPhone; CPU iPhone OS 18_7 like Mac OS X) AppleWebKit/605.1.15 (KHTML, like Gecko) Version/26.4 Mobile/15E148 Safari/604.1"
64.227.152.124 - - [05/May/2026:00:21:18 -0500] "GET /wp-login.php HTTP/2.0" 444 0 "-" "Mozilla/5.0 (Macintosh; Intel Mac OS X 10_12_6) AppleWebKit/603.3.8 (KHTML, like Gecko) Version/10.1.2 Safari/603.3.8"
91.98.21.65 - - [05/May/2026:00:21:31 -0500] "GET /wp-login.php HTTP/2.0" 200 1883 "-" "Mozilla/5.0 (Windows NT 6.3; Win64; x64) AppleWebKit/537.36 (KHTML, like Gecko) Chrome/65.0.3325.181 Safari/537.36 OPR/52.0.2871.99"
91.98.21.65 - - [05/May/2026:00:21:31 -0500] "POST /wp-login.php HTTP/2.0" 200 2020 "https://easysalads.com/wp-login.php" "Mozilla/5.0 (Windows NT 6.3; Win64; x64) AppleWebKit/537.36 (KHTML, like Gecko) Chrome/65.0.3325.181 Safari/537.36 OPR/52.0.2871.99"
154.18.244.252 - - [05/May/2026:00:22:15 -0500] "POST /wp-cron.php?doing_wp_cron=1777958535.1611540317535400390625 HTTP/1.1" 200 11 "-" "WordPress/6.9.4; https://easysalads.com"
51.222.71.146 - - [05/May/2026:00:22:15 -0500] "GET /wp-login.php HTTP/2.0" 200 1883 "-" "Mozilla/5.0 (Windows NT 10.0; Win64; x64) AppleWebKit/537.36 (KHTML, like Gecko) Chrome/66.0.3359.170 Safari/537.36 OPR/53.0.2907.99"
51.222.71.146 - - [05/May/2026:00:22:18 -0500] "POST /wp-login.php HTTP/2.0" 200 1999 "https://easysalads.com/wp-login.php" "Mozilla/5.0 (Windows NT 10.0; Win64; x64) AppleWebKit/537.36 (KHTML, like Gecko) Chrome/66.0.3359.170 Safari/537.36 OPR/53.0.2907.99"
76.115.7.229 - - [05/May/2026:00:22:33 -0500] "GET /broccoli-raisin-salad-recipe/ HTTP/2.0" 200 102895 "https://www.google.com/" "Mozilla/5.0 (Linux; Android 10; K) AppleWebKit/537.36 (KHTML, like Gecko) Chrome/147.0.0.0 Mobile Safari/537.36"
76.115.7.229 - - [05/May/2026:00:22:33 -0500] "GET /wp-content/uploads/2022/09/Easy-Salads-website-logo-1536x451.png HTTP/2.0" 200 71572 "https://easysalads.com/broccoli-raisin-salad-recipe/" "Mozilla/5.0 (Linux; Android 10; K) AppleWebKit/537.36 (KHTML, like Gecko) Chrome/147.0.0.0 Mobile Safari/537.36"
76.115.7.229 - - [05/May/2026:00:22:33 -0500] "GET /wp-content/uploads/2024/02/broccoli-raisin-salad-04.jpg HTTP/2.0" 200 838646 "https://easysalads.com/broccoli-raisin-salad-recipe/" "Mozilla/5.0 (Linux; Android 10; K) AppleWebKit/537.36 (KHTML, like Gecko) Chrome/147.0.0.0 Mobile Safari/537.36"
76.115.7.229 - - [05/May/2026:00:22:33 -0500] "GET /wp-content/uploads/2024/02/broccoli-raisin-salad-00.jpg HTTP/2.0" 200 1068314 "https://easysalads.com/broccoli-raisin-salad-recipe/" "Mozilla/5.0 (Linux; Android 10; K) AppleWebKit/537.36 (KHTML, like Gecko) Chrome/147.0.0.0 Mobile Safari/537.36"
76.115.7.229 - - [05/May/2026:00:22:33 -0500] "GET /wp-content/uploads/2024/02/Blogger-Call-Out-Icons-1.png HTTP/2.0" 404 548 "https://easysalads.com/broccoli-raisin-salad-recipe/" "Mozilla/5.0 (Linux; Android 10; K) AppleWebKit/537.36 (KHTML, like Gecko) Chrome/147.0.0.0 Mobile Safari/537.36"
76.115.7.229 - - [05/May/2026:00:22:37 -0500] "GET /broccoli-raisin-salad-recipe/mraid.js HTTP/2.0" 404 548 "https://easysalads.com/broccoli-raisin-salad-recipe/" "Mozilla/5.0 (Linux; Android 10; K) AppleWebKit/537.36 (KHTML, like Gecko) Chrome/147.0.0.0 Mobile Safari/537.36"
76.115.7.229 - - [05/May/2026:00:22:38 -0500] "GET /creamy-parmesan-pasta-salad/ HTTP/2.0" 200 100926 "https://easysalads.com/broccoli-raisin-salad-recipe/" "Mozilla/5.0 (Linux; Android 10; K) AppleWebKit/537.36 (KHTML, like Gecko) Chrome/147.0.0.0 Mobile Safari/537.36"
220.255.66.47 - - [05/May/2026:00:22:44 -0500] "GET /wp-content/uploads/2022/11/low-carb-fruit-salad-00.jpg HTTP/2.0" 200 531191 "https://sg.images.search.yahoo.com/" "Mozilla/5.0 (Macintosh; Intel Mac OS X 10_15_7) AppleWebKit/605.1.15 (KHTML, like Gecko) Version/18.6 Safari/605.1.15"
98.93.142.72 - - [05/May/2026:00:22:49 -0500] "GET /broccoli-raisin-salad-recipe/ HTTP/1.1" 200 130690 "-" "Mozilla/5.0 (compatible; proximic; +https://www.comscore.com/Web-Crawler)"
98.87.159.67 - - [05/May/2026:00:22:50 -0500] "GET /broccoli-raisin-salad-recipe HTTP/1.1" 200 130690 "-" "Mozilla/5.0 (compatible; proximic; +https://www.comscore.com/Web-Crawler)"
209.141.54.177 - - [05/May/2026:00:22:51 -0500] "GET /wp-login.php HTTP/1.1" 200 6405 "-" "Mozilla/5.0 (iPhone; CPU iPhone OS 18_7 like Mac OS X) AppleWebKit/605.1.15 (KHTML, like Gecko) Version/18.0 Mobile/15E148 Safari/604.1"
209.141.54.177 - - [05/May/2026:00:22:52 -0500] "POST /wp-login.php HTTP/1.1" 200 6854 "-" "Mozilla/5.0 (iPhone; CPU iPhone OS 18_7 like Mac OS X) AppleWebKit/605.1.15 (KHTML, like Gecko) Version/18.0 Mobile/15E148 Safari/604.1"
76.115.7.229 - - [05/May/2026:00:22:53 -0500] "GET /wp-content/uploads/2024/02/broccoli-raisin-salad-02-1024x1536.jpg HTTP/2.0" 200 561807 "https://easysalads.com/broccoli-raisin-salad-recipe/" "Mozilla/5.0 (Linux; Android 10; K) AppleWebKit/537.36 (KHTML, like Gecko) Chrome/147.0.0.0 Mobile Safari/537.36"
76.115.7.229 - - [05/May/2026:00:22:53 -0500] "GET /broccoli-raisin-salad-recipe/mraid.js HTTP/2.0" 404 548 "https://easysalads.com/broccoli-raisin-salad-recipe/" "Mozilla/5.0 (Linux; Android 10; K) AppleWebKit/537.36 (KHTML, like Gecko) Chrome/147.0.0.0 Mobile Safari/537.36"
76.115.7.229 - - [05/May/2026:00:22:59 -0500] "GET /wp-content/uploads/2024/02/broccoli-raisin-salad-03-1024x1024.jpg HTTP/2.0" 200 380234 "https://easysalads.com/broccoli-raisin-salad-recipe/" "Mozilla/5.0 (Linux; Android 10; K) AppleWebKit/537.36 (KHTML, like Gecko) Chrome/147.0.0.0 Mobile Safari/537.36"
76.115.7.229 - - [05/May/2026:00:23:02 -0500] "GET /broccoli-raisin-salad-recipe/mraid.js HTTP/2.0" 404 548 "https://easysalads.com/broccoli-raisin-salad-recipe/" "Mozilla/5.0 (Linux; Android 10; K) AppleWebKit/537.36 (KHTML, like Gecko) Chrome/147.0.0.0 Mobile Safari/537.36"
76.115.7.229 - - [05/May/2026:00:23:03 -0500] "GET /wp-content/uploads/2024/02/broccoli-raisin-salad-04-500x500.jpg HTTP/2.0" 200 121473 "https://easysalads.com/broccoli-raisin-salad-recipe/" "Mozilla/5.0 (Linux; Android 10; K) AppleWebKit/537.36 (KHTML, like Gecko) Chrome/147.0.0.0 Mobile Safari/537.36"
154.18.244.252 - - [05/May/2026:00:23:03 -0500] "POST /wp-cron.php?doing_wp_cron=1777958583.8582320213317871093750 HTTP/1.1" 200 11 "-" "WordPress/6.9.4; https://easysalads.com"
57.128.189.19 - - [05/May/2026:00:23:03 -0500] "GET /?nocache=1777958521 HTTP/2.0" 200 89189 "-" "BigScootsMonitor Mozilla/5.0 (Windows NT 10.0; Win64; x64) AppleWebKit/537.36 (KHTML, like Gecko) Chrome/74.0.3729.169 Safari/537.36"
51.222.136.175 - - [05/May/2026:00:23:04 -0500] "GET /?nocache=1777958521 HTTP/2.0" 200 89189 "-" "BigScootsMonitor Mozilla/5.0 (Windows NT 10.0; Win64; x64) AppleWebKit/537.36 (KHTML, like Gecko) Chrome/74.0.3729.169 Safari/537.36"
76.115.7.229 - - [05/May/2026:00:23:20 -0500] "GET /easy-5-bean-salad/ HTTP/2.0" 200 103058 "https://easysalads.com/broccoli-raisin-salad-recipe/" "Mozilla/5.0 (Linux; Android 10; K) AppleWebKit/537.36 (KHTML, like Gecko) Chrome/147.0.0.0 Mobile Safari/537.36"
3.85.2.57 - - [05/May/2026:00:23:28 -0500] "GET /ads.txt HTTP/1.1" 301 5 "-" "Mozilla/5.0 (Windows NT 10.0; Win64; x64) AppleWebKit/537.36 (KHTML, like Gecko) Chrome/118.0.5993.118 Safari/537.36"
3.85.2.57 - - [05/May/2026:00:23:29 -0500] "GET /app-ads.txt HTTP/1.1" 404 92058 "-" "Mozilla/5.0 (Windows NT 10.0; Win64; x64) AppleWebKit/537.36 (KHTML, like Gecko) Chrome/118.0.5993.118 Safari/537.36"
3.85.2.57 - - [05/May/2026:00:23:29 -0500] "GET /app-ads.txt HTTP/1.1" 404 92058 "-" "Mozilla/5.0 (Windows NT 10.0; Win64; x64) AppleWebKit/537.36 (KHTML, like Gecko) Chrome/118.0.5993.118 Safari/537.36"
3.85.2.57 - - [05/May/2026:00:23:29 -0500] "GET /app-ads.txt HTTP/1.1" 301 5 "-" "Mozilla/5.0 (Windows NT 10.0; Win64; x64) AppleWebKit/537.36 (KHTML, like Gecko) Chrome/118.0.5993.118 Safari/537.36"
3.85.2.57 - - [05/May/2026:00:23:30 -0500] "GET /app-ads.txt HTTP/1.1" 404 92058 "-" "Mozilla/5.0 (Windows NT 10.0; Win64; x64) AppleWebKit/537.36 (KHTML, like Gecko) Chrome/118.0.5993.118 Safari/537.36"
154.18.244.252 - - [05/May/2026:00:24:00 -0500] "POST /wp-cron.php?doing_wp_cron=1777958640.1525909900665283203125 HTTP/1.1" 200 11 "-" "WordPress/6.9.4; https://easysalads.com"
200.69.20.165 - - [05/May/2026:00:24:00 -0500] "GET /wp-login.php HTTP/2.0" 200 1883 "-" "Mozilla/5.0 (Windows NT 10.0; WOW64) AppleWebKit/537.36 (KHTML, like Gecko) Chrome/66.0.3359.139 Safari/537.36"
200.69.20.165 - - [05/May/2026:00:24:00 -0500] "POST /wp-login.php HTTP/2.0" 200 2021 "https://easysalads.com/wp-login.php" "Mozilla/5.0 (Windows NT 10.0; WOW64) AppleWebKit/537.36 (KHTML, like Gecko) Chrome/66.0.3359.139 Safari/537.36"
76.115.7.229 - - [05/May/2026:00:24:18 -0500] "GET /broccoli-raisin-salad-recipe/mraid.js HTTP/2.0" 404 548 "https://easysalads.com/broccoli-raisin-salad-recipe/" "Mozilla/5.0 (Linux; Android 10; K) AppleWebKit/537.36 (KHTML, like Gecko) Chrome/147.0.0.0 Mobile Safari/537.36"
143.14.6.223 - - [05/May/2026:00:24:19 -0500] "GET /wp-content/uploads/2024/01/shrimp-salad-03-683x1024.jpg HTTP/1.1" 200 161479 "https://mavink.com/" "Mozilla/5.0 (Windows NT 10.0; Win64; x64) AppleWebKit/537.36 (KHTML, like Gecko) Chrome/112.0.0.0 Safari/537.36"
216.75.132.119 - - [05/May/2026:00:24:20 -0500] "GET /wp-content/uploads/2024/01/shrimp-salad-03-1024x1536.jpg HTTP/1.1" 200 316885 "https://mavink.com/" "Mozilla/5.0 (Windows NT 10.0; Win64; x64) AppleWebKit/537.36 (KHTML, like Gecko) Chrome/120.0.0.0 Safari/537.36"
74.124.149.227 - - [05/May/2026:00:24:25 -0500] "GET /wp-content/uploads/2024/01/lemon-orzo-salad-with-walnuts-03.jpg HTTP/2.0" 200 334147 "https://pizzazzerie.com/" "Mozilla/5.0 (Linux; Android 16; SM-A256U1 Build/BP2A.250605.031.A3) AppleWebKit/537.36 (KHTML, like Gecko) Version/4.0 Chrome/147.0.7727.108 Mobile Safari/537.36 [FB_IAB/FB4A;FBAV/558.0.0.70.72;IABMV/1;]"
74.124.149.227 - - [05/May/2026:00:24:25 -0500] "GET /wp-content/uploads/2024/02/cucumber-strawberry-salad-06.jpg HTTP/2.0" 200 1402483 "https://pizzazzerie.com/" "Mozilla/5.0 (Linux; Android 16; SM-A256U1 Build/BP2A.250605.031.A3) AppleWebKit/537.36 (KHTML, like Gecko) Version/4.0 Chrome/147.0.7727.108 Mobile Safari/537.36 [FB_IAB/FB4A;FBAV/558.0.0.70.72;IABMV/1;]"
74.124.149.227 - - [05/May/2026:00:24:26 -0500] "GET /wp-content/uploads/2024/01/tomato-onion-salad-06.jpg HTTP/2.0" 200 1661522 "https://pizzazzerie.com/" "Mozilla/5.0 (Linux; Android 16; SM-A256U1 Build/BP2A.250605.031.A3) AppleWebKit/537.36 (KHTML, like Gecko) Version/4.0 Chrome/147.0.7727.108 Mobile Safari/537.36 [FB_IAB/FB4A;FBAV/558.0.0.70.72;IABMV/1;]"
154.18.244.252 - - [05/May/2026:00:25:04 -0500] "POST /wp-cron.php?doing_wp_cron=1777958704.0892150402069091796875 HTTP/1.1" 200 11 "-" "WordPress/6.9.4; https://easysalads.com"
57.128.189.19 - - [05/May/2026:00:25:04 -0500] "GET /?nocache=1777958641 HTTP/2.0" 200 89189 "-" "BigScootsMonitor Mozilla/5.0 (Windows NT 10.0; Win64; x64) AppleWebKit/537.36 (KHTML, like Gecko) Chrome/74.0.3729.169 Safari/537.36"
51.222.136.175 - - [05/May/2026:00:25:05 -0500] "GET /?nocache=1777958641 HTTP/2.0" 200 89190 "-" "BigScootsMonitor Mozilla/5.0 (Windows NT 10.0; Win64; x64) AppleWebKit/537.36 (KHTML, like Gecko) Chrome/74.0.3729.169 Safari/537.36"
34.32.204.45 - - [05/May/2026:00:25:58 -0500] "GET /broccoli-raisin-salad-recipe HTTP/1.1" 200 105543 "-" "Mozilla/5.0 (Windows NT 10.0; Win64; x64) AppleWebKit/537.36 (KHTML, like Gecko) Chrome/135.0.0.0 Safari/537.36"
20.29.71.103 - - [05/May/2026:00:26:34 -0500] "POST /wp-plain.php HTTP/1.1" 404 548 "www.google.com" "Mozilla/5.0 (Linux; Android 7.0; SM-G892A Bulid/NRD90M; wv) AppleWebKit/537.36 (KHTML, like Gecko) Version/4.0 Chrome/60.0.3112.107 Moblie Safari/537.36"
20.29.71.103 - - [05/May/2026:00:26:34 -0500] "GET /wp-content/themes/seotheme/db.php?u HTTP/1.1" 404 548 "www.google.com" "Mozlila/5.0 (Linux; Android 7.0; SM-G892A Bulid/NRD90M; wv) AppleWebKit/537.36 (KHTML, like Gecko) Version/4.0 Chrome/60.0.3112.107 Moblie Safari/537.36"
20.29.71.103 - - [05/May/2026:00:26:34 -0500] "GET /mlvtxbve.php?Fox=d3wL7 HTTP/1.1" 404 548 "www.google.com" "Mozilla/5.0 (Linux; Android 7.0; SM-G892A Bulid/NRD90M; wv) AppleWebKit/537.36 (KHTML, like Gecko) Version/4.0 Chrome/60.0.3112.107 Moblie Safari/537.36"
20.29.71.103 - - [05/May/2026:00:26:34 -0500] "GET /wp-content/themes/seotheme/db.php?u HTTP/1.1" 404 548 "www.google.com" "Mozlila/5.0 (Linux; Android 7.0; SM-G892A Bulid/NRD90M; wv) AppleWebKit/537.36 (KHTML, like Gecko) Version/4.0 Chrome/60.0.3112.107 Moblie Safari/537.36"
154.18.244.252 - - [05/May/2026:00:26:35 -0500] "POST /wp-cron.php?doing_wp_cron=1777958795.0963480472564697265625 HTTP/1.1" 200 11 "-" "WordPress/6.9.4; https://easysalads.com"
20.29.71.103 - - [05/May/2026:00:26:35 -0500] "GET / HTTP/1.1" 200 526402 "-" "Mozlila/5.0 (Linux; Android 7.0; SM-G892A Bulid/NRD90M; wv) AppleWebKit/537.36 (KHTML, like Gecko) Version/4.0 Chrome/60.0.3112.107 Moblie Safari/537.36"
20.29.71.103 - - [05/May/2026:00:26:35 -0500] "POST /ALFA_DATA/alfacgiapi/perl.alfa HTTP/1.1" 404 359951 "www.google.com" "Mozlila/5.0 (Linux; Android 7.0; SM-G892A Bulid/NRD90M; wv) AppleWebKit/537.36 (KHTML, like Gecko) Version/4.0 Chrome/60.0.3112.107 Moblie Safari/537.36"
20.29.71.103 - - [05/May/2026:00:26:35 -0500] "GET /wp-content/plugins/apikey/apikey.php?test=hello HTTP/1.1" 403 548 "-" "Mozlila/5.0 (Linux; Android 7.0; SM-G892A Bulid/NRD90M; wv) AppleWebKit/537.36 (KHTML, like Gecko) Version/4.0 Chrome/60.0.3112.107 Moblie Safari/537.36"
20.29.71.103 - - [05/May/2026:00:26:35 -0500] "GET /plugins/content/apismtp/apismtp.php?test=hello HTTP/1.1" 404 548 "-" "Mozlila/5.0 (Linux; Android 7.0; SM-G892A Bulid/NRD90M; wv) AppleWebKit/537.36 (KHTML, like Gecko) Version/4.0 Chrome/60.0.3112.107 Moblie Safari/537.36"
20.29.71.103 - - [05/May/2026:00:26:35 -0500] "GET /wp-content/plugins/apikey/apikey.php.suspected?test=hello HTTP/1.1" 404 359949 "-" "Mozlila/5.0 (Linux; Android 7.0; SM-G892A Bulid/NRD90M; wv) AppleWebKit/537.36 (KHTML, like Gecko) Version/4.0 Chrome/60.0.3112.107 Moblie Safari/537.36"
20.29.71.103 - - [05/May/2026:00:26:35 -0500] "POST /alfacgiapi/perl.alfa HTTP/1.1" 404 359212 "www.google.com" "Mozlila/5.0 (Linux; Android 7.0; SM-G892A Bulid/NRD90M; wv) AppleWebKit/537.36 (KHTML, like Gecko) Version/4.0 Chrome/60.0.3112.107 Moblie Safari/537.36"
20.29.71.103 - - [05/May/2026:00:26:36 -0500] "GET /plugins/content/apismtp/apismtp.php.suspected?test=hello HTTP/1.1" 404 359950 "-" "Mozlila/5.0 (Linux; Android 7.0; SM-G892A Bulid/NRD90M; wv) AppleWebKit/537.36 (KHTML, like Gecko) Version/4.0 Chrome/60.0.3112.107 Moblie Safari/537.36"
154.18.244.252 - - [05/May/2026:00:27:02 -0500] "POST /wp-cron.php?doing_wp_cron=1777958823.0452039241790771484375 HTTP/1.1" 200 11 "-" "WordPress/6.9.4; https://easysalads.com"
198.175.24.218 - - [05/May/2026:00:27:02 -0500] "GET /?v=nocache-1739936881 HTTP/2.0" 200 89189 "-" "BigScoots Monitoring"
57.128.189.19 - - [05/May/2026:00:27:04 -0500] "GET /?nocache=1777958761 HTTP/2.0" 200 89190 "-" "BigScootsMonitor Mozilla/5.0 (Windows NT 10.0; Win64; x64) AppleWebKit/537.36 (KHTML, like Gecko) Chrome/74.0.3729.169 Safari/537.36"
51.222.136.175 - - [05/May/2026:00:27:04 -0500] "GET /?nocache=1777958761 HTTP/2.0" 200 89190 "-" "BigScootsMonitor Mozilla/5.0 (Windows NT 10.0; Win64; x64) AppleWebKit/537.36 (KHTML, like Gecko) Chrome/74.0.3729.169 Safari/537.36"
162.240.108.214 - - [05/May/2026:00:27:08 -0500] "GET /wp-login.php HTTP/2.0" 200 1883 "-" "Mozilla/5.0 (Windows NT 6.1; WOW64) AppleWebKit/537.36 (KHTML, like Gecko) Chrome/65.0.3325.181 Safari/537.36"
162.240.108.214 - - [05/May/2026:00:27:08 -0500] "POST /wp-login.php HTTP/2.0" 200 2018 "https://easysalads.com/wp-login.php" "Mozilla/5.0 (Windows NT 6.1; WOW64) AppleWebKit/537.36 (KHTML, like Gecko) Chrome/65.0.3325.181 Safari/537.36"
58.8.77.77 - - [05/May/2026:00:27:21 -0500] "GET /tomato-onion-salad/ HTTP/2.0" 200 101383 "-" "Mozilla/5.0 (iPhone; CPU iPhone OS 18_2_1 like Mac OS X) AppleWebKit/605.1.15 (KHTML, like Gecko) GSA/416.4.894748588 Mobile/15E148 Safari/604.1"
58.8.77.77 - - [05/May/2026:00:27:21 -0500] "GET /wp-content/uploads/2024/01/tomato-onion-salad-06.jpg HTTP/2.0" 200 1661522 "-" "com.google.GoogleMobile/416.4 iPhone/18.2.1 hw/iPhone15_4"
58.8.77.77 - - [05/May/2026:00:27:21 -0500] "GET /wp-content/plugins/kadence-blocks/dist/style-blocks-rowlayout.css?ver=3.6.7 HTTP/2.0" 200 1771 "https://easysalads.com/tomato-onion-salad/" "Mozilla/5.0 (iPhone; CPU iPhone OS 18_2_1 like Mac OS X) AppleWebKit/605.1.15 (KHTML, like Gecko) GSA/416.4.894748588 Mobile/15E148 Safari/604.1"
58.8.77.77 - - [05/May/2026:00:27:21 -0500] "GET /wp-content/plugins/kadence-blocks/dist/style-blocks-column.css?ver=3.6.7 HTTP/2.0" 200 428 "https://easysalads.com/tomato-onion-salad/" "Mozilla/5.0 (iPhone; CPU iPhone OS 18_2_1 like Mac OS X) AppleWebKit/605.1.15 (KHTML, like Gecko) GSA/416.4.894748588 Mobile/15E148 Safari/604.1"
58.8.77.77 - - [05/May/2026:00:27:21 -0500] "GET /wp-content/plugins/kadence-blocks/dist/style-blocks-infobox.css?ver=3.6.7 HTTP/2.0" 200 1340 "https://easysalads.com/tomato-onion-salad/" "Mozilla/5.0 (iPhone; CPU iPhone OS 18_2_1 like Mac OS X) AppleWebKit/605.1.15 (KHTML, like Gecko) GSA/416.4.894748588 Mobile/15E148 Safari/604.1"
58.8.77.77 - - [05/May/2026:00:27:21 -0500] "GET /wp-content/plugins/kadence-blocks/dist/style-blocks-advancedbtn.css?ver=3.6.7 HTTP/2.0" 200 705 "https://easysalads.com/tomato-onion-salad/" "Mozilla/5.0 (iPhone; CPU iPhone OS 18_2_1 like Mac OS X) AppleWebKit/605.1.15 (KHTML, like Gecko) GSA/416.4.894748588 Mobile/15E148 Safari/604.1"
58.8.77.77 - - [05/May/2026:00:27:21 -0500] "GET /wp-content/plugins/kadence-blocks-pro/dist/style-blocks-postgrid.css?ver=2.8.13.1 HTTP/2.0" 200 2795 "https://easysalads.com/tomato-onion-salad/" "Mozilla/5.0 (iPhone; CPU iPhone OS 18_2_1 like Mac OS X) AppleWebKit/605.1.15 (KHTML, like Gecko) GSA/416.4.894748588 Mobile/15E148 Safari/604.1"
58.8.77.77 - - [05/May/2026:00:27:21 -0500] "GET /wp-content/plugins/wp-recipe-maker/dist/public-modern.css?ver=10.5.0 HTTP/2.0" 200 7712 "https://easysalads.com/tomato-onion-salad/" "Mozilla/5.0 (iPhone; CPU iPhone OS 18_2_1 like Mac OS X) AppleWebKit/605.1.15 (KHTML, like Gecko) GSA/416.4.894748588 Mobile/15E148 Safari/604.1"
58.8.77.77 - - [05/May/2026:00:27:21 -0500] "GET /wp-content/plugins/wp-recipe-maker-premium/dist/public-pro.css?ver=10.5.0 HTTP/2.0" 200 6796 "https://easysalads.com/tomato-onion-salad/" "Mozilla/5.0 (iPhone; CPU iPhone OS 18_2_1 like Mac OS X) AppleWebKit/605.1.15 (KHTML, like Gecko) GSA/416.4.894748588 Mobile/15E148 Safari/604.1"
58.8.77.77 - - [05/May/2026:00:27:21 -0500] "GET /wp-content/themes/kadence/assets/css/global.min.css?ver=1.1.22 HTTP/2.0" 200 4256 "https://easysalads.com/tomato-onion-salad/" "Mozilla/5.0 (iPhone; CPU iPhone OS 18_2_1 like Mac OS X) AppleWebKit/605.1.15 (KHTML, like Gecko) GSA/416.4.894748588 Mobile/15E148 Safari/604.1"
58.8.77.77 - - [05/May/2026:00:27:22 -0500] "GET /wp-content/themes/kadence/assets/css/header.min.css?ver=1.1.22 HTTP/2.0" 200 4295 "https://easysalads.com/tomato-onion-salad/" "Mozilla/5.0 (iPhone; CPU iPhone OS 18_2_1 like Mac OS X) AppleWebKit/605.1.15 (KHTML, like Gecko) GSA/416.4.894748588 Mobile/15E148 Safari/604.1"
58.8.77.77 - - [05/May/2026:00:27:22 -0500] "GET /wp-content/themes/kadence/assets/css/content.min.css?ver=1.1.22 HTTP/2.0" 200 5512 "https://easysalads.com/tomato-onion-salad/" "Mozilla/5.0 (iPhone; CPU iPhone OS 18_2_1 like Mac OS X) AppleWebKit/605.1.15 (KHTML, like Gecko) GSA/416.4.894748588 Mobile/15E148 Safari/604.1"
58.8.77.77 - - [05/May/2026:00:27:22 -0500] "GET /wp-content/themes/kadence/assets/css/comments.min.css?ver=1.1.22 HTTP/2.0" 200 1289 "https://easysalads.com/tomato-onion-salad/" "Mozilla/5.0 (iPhone; CPU iPhone OS 18_2_1 like Mac OS X) AppleWebKit/605.1.15 (KHTML, like Gecko) GSA/416.4.894748588 Mobile/15E148 Safari/604.1"
58.8.77.77 - - [05/May/2026:00:27:22 -0500] "GET /wp-content/themes/kadence/assets/css/sidebar.min.css?ver=1.1.22 HTTP/2.0" 200 749 "https://easysalads.com/tomato-onion-salad/" "Mozilla/5.0 (iPhone; CPU iPhone OS 18_2_1 like Mac OS X) AppleWebKit/605.1.15 (KHTML, like Gecko) GSA/416.4.894748588 Mobile/15E148 Safari/604.1"
58.8.77.77 - - [05/May/2026:00:27:22 -0500] "GET /wp-content/themes/kadence/assets/css/footer.min.css?ver=1.1.22 HTTP/2.0" 200 1580 "https://easysalads.com/tomato-onion-salad/" "Mozilla/5.0 (iPhone; CPU iPhone OS 18_2_1 like Mac OS X) AppleWebKit/605.1.15 (KHTML, like Gecko) GSA/416.4.894748588 Mobile/15E148 Safari/604.1"
58.8.77.77 - - [05/May/2026:00:27:22 -0500] "GET /wp-content/plugins/kadence-pro/dist/mega-menu/menu-addon.css?ver=1.1.19 HTTP/2.0" 200 1126 "https://easysalads.com/tomato-onion-salad/" "Mozilla/5.0 (iPhone; CPU iPhone OS 18_2_1 like Mac OS X) AppleWebKit/605.1.15 (KHTML, like Gecko) GSA/416.4.894748588 Mobile/15E148 Safari/604.1"
58.8.77.77 - - [05/May/2026:00:27:22 -0500] "GET /wp-content/plugins/social-pug/assets/dist/style-frontend-pro.css?ver=2.28.0 HTTP/2.0" 200 11454 "https://easysalads.com/tomato-onion-salad/" "Mozilla/5.0 (iPhone; CPU iPhone OS 18_2_1 like Mac OS X) AppleWebKit/605.1.15 (KHTML, like Gecko) GSA/416.4.894748588 Mobile/15E148 Safari/604.1"
58.8.77.77 - - [05/May/2026:00:27:22 -0500] "GET /wp-content/plugins/kadence-blocks/dist/style-blocks-iconlist.css?ver=3.6.7 HTTP/2.0" 200 597 "https://easysalads.com/tomato-onion-salad/" "Mozilla/5.0 (iPhone; CPU iPhone OS 18_2_1 like Mac OS X) AppleWebKit/605.1.15 (KHTML, like Gecko) GSA/416.4.894748588 Mobile/15E148 Safari/604.1"
58.8.77.77 - - [05/May/2026:00:27:22 -0500] "GET /wp-content/themes/restored316-sage/style.css?ver=1_0_1 HTTP/2.0" 200 1089 "https://easysalads.com/tomato-onion-salad/" "Mozilla/5.0 (iPhone; CPU iPhone OS 18_2_1 like Mac OS X) AppleWebKit/605.1.15 (KHTML, like Gecko) GSA/416.4.894748588 Mobile/15E148 Safari/604.1"
58.8.77.77 - - [05/May/2026:00:27:22 -0500] "GET /wp-content/plugins/wpforms-lite/assets/css/frontend/modern/wpforms-full.min.css?ver=1.10.0.4 HTTP/2.0" 200 14792 "https://easysalads.com/tomato-onion-salad/" "Mozilla/5.0 (iPhone; CPU iPhone OS 18_2_1 like Mac OS X) AppleWebKit/605.1.15 (KHTML, like Gecko) GSA/416.4.894748588 Mobile/15E148 Safari/604.1"
58.8.77.77 - - [05/May/2026:00:27:22 -0500] "GET /wp-content/uploads/2022/09/Easy-Salads-website-logo-1536x451.png HTTP/2.0" 200 71572 "https://easysalads.com/tomato-onion-salad/" "Mozilla/5.0 (iPhone; CPU iPhone OS 18_2_1 like Mac OS X) AppleWebKit/605.1.15 (KHTML, like Gecko) GSA/416.4.894748588 Mobile/15E148 Safari/604.1"
58.8.77.77 - - [05/May/2026:00:27:22 -0500] "GET /wp-content/plugins/kadence-blocks/dist/style-blocks-spacer.css?ver=3.6.7 HTTP/2.0" 200 385 "https://easysalads.com/tomato-onion-salad/" "Mozilla/5.0 (iPhone; CPU iPhone OS 18_2_1 like Mac OS X) AppleWebKit/605.1.15 (KHTML, like Gecko) GSA/416.4.894748588 Mobile/15E148 Safari/604.1"
58.8.77.77 - - [05/May/2026:00:27:22 -0500] "GET /wp-content/plugins/wp-recipe-maker/dist/public-modern.js?ver=10.5.0 HTTP/2.0" 200 23744 "https://easysalads.com/tomato-onion-salad/" "Mozilla/5.0 (iPhone; CPU iPhone OS 18_2_1 like Mac OS X) AppleWebKit/605.1.15 (KHTML, like Gecko) GSA/416.4.894748588 Mobile/15E148 Safari/604.1"
58.8.77.77 - - [05/May/2026:00:27:22 -0500] "GET /wp-content/plugins/wp-recipe-maker-premium/dist/public-pro.js?ver=10.5.0 HTTP/2.0" 200 20140 "https://easysalads.com/tomato-onion-salad/" "Mozilla/5.0 (iPhone; CPU iPhone OS 18_2_1 like Mac OS X) AppleWebKit/605.1.15 (KHTML, like Gecko) GSA/416.4.894748588 Mobile/15E148 Safari/604.1"
58.8.77.77 - - [05/May/2026:00:27:22 -0500] "GET /wp-content/themes/kadence/assets/js/navigation-lite.min.js?ver=1.1.21 HTTP/2.0" 200 2083 "https://easysalads.com/tomato-onion-salad/" "Mozilla/5.0 (iPhone; CPU iPhone OS 18_2_1 like Mac OS X) AppleWebKit/605.1.15 (KHTML, like Gecko) GSA/416.4.894748588 Mobile/15E148 Safari/604.1"
58.8.77.77 - - [05/May/2026:00:27:22 -0500] "GET /wp-content/plugins/social-pug/assets/dist/front-end-pro.js?ver=2.28.0 HTTP/2.0" 200 9339 "https://easysalads.com/tomato-onion-salad/" "Mozilla/5.0 (iPhone; CPU iPhone OS 18_2_1 like Mac OS X) AppleWebKit/605.1.15 (KHTML, like Gecko) GSA/416.4.894748588 Mobile/15E148 Safari/604.1"
58.8.77.77 - - [05/May/2026:00:27:22 -0500] "GET /wp-content/plugins/kadence-pro/dist/mega-menu/kadence-mega-menu.min.js?ver=1.1.19 HTTP/2.0" 200 457 "https://easysalads.com/tomato-onion-salad/" "Mozilla/5.0 (iPhone; CPU iPhone OS 18_2_1 like Mac OS X) AppleWebKit/605.1.15 (KHTML, like Gecko) GSA/416.4.894748588 Mobile/15E148 Safari/604.1"
58.8.77.77 - - [05/May/2026:00:27:22 -0500] "GET /wp-content/plugins/akismet/_inc/akismet-frontend.js?ver=1764724306 HTTP/2.0" 200 3016 "https://easysalads.com/tomato-onion-salad/" "Mozilla/5.0 (iPhone; CPU iPhone OS 18_2_1 like Mac OS X) AppleWebKit/605.1.15 (KHTML, like Gecko) GSA/416.4.894748588 Mobile/15E148 Safari/604.1"
58.8.77.77 - - [05/May/2026:00:27:22 -0500] "GET /wp-includes/js/jquery/jquery.min.js?ver=3.7.1 HTTP/2.0" 200 29769 "https://easysalads.com/tomato-onion-salad/" "Mozilla/5.0 (iPhone; CPU iPhone OS 18_2_1 like Mac OS X) AppleWebKit/605.1.15 (KHTML, like Gecko) GSA/416.4.894748588 Mobile/15E148 Safari/604.1"
58.8.77.77 - - [05/May/2026:00:27:22 -0500] "GET /wp-includes/js/jquery/jquery-migrate.min.js?ver=3.4.1 HTTP/2.0" 200 4679 "https://easysalads.com/tomato-onion-salad/" "Mozilla/5.0 (iPhone; CPU iPhone OS 18_2_1 like Mac OS X) AppleWebKit/605.1.15 (KHTML, like Gecko) GSA/416.4.894748588 Mobile/15E148 Safari/604.1"
58.8.77.77 - - [05/May/2026:00:27:22 -0500] "GET /wp-content/plugins/wpforms-lite/assets/lib/jquery.validate.min.js?ver=1.21.0 HTTP/2.0" 200 7807 "https://easysalads.com/tomato-onion-salad/" "Mozilla/5.0 (iPhone; CPU iPhone OS 18_2_1 like Mac OS X) AppleWebKit/605.1.15 (KHTML, like Gecko) GSA/416.4.894748588 Mobile/15E148 Safari/604.1"
58.8.77.77 - - [05/May/2026:00:27:22 -0500] "GET /wp-content/plugins/wpforms-lite/assets/lib/mailcheck.min.js?ver=1.1.2 HTTP/2.0" 200 1616 "https://easysalads.com/tomato-onion-salad/" "Mozilla/5.0 (iPhone; CPU iPhone OS 18_2_1 like Mac OS X) AppleWebKit/605.1.15 (KHTML, like Gecko) GSA/416.4.894748588 Mobile/15E148 Safari/604.1"
58.8.77.77 - - [05/May/2026:00:27:22 -0500] "GET /wp-content/plugins/wpforms-lite/assets/lib/punycode.min.js?ver=1.0.0 HTTP/2.0" 200 834 "https://easysalads.com/tomato-onion-salad/" "Mozilla/5.0 (iPhone; CPU iPhone OS 18_2_1 like Mac OS X) AppleWebKit/605.1.15 (KHTML, like Gecko) GSA/416.4.894748588 Mobile/15E148 Safari/604.1"
58.8.77.77 - - [05/May/2026:00:27:22 -0500] "GET /wp-content/plugins/wpforms-lite/assets/js/share/utils.min.js?ver=1.10.0.4 HTTP/2.0" 200 727 "https://easysalads.com/tomato-onion-salad/" "Mozilla/5.0 (iPhone; CPU iPhone OS 18_2_1 like Mac OS X) AppleWebKit/605.1.15 (KHTML, like Gecko) GSA/416.4.894748588 Mobile/15E148 Safari/604.1"
58.8.77.77 - - [05/May/2026:00:27:22 -0500] "GET /wp-content/plugins/wpforms-lite/assets/js/frontend/wpforms.min.js?ver=1.10.0.4 HTTP/2.0" 200 14614 "https://easysalads.com/tomato-onion-salad/" "Mozilla/5.0 (iPhone; CPU iPhone OS 18_2_1 like Mac OS X) AppleWebKit/605.1.15 (KHTML, like Gecko) GSA/416.4.894748588 Mobile/15E148 Safari/604.1"
58.8.77.77 - - [05/May/2026:00:27:22 -0500] "GET /wp-content/plugins/wpforms-lite/assets/js/frontend/wpforms-modern.min.js?ver=1.10.0.4 HTTP/2.0" 200 1866 "https://easysalads.com/tomato-onion-salad/" "Mozilla/5.0 (iPhone; CPU iPhone OS 18_2_1 like Mac OS X) AppleWebKit/605.1.15 (KHTML, like Gecko) GSA/416.4.894748588 Mobile/15E148 Safari/604.1"
58.8.77.77 - - [05/May/2026:00:27:22 -0500] "GET /wp-content/plugins/wpforms-lite/assets/js/frontend/fields/address.min.js?ver=1.10.0.4 HTTP/2.0" 200 673 "https://easysalads.com/tomato-onion-salad/" "Mozilla/5.0 (iPhone; CPU iPhone OS 18_2_1 like Mac OS X) AppleWebKit/605.1.15 (KHTML, like Gecko) GSA/416.4.894748588 Mobile/15E148 Safari/604.1"
58.8.77.77 - - [05/May/2026:00:27:22 -0500] "GET /wp-content/uploads/2024/01/tomato-onion-salad-06.jpg HTTP/2.0" 200 1661522 "https://easysalads.com/tomato-onion-salad/" "Mozilla/5.0 (iPhone; CPU iPhone OS 18_2_1 like Mac OS X) AppleWebKit/605.1.15 (KHTML, like Gecko) GSA/416.4.894748588 Mobile/15E148 Safari/604.1"
58.8.77.77 - - [05/May/2026:00:27:22 -0500] "GET /wp-content/plugins/wpforms-lite/assets/images/submit-spin.svg HTTP/2.0" 200 509 "https://easysalads.com/tomato-onion-salad/" "Mozilla/5.0 (iPhone; CPU iPhone OS 18_2_1 like Mac OS X) AppleWebKit/605.1.15 (KHTML, like Gecko) GSA/416.4.894748588 Mobile/15E148 Safari/604.1"
58.8.77.77 - - [05/May/2026:00:27:22 -0500] "GET /wp-content/uploads/2022/03/TTRamillas-ExtraLight.woff2 HTTP/2.0" 200 55736 "https://easysalads.com/tomato-onion-salad/" "Mozilla/5.0 (iPhone; CPU iPhone OS 18_2_1 like Mac OS X) AppleWebKit/605.1.15 (KHTML, like Gecko) GSA/416.4.894748588 Mobile/15E148 Safari/604.1"
58.8.77.77 - - [05/May/2026:00:27:23 -0500] "GET /wp-content/uploads/2024/01/tomato-onion-salad-04.jpg HTTP/2.0" 200 712014 "https://easysalads.com/tomato-onion-salad/" "Mozilla/5.0 (iPhone; CPU iPhone OS 18_2_1 like Mac OS X) AppleWebKit/605.1.15 (KHTML, like Gecko) GSA/416.4.894748588 Mobile/15E148 Safari/604.1"
58.8.77.77 - - [05/May/2026:00:27:23 -0500] "GET /wp-includes/js/comment-reply.min.js?ver=6.9.4 HTTP/2.0" 200 1248 "https://easysalads.com/tomato-onion-salad/" "Mozilla/5.0 (iPhone; CPU iPhone OS 18_2_1 like Mac OS X) AppleWebKit/605.1.15 (KHTML, like Gecko) GSA/416.4.894748588 Mobile/15E148 Safari/604.1"
58.8.77.77 - - [05/May/2026:00:27:38 -0500] "GET /wp-content/uploads/2024/01/tomato-onion-salad-03.jpg HTTP/2.0" 200 1115482 "https://easysalads.com/tomato-onion-salad/" "Mozilla/5.0 (iPhone; CPU iPhone OS 18_2_1 like Mac OS X) AppleWebKit/605.1.15 (KHTML, like Gecko) GSA/416.4.894748588 Mobile/15E148 Safari/604.1"
58.8.77.77 - - [05/May/2026:00:27:40 -0500] "GET /wp-content/uploads/2024/01/tomato-onion-salad-06-500x500.jpg HTTP/2.0" 200 97058 "https://easysalads.com/tomato-onion-salad/" "Mozilla/5.0 (iPhone; CPU iPhone OS 18_2_1 like Mac OS X) AppleWebKit/605.1.15 (KHTML, like Gecko) GSA/416.4.894748588 Mobile/15E148 Safari/604.1"
104.167.19.243 - - [05/May/2026:00:27:42 -0500] "GET /mediterranean-cucumber-salad/ HTTP/1.1" 200 104101 "https://easysalads.com/" "Mozilla/5.0 (X11; CrOS x86_64 14541.0.0) AppleWebKit/537.36 (KHTML, like Gecko) Chrome/145.0.0.0 Safari/537.36"
104.167.19.243 - - [05/May/2026:00:27:43 -0500] "GET /southern-strawberry-jello-salad-with-cool-whip/ HTTP/1.1" 200 102867 "https://easysalads.com/mediterranean-cucumber-salad/" "Mozilla/5.0 (X11; CrOS x86_64 14541.0.0) AppleWebKit/537.36 (KHTML, like Gecko) Chrome/145.0.0.0 Safari/537.36"
103.216.221.95 - - [05/May/2026:00:28:04 -0500] "HEAD /wp-content/uploads/2022/11/creamy-apple-cider-dressing-01-1024x683.jpg HTTP/1.1" 200 0 "-" "Mozilla/5.0"
35.231.11.100 - - [05/May/2026:00:28:28 -0500] "GET /southern-strawberry-jello-salad-with-cool-whip/ HTTP/1.1" 200 127073 "-" "Mozilla/5.0 (compatible; Trafilatura)"
172.56.171.177 - - [05/May/2026:00:28:28 -0500] "GET /wp-content/uploads/2024/03/Edamame-Corn-Salad-05.jpg HTTP/2.0" 200 604340 "https://budgetingforbliss.com/" "Mozilla/5.0 (iPhone; CPU iPhone OS 18_7 like Mac OS X) AppleWebKit/605.1.15 (KHTML, like Gecko) Mobile/15E148 Pinterest/iOS"
154.18.244.252 - - [05/May/2026:00:28:30 -0500] "POST /wp-cron.php?doing_wp_cron=1777958910.5895450115203857421875 HTTP/1.1" 200 11 "-" "WordPress/6.9.4; https://easysalads.com"
188.241.62.65 - - [05/May/2026:00:28:30 -0500] "GET /wp-login.php HTTP/2.0" 200 1883 "-" "Mozilla/5.0 (Macintosh; Intel Mac OS X 10_12_6) AppleWebKit/604.1.38 (KHTML, like Gecko) Version/11.0 Safari/604.1.38"
188.241.62.65 - - [05/May/2026:00:28:30 -0500] "POST /wp-login.php HTTP/2.0" 200 2020 "https://easysalads.com/wp-login.php" "Mozilla/5.0 (Macintosh; Intel Mac OS X 10_12_6) AppleWebKit/604.1.38 (KHTML, like Gecko) Version/11.0 Safari/604.1.38"
154.18.244.252 - - [05/May/2026:00:29:04 -0500] "POST /wp-cron.php?doing_wp_cron=1777958944.7407379150390625000000 HTTP/1.1" 200 11 "-" "WordPress/6.9.4; https://easysalads.com"
51.222.136.175 - - [05/May/2026:00:29:04 -0500] "GET /?nocache=1777958881 HTTP/2.0" 200 89190 "-" "BigScootsMonitor Mozilla/5.0 (Windows NT 10.0; Win64; x64) AppleWebKit/537.36 (KHTML, like Gecko) Chrome/74.0.3729.169 Safari/537.36"
57.128.189.19 - - [05/May/2026:00:29:04 -0500] "GET /?nocache=1777958881 HTTP/2.0" 200 89190 "-" "BigScootsMonitor Mozilla/5.0 (Windows NT 10.0; Win64; x64) AppleWebKit/537.36 (KHTML, like Gecko) Chrome/74.0.3729.169 Safari/537.36"
66.249.66.44 - - [05/May/2026:00:29:27 -0500] "GET /wp-content/uploads/2024/01/tomato-onion-salad-06-200x300.jpg HTTP/1.1" 200 27212 "-" "Googlebot-Image/1.0"
165.232.136.194 - - [05/May/2026:00:30:05 -0500] "GET /wp-content/uploads/2024/06/street-corn-pasta-salad-03.jpg HTTP/2.0" 200 900604 "https://easysalads.com" "Mozilla/5.0 (Windows NT 10.0; Win64; x64) AppleWebKit/537.36 (KHTML, like Gecko) Chrome/147.0.0.0 Safari/537.36"
154.18.244.252 - - [05/May/2026:00:30:50 -0500] "POST /wp-cron.php?doing_wp_cron=1777959050.1906919479370117187500 HTTP/1.1" 200 11 "-" "WordPress/6.9.4; https://easysalads.com"
142.93.217.129 - - [05/May/2026:00:30:50 -0500] "GET /wp-login.php HTTP/2.0" 200 1883 "-" "Mozilla/5.0 (Windows NT 6.1; WOW64) AppleWebKit/537.36 (KHTML, like Gecko) Chrome/66.0.3359.181 Safari/537.36"
142.93.217.129 - - [05/May/2026:00:30:50 -0500] "POST /wp-login.php HTTP/2.0" 200 2020 "https://easysalads.com/wp-login.php" "Mozilla/5.0 (Windows NT 6.1; WOW64) AppleWebKit/537.36 (KHTML, like Gecko) Chrome/66.0.3359.181 Safari/537.36"
188.241.62.65 - - [05/May/2026:00:30:54 -0500] "GET /wp-login.php HTTP/2.0" 200 1883 "-" "Mozilla/5.0 (Macintosh; Intel Mac OS X 10_11_6) AppleWebKit/603.1.30 (KHTML, like Gecko) Version/10.1 Safari/603.1.30"
154.18.244.252 - - [05/May/2026:00:30:55 -0500] "POST /wp-cron.php?doing_wp_cron=1777959055.4005689620971679687500 HTTP/1.1" 200 11 "-" "WordPress/6.9.4; https://easysalads.com"
188.241.62.65 - - [05/May/2026:00:30:55 -0500] "POST /wp-login.php HTTP/2.0" 200 2018 "https://easysalads.com/wp-login.php" "Mozilla/5.0 (Macintosh; Intel Mac OS X 10_11_6) AppleWebKit/603.1.30 (KHTML, like Gecko) Version/10.1 Safari/603.1.30"
57.128.189.19 - - [05/May/2026:00:31:04 -0500] "GET /?nocache=1777959001 HTTP/2.0" 200 89189 "-" "BigScootsMonitor Mozilla/5.0 (Windows NT 10.0; Win64; x64) AppleWebKit/537.36 (KHTML, like Gecko) Chrome/74.0.3729.169 Safari/537.36"
51.222.136.175 - - [05/May/2026:00:31:05 -0500] "GET /?nocache=1777959001 HTTP/2.0" 200 89189 "-" "BigScootsMonitor Mozilla/5.0 (Windows NT 10.0; Win64; x64) AppleWebKit/537.36 (KHTML, like Gecko) Chrome/74.0.3729.169 Safari/537.36"
123.30.233.13 - - [05/May/2026:00:31:15 -0500] "GET /wp-login.php HTTP/2.0" 444 0 "-" "Mozilla/5.0 (Windows NT 6.1; WOW64; Trident/7.0; EIE10;ENUSWOL; rv:11.0) like Gecko"
185.110.189.235 - - [05/May/2026:00:31:30 -0500] "GET /wp-login.php HTTP/2.0" 444 0 "-" "Mozilla/5.0 (Windows NT 6.1) AppleWebKit/537.36 (KHTML, like Gecko) Chrome/66.0.3359.181 Safari/537.36"
43.225.108.103 - - [05/May/2026:00:31:31 -0500] "GET /wp-login.php HTTP/2.0" 200 1883 "-" "Mozilla/5.0 (Windows NT 6.3; Win64; x64; rv:61.0) Gecko/20100101 Firefox/61.0"
43.225.108.103 - - [05/May/2026:00:31:31 -0500] "POST /wp-login.php HTTP/2.0" 200 1999 "https://easysalads.com/wp-login.php" "Mozilla/5.0 (Windows NT 6.3; Win64; x64; rv:61.0) Gecko/20100101 Firefox/61.0"
154.18.244.252 - - [05/May/2026:00:33:04 -0500] "POST /wp-cron.php?doing_wp_cron=1777959184.3663671016693115234375 HTTP/1.1" 200 11 "-" "WordPress/6.9.4; https://easysalads.com"
57.128.189.19 - - [05/May/2026:00:33:04 -0500] "GET /?nocache=1777959121 HTTP/2.0" 200 89189 "-" "BigScootsMonitor Mozilla/5.0 (Windows NT 10.0; Win64; x64) AppleWebKit/537.36 (KHTML, like Gecko) Chrome/74.0.3729.169 Safari/537.36"
51.222.136.175 - - [05/May/2026:00:33:04 -0500] "GET /?nocache=1777959121 HTTP/2.0" 200 89189 "-" "BigScootsMonitor Mozilla/5.0 (Windows NT 10.0; Win64; x64) AppleWebKit/537.36 (KHTML, like Gecko) Chrome/74.0.3729.169 Safari/537.36"
188.241.62.65 - - [05/May/2026:00:33:20 -0500] "GET /wp-login.php HTTP/2.0" 200 1883 "-" "Mozilla/5.0 (Macintosh; Intel Mac OS X 10_10_5) AppleWebKit/537.36 (KHTML, like Gecko) Chrome/67.0.3396.87 Safari/537.36"
188.241.62.65 - - [05/May/2026:00:33:20 -0500] "POST /wp-login.php HTTP/2.0" 200 2021 "https://easysalads.com/wp-login.php" "Mozilla/5.0 (Macintosh; Intel Mac OS X 10_10_5) AppleWebKit/537.36 (KHTML, like Gecko) Chrome/67.0.3396.87 Safari/537.36"
178.104.48.247 - - [05/May/2026:00:33:33 -0500] "GET /wp-login.php HTTP/2.0" 444 0 "-" "Mozilla/5.0 (Windows NT 6.2; Win64; x64) AppleWebKit/537.36 (KHTML, like Gecko) Chrome/52.0.2743.116 Safari/537.36 Edge/15.15063"
144.126.133.143 - - [05/May/2026:00:33:51 -0500] "GET /wp-login.php HTTP/2.0" 200 1883 "-" "Mozilla/4.0 (compatible; MSIE 7.0; Windows NT 6.2; Win64; x64; Trident/7.0; .NET4.0C; .NET4.0E)"
144.126.133.143 - - [05/May/2026:00:33:52 -0500] "POST /wp-login.php HTTP/2.0" 200 2019 "https://easysalads.com/wp-login.php" "Mozilla/4.0 (compatible; MSIE 7.0; Windows NT 6.2; Win64; x64; Trident/7.0; .NET4.0C; .NET4.0E)"
40.83.75.73 - - [05/May/2026:00:34:14 -0500] "GET /xleet.php HTTP/1.1" 404 548 "-" "Mozilla/5.0 (Windows NT 10.0; Win64; x64) AppleWebKit/537.36 (KHTML, like Gecko) Chrome/120.0.0.0 Safari/537.36"
40.83.75.73 - - [05/May/2026:00:34:14 -0500] "GET /xmrlpc.php HTTP/1.1" 404 548 "-" "Mozilla/5.0 (Windows NT 10.0; Win64; x64) AppleWebKit/537.36 (KHTML, like Gecko) Chrome/120.0.0.0 Safari/537.36"
40.83.75.73 - - [05/May/2026:00:34:14 -0500] "GET /1.php HTTP/1.1" 404 548 "-" "Mozilla/5.0 (Windows NT 10.0; Win64; x64) AppleWebKit/537.36 (KHTML, like Gecko) Chrome/120.0.0.0 Safari/537.36"
40.83.75.73 - - [05/May/2026:00:34:15 -0500] "GET /2.php HTTP/1.1" 404 548 "-" "Mozilla/5.0 (Windows NT 10.0; Win64; x64) AppleWebKit/537.36 (KHTML, like Gecko) Chrome/120.0.0.0 Safari/537.36"
40.83.75.73 - - [05/May/2026:00:34:15 -0500] "GET /a.php HTTP/1.1" 404 548 "-" "Mozilla/5.0 (Windows NT 10.0; Win64; x64) AppleWebKit/537.36 (KHTML, like Gecko) Chrome/120.0.0.0 Safari/537.36"
40.83.75.73 - - [05/May/2026:00:34:15 -0500] "GET /aa.php HTTP/1.1" 404 548 "-" "Mozilla/5.0 (Windows NT 10.0; Win64; x64) AppleWebKit/537.36 (KHTML, like Gecko) Chrome/120.0.0.0 Safari/537.36"
40.83.75.73 - - [05/May/2026:00:34:15 -0500] "GET /aaa.php HTTP/1.1" 404 548 "-" "Mozilla/5.0 (Windows NT 10.0; Win64; x64) AppleWebKit/537.36 (KHTML, like Gecko) Chrome/120.0.0.0 Safari/537.36"
40.83.75.73 - - [05/May/2026:00:34:15 -0500] "GET /abcd.php HTTP/1.1" 404 548 "-" "Mozilla/5.0 (Windows NT 10.0; Win64; x64) AppleWebKit/537.36 (KHTML, like Gecko) Chrome/120.0.0.0 Safari/537.36"
40.83.75.73 - - [05/May/2026:00:34:15 -0500] "GET /about.php HTTP/1.1" 404 548 "-" "Mozilla/5.0 (Windows NT 10.0; Win64; x64) AppleWebKit/537.36 (KHTML, like Gecko) Chrome/120.0.0.0 Safari/537.36"
40.83.75.73 - - [05/May/2026:00:34:16 -0500] "GET /admin.php HTTP/1.1" 404 548 "-" "Mozilla/5.0 (Windows NT 10.0; Win64; x64) AppleWebKit/537.36 (KHTML, like Gecko) Chrome/120.0.0.0 Safari/537.36"
154.18.244.252 - - [05/May/2026:00:34:16 -0500] "POST /wp-cron.php?doing_wp_cron=1777959256.5540308952331542968750 HTTP/1.1" 200 11 "-" "WordPress/6.9.4; https://easysalads.com"
40.83.75.73 - - [05/May/2026:00:34:16 -0500] "GET /admin/controller/extension/ HTTP/1.1" 301 5 "-" "Mozilla/5.0 (Windows NT 10.0; Win64; x64) AppleWebKit/537.36 (KHTML, like Gecko) Chrome/120.0.0.0 Safari/537.36"
40.83.75.73 - - [05/May/2026:00:34:16 -0500] "GET /adminfuns.php HTTP/1.1" 404 548 "-" "Mozilla/5.0 (Windows NT 10.0; Win64; x64) AppleWebKit/537.36 (KHTML, like Gecko) Chrome/120.0.0.0 Safari/537.36"
40.83.75.73 - - [05/May/2026:00:34:16 -0500] "GET /alfa.php HTTP/1.1" 404 548 "-" "Mozilla/5.0 (Windows NT 10.0; Win64; x64) AppleWebKit/537.36 (KHTML, like Gecko) Chrome/120.0.0.0 Safari/537.36"
40.83.75.73 - - [05/May/2026:00:34:17 -0500] "GET /anonse/lock360.php HTTP/1.1" 404 548 "-" "Mozilla/5.0 (Windows NT 10.0; Win64; x64) AppleWebKit/537.36 (KHTML, like Gecko) Chrome/120.0.0.0 Safari/537.36"
40.83.75.73 - - [05/May/2026:00:34:17 -0500] "GET /archive.php HTTP/1.1" 404 548 "-" "Mozilla/5.0 (Windows NT 10.0; Win64; x64) AppleWebKit/537.36 (KHTML, like Gecko) Chrome/120.0.0.0 Safari/537.36"
40.83.75.73 - - [05/May/2026:00:34:17 -0500] "GET /atomlib.php HTTP/1.1" 404 548 "-" "Mozilla/5.0 (Windows NT 10.0; Win64; x64) AppleWebKit/537.36 (KHTML, like Gecko) Chrome/120.0.0.0 Safari/537.36"
40.83.75.73 - - [05/May/2026:00:34:17 -0500] "GET /autoload_classmap.php HTTP/1.1" 404 548 "-" "Mozilla/5.0 (Windows NT 10.0; Win64; x64) AppleWebKit/537.36 (KHTML, like Gecko) Chrome/120.0.0.0 Safari/537.36"
40.83.75.73 - - [05/May/2026:00:34:17 -0500] "GET /chosen.php HTTP/1.1" 404 548 "-" "Mozilla/5.0 (Windows NT 10.0; Win64; x64) AppleWebKit/537.36 (KHTML, like Gecko) Chrome/120.0.0.0 Safari/537.36"
40.83.75.73 - - [05/May/2026:00:34:18 -0500] "GET /config.php HTTP/1.1" 404 548 "-" "Mozilla/5.0 (Windows NT 10.0; Win64; x64) AppleWebKit/537.36 (KHTML, like Gecko) Chrome/120.0.0.0 Safari/537.36"
40.83.75.73 - - [05/May/2026:00:34:18 -0500] "GET /cookie.php HTTP/1.1" 404 548 "-" "Mozilla/5.0 (Windows NT 10.0; Win64; x64) AppleWebKit/537.36 (KHTML, like Gecko) Chrome/120.0.0.0 Safari/537.36"
40.83.75.73 - - [05/May/2026:00:34:18 -0500] "GET /core.php HTTP/1.1" 404 548 "-" "Mozilla/5.0 (Windows NT 10.0; Win64; x64) AppleWebKit/537.36 (KHTML, like Gecko) Chrome/120.0.0.0 Safari/537.36"
40.83.75.73 - - [05/May/2026:00:34:18 -0500] "GET /css/index.php HTTP/1.1" 404 548 "-" "Mozilla/5.0 (Windows NT 10.0; Win64; x64) AppleWebKit/537.36 (KHTML, like Gecko) Chrome/120.0.0.0 Safari/537.36"
40.83.75.73 - - [05/May/2026:00:34:18 -0500] "GET /default.php HTTP/1.1" 404 548 "-" "Mozilla/5.0 (Windows NT 10.0; Win64; x64) AppleWebKit/537.36 (KHTML, like Gecko) Chrome/120.0.0.0 Safari/537.36"
40.83.75.73 - - [05/May/2026:00:34:19 -0500] "GET /defaults.php HTTP/1.1" 404 548 "-" "Mozilla/5.0 (Windows NT 10.0; Win64; x64) AppleWebKit/537.36 (KHTML, like Gecko) Chrome/120.0.0.0 Safari/537.36"
40.83.75.73 - - [05/May/2026:00:34:19 -0500] "GET /dropdown.php HTTP/1.1" 404 548 "-" "Mozilla/5.0 (Windows NT 10.0; Win64; x64) AppleWebKit/537.36 (KHTML, like Gecko) Chrome/120.0.0.0 Safari/537.36"
40.83.75.73 - - [05/May/2026:00:34:19 -0500] "GET /edit.php HTTP/1.1" 404 548 "-" "Mozilla/5.0 (Windows NT 10.0; Win64; x64) AppleWebKit/537.36 (KHTML, like Gecko) Chrome/120.0.0.0 Safari/537.36"
40.83.75.73 - - [05/May/2026:00:34:19 -0500] "GET /file.php HTTP/1.1" 404 548 "-" "Mozilla/5.0 (Windows NT 10.0; Win64; x64) AppleWebKit/537.36 (KHTML, like Gecko) Chrome/120.0.0.0 Safari/537.36"
154.18.244.252 - - [05/May/2026:00:35:04 -0500] "POST /wp-cron.php?doing_wp_cron=1777959304.7771439552307128906250 HTTP/1.1" 200 11 "-" "WordPress/6.9.4; https://easysalads.com"
57.128.189.19 - - [05/May/2026:00:35:04 -0500] "GET /?nocache=1777959241 HTTP/2.0" 200 89190 "-" "BigScootsMonitor Mozilla/5.0 (Windows NT 10.0; Win64; x64) AppleWebKit/537.36 (KHTML, like Gecko) Chrome/74.0.3729.169 Safari/537.36"
154.18.244.252 - - [05/May/2026:00:35:04 -0500] "POST /wp-cron.php?doing_wp_cron=1777959305.0001630783081054687500 HTTP/1.1" 200 11 "-" "WordPress/6.9.4; https://easysalads.com"
51.222.136.175 - - [05/May/2026:00:35:04 -0500] "GET /?nocache=1777959241 HTTP/2.0" 200 89190 "-" "BigScootsMonitor Mozilla/5.0 (Windows NT 10.0; Win64; x64) AppleWebKit/537.36 (KHTML, like Gecko) Chrome/74.0.3729.169 Safari/537.36"
195.91.8.12 - - [05/May/2026:00:35:35 -0500] "GET /wp-content/uploads/2022/11/apple-pecan-blue-cheese-salad-01.jpg HTTP/2.0" 200 653618 "https://www.google.com/" "Mozilla/5.0 (iPhone; CPU iPhone OS 26_4_2 like Mac OS X) AppleWebKit/605.1.15 (KHTML, like Gecko) CriOS/147.0.7727.99 Mobile/15E148 Safari/604.1"
34.240.63.93 - - [05/May/2026:00:35:46 -0500] "GET / HTTP/1.0" 200 536590 "-" "Mozilla/5.0 (compatible; NetcraftSurveyAgent/1.0; [email protected])"
123.30.233.13 - - [05/May/2026:00:36:21 -0500] "GET /wp-login.php HTTP/2.0" 444 0 "-" "Mozilla/5.0 (Macintosh; Intel Mac OS X 10_12_6) AppleWebKit/537.36 (KHTML, like Gecko) Chrome/66.0.3359.181 Safari/537.36"
167.71.226.156 - - [05/May/2026:00:37:00 -0500] "GET /wp-login.php HTTP/2.0" 444 0 "-" "Mozilla/5.0 (Windows NT 6.1; WOW64; Trident/7.0; MANM; MANM; rv:11.0) like Gecko"
154.18.244.252 - - [05/May/2026:00:37:04 -0500] "POST /wp-cron.php?doing_wp_cron=1777959424.1119620800018310546875 HTTP/1.1" 200 11 "-" "WordPress/6.9.4; https://easysalads.com"
57.128.189.19 - - [05/May/2026:00:37:04 -0500] "GET /?nocache=1777959361 HTTP/2.0" 200 89190 "-" "BigScootsMonitor Mozilla/5.0 (Windows NT 10.0; Win64; x64) AppleWebKit/537.36 (KHTML, like Gecko) Chrome/74.0.3729.169 Safari/537.36"
51.222.136.175 - - [05/May/2026:00:37:04 -0500] "GET /?nocache=1777959361 HTTP/2.0" 200 89190 "-" "BigScootsMonitor Mozilla/5.0 (Windows NT 10.0; Win64; x64) AppleWebKit/537.36 (KHTML, like Gecko) Chrome/74.0.3729.169 Safari/537.36"
154.18.244.252 - - [05/May/2026:00:38:19 -0500] "POST /wp-cron.php?doing_wp_cron=1777959499.9594650268554687500000 HTTP/1.1" 200 11 "-" "WordPress/6.9.4; https://easysalads.com"
45.124.84.150 - - [05/May/2026:00:38:19 -0500] "GET /wp-login.php HTTP/2.0" 200 1883 "-" "Mozilla/4.0 (compatible; MSIE 7.0; Windows NT 6.1; Trident/7.0; SLCC2; .NET CLR 2.0.50727; .NET CLR 3.5.30729; .NET CLR 3.0.30729; Media Center PC 6.0; .NET4.0C; .NET4.0E; InfoPath.3; Tablet PC 2.0)"
45.124.84.150 - - [05/May/2026:00:38:20 -0500] "POST /wp-login.php HTTP/2.0" 200 2020 "https://easysalads.com/wp-login.php" "Mozilla/4.0 (compatible; MSIE 7.0; Windows NT 6.1; Trident/7.0; SLCC2; .NET CLR 2.0.50727; .NET CLR 3.5.30729; .NET CLR 3.0.30729; Media Center PC 6.0; .NET4.0C; .NET4.0E; InfoPath.3; Tablet PC 2.0)"
20.220.198.155 - - [05/May/2026:00:38:48 -0500] "GET /wp-content/themes/seotheme/db.php?u HTTP/1.1" 404 548 "www.google.com" "Mozlila/5.0 (Linux; Android 7.0; SM-G892A Bulid/NRD90M; wv) AppleWebKit/537.36 (KHTML, like Gecko) Version/4.0 Chrome/60.0.3112.107 Moblie Safari/537.36"
20.220.198.155 - - [05/May/2026:00:38:48 -0500] "POST /wp-plain.php HTTP/1.1" 404 548 "www.google.com" "Mozilla/5.0 (Linux; Android 7.0; SM-G892A Bulid/NRD90M; wv) AppleWebKit/537.36 (KHTML, like Gecko) Version/4.0 Chrome/60.0.3112.107 Moblie Safari/537.36"
20.220.198.155 - - [05/May/2026:00:38:48 -0500] "GET /wp-content/themes/seotheme/db.php?u HTTP/1.1" 404 548 "www.google.com" "Mozlila/5.0 (Linux; Android 7.0; SM-G892A Bulid/NRD90M; wv) AppleWebKit/537.36 (KHTML, like Gecko) Version/4.0 Chrome/60.0.3112.107 Moblie Safari/537.36"
20.220.198.155 - - [05/May/2026:00:38:48 -0500] "GET /mjaptrke.php?Fox=d3wL7 HTTP/1.1" 404 548 "www.google.com" "Mozilla/5.0 (Linux; Android 7.0; SM-G892A Bulid/NRD90M; wv) AppleWebKit/537.36 (KHTML, like Gecko) Version/4.0 Chrome/60.0.3112.107 Moblie Safari/537.36"
20.220.198.155 - - [05/May/2026:00:38:48 -0500] "POST /ALFA_DATA/alfacgiapi/perl.alfa HTTP/1.1" 404 359951 "www.google.com" "Mozlila/5.0 (Linux; Android 7.0; SM-G892A Bulid/NRD90M; wv) AppleWebKit/537.36 (KHTML, like Gecko) Version/4.0 Chrome/60.0.3112.107 Moblie Safari/537.36"
20.220.198.155 - - [05/May/2026:00:38:48 -0500] "GET / HTTP/1.1" 200 526401 "-" "Mozlila/5.0 (Linux; Android 7.0; SM-G892A Bulid/NRD90M; wv) AppleWebKit/537.36 (KHTML, like Gecko) Version/4.0 Chrome/60.0.3112.107 Moblie Safari/537.36"
20.220.198.155 - - [05/May/2026:00:38:49 -0500] "POST /alfacgiapi/perl.alfa HTTP/1.1" 404 359204 "www.google.com" "Mozlila/5.0 (Linux; Android 7.0; SM-G892A Bulid/NRD90M; wv) AppleWebKit/537.36 (KHTML, like Gecko) Version/4.0 Chrome/60.0.3112.107 Moblie Safari/537.36"
20.220.198.155 - - [05/May/2026:00:38:49 -0500] "GET /wp-content/plugins/apikey/apikey.php?test=hello HTTP/1.1" 403 548 "-" "Mozlila/5.0 (Linux; Android 7.0; SM-G892A Bulid/NRD90M; wv) AppleWebKit/537.36 (KHTML, like Gecko) Version/4.0 Chrome/60.0.3112.107 Moblie Safari/537.36"
20.220.198.155 - - [05/May/2026:00:38:49 -0500] "GET /plugins/content/apismtp/apismtp.php?test=hello HTTP/1.1" 404 548 "-" "Mozlila/5.0 (Linux; Android 7.0; SM-G892A Bulid/NRD90M; wv) AppleWebKit/537.36 (KHTML, like Gecko) Version/4.0 Chrome/60.0.3112.107 Moblie Safari/537.36"
20.220.198.155 - - [05/May/2026:00:38:49 -0500] "GET /wp-content/plugins/apikey/apikey.php.suspected?test=hello HTTP/1.1" 404 359949 "-" "Mozlila/5.0 (Linux; Android 7.0; SM-G892A Bulid/NRD90M; wv) AppleWebKit/537.36 (KHTML, like Gecko) Version/4.0 Chrome/60.0.3112.107 Moblie Safari/537.36"
20.220.198.155 - - [05/May/2026:00:38:49 -0500] "GET /plugins/content/apismtp/apismtp.php.suspected?test=hello HTTP/1.1" 404 359959 "-" "Mozlila/5.0 (Linux; Android 7.0; SM-G892A Bulid/NRD90M; wv) AppleWebKit/537.36 (KHTML, like Gecko) Version/4.0 Chrome/60.0.3112.107 Moblie Safari/537.36"
66.249.66.14 - - [05/May/2026:00:38:50 -0500] "GET /wp-content/uploads/2024/02/broccoli-raisin-salad-04-500x500.jpg HTTP/1.1" 200 121473 "-" "Googlebot-Image/1.0"
154.18.244.252 - - [05/May/2026:00:39:03 -0500] "POST /wp-cron.php?doing_wp_cron=1777959543.9237039089202880859375 HTTP/1.1" 200 11 "-" "WordPress/6.9.4; https://easysalads.com"
