152.53.44.20 - - [05/May/2026:00:43:42 -0500] "POST /wp-login.php HTTP/2.0" 200 2019 "https://easysalads.com/wp-login.php" "Mozilla/5.0 (Macintosh; Intel Mac OS X 10_11_6) AppleWebKit/603.1.30 (KHTML, like Gecko) Version/10.1 Safari/603.1.30"
34.138.190.132 - - [05/May/2026:00:44:54 -0500] "GET /classic-chicken-salad/ HTTP/1.1" 200 127327 "-" "Mozilla/5.0 (Windows NT 6.3;compatible; Leikibot/1.0; +http://www.leiki.com)"
35.227.118.244 - - [05/May/2026:00:45:03 -0500] "GET /wp-content/uploads/2024/07/Classic-Chicken-Salad05.jpg HTTP/1.1" 200 617755 "-" "Mozilla/5.0 (X11; Linux x86_64) AppleWebKit/537.36 (KHTML, like Gecko) Chrome/88.0.4324.96 Safari/537.36 (compatible; DoubleVerifyBot/1.1; +http://www.doubleverify.com)"
154.18.244.252 - - [05/May/2026:00:45:03 -0500] "POST /wp-cron.php?doing_wp_cron=1777959903.9281940460205078125000 HTTP/1.1" 200 11 "-" "WordPress/6.9.4; https://easysalads.com"
57.128.189.19 - - [05/May/2026:00:45:03 -0500] "GET /?nocache=1777959841 HTTP/2.0" 200 89189 "-" "BigScootsMonitor Mozilla/5.0 (Windows NT 10.0; Win64; x64) AppleWebKit/537.36 (KHTML, like Gecko) Chrome/74.0.3729.169 Safari/537.36"
51.222.136.175 - - [05/May/2026:00:45:04 -0500] "GET /?nocache=1777959841 HTTP/2.0" 200 89189 "-" "BigScootsMonitor Mozilla/5.0 (Windows NT 10.0; Win64; x64) AppleWebKit/537.36 (KHTML, like Gecko) Chrome/74.0.3729.169 Safari/537.36"
35.231.11.100 - - [05/May/2026:00:45:11 -0500] "GET /broccoli-raisin-salad-recipe HTTP/1.1" 200 130690 "-" "Mozilla/5.0 (compatible; Trafilatura)"
222.165.190.235 - - [05/May/2026:00:45:57 -0500] "GET /wp-login.php HTTP/2.0" 444 0 "-" "Mozilla/5.0 (Windows NT 10.0; Win64; x64) AppleWebKit/537.36 (KHTML, like Gecko) Chrome/65.0.3325.146 Safari/537.36"
154.18.244.252 - - [05/May/2026:00:46:42 -0500] "POST /wp-cron.php?doing_wp_cron=1777960002.4695699214935302734375 HTTP/1.1" 200 11 "-" "WordPress/6.9.4; https://easysalads.com"
35.226.7.126 - - [05/May/2026:00:46:42 -0500] "GET /wp-login.php HTTP/2.0" 200 1883 "-" "Mozilla/5.0 (Windows NT 10.0; Win64; x64; rv:62.0) Gecko/20100101 Firefox/62.0"
35.226.7.126 - - [05/May/2026:00:46:42 -0500] "POST /wp-login.php HTTP/2.0" 200 2018 "https://easysalads.com/wp-login.php" "Mozilla/5.0 (Windows NT 10.0; Win64; x64; rv:62.0) Gecko/20100101 Firefox/62.0"
103.65.195.70 - - [05/May/2026:00:47:02 -0500] "GET /wp-content/uploads/2024/01/tomato-onion-salad-06.jpg HTTP/2.0" 200 1661522 "https://www.google.com/" "Mozilla/5.0 (Windows NT 10.0; Win64; x64) AppleWebKit/537.36 (KHTML, like Gecko) Chrome/147.0.0.0 Safari/537.36"
154.18.244.252 - - [05/May/2026:00:47:03 -0500] "POST /wp-cron.php?doing_wp_cron=1777960023.9211759567260742187500 HTTP/1.1" 200 11 "-" "WordPress/6.9.4; https://easysalads.com"
57.128.189.19 - - [05/May/2026:00:47:03 -0500] "GET /?nocache=1777959961 HTTP/2.0" 200 89189 "-" "BigScootsMonitor Mozilla/5.0 (Windows NT 10.0; Win64; x64) AppleWebKit/537.36 (KHTML, like Gecko) Chrome/74.0.3729.169 Safari/537.36"
51.222.136.175 - - [05/May/2026:00:47:04 -0500] "GET /?nocache=1777959961 HTTP/2.0" 200 89189 "-" "BigScootsMonitor Mozilla/5.0 (Windows NT 10.0; Win64; x64) AppleWebKit/537.36 (KHTML, like Gecko) Chrome/74.0.3729.169 Safari/537.36"
103.65.195.70 - - [05/May/2026:00:47:10 -0500] "GET /tomato-onion-salad/ HTTP/2.0" 200 104271 "https://www.google.com/" "Mozilla/5.0 (Windows NT 10.0; Win64; x64) AppleWebKit/537.36 (KHTML, like Gecko) Chrome/147.0.0.0 Safari/537.36"
103.65.195.70 - - [05/May/2026:00:47:10 -0500] "GET /wp-content/plugins/kadence-blocks/dist/style-blocks-rowlayout.css?ver=3.6.7 HTTP/2.0" 200 1771 "https://easysalads.com/tomato-onion-salad/" "Mozilla/5.0 (Windows NT 10.0; Win64; x64) AppleWebKit/537.36 (KHTML, like Gecko) Chrome/147.0.0.0 Safari/537.36"
103.65.195.70 - - [05/May/2026:00:47:10 -0500] "GET /wp-content/plugins/kadence-blocks/dist/style-blocks-column.css?ver=3.6.7 HTTP/2.0" 200 428 "https://easysalads.com/tomato-onion-salad/" "Mozilla/5.0 (Windows NT 10.0; Win64; x64) AppleWebKit/537.36 (KHTML, like Gecko) Chrome/147.0.0.0 Safari/537.36"
103.65.195.70 - - [05/May/2026:00:47:11 -0500] "GET /wp-content/plugins/kadence-blocks/dist/style-blocks-infobox.css?ver=3.6.7 HTTP/2.0" 200 1340 "https://easysalads.com/tomato-onion-salad/" "Mozilla/5.0 (Windows NT 10.0; Win64; x64) AppleWebKit/537.36 (KHTML, like Gecko) Chrome/147.0.0.0 Safari/537.36"
103.65.195.70 - - [05/May/2026:00:47:11 -0500] "GET /wp-content/plugins/kadence-blocks/dist/style-blocks-advancedbtn.css?ver=3.6.7 HTTP/2.0" 200 705 "https://easysalads.com/tomato-onion-salad/" "Mozilla/5.0 (Windows NT 10.0; Win64; x64) AppleWebKit/537.36 (KHTML, like Gecko) Chrome/147.0.0.0 Safari/537.36"
103.65.195.70 - - [05/May/2026:00:47:11 -0500] "GET /wp-content/plugins/kadence-blocks-pro/dist/style-blocks-postgrid.css?ver=2.8.13.1 HTTP/2.0" 200 2795 "https://easysalads.com/tomato-onion-salad/" "Mozilla/5.0 (Windows NT 10.0; Win64; x64) AppleWebKit/537.36 (KHTML, like Gecko) Chrome/147.0.0.0 Safari/537.36"
103.65.195.70 - - [05/May/2026:00:47:11 -0500] "GET /wp-content/plugins/wp-recipe-maker/dist/public-modern.css?ver=10.5.0 HTTP/2.0" 200 7712 "https://easysalads.com/tomato-onion-salad/" "Mozilla/5.0 (Windows NT 10.0; Win64; x64) AppleWebKit/537.36 (KHTML, like Gecko) Chrome/147.0.0.0 Safari/537.36"
103.65.195.70 - - [05/May/2026:00:47:11 -0500] "GET /wp-content/plugins/wp-recipe-maker-premium/dist/public-pro.css?ver=10.5.0 HTTP/2.0" 200 6796 "https://easysalads.com/tomato-onion-salad/" "Mozilla/5.0 (Windows NT 10.0; Win64; x64) AppleWebKit/537.36 (KHTML, like Gecko) Chrome/147.0.0.0 Safari/537.36"
103.65.195.70 - - [05/May/2026:00:47:11 -0500] "GET /wp-content/themes/kadence/assets/css/global.min.css?ver=1.1.22 HTTP/2.0" 200 4256 "https://easysalads.com/tomato-onion-salad/" "Mozilla/5.0 (Windows NT 10.0; Win64; x64) AppleWebKit/537.36 (KHTML, like Gecko) Chrome/147.0.0.0 Safari/537.36"
103.65.195.70 - - [05/May/2026:00:47:11 -0500] "GET /wp-content/themes/kadence/assets/css/header.min.css?ver=1.1.22 HTTP/2.0" 200 4295 "https://easysalads.com/tomato-onion-salad/" "Mozilla/5.0 (Windows NT 10.0; Win64; x64) AppleWebKit/537.36 (KHTML, like Gecko) Chrome/147.0.0.0 Safari/537.36"
103.65.195.70 - - [05/May/2026:00:47:11 -0500] "GET /wp-content/themes/kadence/assets/css/content.min.css?ver=1.1.22 HTTP/2.0" 200 5512 "https://easysalads.com/tomato-onion-salad/" "Mozilla/5.0 (Windows NT 10.0; Win64; x64) AppleWebKit/537.36 (KHTML, like Gecko) Chrome/147.0.0.0 Safari/537.36"
103.65.195.70 - - [05/May/2026:00:47:11 -0500] "GET /wp-content/themes/kadence/assets/css/comments.min.css?ver=1.1.22 HTTP/2.0" 200 1289 "https://easysalads.com/tomato-onion-salad/" "Mozilla/5.0 (Windows NT 10.0; Win64; x64) AppleWebKit/537.36 (KHTML, like Gecko) Chrome/147.0.0.0 Safari/537.36"
103.65.195.70 - - [05/May/2026:00:47:11 -0500] "GET /wp-content/themes/kadence/assets/css/sidebar.min.css?ver=1.1.22 HTTP/2.0" 200 749 "https://easysalads.com/tomato-onion-salad/" "Mozilla/5.0 (Windows NT 10.0; Win64; x64) AppleWebKit/537.36 (KHTML, like Gecko) Chrome/147.0.0.0 Safari/537.36"
103.65.195.70 - - [05/May/2026:00:47:12 -0500] "GET /wp-content/themes/kadence/assets/css/footer.min.css?ver=1.1.22 HTTP/2.0" 200 1580 "https://easysalads.com/tomato-onion-salad/" "Mozilla/5.0 (Windows NT 10.0; Win64; x64) AppleWebKit/537.36 (KHTML, like Gecko) Chrome/147.0.0.0 Safari/537.36"
103.65.195.70 - - [05/May/2026:00:47:12 -0500] "GET /wp-content/plugins/kadence-pro/dist/mega-menu/menu-addon.css?ver=1.1.19 HTTP/2.0" 200 1126 "https://easysalads.com/tomato-onion-salad/" "Mozilla/5.0 (Windows NT 10.0; Win64; x64) AppleWebKit/537.36 (KHTML, like Gecko) Chrome/147.0.0.0 Safari/537.36"
103.65.195.70 - - [05/May/2026:00:47:12 -0500] "GET /wp-content/plugins/social-pug/assets/dist/style-frontend-pro.css?ver=2.28.0 HTTP/2.0" 200 11454 "https://easysalads.com/tomato-onion-salad/" "Mozilla/5.0 (Windows NT 10.0; Win64; x64) AppleWebKit/537.36 (KHTML, like Gecko) Chrome/147.0.0.0 Safari/537.36"
103.65.195.70 - - [05/May/2026:00:47:12 -0500] "GET /wp-content/plugins/kadence-blocks/dist/style-blocks-iconlist.css?ver=3.6.7 HTTP/2.0" 200 597 "https://easysalads.com/tomato-onion-salad/" "Mozilla/5.0 (Windows NT 10.0; Win64; x64) AppleWebKit/537.36 (KHTML, like Gecko) Chrome/147.0.0.0 Safari/537.36"
103.65.195.70 - - [05/May/2026:00:47:12 -0500] "GET /wp-content/themes/restored316-sage/style.css?ver=1_0_1 HTTP/2.0" 200 1089 "https://easysalads.com/tomato-onion-salad/" "Mozilla/5.0 (Windows NT 10.0; Win64; x64) AppleWebKit/537.36 (KHTML, like Gecko) Chrome/147.0.0.0 Safari/537.36"
103.65.195.70 - - [05/May/2026:00:47:12 -0500] "GET /wp-content/plugins/wpforms-lite/assets/css/frontend/modern/wpforms-full.min.css?ver=1.10.0.4 HTTP/2.0" 200 14792 "https://easysalads.com/tomato-onion-salad/" "Mozilla/5.0 (Windows NT 10.0; Win64; x64) AppleWebKit/537.36 (KHTML, like Gecko) Chrome/147.0.0.0 Safari/537.36"
103.65.195.70 - - [05/May/2026:00:47:12 -0500] "GET /wp-content/uploads/2022/09/Easy-Salads-website-logo-1536x451.png HTTP/2.0" 200 71572 "https://easysalads.com/tomato-onion-salad/" "Mozilla/5.0 (Windows NT 10.0; Win64; x64) AppleWebKit/537.36 (KHTML, like Gecko) Chrome/147.0.0.0 Safari/537.36"
103.65.195.70 - - [05/May/2026:00:47:13 -0500] "GET /wp-content/plugins/kadence-blocks/dist/style-blocks-spacer.css?ver=3.6.7 HTTP/2.0" 200 385 "https://easysalads.com/tomato-onion-salad/" "Mozilla/5.0 (Windows NT 10.0; Win64; x64) AppleWebKit/537.36 (KHTML, like Gecko) Chrome/147.0.0.0 Safari/537.36"
103.65.195.70 - - [05/May/2026:00:47:15 -0500] "GET /wp-content/plugins/wpforms-lite/assets/images/submit-spin.svg HTTP/2.0" 200 509 "https://easysalads.com/tomato-onion-salad/" "Mozilla/5.0 (Windows NT 10.0; Win64; x64) AppleWebKit/537.36 (KHTML, like Gecko) Chrome/147.0.0.0 Safari/537.36"
103.65.195.70 - - [05/May/2026:00:47:15 -0500] "GET /wp-content/uploads/2024/01/tomato-onion-salad-06.jpg HTTP/2.0" 200 1661522 "https://easysalads.com/tomato-onion-salad/" "Mozilla/5.0 (Windows NT 10.0; Win64; x64) AppleWebKit/537.36 (KHTML, like Gecko) Chrome/147.0.0.0 Safari/537.36"
103.65.195.70 - - [05/May/2026:00:47:15 -0500] "GET /wp-content/uploads/2024/01/tomato-onion-salad-04.jpg HTTP/2.0" 200 712014 "https://easysalads.com/tomato-onion-salad/" "Mozilla/5.0 (Windows NT 10.0; Win64; x64) AppleWebKit/537.36 (KHTML, like Gecko) Chrome/147.0.0.0 Safari/537.36"
103.65.195.70 - - [05/May/2026:00:47:17 -0500] "GET /wp-content/uploads/2024/01/tomato-onion-salad-06.jpg HTTP/2.0" 200 1661522 "https://www.google.com/" "Mozilla/5.0 (Windows NT 10.0; Win64; x64) AppleWebKit/537.36 (KHTML, like Gecko) Chrome/147.0.0.0 Safari/537.36"
103.65.195.70 - - [05/May/2026:00:47:17 -0500] "GET /wp-content/plugins/social-pug/assets/dist/front-end-pro.js?ver=2.28.0 HTTP/2.0" 200 9339 "https://easysalads.com/tomato-onion-salad/" "Mozilla/5.0 (Windows NT 10.0; Win64; x64) AppleWebKit/537.36 (KHTML, like Gecko) Chrome/147.0.0.0 Safari/537.36"
103.65.195.70 - - [05/May/2026:00:47:18 -0500] "GET /wp-content/plugins/wp-recipe-maker/dist/public-modern.js?ver=10.5.0 HTTP/2.0" 200 23744 "https://easysalads.com/tomato-onion-salad/" "Mozilla/5.0 (Windows NT 10.0; Win64; x64) AppleWebKit/537.36 (KHTML, like Gecko) Chrome/147.0.0.0 Safari/537.36"
103.65.195.70 - - [05/May/2026:00:47:18 -0500] "GET /wp-content/plugins/wp-recipe-maker-premium/dist/public-pro.js?ver=10.5.0 HTTP/2.0" 200 20140 "https://easysalads.com/tomato-onion-salad/" "Mozilla/5.0 (Windows NT 10.0; Win64; x64) AppleWebKit/537.36 (KHTML, like Gecko) Chrome/147.0.0.0 Safari/537.36"
103.65.195.70 - - [05/May/2026:00:47:18 -0500] "GET /wp-content/plugins/kadence-pro/dist/mega-menu/kadence-mega-menu.min.js?ver=1.1.19 HTTP/2.0" 200 457 "https://easysalads.com/tomato-onion-salad/" "Mozilla/5.0 (Windows NT 10.0; Win64; x64) AppleWebKit/537.36 (KHTML, like Gecko) Chrome/147.0.0.0 Safari/537.36"
103.65.195.70 - - [05/May/2026:00:47:18 -0500] "GET /wp-content/plugins/akismet/_inc/akismet-frontend.js?ver=1764724306 HTTP/2.0" 200 3016 "https://easysalads.com/tomato-onion-salad/" "Mozilla/5.0 (Windows NT 10.0; Win64; x64) AppleWebKit/537.36 (KHTML, like Gecko) Chrome/147.0.0.0 Safari/537.36"
103.65.195.70 - - [05/May/2026:00:47:18 -0500] "GET /wp-includes/js/jquery/jquery.min.js?ver=3.7.1 HTTP/2.0" 200 29769 "https://easysalads.com/tomato-onion-salad/" "Mozilla/5.0 (Windows NT 10.0; Win64; x64) AppleWebKit/537.36 (KHTML, like Gecko) Chrome/147.0.0.0 Safari/537.36"
103.65.195.70 - - [05/May/2026:00:47:18 -0500] "GET /wp-includes/js/jquery/jquery-migrate.min.js?ver=3.4.1 HTTP/2.0" 200 4679 "https://easysalads.com/tomato-onion-salad/" "Mozilla/5.0 (Windows NT 10.0; Win64; x64) AppleWebKit/537.36 (KHTML, like Gecko) Chrome/147.0.0.0 Safari/537.36"
103.65.195.70 - - [05/May/2026:00:47:18 -0500] "GET /wp-content/plugins/wpforms-lite/assets/lib/jquery.validate.min.js?ver=1.21.0 HTTP/2.0" 200 7807 "https://easysalads.com/tomato-onion-salad/" "Mozilla/5.0 (Windows NT 10.0; Win64; x64) AppleWebKit/537.36 (KHTML, like Gecko) Chrome/147.0.0.0 Safari/537.36"
103.65.195.70 - - [05/May/2026:00:47:18 -0500] "GET /wp-content/plugins/wpforms-lite/assets/lib/mailcheck.min.js?ver=1.1.2 HTTP/2.0" 200 1616 "https://easysalads.com/tomato-onion-salad/" "Mozilla/5.0 (Windows NT 10.0; Win64; x64) AppleWebKit/537.36 (KHTML, like Gecko) Chrome/147.0.0.0 Safari/537.36"
103.65.195.70 - - [05/May/2026:00:47:18 -0500] "GET /wp-content/plugins/wpforms-lite/assets/lib/punycode.min.js?ver=1.0.0 HTTP/2.0" 200 834 "https://easysalads.com/tomato-onion-salad/" "Mozilla/5.0 (Windows NT 10.0; Win64; x64) AppleWebKit/537.36 (KHTML, like Gecko) Chrome/147.0.0.0 Safari/537.36"
103.65.195.70 - - [05/May/2026:00:47:19 -0500] "GET /wp-content/plugins/wpforms-lite/assets/js/share/utils.min.js?ver=1.10.0.4 HTTP/2.0" 200 727 "https://easysalads.com/tomato-onion-salad/" "Mozilla/5.0 (Windows NT 10.0; Win64; x64) AppleWebKit/537.36 (KHTML, like Gecko) Chrome/147.0.0.0 Safari/537.36"
103.65.195.70 - - [05/May/2026:00:47:19 -0500] "GET /wp-content/plugins/wpforms-lite/assets/js/frontend/wpforms.min.js?ver=1.10.0.4 HTTP/2.0" 200 14614 "https://easysalads.com/tomato-onion-salad/" "Mozilla/5.0 (Windows NT 10.0; Win64; x64) AppleWebKit/537.36 (KHTML, like Gecko) Chrome/147.0.0.0 Safari/537.36"
103.65.195.70 - - [05/May/2026:00:47:19 -0500] "GET /wp-content/plugins/wpforms-lite/assets/js/frontend/wpforms-modern.min.js?ver=1.10.0.4 HTTP/2.0" 200 1866 "https://easysalads.com/tomato-onion-salad/" "Mozilla/5.0 (Windows NT 10.0; Win64; x64) AppleWebKit/537.36 (KHTML, like Gecko) Chrome/147.0.0.0 Safari/537.36"
103.65.195.70 - - [05/May/2026:00:47:19 -0500] "GET /wp-content/uploads/2024/01/tomato-onion-salad-06.jpg HTTP/2.0" 206 1 "https://www.google.com/" "Mozilla/5.0 (Windows NT 10.0; Win64; x64) AppleWebKit/537.36 (KHTML, like Gecko) Chrome/147.0.0.0 Safari/537.36"
103.65.195.70 - - [05/May/2026:00:47:19 -0500] "GET /wp-content/plugins/wpforms-lite/assets/js/frontend/fields/address.min.js?ver=1.10.0.4 HTTP/2.0" 200 673 "https://easysalads.com/tomato-onion-salad/" "Mozilla/5.0 (Windows NT 10.0; Win64; x64) AppleWebKit/537.36 (KHTML, like Gecko) Chrome/147.0.0.0 Safari/537.36"
103.65.195.70 - - [05/May/2026:00:47:19 -0500] "GET /wp-content/uploads/2024/01/tomato-onion-salad-06.jpg HTTP/2.0" 206 607427 "https://www.google.com/" "Mozilla/5.0 (Windows NT 10.0; Win64; x64) AppleWebKit/537.36 (KHTML, like Gecko) Chrome/147.0.0.0 Safari/537.36"
103.65.195.70 - - [05/May/2026:00:47:19 -0500] "GET /wp-includes/js/comment-reply.min.js?ver=6.9.4 HTTP/2.0" 200 1248 "https://easysalads.com/tomato-onion-salad/" "Mozilla/5.0 (Windows NT 10.0; Win64; x64) AppleWebKit/537.36 (KHTML, like Gecko) Chrome/147.0.0.0 Safari/537.36"
103.65.195.70 - - [05/May/2026:00:47:19 -0500] "GET /wp-content/themes/kadence/assets/js/navigation-lite.min.js?ver=1.1.21 HTTP/2.0" 200 2083 "https://easysalads.com/tomato-onion-salad/" "Mozilla/5.0 (Windows NT 10.0; Win64; x64) AppleWebKit/537.36 (KHTML, like Gecko) Chrome/147.0.0.0 Safari/537.36"
103.65.195.70 - - [05/May/2026:00:47:20 -0500] "GET /favicon.ico HTTP/2.0" 404 548 "https://easysalads.com/wp-content/uploads/2024/01/tomato-onion-salad-06.jpg" "Mozilla/5.0 (Windows NT 10.0; Win64; x64) AppleWebKit/537.36 (KHTML, like Gecko) Chrome/147.0.0.0 Safari/537.36"
98.91.240.212 - - [05/May/2026:00:47:23 -0500] "GET /tomato-onion-salad HTTP/1.1" 200 128827 "-" "Mozilla/5.0 (compatible; proximic; +https://www.comscore.com/Web-Crawler)"
54.92.161.195 - - [05/May/2026:00:47:26 -0500] "GET /tomato-onion-salad/ HTTP/1.1" 200 128827 "-" "Mozilla/5.0 (compatible; proximic; +https://www.comscore.com/Web-Crawler)"
51.15.160.8 - - [05/May/2026:00:47:30 -0500] "GET /wp-login.php HTTP/2.0" 444 0 "-" "Mozilla/5.0 (Windows NT 6.3; Win64; x64; rv:60.0) Gecko/20100101 Firefox/60.0"
103.65.195.70 - - [05/May/2026:00:47:32 -0500] "GET /wp-content/uploads/2022/09/cropped-site-icon-easy-salads-32x32.png HTTP/2.0" 200 907 "https://easysalads.com/tomato-onion-salad/" "Mozilla/5.0 (Windows NT 10.0; Win64; x64) AppleWebKit/537.36 (KHTML, like Gecko) Chrome/147.0.0.0 Safari/537.36"
52.215.186.214 - - [05/May/2026:00:47:40 -0500] "GET /hot-chicken-salad/ HTTP/1.1" 200 131370 "-" "carbon-umbrella-bot/1.0"
52.167.144.169 - - [05/May/2026:00:47:55 -0500] "GET /shrimp-and-corn-salad/ HTTP/2.0" 200 103167 "-" "Mozilla/5.0 AppleWebKit/537.36 (KHTML, like Gecko; compatible; bingbot/2.0; +http://www.bing.com/bingbot.htm) Chrome/116.0.1938.76 Safari/537.36"
154.18.244.252 - - [05/May/2026:00:49:04 -0500] "POST /wp-cron.php?doing_wp_cron=1777960143.9872260093688964843750 HTTP/1.1" 200 11 "-" "WordPress/6.9.4; https://easysalads.com"
57.128.189.19 - - [05/May/2026:00:49:04 -0500] "GET /?nocache=1777960081 HTTP/2.0" 200 89189 "-" "BigScootsMonitor Mozilla/5.0 (Windows NT 10.0; Win64; x64) AppleWebKit/537.36 (KHTML, like Gecko) Chrome/74.0.3729.169 Safari/537.36"
51.222.136.175 - - [05/May/2026:00:49:04 -0500] "GET /?nocache=1777960081 HTTP/2.0" 200 89189 "-" "BigScootsMonitor Mozilla/5.0 (Windows NT 10.0; Win64; x64) AppleWebKit/537.36 (KHTML, like Gecko) Chrome/74.0.3729.169 Safari/537.36"
66.249.66.77 - - [05/May/2026:00:49:12 -0500] "GET /wp-content/uploads/2024/02/broccoli-raisin-salad-04-500x375.jpg HTTP/1.1" 200 95557 "-" "Googlebot-Image/1.0"
93.89.225.48 - - [05/May/2026:00:49:14 -0500] "GET /wp-login.php HTTP/2.0" 200 1883 "-" "Mozilla/5.0 (Macintosh; Intel Mac OS X 10_10_5) AppleWebKit/537.36 (KHTML, like Gecko) Chrome/66.0.3359.139 Safari/537.36"
93.89.225.48 - - [05/May/2026:00:49:17 -0500] "POST /wp-login.php HTTP/2.0" 200 2018 "https://easysalads.com/wp-login.php" "Mozilla/5.0 (Macintosh; Intel Mac OS X 10_10_5) AppleWebKit/537.36 (KHTML, like Gecko) Chrome/66.0.3359.139 Safari/537.36"
98.87.14.150 - - [05/May/2026:00:49:22 -0500] "GET / HTTP/1.1" 200 114546 "-" "Mozilla/5.0 (compatible; proximic; +https://www.comscore.com/Web-Crawler)"
52.167.144.169 - - [05/May/2026:00:49:44 -0500] "GET /wp-content/uploads/2022/11/5-Bean-Salad-00.jpg HTTP/2.0" 200 626193 "-" "Mozilla/5.0 AppleWebKit/537.36 (KHTML, like Gecko; compatible; bingbot/2.0; +http://www.bing.com/bingbot.htm) Chrome/116.0.1938.76 Safari/537.36"
52.167.144.220 - - [05/May/2026:00:49:48 -0500] "GET /wp-content/uploads/2022/11/5-Bean-Salad-00-500x375.jpg HTTP/2.0" 200 68241 "-" "Mozilla/5.0 AppleWebKit/537.36 (KHTML, like Gecko; compatible; bingbot/2.0; +http://www.bing.com/bingbot.htm) Chrome/116.0.1938.76 Safari/537.36"
207.46.13.9 - - [05/May/2026:00:49:49 -0500] "GET /wp-content/uploads/2022/11/5-Bean-Salad-00-480x270.jpg HTTP/2.0" 200 48694 "-" "Mozilla/5.0 AppleWebKit/537.36 (KHTML, like Gecko; compatible; bingbot/2.0; +http://www.bing.com/bingbot.htm) Chrome/116.0.1938.76 Safari/537.36"
20.3.1.178 - - [05/May/2026:00:49:58 -0500] "GET /easy-5-bean-salad/ HTTP/2.0" 200 130893 "-" "DuckAssistBot/1.2; (+http://duckduckgo.com/duckassistbot.html)"
207.46.13.9 - - [05/May/2026:00:49:59 -0500] "GET /wp-content/uploads/2022/11/5-Bean-Salad-00-500x500.jpg HTTP/2.0" 200 90345 "-" "Mozilla/5.0 AppleWebKit/537.36 (KHTML, like Gecko; compatible; bingbot/2.0; +http://www.bing.com/bingbot.htm) Chrome/116.0.1938.76 Safari/537.36"
154.18.244.252 - - [05/May/2026:00:50:14 -0500] "POST /wp-cron.php?doing_wp_cron=1777960214.4081449508666992187500 HTTP/1.1" 200 11 "-" "WordPress/6.9.4; https://easysalads.com"
45.224.144.210 - - [05/May/2026:00:50:14 -0500] "GET /wp-login.php HTTP/2.0" 200 1883 "-" "Mozilla/5.0 (Windows NT 6.1; WOW64; Trident/7.0; rv:11.0) like Gecko,gzip(gfe)"
45.224.144.210 - - [05/May/2026:00:50:14 -0500] "POST /wp-login.php HTTP/2.0" 200 2020 "https://easysalads.com/wp-login.php" "Mozilla/5.0 (Windows NT 6.1; WOW64; Trident/7.0; rv:11.0) like Gecko,gzip(gfe)"
123.30.233.12 - - [05/May/2026:00:50:29 -0500] "GET /wp-login.php HTTP/2.0" 444 0 "-" "Mozilla/5.0 (Windows NT 6.2; ARM; Trident/7.0; Touch; rv:11.0; WPDesktop; NOKIA; Lumia 630) like Gecko"
113.190.40.93 - - [05/May/2026:00:50:29 -0500] "GET /wp-login.php HTTP/2.0" 200 1883 "-" "Mozilla/5.0 (Macintosh; Intel Mac OS X 10_12_6) AppleWebKit/537.36 (KHTML, like Gecko) Chrome/65.0.3325.162 Safari/537.36"
113.190.40.93 - - [05/May/2026:00:50:30 -0500] "POST /wp-login.php HTTP/2.0" 200 2020 "https://easysalads.com/wp-login.php" "Mozilla/5.0 (Macintosh; Intel Mac OS X 10_12_6) AppleWebKit/537.36 (KHTML, like Gecko) Chrome/65.0.3325.162 Safari/537.36"
35.226.7.126 - - [05/May/2026:00:50:40 -0500] "GET /wp-login.php HTTP/2.0" 200 1883 "-" "Mozilla/5.0 (Windows NT 6.3; Win64; x64) AppleWebKit/537.36 (KHTML, like Gecko) Chrome/58.0.3029.110 Safari/537.36 Edge/16.16299"
35.226.7.126 - - [05/May/2026:00:50:41 -0500] "POST /wp-login.php HTTP/2.0" 200 2019 "https://easysalads.com/wp-login.php" "Mozilla/5.0 (Windows NT 6.3; Win64; x64) AppleWebKit/537.36 (KHTML, like Gecko) Chrome/58.0.3029.110 Safari/537.36 Edge/16.16299"
154.18.244.252 - - [05/May/2026:00:51:04 -0500] "POST /wp-cron.php?doing_wp_cron=1777960264.2498149871826171875000 HTTP/1.1" 200 11 "-" "WordPress/6.9.4; https://easysalads.com"
57.128.189.19 - - [05/May/2026:00:51:04 -0500] "GET /?nocache=1777960201 HTTP/2.0" 200 89189 "-" "BigScootsMonitor Mozilla/5.0 (Windows NT 10.0; Win64; x64) AppleWebKit/537.36 (KHTML, like Gecko) Chrome/74.0.3729.169 Safari/537.36"
51.222.136.175 - - [05/May/2026:00:51:05 -0500] "GET /?nocache=1777960201 HTTP/2.0" 200 89189 "-" "BigScootsMonitor Mozilla/5.0 (Windows NT 10.0; Win64; x64) AppleWebKit/537.36 (KHTML, like Gecko) Chrome/74.0.3729.169 Safari/537.36"
123.30.233.13 - - [05/May/2026:00:51:40 -0500] "GET /wp-login.php HTTP/2.0" 444 0 "-" "Mozilla/5.0 (Windows NT 10.0; Win64; x64; rv:62.0) Gecko/20100101 Firefox/62.0"
54.87.214.81 - - [05/May/2026:00:52:16 -0500] "GET /shrimp-and-corn-salad/ HTTP/1.1" 200 127350 "-" "Mozilla/5.0 (compatible; proximic; +https://www.comscore.com/Web-Crawler)"
154.18.244.252 - - [05/May/2026:00:52:50 -0500] "POST /wp-cron.php?doing_wp_cron=1777960370.3337490558624267578125 HTTP/1.1" 200 11 "-" "WordPress/6.9.4; https://easysalads.com"
188.241.62.65 - - [05/May/2026:00:52:50 -0500] "GET /wp-login.php HTTP/2.0" 200 1883 "-" "Mozilla/5.0 (Windows NT 10.0; WOW64) AppleWebKit/537.36 (KHTML, like Gecko) Chrome/65.0.3325.146 Safari/537.36"
188.241.62.65 - - [05/May/2026:00:52:51 -0500] "POST /wp-login.php HTTP/2.0" 200 2021 "https://easysalads.com/wp-login.php" "Mozilla/5.0 (Windows NT 10.0; WOW64) AppleWebKit/537.36 (KHTML, like Gecko) Chrome/65.0.3325.146 Safari/537.36"
154.18.244.252 - - [05/May/2026:00:53:04 -0500] "POST /wp-cron.php?doing_wp_cron=1777960384.1713149547576904296875 HTTP/1.1" 200 11 "-" "WordPress/6.9.4; https://easysalads.com"
57.128.189.19 - - [05/May/2026:00:53:04 -0500] "GET /?nocache=1777960321 HTTP/2.0" 200 89189 "-" "BigScootsMonitor Mozilla/5.0 (Windows NT 10.0; Win64; x64) AppleWebKit/537.36 (KHTML, like Gecko) Chrome/74.0.3729.169 Safari/537.36"
51.222.136.175 - - [05/May/2026:00:53:05 -0500] "GET /?nocache=1777960321 HTTP/2.0" 200 89189 "-" "BigScootsMonitor Mozilla/5.0 (Windows NT 10.0; Win64; x64) AppleWebKit/537.36 (KHTML, like Gecko) Chrome/74.0.3729.169 Safari/537.36"
118.139.177.6 - - [05/May/2026:00:53:21 -0500] "GET /wp-login.php HTTP/2.0" 200 1883 "-" "Mozilla/5.0 (Macintosh; Intel Mac OS X 10_13_1) AppleWebKit/537.36 (KHTML, like Gecko) Chrome/66.0.3359.181 Safari/537.36"
118.139.177.6 - - [05/May/2026:00:53:21 -0500] "POST /wp-login.php HTTP/2.0" 200 2019 "https://easysalads.com/wp-login.php" "Mozilla/5.0 (Macintosh; Intel Mac OS X 10_13_1) AppleWebKit/537.36 (KHTML, like Gecko) Chrome/66.0.3359.181 Safari/537.36"
154.18.244.252 - - [05/May/2026:00:54:22 -0500] "POST /wp-cron.php?doing_wp_cron=1777960462.7873549461364746093750 HTTP/1.1" 200 11 "-" "WordPress/6.9.4; https://easysalads.com"
198.175.24.218 - - [05/May/2026:00:54:22 -0500] "GET /?v=nocache-1739936881 HTTP/2.0" 200 89189 "-" "BigScoots Monitoring"
23.98.142.179 - - [05/May/2026:00:54:33 -0500] "GET /pulled-pork-salad/ HTTP/2.0" 200 103963 "-" "Mozilla/5.0 AppleWebKit/537.36 (KHTML, like Gecko); compatible; ChatGPT-User/1.0; +https://openai.com/bot"
154.18.244.252 - - [05/May/2026:00:55:04 -0500] "POST /wp-cron.php?doing_wp_cron=1777960504.4427709579467773437500 HTTP/1.1" 200 11 "-" "WordPress/6.9.4; https://easysalads.com"
57.128.189.19 - - [05/May/2026:00:55:04 -0500] "GET /?nocache=1777960441 HTTP/2.0" 200 89189 "-" "BigScootsMonitor Mozilla/5.0 (Windows NT 10.0; Win64; x64) AppleWebKit/537.36 (KHTML, like Gecko) Chrome/74.0.3729.169 Safari/537.36"
154.18.244.252 - - [05/May/2026:00:55:04 -0500] "POST /wp-cron.php?doing_wp_cron=1777960504.6335389614105224609375 HTTP/1.1" 200 11 "-" "WordPress/6.9.4; https://easysalads.com"
51.222.136.175 - - [05/May/2026:00:55:04 -0500] "GET /?nocache=1777960441 HTTP/2.0" 200 89189 "-" "BigScootsMonitor Mozilla/5.0 (Windows NT 10.0; Win64; x64) AppleWebKit/537.36 (KHTML, like Gecko) Chrome/74.0.3729.169 Safari/537.36"
194.233.87.198 - - [05/May/2026:00:55:39 -0500] "GET /wp-login.php HTTP/2.0" 200 1883 "-" "Mozilla/5.0 (Macintosh; Intel Mac OS X 10_13_4) AppleWebKit/537.36 (KHTML, like Gecko) Chrome/66.0.3359.181 Safari/537.36"
194.233.87.198 - - [05/May/2026:00:55:41 -0500] "POST /wp-login.php HTTP/2.0" 200 2022 "https://easysalads.com/wp-login.php" "Mozilla/5.0 (Macintosh; Intel Mac OS X 10_13_4) AppleWebKit/537.36 (KHTML, like Gecko) Chrome/66.0.3359.181 Safari/537.36"
154.18.244.252 - - [05/May/2026:00:56:17 -0500] "POST /wp-cron.php?doing_wp_cron=1777960577.2212290763854980468750 HTTP/1.1" 200 11 "-" "WordPress/6.9.4; https://easysalads.com"
188.241.62.65 - - [05/May/2026:00:56:17 -0500] "GET /wp-login.php HTTP/2.0" 200 1883 "-" "Mozilla/4.0 (compatible; MSIE 7.0; Windows NT 6.1; Trident/7.0; SLCC2; .NET CLR 2.0.50727; .NET CLR 3.5.30729; .NET CLR 3.0.30729; Media Center PC 6.0; Tablet PC 2.0; .NET4.0C; .NET4.0E; EIE10;ENUSWOL)"
188.241.62.65 - - [05/May/2026:00:56:18 -0500] "POST /wp-login.php HTTP/2.0" 200 2018 "https://easysalads.com/wp-login.php" "Mozilla/4.0 (compatible; MSIE 7.0; Windows NT 6.1; Trident/7.0; SLCC2; .NET CLR 2.0.50727; .NET CLR 3.5.30729; .NET CLR 3.0.30729; Media Center PC 6.0; Tablet PC 2.0; .NET4.0C; .NET4.0E; EIE10;ENUSWOL)"
57.141.6.79 - - [05/May/2026:00:56:49 -0500] "GET / HTTP/2.0" 200 536590 "-" "meta-webindexer/1.1 (+https://developers.facebook.com/docs/sharing/webmasters/crawler)"
103.216.117.118 - - [05/May/2026:00:56:49 -0500] "GET /wp-login.php HTTP/2.0" 444 0 "-" "Mozilla/4.0 (compatible; MSIE 7.0; Windows NT 6.2; Trident/7.0; .NET4.0C; .NET4.0E)"
44.222.241.162 - - [05/May/2026:00:56:51 -0500] "GET / HTTP/2.0" 200 91476 "-" "Mozilla/5.0 (X11; Linux x86_64) AppleWebKit/537.36 (KHTML, like Gecko) Chrome/145.0.0.0 Safari/537.36"
44.222.241.162 - - [05/May/2026:00:56:51 -0500] "GET /wp-content/plugins/kadence-blocks/includes/assets/css/kadence-splide.min.css?ver=3.6.7 HTTP/2.0" 200 1701 "https://easysalads.com/" "Mozilla/5.0 (X11; Linux x86_64) AppleWebKit/537.36 (KHTML, like Gecko) Chrome/145.0.0.0 Safari/537.36"
44.222.241.162 - - [05/May/2026:00:56:51 -0500] "GET /wp-content/plugins/kadence-blocks/includes/assets/css/kb-blocks-splide.min.css?ver=3.6.7 HTTP/2.0" 200 327 "https://easysalads.com/" "Mozilla/5.0 (X11; Linux x86_64) AppleWebKit/537.36 (KHTML, like Gecko) Chrome/145.0.0.0 Safari/537.36"
44.222.241.162 - - [05/May/2026:00:56:51 -0500] "GET /wp-content/plugins/kadence-blocks/dist/style-blocks-rowlayout.css?ver=3.6.7 HTTP/2.0" 200 1771 "https://easysalads.com/" "Mozilla/5.0 (X11; Linux x86_64) AppleWebKit/537.36 (KHTML, like Gecko) Chrome/145.0.0.0 Safari/537.36"
44.222.241.162 - - [05/May/2026:00:56:51 -0500] "GET /wp-content/plugins/kadence-blocks/dist/style-blocks-column.css?ver=3.6.7 HTTP/2.0" 200 428 "https://easysalads.com/" "Mozilla/5.0 (X11; Linux x86_64) AppleWebKit/537.36 (KHTML, like Gecko) Chrome/145.0.0.0 Safari/537.36"
44.222.241.162 - - [05/May/2026:00:56:51 -0500] "GET /wp-content/plugins/kadence-blocks/dist/style-blocks-infobox.css?ver=3.6.7 HTTP/2.0" 200 1340 "https://easysalads.com/" "Mozilla/5.0 (X11; Linux x86_64) AppleWebKit/537.36 (KHTML, like Gecko) Chrome/145.0.0.0 Safari/537.36"
44.222.241.162 - - [05/May/2026:00:56:51 -0500] "GET /wp-content/plugins/kadence-blocks/dist/style-blocks-advancedbtn.css?ver=3.6.7 HTTP/2.0" 200 705 "https://easysalads.com/" "Mozilla/5.0 (X11; Linux x86_64) AppleWebKit/537.36 (KHTML, like Gecko) Chrome/145.0.0.0 Safari/537.36"
44.222.241.162 - - [05/May/2026:00:56:51 -0500] "GET /wp-content/plugins/kadence-blocks-pro/dist/style-blocks-postgrid.css?ver=2.8.13.1 HTTP/2.0" 200 2795 "https://easysalads.com/" "Mozilla/5.0 (X11; Linux x86_64) AppleWebKit/537.36 (KHTML, like Gecko) Chrome/145.0.0.0 Safari/537.36"
44.222.241.162 - - [05/May/2026:00:56:51 -0500] "GET /wp-content/plugins/wp-recipe-maker/dist/public-modern.css?ver=10.5.0 HTTP/2.0" 200 7712 "https://easysalads.com/" "Mozilla/5.0 (X11; Linux x86_64) AppleWebKit/537.36 (KHTML, like Gecko) Chrome/145.0.0.0 Safari/537.36"
44.222.241.162 - - [05/May/2026:00:56:51 -0500] "GET /wp-content/plugins/wp-recipe-maker-premium/dist/public-pro.css?ver=10.5.0 HTTP/2.0" 200 6796 "https://easysalads.com/" "Mozilla/5.0 (X11; Linux x86_64) AppleWebKit/537.36 (KHTML, like Gecko) Chrome/145.0.0.0 Safari/537.36"
44.222.241.162 - - [05/May/2026:00:56:51 -0500] "GET /wp-content/themes/kadence/assets/css/global.min.css?ver=1.1.22 HTTP/2.0" 200 4256 "https://easysalads.com/" "Mozilla/5.0 (X11; Linux x86_64) AppleWebKit/537.36 (KHTML, like Gecko) Chrome/145.0.0.0 Safari/537.36"
44.222.241.162 - - [05/May/2026:00:56:51 -0500] "GET /wp-content/themes/kadence/assets/css/header.min.css?ver=1.1.22 HTTP/2.0" 200 4295 "https://easysalads.com/" "Mozilla/5.0 (X11; Linux x86_64) AppleWebKit/537.36 (KHTML, like Gecko) Chrome/145.0.0.0 Safari/537.36"
44.222.241.162 - - [05/May/2026:00:56:51 -0500] "GET /wp-content/themes/kadence/assets/css/content.min.css?ver=1.1.22 HTTP/2.0" 200 5512 "https://easysalads.com/" "Mozilla/5.0 (X11; Linux x86_64) AppleWebKit/537.36 (KHTML, like Gecko) Chrome/145.0.0.0 Safari/537.36"
44.222.241.162 - - [05/May/2026:00:56:51 -0500] "GET /wp-content/themes/kadence/assets/css/footer.min.css?ver=1.1.22 HTTP/2.0" 200 1580 "https://easysalads.com/" "Mozilla/5.0 (X11; Linux x86_64) AppleWebKit/537.36 (KHTML, like Gecko) Chrome/145.0.0.0 Safari/537.36"
44.222.241.162 - - [05/May/2026:00:56:51 -0500] "GET /wp-content/plugins/kadence-pro/dist/mega-menu/menu-addon.css?ver=1.1.19 HTTP/2.0" 200 1126 "https://easysalads.com/" "Mozilla/5.0 (X11; Linux x86_64) AppleWebKit/537.36 (KHTML, like Gecko) Chrome/145.0.0.0 Safari/537.36"
44.222.241.162 - - [05/May/2026:00:56:51 -0500] "GET /wp-content/plugins/social-pug/assets/dist/style-frontend-pro.css?ver=2.28.0 HTTP/2.0" 200 11454 "https://easysalads.com/" "Mozilla/5.0 (X11; Linux x86_64) AppleWebKit/537.36 (KHTML, like Gecko) Chrome/145.0.0.0 Safari/537.36"
44.222.241.162 - - [05/May/2026:00:56:51 -0500] "GET /wp-content/plugins/kadence-blocks/dist/style-blocks-spacer.css?ver=3.6.7 HTTP/2.0" 200 385 "https://easysalads.com/" "Mozilla/5.0 (X11; Linux x86_64) AppleWebKit/537.36 (KHTML, like Gecko) Chrome/145.0.0.0 Safari/537.36"
44.222.241.162 - - [05/May/2026:00:56:51 -0500] "GET /wp-content/plugins/kadence-blocks/dist/style-blocks-advancedgallery.css?ver=3.6.7 HTTP/2.0" 200 3523 "https://easysalads.com/" "Mozilla/5.0 (X11; Linux x86_64) AppleWebKit/537.36 (KHTML, like Gecko) Chrome/145.0.0.0 Safari/537.36"
44.222.241.162 - - [05/May/2026:00:56:51 -0500] "GET /wp-content/plugins/kadence-blocks/dist/style-blocks-posts.css?ver=3.6.7 HTTP/2.0" 200 1365 "https://easysalads.com/" "Mozilla/5.0 (X11; Linux x86_64) AppleWebKit/537.36 (KHTML, like Gecko) Chrome/145.0.0.0 Safari/537.36"
44.222.241.162 - - [05/May/2026:00:56:51 -0500] "GET /wp-content/plugins/kadence-blocks/dist/style-blocks-icon.css?ver=3.6.7 HTTP/2.0" 200 1043 "https://easysalads.com/" "Mozilla/5.0 (X11; Linux x86_64) AppleWebKit/537.36 (KHTML, like Gecko) Chrome/145.0.0.0 Safari/537.36"
44.222.241.162 - - [05/May/2026:00:56:51 -0500] "GET /wp-content/themes/restored316-sage/style.css?ver=1_0_1 HTTP/2.0" 200 1089 "https://easysalads.com/" "Mozilla/5.0 (X11; Linux x86_64) AppleWebKit/537.36 (KHTML, like Gecko) Chrome/145.0.0.0 Safari/537.36"
44.222.241.162 - - [05/May/2026:00:56:51 -0500] "GET /wp-content/plugins/kadence-blocks-pro/dist/style-blocks-portfoliogrid.css?ver=2.8.13.1 HTTP/2.0" 200 2131 "https://easysalads.com/" "Mozilla/5.0 (X11; Linux x86_64) AppleWebKit/537.36 (KHTML, like Gecko) Chrome/145.0.0.0 Safari/537.36"
44.222.241.162 - - [05/May/2026:00:56:51 -0500] "GET /wp-content/uploads/2022/09/Easy-Salads-website-logo-1536x451.png HTTP/2.0" 200 71572 "https://easysalads.com/" "Mozilla/5.0 (X11; Linux x86_64) AppleWebKit/537.36 (KHTML, like Gecko) Chrome/145.0.0.0 Safari/537.36"
44.222.241.162 - - [05/May/2026:00:56:51 -0500] "GET /wp-content/uploads/2024/07/Classic-Chicken-Salad05-683x1024.jpg HTTP/2.0" 200 190110 "https://easysalads.com/" "Mozilla/5.0 (X11; Linux x86_64) AppleWebKit/537.36 (KHTML, like Gecko) Chrome/145.0.0.0 Safari/537.36"
44.222.241.162 - - [05/May/2026:00:56:51 -0500] "GET /wp-content/uploads/2024/03/yogurt-dill-dressing-00-683x1024.jpg HTTP/2.0" 200 117704 "https://easysalads.com/" "Mozilla/5.0 (X11; Linux x86_64) AppleWebKit/537.36 (KHTML, like Gecko) Chrome/145.0.0.0 Safari/537.36"
44.222.241.162 - - [05/May/2026:00:56:51 -0500] "GET /wp-content/uploads/2026/04/creamy-cucumber-salad-03-1024x1024.jpg HTTP/2.0" 200 256380 "https://easysalads.com/" "Mozilla/5.0 (X11; Linux x86_64) AppleWebKit/537.36 (KHTML, like Gecko) Chrome/145.0.0.0 Safari/537.36"
44.222.241.162 - - [05/May/2026:00:56:51 -0500] "GET /wp-content/plugins/kadence-blocks/dist/style-blocks-iconlist.css?ver=3.6.7 HTTP/2.0" 200 597 "https://easysalads.com/" "Mozilla/5.0 (X11; Linux x86_64) AppleWebKit/537.36 (KHTML, like Gecko) Chrome/145.0.0.0 Safari/537.36"
44.222.241.162 - - [05/May/2026:00:56:51 -0500] "GET /wp-content/plugins/social-pug/assets/dist/front-end-pro.js?ver=2.28.0 HTTP/2.0" 200 9339 "https://easysalads.com/" "Mozilla/5.0 (X11; Linux x86_64) AppleWebKit/537.36 (KHTML, like Gecko) Chrome/145.0.0.0 Safari/537.36"
44.222.241.162 - - [05/May/2026:00:56:51 -0500] "GET /wp-content/uploads/2022/10/easy-salads-201b-scaled.jpg HTTP/2.0" 200 451381 "https://easysalads.com/" "Mozilla/5.0 (X11; Linux x86_64) AppleWebKit/537.36 (KHTML, like Gecko) Chrome/145.0.0.0 Safari/537.36"
44.222.241.162 - - [05/May/2026:00:56:51 -0500] "GET /wp-content/uploads/2022/01/bg-pattern.png HTTP/2.0" 200 44512 "https://easysalads.com/" "Mozilla/5.0 (X11; Linux x86_64) AppleWebKit/537.36 (KHTML, like Gecko) Chrome/145.0.0.0 Safari/537.36"
44.222.241.162 - - [05/May/2026:00:56:51 -0500] "GET /wp-content/uploads/2022/02/white-pattern.png HTTP/2.0" 200 32716 "https://easysalads.com/" "Mozilla/5.0 (X11; Linux x86_64) AppleWebKit/537.36 (KHTML, like Gecko) Chrome/145.0.0.0 Safari/537.36"
44.222.241.162 - - [05/May/2026:00:56:51 -0500] "GET /wp-content/uploads/2022/11/5-Bean-Salad-04-683x1024.jpg HTTP/2.0" 200 182362 "https://easysalads.com/" "Mozilla/5.0 (X11; Linux x86_64) AppleWebKit/537.36 (KHTML, like Gecko) Chrome/145.0.0.0 Safari/537.36"
44.222.241.162 - - [05/May/2026:00:56:51 -0500] "GET /wp-content/uploads/2022/11/apple-pecan-blue-cheese-salad-03-300x200.jpg HTTP/2.0" 200 23384 "https://easysalads.com/" "Mozilla/5.0 (X11; Linux x86_64) AppleWebKit/537.36 (KHTML, like Gecko) Chrome/145.0.0.0 Safari/537.36"
44.222.241.162 - - [05/May/2026:00:56:51 -0500] "GET /wp-content/uploads/2022/10/Christmas-Salad-02-683x1024.jpg HTTP/2.0" 200 189571 "https://easysalads.com/" "Mozilla/5.0 (X11; Linux x86_64) AppleWebKit/537.36 (KHTML, like Gecko) Chrome/145.0.0.0 Safari/537.36"
44.222.241.162 - - [05/May/2026:00:56:51 -0500] "GET /wp-content/uploads/2022/09/panera-tomato-basil-cucumber-salad-00-683x1024.jpg HTTP/2.0" 200 141224 "https://easysalads.com/" "Mozilla/5.0 (X11; Linux x86_64) AppleWebKit/537.36 (KHTML, like Gecko) Chrome/145.0.0.0 Safari/537.36"
44.222.241.162 - - [05/May/2026:00:56:51 -0500] "GET /wp-content/uploads/2022/11/low-carb-fruit-salad-00-683x1024.jpg HTTP/2.0" 200 156068 "https://easysalads.com/" "Mozilla/5.0 (X11; Linux x86_64) AppleWebKit/537.36 (KHTML, like Gecko) Chrome/145.0.0.0 Safari/537.36"
44.222.241.162 - - [05/May/2026:00:56:51 -0500] "GET /wp-content/uploads/2026/04/strawberry-jello-salad03-1-300x300.jpg HTTP/2.0" 200 29275 "https://easysalads.com/" "Mozilla/5.0 (X11; Linux x86_64) AppleWebKit/537.36 (KHTML, like Gecko) Chrome/145.0.0.0 Safari/537.36"
44.222.241.162 - - [05/May/2026:00:56:51 -0500] "GET /wp-content/uploads/2026/01/peruvian-chopped-salad-07-683x1024.jpg HTTP/2.0" 200 263035 "https://easysalads.com/" "Mozilla/5.0 (X11; Linux x86_64) AppleWebKit/537.36 (KHTML, like Gecko) Chrome/145.0.0.0 Safari/537.36"
44.222.241.162 - - [05/May/2026:00:56:51 -0500] "GET /wp-content/uploads/2024/11/sweet-potato-feta-salad-00-683x1024.jpg HTTP/2.0" 200 252938 "https://easysalads.com/" "Mozilla/5.0 (X11; Linux x86_64) AppleWebKit/537.36 (KHTML, like Gecko) Chrome/145.0.0.0 Safari/537.36"
44.222.241.162 - - [05/May/2026:00:56:53 -0500] "GET /wp-content/uploads/2022/09/cropped-site-icon-easy-salads-32x32.png HTTP/2.0" 200 907 "https://easysalads.com/" "Mozilla/5.0 (X11; Linux x86_64) AppleWebKit/537.36 (KHTML, like Gecko) Chrome/145.0.0.0 Safari/537.36"
44.222.241.162 - - [05/May/2026:00:56:53 -0500] "GET /wp-content/plugins/wp-recipe-maker/dist/public-modern.js?ver=10.5.0 HTTP/2.0" 200 23744 "https://easysalads.com/" "Mozilla/5.0 (X11; Linux x86_64) AppleWebKit/537.36 (KHTML, like Gecko) Chrome/145.0.0.0 Safari/537.36"
44.222.241.162 - - [05/May/2026:00:56:53 -0500] "GET /wp-content/plugins/wp-recipe-maker-premium/dist/public-pro.js?ver=10.5.0 HTTP/2.0" 200 20140 "https://easysalads.com/" "Mozilla/5.0 (X11; Linux x86_64) AppleWebKit/537.36 (KHTML, like Gecko) Chrome/145.0.0.0 Safari/537.36"
44.222.241.162 - - [05/May/2026:00:56:53 -0500] "GET /wp-content/plugins/kadence-blocks/includes/assets/js/splide.min.js?ver=3.6.7 HTTP/2.0" 200 12823 "https://easysalads.com/" "Mozilla/5.0 (X11; Linux x86_64) AppleWebKit/537.36 (KHTML, like Gecko) Chrome/145.0.0.0 Safari/537.36"
44.222.241.162 - - [05/May/2026:00:56:53 -0500] "GET /wp-content/plugins/kadence-blocks/includes/assets/js/kb-splide-init.min.js?ver=3.6.7 HTTP/2.0" 200 2334 "https://easysalads.com/" "Mozilla/5.0 (X11; Linux x86_64) AppleWebKit/537.36 (KHTML, like Gecko) Chrome/145.0.0.0 Safari/537.36"
44.222.241.162 - - [05/May/2026:00:56:53 -0500] "GET /wp-content/plugins/kadence-pro/dist/mega-menu/kadence-mega-menu.min.js?ver=1.1.19 HTTP/2.0" 200 457 "https://easysalads.com/" "Mozilla/5.0 (X11; Linux x86_64) AppleWebKit/537.36 (KHTML, like Gecko) Chrome/145.0.0.0 Safari/537.36"
44.222.241.162 - - [05/May/2026:00:56:53 -0500] "GET /wp-content/plugins/kadence-blocks-pro/includes/assets/js/kb-splide-init.min.js?ver=2.8.13.1 HTTP/2.0" 200 1504 "https://easysalads.com/" "Mozilla/5.0 (X11; Linux x86_64) AppleWebKit/537.36 (KHTML, like Gecko) Chrome/145.0.0.0 Safari/537.36"
44.222.241.162 - - [05/May/2026:00:56:53 -0500] "GET /wp-content/themes/kadence/assets/js/navigation-lite.min.js?ver=1.1.21 HTTP/2.0" 200 2083 "https://easysalads.com/" "Mozilla/5.0 (X11; Linux x86_64) AppleWebKit/537.36 (KHTML, like Gecko) Chrome/145.0.0.0 Safari/537.36"
44.222.241.162 - - [05/May/2026:00:56:54 -0500] "GET /wp-content/plugins/wp-recipe-maker/dist/public-modern.js?ver=10.5.0 HTTP/2.0" 200 23744 "https://easysalads.com/" "Mozilla/5.0 (X11; Linux x86_64) AppleWebKit/537.36 (KHTML, like Gecko) Chrome/145.0.0.0 Safari/537.36"
44.222.241.162 - - [05/May/2026:00:56:54 -0500] "GET /wp-content/plugins/wp-recipe-maker-premium/dist/public-pro.js?ver=10.5.0 HTTP/2.0" 200 20140 "https://easysalads.com/" "Mozilla/5.0 (X11; Linux x86_64) AppleWebKit/537.36 (KHTML, like Gecko) Chrome/145.0.0.0 Safari/537.36"
44.222.241.162 - - [05/May/2026:00:56:54 -0500] "GET /wp-content/plugins/kadence-blocks/includes/assets/js/splide.min.js?ver=3.6.7 HTTP/2.0" 200 12823 "https://easysalads.com/" "Mozilla/5.0 (X11; Linux x86_64) AppleWebKit/537.36 (KHTML, like Gecko) Chrome/145.0.0.0 Safari/537.36"
44.222.241.162 - - [05/May/2026:00:56:54 -0500] "GET /wp-content/uploads/2022/09/hot-chicken-salad-05sq.jpg HTTP/2.0" 200 757796 "https://easysalads.com/" "Mozilla/5.0 (X11; Linux x86_64) AppleWebKit/537.36 (KHTML, like Gecko) Chrome/145.0.0.0 Safari/537.36"
44.222.241.162 - - [05/May/2026:00:56:54 -0500] "GET /wp-content/plugins/kadence-blocks/includes/assets/js/kb-splide-init.min.js?ver=3.6.7 HTTP/2.0" 200 2334 "https://easysalads.com/" "Mozilla/5.0 (X11; Linux x86_64) AppleWebKit/537.36 (KHTML, like Gecko) Chrome/145.0.0.0 Safari/537.36"
44.222.241.162 - - [05/May/2026:00:56:54 -0500] "GET /wp-content/plugins/kadence-pro/dist/mega-menu/kadence-mega-menu.min.js?ver=1.1.19 HTTP/2.0" 200 457 "https://easysalads.com/" "Mozilla/5.0 (X11; Linux x86_64) AppleWebKit/537.36 (KHTML, like Gecko) Chrome/145.0.0.0 Safari/537.36"
44.222.241.162 - - [05/May/2026:00:56:54 -0500] "GET /wp-content/plugins/kadence-blocks-pro/includes/assets/js/kb-splide-init.min.js?ver=2.8.13.1 HTTP/2.0" 200 1504 "https://easysalads.com/" "Mozilla/5.0 (X11; Linux x86_64) AppleWebKit/537.36 (KHTML, like Gecko) Chrome/145.0.0.0 Safari/537.36"
44.222.241.162 - - [05/May/2026:00:56:55 -0500] "GET /wp-content/uploads/2022/09/panera-tomato-basil-cucumber-salad-sq02-300x300.jpg HTTP/2.0" 200 33089 "https://easysalads.com/" "Mozilla/5.0 (X11; Linux x86_64) AppleWebKit/537.36 (KHTML, like Gecko) Chrome/145.0.0.0 Safari/537.36"
44.222.241.162 - - [05/May/2026:00:56:55 -0500] "GET /wp-content/uploads/2022/11/apple-pecan-blue-cheese-salad-01-683x1024.jpg HTTP/2.0" 200 184343 "https://easysalads.com/" "Mozilla/5.0 (X11; Linux x86_64) AppleWebKit/537.36 (KHTML, like Gecko) Chrome/145.0.0.0 Safari/537.36"
44.222.241.162 - - [05/May/2026:00:56:55 -0500] "GET /wp-content/uploads/2022/11/5-Bean-Salad-00-683x1024.jpg HTTP/2.0" 200 202622 "https://easysalads.com/" "Mozilla/5.0 (X11; Linux x86_64) AppleWebKit/537.36 (KHTML, like Gecko) Chrome/145.0.0.0 Safari/537.36"
44.222.241.162 - - [05/May/2026:00:56:55 -0500] "GET /wp-content/themes/kadence/assets/js/navigation-lite.min.js?ver=1.1.21 HTTP/2.0" 200 2083 "https://easysalads.com/" "Mozilla/5.0 (X11; Linux x86_64) AppleWebKit/537.36 (KHTML, like Gecko) Chrome/145.0.0.0 Safari/537.36"
107.22.24.12 - - [05/May/2026:00:56:56 -0500] "GET / HTTP/1.1" 200 114538 "-" "Mozilla/5.0 (compatible; proximic; +https://www.comscore.com/Web-Crawler)"
44.222.241.162 - - [05/May/2026:00:57:02 -0500] "GET /wp-content/uploads/2026/04/strawberry-jello-salad03-1-1024x1024.jpg HTTP/2.0" 200 186604 "https://easysalads.com/" "Mozilla/5.0 (X11; Linux x86_64) AppleWebKit/537.36 (KHTML, like Gecko) Chrome/145.0.0.0 Safari/537.36"
44.222.241.162 - - [05/May/2026:00:57:02 -0500] "GET /wp-content/uploads/2022/10/Christmas-Salad-03-683x1024.jpg HTTP/2.0" 200 159899 "https://easysalads.com/" "Mozilla/5.0 (X11; Linux x86_64) AppleWebKit/537.36 (KHTML, like Gecko) Chrome/145.0.0.0 Safari/537.36"
154.18.244.252 - - [05/May/2026:00:57:04 -0500] "POST /wp-cron.php?doing_wp_cron=1777960624.2452778816223144531250 HTTP/1.1" 200 11 "-" "WordPress/6.9.4; https://easysalads.com"
57.128.189.19 - - [05/May/2026:00:57:04 -0500] "GET /?nocache=1777960561 HTTP/2.0" 200 89189 "-" "BigScootsMonitor Mozilla/5.0 (Windows NT 10.0; Win64; x64) AppleWebKit/537.36 (KHTML, like Gecko) Chrome/74.0.3729.169 Safari/537.36"
51.222.136.175 - - [05/May/2026:00:57:04 -0500] "GET /?nocache=1777960561 HTTP/2.0" 200 89189 "-" "BigScootsMonitor Mozilla/5.0 (Windows NT 10.0; Win64; x64) AppleWebKit/537.36 (KHTML, like Gecko) Chrome/74.0.3729.169 Safari/537.36"
3.234.232.87 - - [05/May/2026:00:57:07 -0500] "GET / HTTP/1.1" 301 5 "-" "Verity/1.1 (https://gumgum.com/verity; [email protected])"
3.234.232.94 - - [05/May/2026:00:57:07 -0500] "GET / HTTP/1.1" 200 91490 "-" "Verity/1.1 (https://gumgum.com/verity; [email protected])"
3.234.232.94 - - [05/May/2026:00:57:07 -0500] "GET /wp-content/uploads/2022/08/black-and-blue-steak-salad00.jpg HTTP/1.1" 200 713530 "-" "Verity/1.1 (https://gumgum.com/verity; [email protected])"
44.222.241.162 - - [05/May/2026:00:57:10 -0500] "GET /wp-content/uploads/2022/11/apple-pecan-blue-cheese-salad-02-200x300.jpg HTTP/2.0" 200 22813 "https://easysalads.com/" "Mozilla/5.0 (X11; Linux x86_64) AppleWebKit/537.36 (KHTML, like Gecko) Chrome/145.0.0.0 Safari/537.36"
44.222.241.162 - - [05/May/2026:00:57:10 -0500] "GET /wp-content/uploads/2022/09/panera-tomato-basil-cucumber-salad-00-200x300.jpg HTTP/2.0" 200 18531 "https://easysalads.com/" "Mozilla/5.0 (X11; Linux x86_64) AppleWebKit/537.36 (KHTML, like Gecko) Chrome/145.0.0.0 Safari/537.36"
44.222.241.162 - - [05/May/2026:00:57:10 -0500] "GET /wp-content/uploads/2022/09/hot-chicken-salad-10-200x300.jpg HTTP/2.0" 200 23217 "https://easysalads.com/" "Mozilla/5.0 (X11; Linux x86_64) AppleWebKit/537.36 (KHTML, like Gecko) Chrome/145.0.0.0 Safari/537.36"
44.222.241.162 - - [05/May/2026:00:57:10 -0500] "GET /wp-content/uploads/2022/08/Cajun-Shrimp-Cobb-Salad08-240x300.jpg HTTP/2.0" 200 84665 "https://easysalads.com/" "Mozilla/5.0 (X11; Linux x86_64) AppleWebKit/537.36 (KHTML, like Gecko) Chrome/145.0.0.0 Safari/537.36"
44.222.241.162 - - [05/May/2026:00:57:10 -0500] "GET /wp-content/uploads/2024/10/taffy-apple-salad-05-683x1024.jpg HTTP/2.0" 200 202929 "https://easysalads.com/" "Mozilla/5.0 (X11; Linux x86_64) AppleWebKit/537.36 (KHTML, like Gecko) Chrome/145.0.0.0 Safari/537.36"
40.77.167.123 - - [05/May/2026:00:57:18 -0500] "GET /wp-json/wp/v2/posts/83538 HTTP/2.0" 200 12328 "-" "Mozilla/5.0 AppleWebKit/537.36 (KHTML, like Gecko; compatible; bingbot/2.0; +http://www.bing.com/bingbot.htm) Chrome/116.0.1938.76 Safari/537.36"
44.222.241.162 - - [05/May/2026:00:57:18 -0500] "GET /wp-content/uploads/2022/09/hot-chicken-salad-05sq-500x500.jpg HTTP/2.0" 200 113312 "https://easysalads.com/" "Mozilla/5.0 (X11; Linux x86_64) AppleWebKit/537.36 (KHTML, like Gecko) Chrome/145.0.0.0 Safari/537.36"
44.222.241.162 - - [05/May/2026:00:57:18 -0500] "GET /wp-content/uploads/2024/02/jasons-deli-pasta-salad-02-768x512.jpg HTTP/2.0" 200 95187 "https://easysalads.com/" "Mozilla/5.0 (X11; Linux x86_64) AppleWebKit/537.36 (KHTML, like Gecko) Chrome/145.0.0.0 Safari/537.36"
35.231.11.100 - - [05/May/2026:00:57:28 -0500] "GET /creamy-parmesan-pasta-salad HTTP/1.1" 200 127912 "-" "Mozilla/5.0 (compatible; Trafilatura)"
91.134.56.46 - - [05/May/2026:00:57:33 -0500] "GET / HTTP/1.1" 200 91490 "-" "Mozilla/5.0 (Windows NT 10.0; Win64; x64) AppleWebKit/537.36 (KHTML, like Gecko) Chrome/42.0.2311.135 Safari/537.36 Edge/12.246, Mozilla/5.0 (Windows NT 10.0; Win64; x64) AppleWebKit/537.36 (KHTML, like Gecko) Chrome/42.0.2311.135 Safari/537.36 Edge/12.246"
66.249.66.196 - - [05/May/2026:00:57:35 -0500] "GET /wp-content/uploads/2024/02/broccoli-raisin-salad-00.jpg HTTP/1.1" 200 1068314 "-" "Googlebot-Image/1.0"
35.231.11.100 - - [05/May/2026:00:58:07 -0500] "GET /apple-pecan-and-blue-cheese-salad/ HTTP/1.1" 200 131077 "-" "Mozilla/5.0 (compatible; Trafilatura)"
154.18.244.252 - - [05/May/2026:00:58:16 -0500] "POST /wp-cron.php?doing_wp_cron=1777960696.8393850326538085937500 HTTP/1.1" 200 11 "-" "WordPress/6.9.4; https://easysalads.com"
38.95.35.85 - - [05/May/2026:00:58:16 -0500] "GET /wp-login.php HTTP/2.0" 200 1883 "-" "Mozilla/5.0 (Windows NT 6.1) AppleWebKit/537.36 (KHTML, like Gecko) Chrome/66.0.3359.117 Safari/537.36"
38.95.35.85 - - [05/May/2026:00:58:17 -0500] "POST /wp-login.php HTTP/2.0" 200 1992 "https://easysalads.com/wp-login.php" "Mozilla/5.0 (Windows NT 6.1) AppleWebKit/537.36 (KHTML, like Gecko) Chrome/66.0.3359.117 Safari/537.36"
203.177.217.130 - - [05/May/2026:00:58:34 -0500] "GET /wp-content/uploads/2024/02/southern-potato-salad-02.jpg HTTP/2.0" 200 504740 "https://ph.images.search.yahoo.com/search/images;_ylt=Awr1RZTJhvlpQQIAWSOzRwx.;_ylu=Y29sbwNzZzMEcG9zAzMEdnRpZAMEc2VjA3Nj?p=potato+salad&fr=mcafee" "Mozilla/5.0 (Windows NT 10.0; Win64; x64) AppleWebKit/537.36 (KHTML, like Gecko) Chrome/147.0.0.0 Safari/537.36"
154.18.244.252 - - [05/May/2026:00:59:04 -0500] "POST /wp-cron.php?doing_wp_cron=1777960744.6057949066162109375000 HTTP/1.1" 200 11 "-" "WordPress/6.9.4; https://easysalads.com"
18.214.43.70 - - [05/May/2026:00:59:04 -0500] "GET /?ias_dts=atw&mon=93244959&redirectedRetries=0 HTTP/1.1" 200 111779 "-" "IAS Crawler (ias_crawler; http://integralads.com/site-indexing-policy/)"
154.18.244.252 - - [05/May/2026:00:59:04 -0500] "POST /wp-cron.php?doing_wp_cron=1777960744.7374010086059570312500 HTTP/1.1" 200 11 "-" "WordPress/6.9.4; https://easysalads.com"
57.128.189.19 - - [05/May/2026:00:59:04 -0500] "GET /?nocache=1777960681 HTTP/2.0" 200 89189 "-" "BigScootsMonitor Mozilla/5.0 (Windows NT 10.0; Win64; x64) AppleWebKit/537.36 (KHTML, like Gecko) Chrome/74.0.3729.169 Safari/537.36"
51.222.136.175 - - [05/May/2026:00:59:05 -0500] "GET /?nocache=1777960741 HTTP/2.0" 200 89189 "-" "BigScootsMonitor Mozilla/5.0 (Windows NT 10.0; Win64; x64) AppleWebKit/537.36 (KHTML, like Gecko) Chrome/74.0.3729.169 Safari/537.36"
