1.145.159.115 - - [05/May/2026:02:16:31 -0500] "GET /wp-content/uploads/2022/09/cropped-site-icon-easy-salads-32x32.png HTTP/2.0" 200 907 "-" "NetworkingExtension/8623.2.7.10.4 Network/5569.82.5 iOS/26.3.1"
1.145.159.115 - - [05/May/2026:02:16:31 -0500] "GET /wp-content/uploads/2022/09/cropped-site-icon-easy-salads-192x192.png HTTP/2.0" 200 8410 "-" "NetworkingExtension/8623.2.7.10.4 Network/5569.82.5 iOS/26.3.1"
1.145.159.115 - - [05/May/2026:02:16:31 -0500] "GET /wp-content/uploads/2022/09/cropped-site-icon-easy-salads-180x180.png HTTP/2.0" 200 7710 "-" "NetworkingExtension/8623.2.7.10.4 Network/5569.82.5 iOS/26.3.1"
1.145.159.115 - - [05/May/2026:02:16:32 -0500] "GET /wp-content/uploads/2024/05/rocket-salad-03.jpg HTTP/2.0" 200 578658 "-" "NetworkingExtension/8623.2.7.10.4 Network/5569.82.5 iOS/26.3.1"
1.145.159.115 - - [05/May/2026:02:16:32 -0500] "GET /wp-content/uploads/2024/05/rocket-salad-02.jpg HTTP/2.0" 200 298563 "-" "NetworkingExtension/8623.2.7.10.4 Network/5569.82.5 iOS/26.3.1"
1.145.159.115 - - [05/May/2026:02:16:32 -0500] "GET /wp-content/uploads/2024/05/rocket-salad-01.jpg HTTP/2.0" 200 517566 "-" "NetworkingExtension/8623.2.7.10.4 Network/5569.82.5 iOS/26.3.1"
1.145.159.115 - - [05/May/2026:02:16:32 -0500] "GET /wp-content/uploads/2024/05/rocket-salad-03.jpg HTTP/2.0" 200 578658 "-" "NetworkingExtension/8623.2.7.10.4 Network/5569.82.5 iOS/26.3.1"
54.145.113.1 - - [05/May/2026:02:16:32 -0500] "GET /panera-tomato-basil-cucumber-salad HTTP/1.1" 200 131677 "-" "Mozilla/5.0 (compatible; proximic; +https://www.comscore.com/Web-Crawler)"
162.240.108.214 - - [05/May/2026:02:16:50 -0500] "GET /wp-login.php HTTP/2.0" 200 1883 "-" "Mozilla/5.0 (Windows NT 6.3; WOW64; Trident/7.0; Touch; MASMJS; rv:11.0) like Gecko"
162.240.108.214 - - [05/May/2026:02:16:51 -0500] "POST /wp-login.php HTTP/2.0" 200 1999 "https://easysalads.com/wp-login.php" "Mozilla/5.0 (Windows NT 6.3; WOW64; Trident/7.0; Touch; MASMJS; rv:11.0) like Gecko"
154.18.244.252 - - [05/May/2026:02:17:04 -0500] "POST /wp-cron.php?doing_wp_cron=1777965423.9903090000152587890625 HTTP/1.1" 200 11 "-" "WordPress/6.9.4; https://easysalads.com"
57.128.189.19 - - [05/May/2026:02:17:04 -0500] "GET /?nocache=1777965361 HTTP/2.0" 200 89186 "-" "BigScootsMonitor Mozilla/5.0 (Windows NT 10.0; Win64; x64) AppleWebKit/537.36 (KHTML, like Gecko) Chrome/74.0.3729.169 Safari/537.36"
198.175.24.218 - - [05/May/2026:02:17:04 -0500] "GET /?v=nocache-1739936881 HTTP/2.0" 200 89188 "-" "BigScoots Monitoring"
51.222.136.175 - - [05/May/2026:02:17:05 -0500] "GET /?nocache=1777965361 HTTP/2.0" 200 89188 "-" "BigScootsMonitor Mozilla/5.0 (Windows NT 10.0; Win64; x64) AppleWebKit/537.36 (KHTML, like Gecko) Chrome/74.0.3729.169 Safari/537.36"
66.29.129.135 - - [05/May/2026:02:17:50 -0500] "GET /wp-login.php HTTP/2.0" 444 0 "-" "Mozilla/5.0 (Windows NT 6.1; Win64; x64) AppleWebKit/537.36 (KHTML, like Gecko) Chrome/65.0.3325.181 Safari/537.36 OPR/52.0.2871.40"
222.165.190.235 - - [05/May/2026:02:18:01 -0500] "GET /wp-login.php HTTP/2.0" 444 0 "-" "Mozilla/5.0 (Windows NT 6.1) AppleWebKit/537.36 (KHTML, like Gecko) Chrome/65.0.3325.181 Safari/537.36"
154.18.244.252 - - [05/May/2026:02:18:25 -0500] "POST /wp-cron.php?doing_wp_cron=1777965505.2270760536193847656250 HTTP/1.1" 200 11 "-" "WordPress/6.9.4; https://easysalads.com"
111.109.37.114 - - [05/May/2026:02:18:25 -0500] "GET /wp-login.php HTTP/2.0" 200 1883 "-" "Mozilla/5.0 (Windows NT 10.0; Win64; x64) AppleWebKit/537.36 (KHTML, like Gecko) Chrome/64.0.3282.168 Safari/537.36 OPR/51.0.2830.40"
111.109.37.114 - - [05/May/2026:02:18:26 -0500] "POST /wp-login.php HTTP/2.0" 200 2020 "https://easysalads.com/wp-login.php" "Mozilla/5.0 (Windows NT 10.0; Win64; x64) AppleWebKit/537.36 (KHTML, like Gecko) Chrome/64.0.3282.168 Safari/537.36 OPR/51.0.2830.40"
154.18.244.252 - - [05/May/2026:02:19:04 -0500] "POST /wp-cron.php?doing_wp_cron=1777965544.1803240776062011718750 HTTP/1.1" 200 11 "-" "WordPress/6.9.4; https://easysalads.com"
57.128.189.19 - - [05/May/2026:02:19:04 -0500] "GET /?nocache=1777965481 HTTP/2.0" 200 89188 "-" "BigScootsMonitor Mozilla/5.0 (Windows NT 10.0; Win64; x64) AppleWebKit/537.36 (KHTML, like Gecko) Chrome/74.0.3729.169 Safari/537.36"
51.222.136.175 - - [05/May/2026:02:19:04 -0500] "GET /?nocache=1777965481 HTTP/2.0" 200 89188 "-" "BigScootsMonitor Mozilla/5.0 (Windows NT 10.0; Win64; x64) AppleWebKit/537.36 (KHTML, like Gecko) Chrome/74.0.3729.169 Safari/537.36"
104.248.157.6 - - [05/May/2026:02:19:08 -0500] "GET /wp-login.php HTTP/2.0" 200 1883 "-" "Mozilla/5.0 (Windows NT 6.1; Win64; x64) AppleWebKit/537.36 (KHTML, like Gecko) Chrome/65.0.3325.181 Safari/537.36 OPR/52.0.2871.40"
104.248.157.6 - - [05/May/2026:02:19:09 -0500] "POST /wp-login.php HTTP/2.0" 200 2022 "https://easysalads.com/wp-login.php" "Mozilla/5.0 (Windows NT 6.1; Win64; x64) AppleWebKit/537.36 (KHTML, like Gecko) Chrome/65.0.3325.181 Safari/537.36 OPR/52.0.2871.40"
103.82.38.198 - - [05/May/2026:02:19:16 -0500] "GET /wp-login.php HTTP/2.0" 200 1883 "-" "Mozilla/5.0 (Windows NT 6.3; WOW64; Trident/7.0; LCJB; rv:11.0) like Gecko"
103.82.38.198 - - [05/May/2026:02:19:16 -0500] "POST /wp-login.php HTTP/2.0" 200 2021 "https://easysalads.com/wp-login.php" "Mozilla/5.0 (Windows NT 6.3; WOW64; Trident/7.0; LCJB; rv:11.0) like Gecko"
154.18.244.252 - - [05/May/2026:02:19:58 -0500] "POST /wp-cron.php?doing_wp_cron=1777965598.1645379066467285156250 HTTP/1.1" 200 11 "-" "WordPress/6.9.4; https://easysalads.com"
78.142.18.172 - - [05/May/2026:02:19:58 -0500] "GET /wp-login.php HTTP/2.0" 200 1883 "-" "Mozilla/5.0 (Windows NT 6.1; Win64; x64) AppleWebKit/537.36 (KHTML, like Gecko) Chrome/66.0.3359.170 Safari/537.36 OPR/53.0.2907.68"
78.142.18.172 - - [05/May/2026:02:19:58 -0500] "POST /wp-login.php HTTP/2.0" 200 2021 "https://easysalads.com/wp-login.php" "Mozilla/5.0 (Windows NT 6.1; Win64; x64) AppleWebKit/537.36 (KHTML, like Gecko) Chrome/66.0.3359.170 Safari/537.36 OPR/53.0.2907.68"
91.227.37.60 - - [05/May/2026:02:20:01 -0500] "GET /wp-login.php HTTP/2.0" 444 0 "-" "Mozilla/5.0 (Windows NT 6.3; WOW64; Trident/7.0; Touch; LCJB; rv:11.0) like Gecko"
154.18.244.252 - - [05/May/2026:02:21:04 -0500] "POST /wp-cron.php?doing_wp_cron=1777965664.7935309410095214843750 HTTP/1.1" 200 11 "-" "WordPress/6.9.4; https://easysalads.com"
57.128.189.19 - - [05/May/2026:02:21:04 -0500] "GET /?nocache=1777965601 HTTP/2.0" 200 89187 "-" "BigScootsMonitor Mozilla/5.0 (Windows NT 10.0; Win64; x64) AppleWebKit/537.36 (KHTML, like Gecko) Chrome/74.0.3729.169 Safari/537.36"
51.222.136.175 - - [05/May/2026:02:21:05 -0500] "GET /?nocache=1777965601 HTTP/2.0" 200 89187 "-" "BigScootsMonitor Mozilla/5.0 (Windows NT 10.0; Win64; x64) AppleWebKit/537.36 (KHTML, like Gecko) Chrome/74.0.3729.169 Safari/537.36"
34.235.134.13 - - [05/May/2026:02:21:10 -0500] "GET /creamy-cucumber-salad HTTP/1.1" 200 126083 "-" "Mozilla/5.0 (compatible; proximic; +https://www.comscore.com/Web-Crawler)"
194.233.87.198 - - [05/May/2026:02:21:12 -0500] "GET /wp-login.php HTTP/2.0" 200 1883 "-" "Mozilla/5.0 (Macintosh; Intel Mac OS X 10_13_1) AppleWebKit/537.36 (KHTML, like Gecko) Chrome/65.0.3325.181 Safari/537.36"
5.195.74.205 - - [05/May/2026:02:21:44 -0500] "GET /wp-content/uploads/2024/07/shrimp-corn-salad-00.jpg HTTP/1.1" 200 768867 "-" "Mozilla/5.0 (Windows NT 10.0; Win64; x64) AppleWebKit/537.36"
35.153.162.158 - - [05/May/2026:02:22:03 -0500] "GET /sweet-potato-feta-salad/ HTTP/1.1" 200 124019 "-" "Mozilla/5.0 (compatible; proximic; +https://www.comscore.com/Web-Crawler)"
185.194.117.179 - - [05/May/2026:02:22:59 -0500] "GET /summer-orzo-salad HTTP/1.1" 200 127360 "https://www.google.com" "Mozilla/5.0 (X11; Linux x86_64; rv:78.0) Gecko/20100101 Firefox/78.0"
154.18.244.252 - - [05/May/2026:02:23:04 -0500] "POST /wp-cron.php?doing_wp_cron=1777965784.1534240245819091796875 HTTP/1.1" 200 11 "-" "WordPress/6.9.4; https://easysalads.com"
57.128.189.19 - - [05/May/2026:02:23:04 -0500] "GET /?nocache=1777965721 HTTP/2.0" 200 89187 "-" "BigScootsMonitor Mozilla/5.0 (Windows NT 10.0; Win64; x64) AppleWebKit/537.36 (KHTML, like Gecko) Chrome/74.0.3729.169 Safari/537.36"
51.222.136.175 - - [05/May/2026:02:23:04 -0500] "GET /?nocache=1777965721 HTTP/2.0" 200 89187 "-" "BigScootsMonitor Mozilla/5.0 (Windows NT 10.0; Win64; x64) AppleWebKit/537.36 (KHTML, like Gecko) Chrome/74.0.3729.169 Safari/537.36"
38.95.35.85 - - [05/May/2026:02:23:51 -0500] "GET /wp-login.php HTTP/2.0" 200 1883 "-" "Mozilla/5.0 (MSIE 9.0; Windows NT 10.0; WOW64; Trident/7.0; rv:11.0) like Gecko"
38.95.35.85 - - [05/May/2026:02:23:51 -0500] "POST /wp-login.php HTTP/2.0" 200 2020 "https://easysalads.com/wp-login.php" "Mozilla/5.0 (MSIE 9.0; Windows NT 10.0; WOW64; Trident/7.0; rv:11.0) like Gecko"
185.177.72.60 - - [05/May/2026:02:24:18 -0500] "GET /wp-json/gravitysmtp/v1/tests/mock-data?page=gravitysmtp-settings HTTP/1.1" 444 0 "-" "Mozilla/5.0 (Windows NT 10.0; Win64; x64) AppleWebKit/537.36 (KHTML, like Gecko) Chrome/131.0.0.0 Safari/537.36"
185.177.72.60 - - [05/May/2026:02:24:18 -0500] "GET / HTTP/1.1" 444 0 "-" "Mozilla/5.0 (Windows NT 10.0; Win64; x64) AppleWebKit/537.36 (KHTML, like Gecko) Chrome/131.0.0.0 Safari/537.36"
154.18.244.252 - - [05/May/2026:02:24:21 -0500] "POST /wp-cron.php?doing_wp_cron=1777965861.1711099147796630859375 HTTP/1.1" 200 11 "-" "WordPress/6.9.4; https://easysalads.com"
57.141.0.62 - - [05/May/2026:02:24:21 -0500] "GET /taffy-apple-salad/ HTTP/2.0" 200 538845 "-" "meta-externalagent/1.1 (+https://developers.facebook.com/docs/sharing/webmasters/crawler)"
35.226.7.126 - - [05/May/2026:02:24:39 -0500] "GET /wp-login.php HTTP/2.0" 200 1883 "-" "Mozilla/5.0 (Windows NT 6.1; WOW64; Trident/7.0; EIE10;ENCAMSN; rv:11.0) like Gecko"
35.226.7.126 - - [05/May/2026:02:24:39 -0500] "POST /wp-login.php HTTP/2.0" 200 2018 "https://easysalads.com/wp-login.php" "Mozilla/5.0 (Windows NT 6.1; WOW64; Trident/7.0; EIE10;ENCAMSN; rv:11.0) like Gecko"
121.200.217.27 - - [05/May/2026:02:24:55 -0500] "GET /wp-login.php HTTP/2.0" 444 0 "-" "Mozilla/5.0 (Macintosh; Intel Mac OS X 10_12_6) AppleWebKit/537.36 (KHTML, like Gecko) Chrome/65.0.3325.181 Safari/537.36"
154.18.244.252 - - [05/May/2026:02:25:04 -0500] "POST /wp-cron.php?doing_wp_cron=1777965904.8388879299163818359375 HTTP/1.1" 200 11 "-" "WordPress/6.9.4; https://easysalads.com"
57.128.189.19 - - [05/May/2026:02:25:04 -0500] "GET /?nocache=1777965841 HTTP/2.0" 200 89188 "-" "BigScootsMonitor Mozilla/5.0 (Windows NT 10.0; Win64; x64) AppleWebKit/537.36 (KHTML, like Gecko) Chrome/74.0.3729.169 Safari/537.36"
51.222.136.175 - - [05/May/2026:02:25:05 -0500] "GET /?nocache=1777965841 HTTP/2.0" 200 89188 "-" "BigScootsMonitor Mozilla/5.0 (Windows NT 10.0; Win64; x64) AppleWebKit/537.36 (KHTML, like Gecko) Chrome/74.0.3729.169 Safari/537.36"
38.95.35.85 - - [05/May/2026:02:25:05 -0500] "GET /wp-login.php HTTP/2.0" 200 1883 "-" "Mozilla/5.0 (Windows NT 6.3; Win64; x64) AppleWebKit/537.36 (KHTML, like Gecko) Chrome/67.0.3396.87 Safari/537.36"
38.95.35.85 - - [05/May/2026:02:25:06 -0500] "POST /wp-login.php HTTP/2.0" 200 2022 "https://easysalads.com/wp-login.php" "Mozilla/5.0 (Windows NT 6.3; Win64; x64) AppleWebKit/537.36 (KHTML, like Gecko) Chrome/67.0.3396.87 Safari/537.36"
154.18.244.252 - - [05/May/2026:02:27:04 -0500] "POST /wp-cron.php?doing_wp_cron=1777966024.2943100929260253906250 HTTP/1.1" 200 11 "-" "WordPress/6.9.4; https://easysalads.com"
57.128.189.19 - - [05/May/2026:02:27:04 -0500] "GET /?nocache=1777965961 HTTP/2.0" 200 89188 "-" "BigScootsMonitor Mozilla/5.0 (Windows NT 10.0; Win64; x64) AppleWebKit/537.36 (KHTML, like Gecko) Chrome/74.0.3729.169 Safari/537.36"
51.222.136.175 - - [05/May/2026:02:27:04 -0500] "GET /?nocache=1777965961 HTTP/2.0" 200 89188 "-" "BigScootsMonitor Mozilla/5.0 (Windows NT 10.0; Win64; x64) AppleWebKit/537.36 (KHTML, like Gecko) Chrome/74.0.3729.169 Safari/537.36"
154.18.244.252 - - [05/May/2026:02:27:59 -0500] "POST /wp-cron.php?doing_wp_cron=1777966079.3987140655517578125000 HTTP/1.1" 200 11 "-" "WordPress/6.9.4; https://easysalads.com"
152.53.44.20 - - [05/May/2026:02:27:59 -0500] "GET /wp-login.php HTTP/2.0" 200 1883 "-" "Mozilla/5.0 (Macintosh; Intel Mac OS X 10_12_6) AppleWebKit/537.36 (KHTML, like Gecko) Chrome/66.0.3359.117 Safari/537.36"
152.53.44.20 - - [05/May/2026:02:27:59 -0500] "POST /wp-login.php HTTP/2.0" 200 2020 "https://easysalads.com/wp-login.php" "Mozilla/5.0 (Macintosh; Intel Mac OS X 10_12_6) AppleWebKit/537.36 (KHTML, like Gecko) Chrome/66.0.3359.117 Safari/537.36"
78.142.18.172 - - [05/May/2026:02:28:10 -0500] "GET /wp-login.php HTTP/2.0" 200 1883 "-" "Mozilla/5.0 (Macintosh; Intel Mac OS X 10_13_2) AppleWebKit/537.36 (KHTML, like Gecko) Chrome/65.0.3325.181 Safari/537.36"
78.142.18.172 - - [05/May/2026:02:28:10 -0500] "POST /wp-login.php HTTP/2.0" 200 2019 "https://easysalads.com/wp-login.php" "Mozilla/5.0 (Macintosh; Intel Mac OS X 10_13_2) AppleWebKit/537.36 (KHTML, like Gecko) Chrome/65.0.3325.181 Safari/537.36"
103.121.26.217 - - [05/May/2026:02:28:27 -0500] "GET /wp-login.php HTTP/2.0" 444 0 "-" "Mozilla/5.0 (Macintosh; Intel Mac OS X 10_13_3) AppleWebKit/537.36 (KHTML, like Gecko) Chrome/66.0.3359.139 Safari/537.36"
154.18.244.252 - - [05/May/2026:02:29:04 -0500] "POST /wp-cron.php?doing_wp_cron=1777966144.3947360515594482421875 HTTP/1.1" 200 11 "-" "WordPress/6.9.4; https://easysalads.com"
57.128.189.19 - - [05/May/2026:02:29:04 -0500] "GET /?nocache=1777966081 HTTP/2.0" 200 89188 "-" "BigScootsMonitor Mozilla/5.0 (Windows NT 10.0; Win64; x64) AppleWebKit/537.36 (KHTML, like Gecko) Chrome/74.0.3729.169 Safari/537.36"
154.18.244.252 - - [05/May/2026:02:29:04 -0500] "POST /wp-cron.php?doing_wp_cron=1777966144.5680420398712158203125 HTTP/1.1" 200 11 "-" "WordPress/6.9.4; https://easysalads.com"
51.222.136.175 - - [05/May/2026:02:29:04 -0500] "GET /?nocache=1777966081 HTTP/2.0" 200 89188 "-" "BigScootsMonitor Mozilla/5.0 (Windows NT 10.0; Win64; x64) AppleWebKit/537.36 (KHTML, like Gecko) Chrome/74.0.3729.169 Safari/537.36"
3.84.142.87 - - [05/May/2026:02:29:09 -0500] "GET /southern-strawberry-jello-salad-with-cool-whip HTTP/1.1" 200 127073 "-" "Mozilla/5.0 (compatible; proximic; +https://www.comscore.com/Web-Crawler)"
98.130.43.189 - - [05/May/2026:02:29:13 -0500] "GET /wp-login.php HTTP/2.0" 200 1883 "-" "Mozilla/5.0 (Macintosh; Intel Mac OS X 10_13_4) AppleWebKit/537.36 (KHTML, like Gecko) Chrome/65.0.3325.181 Safari/537.36"
98.130.43.189 - - [05/May/2026:02:29:13 -0500] "POST /wp-login.php HTTP/2.0" 200 2021 "https://easysalads.com/wp-login.php" "Mozilla/5.0 (Macintosh; Intel Mac OS X 10_13_4) AppleWebKit/537.36 (KHTML, like Gecko) Chrome/65.0.3325.181 Safari/537.36"
66.249.66.75 - - [05/May/2026:02:29:28 -0500] "GET /wp-content/uploads/2024/10/taffy-apple-salad-00.jpg HTTP/1.1" 200 700310 "-" "Googlebot-Image/1.0"
198.46.83.219 - - [05/May/2026:02:29:43 -0500] "GET /wp-login.php HTTP/2.0" 200 1883 "-" "Mozilla/5.0 (MSIE 10.0; Windows NT 6.1; WOW64; Trident/7.0; rv:11.0) like Gecko"
198.46.83.219 - - [05/May/2026:02:29:44 -0500] "POST /wp-login.php HTTP/2.0" 200 2018 "https://easysalads.com/wp-login.php" "Mozilla/5.0 (MSIE 10.0; Windows NT 6.1; WOW64; Trident/7.0; rv:11.0) like Gecko"
103.216.117.118 - - [05/May/2026:02:29:53 -0500] "GET /wp-login.php HTTP/2.0" 444 0 "-" "Mozilla/5.0 (Macintosh; Intel Mac OS X 10_12_6) AppleWebKit/537.36 (KHTML, like Gecko) Chrome/65.0.3325.162 Safari/537.36"
154.18.244.252 - - [05/May/2026:02:30:17 -0500] "POST /wp-cron.php?doing_wp_cron=1777966217.8644590377807617187500 HTTP/1.1" 200 11 "-" "WordPress/6.9.4; https://easysalads.com"
52.205.40.123 - - [05/May/2026:02:30:17 -0500] "GET /wprm_print/bruschetta-pasta-salad HTTP/1.1" 200 9862 "-" "Mozilla/5.0 (Macintosh; Intel Mac OS X 10_15_7) AppleWebKit/537.36 (KHTML, like Gecko) Chrome/135.0.0.0 Safari/537.36"
24.69.56.194 - - [05/May/2026:02:30:37 -0500] "GET /wp-content/plugins/kadence-blocks/dist/style-blocks-column.css?ver=3.6.7 HTTP/2.0" 200 428 "-" "Mozilla/5.0 (Linux; Android 10; K) AppleWebKit/537.36 (KHTML, like Gecko) Chrome/147.0.0.0 Mobile Safari/537.36"
24.69.56.194 - - [05/May/2026:02:30:37 -0500] "GET /wp-content/plugins/kadence-blocks/dist/style-blocks-infobox.css?ver=3.6.7 HTTP/2.0" 200 1340 "-" "Mozilla/5.0 (Linux; Android 10; K) AppleWebKit/537.36 (KHTML, like Gecko) Chrome/147.0.0.0 Mobile Safari/537.36"
24.69.56.194 - - [05/May/2026:02:30:37 -0500] "GET /wp-content/plugins/kadence-blocks/dist/style-blocks-rowlayout.css?ver=3.6.7 HTTP/2.0" 200 1771 "-" "Mozilla/5.0 (Linux; Android 10; K) AppleWebKit/537.36 (KHTML, like Gecko) Chrome/147.0.0.0 Mobile Safari/537.36"
24.69.56.194 - - [05/May/2026:02:30:38 -0500] "GET /yogurt-dill-dressing/ HTTP/2.0" 200 99536 "https://www.google.com/" "Mozilla/5.0 (Linux; Android 10; K) AppleWebKit/537.36 (KHTML, like Gecko) Chrome/147.0.0.0 Mobile Safari/537.36"
24.69.56.194 - - [05/May/2026:02:30:38 -0500] "GET /wp-content/plugins/kadence-blocks/dist/style-blocks-advancedbtn.css?ver=3.6.7 HTTP/2.0" 200 705 "-" "Mozilla/5.0 (Linux; Android 10; K) AppleWebKit/537.36 (KHTML, like Gecko) Chrome/147.0.0.0 Mobile Safari/537.36"
24.69.56.194 - - [05/May/2026:02:30:38 -0500] "GET /wp-content/plugins/kadence-blocks-pro/dist/style-blocks-postgrid.css?ver=2.8.13.1 HTTP/2.0" 200 2795 "-" "Mozilla/5.0 (Linux; Android 10; K) AppleWebKit/537.36 (KHTML, like Gecko) Chrome/147.0.0.0 Mobile Safari/537.36"
24.69.56.194 - - [05/May/2026:02:30:38 -0500] "GET /wp-content/plugins/wp-recipe-maker/dist/public-modern.css?ver=10.5.0 HTTP/2.0" 200 7712 "-" "Mozilla/5.0 (Linux; Android 10; K) AppleWebKit/537.36 (KHTML, like Gecko) Chrome/147.0.0.0 Mobile Safari/537.36"
24.69.56.194 - - [05/May/2026:02:30:38 -0500] "GET /wp-content/plugins/wp-recipe-maker-premium/dist/public-pro.css?ver=10.5.0 HTTP/2.0" 200 6796 "https://easysalads.com/yogurt-dill-dressing/" "Mozilla/5.0 (Linux; Android 10; K) AppleWebKit/537.36 (KHTML, like Gecko) Chrome/147.0.0.0 Mobile Safari/537.36"
24.69.56.194 - - [05/May/2026:02:30:38 -0500] "GET /wp-content/themes/kadence/assets/css/global.min.css?ver=1.1.22 HTTP/2.0" 200 4256 "https://easysalads.com/yogurt-dill-dressing/" "Mozilla/5.0 (Linux; Android 10; K) AppleWebKit/537.36 (KHTML, like Gecko) Chrome/147.0.0.0 Mobile Safari/537.36"
24.69.56.194 - - [05/May/2026:02:30:38 -0500] "GET /wp-content/themes/kadence/assets/css/header.min.css?ver=1.1.22 HTTP/2.0" 200 4295 "https://easysalads.com/yogurt-dill-dressing/" "Mozilla/5.0 (Linux; Android 10; K) AppleWebKit/537.36 (KHTML, like Gecko) Chrome/147.0.0.0 Mobile Safari/537.36"
24.69.56.194 - - [05/May/2026:02:30:38 -0500] "GET /wp-content/themes/kadence/assets/css/content.min.css?ver=1.1.22 HTTP/2.0" 200 5512 "https://easysalads.com/yogurt-dill-dressing/" "Mozilla/5.0 (Linux; Android 10; K) AppleWebKit/537.36 (KHTML, like Gecko) Chrome/147.0.0.0 Mobile Safari/537.36"
24.69.56.194 - - [05/May/2026:02:30:38 -0500] "GET /wp-content/themes/kadence/assets/css/comments.min.css?ver=1.1.22 HTTP/2.0" 200 1289 "https://easysalads.com/yogurt-dill-dressing/" "Mozilla/5.0 (Linux; Android 10; K) AppleWebKit/537.36 (KHTML, like Gecko) Chrome/147.0.0.0 Mobile Safari/537.36"
24.69.56.194 - - [05/May/2026:02:30:38 -0500] "GET /wp-content/themes/kadence/assets/css/sidebar.min.css?ver=1.1.22 HTTP/2.0" 200 749 "https://easysalads.com/yogurt-dill-dressing/" "Mozilla/5.0 (Linux; Android 10; K) AppleWebKit/537.36 (KHTML, like Gecko) Chrome/147.0.0.0 Mobile Safari/537.36"
24.69.56.194 - - [05/May/2026:02:30:38 -0500] "GET /wp-content/themes/kadence/assets/css/footer.min.css?ver=1.1.22 HTTP/2.0" 200 1580 "https://easysalads.com/yogurt-dill-dressing/" "Mozilla/5.0 (Linux; Android 10; K) AppleWebKit/537.36 (KHTML, like Gecko) Chrome/147.0.0.0 Mobile Safari/537.36"
24.69.56.194 - - [05/May/2026:02:30:38 -0500] "GET /wp-content/plugins/kadence-pro/dist/mega-menu/menu-addon.css?ver=1.1.19 HTTP/2.0" 200 1126 "https://easysalads.com/yogurt-dill-dressing/" "Mozilla/5.0 (Linux; Android 10; K) AppleWebKit/537.36 (KHTML, like Gecko) Chrome/147.0.0.0 Mobile Safari/537.36"
24.69.56.194 - - [05/May/2026:02:30:38 -0500] "GET /wp-content/plugins/social-pug/assets/dist/style-frontend-pro.css?ver=2.28.0 HTTP/2.0" 200 11454 "https://easysalads.com/yogurt-dill-dressing/" "Mozilla/5.0 (Linux; Android 10; K) AppleWebKit/537.36 (KHTML, like Gecko) Chrome/147.0.0.0 Mobile Safari/537.36"
24.69.56.194 - - [05/May/2026:02:30:38 -0500] "GET /wp-content/themes/restored316-sage/style.css?ver=1_0_1 HTTP/2.0" 200 1089 "https://easysalads.com/yogurt-dill-dressing/" "Mozilla/5.0 (Linux; Android 10; K) AppleWebKit/537.36 (KHTML, like Gecko) Chrome/147.0.0.0 Mobile Safari/537.36"
24.69.56.194 - - [05/May/2026:02:30:38 -0500] "GET /wp-content/plugins/wpforms-lite/assets/css/frontend/modern/wpforms-full.min.css?ver=1.10.0.4 HTTP/2.0" 200 14792 "https://easysalads.com/yogurt-dill-dressing/" "Mozilla/5.0 (Linux; Android 10; K) AppleWebKit/537.36 (KHTML, like Gecko) Chrome/147.0.0.0 Mobile Safari/537.36"
24.69.56.194 - - [05/May/2026:02:30:38 -0500] "GET /wp-content/uploads/2022/09/Easy-Salads-website-logo-1536x451.png HTTP/2.0" 200 71572 "https://easysalads.com/yogurt-dill-dressing/" "Mozilla/5.0 (Linux; Android 10; K) AppleWebKit/537.36 (KHTML, like Gecko) Chrome/147.0.0.0 Mobile Safari/537.36"
24.69.56.194 - - [05/May/2026:02:30:38 -0500] "GET /wp-content/uploads/2024/03/yogurt-dill-dressing-04.jpg HTTP/2.0" 200 494452 "https://easysalads.com/yogurt-dill-dressing/" "Mozilla/5.0 (Linux; Android 10; K) AppleWebKit/537.36 (KHTML, like Gecko) Chrome/147.0.0.0 Mobile Safari/537.36"
24.69.56.194 - - [05/May/2026:02:30:38 -0500] "GET /wp-content/uploads/2024/03/yogurt-dill-dressing-00.jpg HTTP/2.0" 200 408090 "https://easysalads.com/yogurt-dill-dressing/" "Mozilla/5.0 (Linux; Android 10; K) AppleWebKit/537.36 (KHTML, like Gecko) Chrome/147.0.0.0 Mobile Safari/537.36"
24.69.56.194 - - [05/May/2026:02:30:39 -0500] "GET /wp-content/plugins/kadence-blocks/dist/style-blocks-iconlist.css?ver=3.6.7 HTTP/2.0" 200 597 "https://easysalads.com/yogurt-dill-dressing/" "Mozilla/5.0 (Linux; Android 10; K) AppleWebKit/537.36 (KHTML, like Gecko) Chrome/147.0.0.0 Mobile Safari/537.36"
24.69.56.194 - - [05/May/2026:02:30:39 -0500] "GET /wp-content/plugins/kadence-blocks/dist/style-blocks-spacer.css?ver=3.6.7 HTTP/2.0" 200 385 "https://easysalads.com/yogurt-dill-dressing/" "Mozilla/5.0 (Linux; Android 10; K) AppleWebKit/537.36 (KHTML, like Gecko) Chrome/147.0.0.0 Mobile Safari/537.36"
24.69.56.194 - - [05/May/2026:02:30:39 -0500] "GET /wp-content/plugins/wp-recipe-maker/dist/public-modern.js?ver=10.5.0 HTTP/2.0" 200 23744 "https://easysalads.com/yogurt-dill-dressing/" "Mozilla/5.0 (Linux; Android 10; K) AppleWebKit/537.36 (KHTML, like Gecko) Chrome/147.0.0.0 Mobile Safari/537.36"
24.69.56.194 - - [05/May/2026:02:30:39 -0500] "GET /wp-content/plugins/wp-recipe-maker-premium/dist/public-pro.js?ver=10.5.0 HTTP/2.0" 200 20140 "https://easysalads.com/yogurt-dill-dressing/" "Mozilla/5.0 (Linux; Android 10; K) AppleWebKit/537.36 (KHTML, like Gecko) Chrome/147.0.0.0 Mobile Safari/537.36"
24.69.56.194 - - [05/May/2026:02:30:39 -0500] "GET /wp-content/plugins/kadence-pro/dist/mega-menu/kadence-mega-menu.min.js?ver=1.1.19 HTTP/2.0" 200 457 "https://easysalads.com/yogurt-dill-dressing/" "Mozilla/5.0 (Linux; Android 10; K) AppleWebKit/537.36 (KHTML, like Gecko) Chrome/147.0.0.0 Mobile Safari/537.36"
24.69.56.194 - - [05/May/2026:02:30:39 -0500] "GET /wp-includes/js/jquery/jquery.min.js?ver=3.7.1 HTTP/2.0" 200 29769 "https://easysalads.com/yogurt-dill-dressing/" "Mozilla/5.0 (Linux; Android 10; K) AppleWebKit/537.36 (KHTML, like Gecko) Chrome/147.0.0.0 Mobile Safari/537.36"
24.69.56.194 - - [05/May/2026:02:30:40 -0500] "GET /wp-includes/js/jquery/jquery-migrate.min.js?ver=3.4.1 HTTP/2.0" 200 4679 "https://easysalads.com/yogurt-dill-dressing/" "Mozilla/5.0 (Linux; Android 10; K) AppleWebKit/537.36 (KHTML, like Gecko) Chrome/147.0.0.0 Mobile Safari/537.36"
24.69.56.194 - - [05/May/2026:02:30:40 -0500] "GET /wp-content/plugins/wpforms-lite/assets/lib/jquery.validate.min.js?ver=1.21.0 HTTP/2.0" 200 7807 "https://easysalads.com/yogurt-dill-dressing/" "Mozilla/5.0 (Linux; Android 10; K) AppleWebKit/537.36 (KHTML, like Gecko) Chrome/147.0.0.0 Mobile Safari/537.36"
24.69.56.194 - - [05/May/2026:02:30:40 -0500] "GET /wp-content/plugins/wpforms-lite/assets/lib/mailcheck.min.js?ver=1.1.2 HTTP/2.0" 200 1616 "https://easysalads.com/yogurt-dill-dressing/" "Mozilla/5.0 (Linux; Android 10; K) AppleWebKit/537.36 (KHTML, like Gecko) Chrome/147.0.0.0 Mobile Safari/537.36"
24.69.56.194 - - [05/May/2026:02:30:40 -0500] "GET /wp-content/plugins/wpforms-lite/assets/lib/punycode.min.js?ver=1.0.0 HTTP/2.0" 200 834 "https://easysalads.com/yogurt-dill-dressing/" "Mozilla/5.0 (Linux; Android 10; K) AppleWebKit/537.36 (KHTML, like Gecko) Chrome/147.0.0.0 Mobile Safari/537.36"
24.69.56.194 - - [05/May/2026:02:30:40 -0500] "GET /wp-content/plugins/wpforms-lite/assets/js/share/utils.min.js?ver=1.10.0.4 HTTP/2.0" 200 727 "https://easysalads.com/yogurt-dill-dressing/" "Mozilla/5.0 (Linux; Android 10; K) AppleWebKit/537.36 (KHTML, like Gecko) Chrome/147.0.0.0 Mobile Safari/537.36"
24.69.56.194 - - [05/May/2026:02:30:40 -0500] "GET /wp-content/plugins/wpforms-lite/assets/js/frontend/wpforms.min.js?ver=1.10.0.4 HTTP/2.0" 200 14614 "https://easysalads.com/yogurt-dill-dressing/" "Mozilla/5.0 (Linux; Android 10; K) AppleWebKit/537.36 (KHTML, like Gecko) Chrome/147.0.0.0 Mobile Safari/537.36"
24.69.56.194 - - [05/May/2026:02:30:40 -0500] "GET /wp-content/plugins/wpforms-lite/assets/js/frontend/wpforms-modern.min.js?ver=1.10.0.4 HTTP/2.0" 200 1866 "https://easysalads.com/yogurt-dill-dressing/" "Mozilla/5.0 (Linux; Android 10; K) AppleWebKit/537.36 (KHTML, like Gecko) Chrome/147.0.0.0 Mobile Safari/537.36"
24.69.56.194 - - [05/May/2026:02:30:40 -0500] "GET /wp-content/plugins/wpforms-lite/assets/js/frontend/fields/address.min.js?ver=1.10.0.4 HTTP/2.0" 200 673 "https://easysalads.com/yogurt-dill-dressing/" "Mozilla/5.0 (Linux; Android 10; K) AppleWebKit/537.36 (KHTML, like Gecko) Chrome/147.0.0.0 Mobile Safari/537.36"
24.69.56.194 - - [05/May/2026:02:30:40 -0500] "GET /wp-content/plugins/wpforms-lite/assets/images/submit-spin.svg HTTP/2.0" 200 509 "https://easysalads.com/yogurt-dill-dressing/" "Mozilla/5.0 (Linux; Android 10; K) AppleWebKit/537.36 (KHTML, like Gecko) Chrome/147.0.0.0 Mobile Safari/537.36"
24.69.56.194 - - [05/May/2026:02:30:40 -0500] "GET /wp-includes/js/comment-reply.min.js?ver=6.9.4 HTTP/2.0" 200 1248 "https://easysalads.com/yogurt-dill-dressing/" "Mozilla/5.0 (Linux; Android 10; K) AppleWebKit/537.36 (KHTML, like Gecko) Chrome/147.0.0.0 Mobile Safari/537.36"
24.69.56.194 - - [05/May/2026:02:30:40 -0500] "GET /wp-content/themes/kadence/assets/js/navigation-lite.min.js?ver=1.1.21 HTTP/2.0" 200 2083 "https://easysalads.com/yogurt-dill-dressing/" "Mozilla/5.0 (Linux; Android 10; K) AppleWebKit/537.36 (KHTML, like Gecko) Chrome/147.0.0.0 Mobile Safari/537.36"
24.69.56.194 - - [05/May/2026:02:30:40 -0500] "GET /wp-content/plugins/social-pug/assets/dist/front-end-pro.js?ver=2.28.0 HTTP/2.0" 200 9339 "https://easysalads.com/yogurt-dill-dressing/" "Mozilla/5.0 (Linux; Android 10; K) AppleWebKit/537.36 (KHTML, like Gecko) Chrome/147.0.0.0 Mobile Safari/537.36"
24.69.56.194 - - [05/May/2026:02:30:40 -0500] "GET /wp-content/plugins/akismet/_inc/akismet-frontend.js?ver=1764724306 HTTP/2.0" 200 3016 "https://easysalads.com/yogurt-dill-dressing/" "Mozilla/5.0 (Linux; Android 10; K) AppleWebKit/537.36 (KHTML, like Gecko) Chrome/147.0.0.0 Mobile Safari/537.36"
24.69.56.194 - - [05/May/2026:02:30:41 -0500] "GET /wp-content/uploads/2024/03/yogurt-dill-dressing-03-1024x1536.jpg HTTP/2.0" 200 242608 "https://easysalads.com/yogurt-dill-dressing/" "Mozilla/5.0 (Linux; Android 10; K) AppleWebKit/537.36 (KHTML, like Gecko) Chrome/147.0.0.0 Mobile Safari/537.36"
24.69.56.194 - - [05/May/2026:02:30:41 -0500] "GET /wp-content/uploads/2024/03/yogurt-dill-dressing-00-500x500.jpg HTTP/2.0" 200 53178 "https://easysalads.com/yogurt-dill-dressing/" "Mozilla/5.0 (Linux; Android 10; K) AppleWebKit/537.36 (KHTML, like Gecko) Chrome/147.0.0.0 Mobile Safari/537.36"
54.196.75.142 - - [05/May/2026:02:30:46 -0500] "GET /yogurt-dill-dressing HTTP/1.1" 200 125565 "-" "Mozilla/5.0 (compatible; proximic; +https://www.comscore.com/Web-Crawler)"
34.230.13.158 - - [05/May/2026:02:30:47 -0500] "GET /panera-tomato-basil-cucumber-salad HTTP/1.1" 200 131678 "-" "Mozilla/5.0 (compatible; proximic; +https://www.comscore.com/Web-Crawler)"
154.18.244.252 - - [05/May/2026:02:31:04 -0500] "POST /wp-cron.php?doing_wp_cron=1777966264.6886930465698242187500 HTTP/1.1" 200 11 "-" "WordPress/6.9.4; https://easysalads.com"
57.128.189.19 - - [05/May/2026:02:31:04 -0500] "GET /?nocache=1777966201 HTTP/2.0" 200 89187 "-" "BigScootsMonitor Mozilla/5.0 (Windows NT 10.0; Win64; x64) AppleWebKit/537.36 (KHTML, like Gecko) Chrome/74.0.3729.169 Safari/537.36"
51.222.136.175 - - [05/May/2026:02:31:05 -0500] "GET /?nocache=1777966201 HTTP/2.0" 200 89187 "-" "BigScootsMonitor Mozilla/5.0 (Windows NT 10.0; Win64; x64) AppleWebKit/537.36 (KHTML, like Gecko) Chrome/74.0.3729.169 Safari/537.36"
24.69.56.194 - - [05/May/2026:02:31:25 -0500] "GET /wp-content/uploads/2022/09/cropped-site-icon-easy-salads-192x192.png HTTP/2.0" 200 8410 "https://easysalads.com/yogurt-dill-dressing/" "Mozilla/5.0 (Linux; Android 10; K) AppleWebKit/537.36 (KHTML, like Gecko) Chrome/147.0.0.0 Mobile Safari/537.36"
24.69.56.194 - - [05/May/2026:02:31:25 -0500] "GET /wp-content/uploads/2022/09/cropped-site-icon-easy-salads-180x180.png HTTP/2.0" 200 7710 "https://easysalads.com/yogurt-dill-dressing/" "Mozilla/5.0 (Linux; Android 10; K) AppleWebKit/537.36 (KHTML, like Gecko) Chrome/147.0.0.0 Mobile Safari/537.36"
57.141.6.23 - - [05/May/2026:02:31:57 -0500] "GET / HTTP/2.0" 200 536590 "-" "meta-webindexer/1.1 (+https://developers.facebook.com/docs/sharing/webmasters/crawler)"
154.18.244.252 - - [05/May/2026:02:33:03 -0500] "POST /wp-cron.php?doing_wp_cron=1777966383.9365510940551757812500 HTTP/1.1" 200 11 "-" "WordPress/6.9.4; https://easysalads.com"
57.128.189.19 - - [05/May/2026:02:33:03 -0500] "GET /?nocache=1777966321 HTTP/2.0" 200 89187 "-" "BigScootsMonitor Mozilla/5.0 (Windows NT 10.0; Win64; x64) AppleWebKit/537.36 (KHTML, like Gecko) Chrome/74.0.3729.169 Safari/537.36"
51.222.136.175 - - [05/May/2026:02:33:04 -0500] "GET /?nocache=1777966321 HTTP/2.0" 200 89187 "-" "BigScootsMonitor Mozilla/5.0 (Windows NT 10.0; Win64; x64) AppleWebKit/537.36 (KHTML, like Gecko) Chrome/74.0.3729.169 Safari/537.36"
184.174.88.217 - - [05/May/2026:02:33:21 -0500] "GET /broccoli-raisin-salad-recipe HTTP/1.1" 200 130690 "https://www.google.com" "Mozilla/5.0 (X11; Linux x86_64; rv:78.0) Gecko/20100101 Firefox/78.0"
34.96.63.120 - - [05/May/2026:02:33:56 -0500] "GET /classic-chicken-salad HTTP/1.1" 200 127327 "-" "Mozilla/5.0 (Windows NT 10.0; Win64; x64) AppleWebKit/537.36 (KHTML, like Gecko) Chrome/78.0.3904.108 Safari/537.36"
135.236.141.8 - - [05/May/2026:02:34:00 -0500] "GET /wp-login.php HTTP/2.0" 444 0 "-" "Mozilla/4.0 (compatible; MSIE 7.0; Windows NT 6.1; WOW64; Trident/7.0; SLCC2; .NET CLR 2.0.50727; .NET CLR 3.5.30729; .NET CLR 3.0.30729; .NET4.0C; .NET4.0E; Media Center PC 6.0)"
172.212.188.103 - - [05/May/2026:02:34:53 -0500] "GET /wp-good.php HTTP/1.1" 404 548 "-" "Mozilla/5.0 (Windows NT 10.0; Win64; x64) AppleWebKit/537.36 (KHTML, like Gecko) Chrome/120.0.0.0 Safari/537.36"
172.212.188.103 - - [05/May/2026:02:34:53 -0500] "GET /file.php HTTP/1.1" 404 548 "-" "Mozilla/5.0 (Windows NT 10.0; Win64; x64) AppleWebKit/537.36 (KHTML, like Gecko) Chrome/120.0.0.0 Safari/537.36"
172.212.188.103 - - [05/May/2026:02:34:53 -0500] "GET /alfa.php HTTP/1.1" 404 548 "-" "Mozilla/5.0 (Windows NT 10.0; Win64; x64) AppleWebKit/537.36 (KHTML, like Gecko) Chrome/120.0.0.0 Safari/537.36"
172.212.188.103 - - [05/May/2026:02:34:53 -0500] "GET /bless.php HTTP/1.1" 404 548 "-" "Mozilla/5.0 (Windows NT 10.0; Win64; x64) AppleWebKit/537.36 (KHTML, like Gecko) Chrome/120.0.0.0 Safari/537.36"
154.18.244.252 - - [05/May/2026:02:34:53 -0500] "POST /wp-cron.php?doing_wp_cron=1777966493.9035959243774414062500 HTTP/1.1" 200 11 "-" "WordPress/6.9.4; https://easysalads.com"
172.212.188.103 - - [05/May/2026:02:34:53 -0500] "GET /admin.php. HTTP/1.1" 301 5 "-" "Mozilla/5.0 (Windows NT 10.0; Win64; x64) AppleWebKit/537.36 (KHTML, like Gecko) Chrome/120.0.0.0 Safari/537.36"
172.212.188.103 - - [05/May/2026:02:34:53 -0500] "GET /flower.php HTTP/1.1" 404 548 "-" "Mozilla/5.0 (Windows NT 10.0; Win64; x64) AppleWebKit/537.36 (KHTML, like Gecko) Chrome/120.0.0.0 Safari/537.36"
172.212.188.103 - - [05/May/2026:02:34:53 -0500] "GET /ioxi-o.php HTTP/1.1" 404 548 "-" "Mozilla/5.0 (Windows NT 10.0; Win64; x64) AppleWebKit/537.36 (KHTML, like Gecko) Chrome/120.0.0.0 Safari/537.36"
172.212.188.103 - - [05/May/2026:02:34:53 -0500] "GET /lock360.php HTTP/1.1" 404 548 "-" "Mozilla/5.0 (Windows NT 10.0; Win64; x64) AppleWebKit/537.36 (KHTML, like Gecko) Chrome/120.0.0.0 Safari/537.36"
172.212.188.103 - - [05/May/2026:02:34:53 -0500] "GET /adminfuns.php HTTP/1.1" 404 548 "-" "Mozilla/5.0 (Windows NT 10.0; Win64; x64) AppleWebKit/537.36 (KHTML, like Gecko) Chrome/120.0.0.0 Safari/537.36"
172.212.188.103 - - [05/May/2026:02:34:54 -0500] "GET /wp-content/admin.php HTTP/1.1" 403 548 "-" "Mozilla/5.0 (Windows NT 10.0; Win64; x64) AppleWebKit/537.36 (KHTML, like Gecko) Chrome/120.0.0.0 Safari/537.36"
172.212.188.103 - - [05/May/2026:02:34:54 -0500] "GET /aa.php HTTP/1.1" 404 548 "-" "Mozilla/5.0 (Windows NT 10.0; Win64; x64) AppleWebKit/537.36 (KHTML, like Gecko) Chrome/120.0.0.0 Safari/537.36"
172.212.188.103 - - [05/May/2026:02:34:54 -0500] "GET /xmrlpc.php HTTP/1.1" 404 548 "-" "Mozilla/5.0 (Windows NT 10.0; Win64; x64) AppleWebKit/537.36 (KHTML, like Gecko) Chrome/120.0.0.0 Safari/537.36"
172.212.188.103 - - [05/May/2026:02:34:54 -0500] "GET /class.php HTTP/1.1" 404 548 "-" "Mozilla/5.0 (Windows NT 10.0; Win64; x64) AppleWebKit/537.36 (KHTML, like Gecko) Chrome/120.0.0.0 Safari/537.36"
172.212.188.103 - - [05/May/2026:02:34:54 -0500] "GET /goods.php HTTP/1.1" 404 548 "-" "Mozilla/5.0 (Windows NT 10.0; Win64; x64) AppleWebKit/537.36 (KHTML, like Gecko) Chrome/120.0.0.0 Safari/537.36"
172.212.188.103 - - [05/May/2026:02:34:54 -0500] "GET /info.php HTTP/1.1" 404 548 "-" "Mozilla/5.0 (Windows NT 10.0; Win64; x64) AppleWebKit/537.36 (KHTML, like Gecko) Chrome/120.0.0.0 Safari/537.36"
172.212.188.103 - - [05/May/2026:02:34:54 -0500] "GET /as.php HTTP/1.1" 404 548 "-" "Mozilla/5.0 (Windows NT 10.0; Win64; x64) AppleWebKit/537.36 (KHTML, like Gecko) Chrome/120.0.0.0 Safari/537.36"
172.212.188.103 - - [05/May/2026:02:34:54 -0500] "GET /aw.php HTTP/1.1" 404 548 "-" "Mozilla/5.0 (Windows NT 10.0; Win64; x64) AppleWebKit/537.36 (KHTML, like Gecko) Chrome/120.0.0.0 Safari/537.36"
172.212.188.103 - - [05/May/2026:02:34:54 -0500] "GET /bb.php HTTP/1.1" 404 548 "-" "Mozilla/5.0 (Windows NT 10.0; Win64; x64) AppleWebKit/537.36 (KHTML, like Gecko) Chrome/120.0.0.0 Safari/537.36"
172.212.188.103 - - [05/May/2026:02:34:54 -0500] "GET /about.php HTTP/1.1" 404 548 "-" "Mozilla/5.0 (Windows NT 10.0; Win64; x64) AppleWebKit/537.36 (KHTML, like Gecko) Chrome/120.0.0.0 Safari/537.36"
172.212.188.103 - - [05/May/2026:02:34:54 -0500] "GET /222.php HTTP/1.1" 404 548 "-" "Mozilla/5.0 (Windows NT 10.0; Win64; x64) AppleWebKit/537.36 (KHTML, like Gecko) Chrome/120.0.0.0 Safari/537.36"
172.212.188.103 - - [05/May/2026:02:34:54 -0500] "GET /test1.php HTTP/1.1" 404 548 "-" "Mozilla/5.0 (Windows NT 10.0; Win64; x64) AppleWebKit/537.36 (KHTML, like Gecko) Chrome/120.0.0.0 Safari/537.36"
172.212.188.103 - - [05/May/2026:02:34:54 -0500] "GET /classwithtostring.php HTTP/1.1" 404 548 "-" "Mozilla/5.0 (Windows NT 10.0; Win64; x64) AppleWebKit/537.36 (KHTML, like Gecko) Chrome/120.0.0.0 Safari/537.36"
172.212.188.103 - - [05/May/2026:02:34:54 -0500] "GET /css/autoload_classmap.php HTTP/1.1" 404 548 "-" "Mozilla/5.0 (Windows NT 10.0; Win64; x64) AppleWebKit/537.36 (KHTML, like Gecko) Chrome/120.0.0.0 Safari/537.36"
172.212.188.103 - - [05/May/2026:02:34:54 -0500] "GET /fx.php HTTP/1.1" 404 548 "-" "Mozilla/5.0 (Windows NT 10.0; Win64; x64) AppleWebKit/537.36 (KHTML, like Gecko) Chrome/120.0.0.0 Safari/537.36"
172.212.188.103 - - [05/May/2026:02:34:54 -0500] "GET /admin/controller/extension/extension/ultra.php HTTP/1.1" 404 548 "-" "Mozilla/5.0 (Windows NT 10.0; Win64; x64) AppleWebKit/537.36 (KHTML, like Gecko) Chrome/120.0.0.0 Safari/537.36"
172.212.188.103 - - [05/May/2026:02:34:54 -0500] "GET /gelay.php HTTP/1.1" 404 548 "-" "Mozilla/5.0 (Windows NT 10.0; Win64; x64) AppleWebKit/537.36 (KHTML, like Gecko) Chrome/120.0.0.0 Safari/537.36"
154.18.244.252 - - [05/May/2026:02:34:54 -0500] "POST /wp-cron.php?doing_wp_cron=1777966495.0158960819244384765625 HTTP/1.1" 200 11 "-" "WordPress/6.9.4; https://easysalads.com"
172.212.188.103 - - [05/May/2026:02:34:54 -0500] "GET /wp-mail.php HTTP/1.1" 403 852 "-" "Mozilla/5.0 (Windows NT 10.0; Win64; x64) AppleWebKit/537.36 (KHTML, like Gecko) Chrome/120.0.0.0 Safari/537.36"
172.212.188.103 - - [05/May/2026:02:34:54 -0500] "GET /god4m.php HTTP/1.1" 404 548 "-" "Mozilla/5.0 (Windows NT 10.0; Win64; x64) AppleWebKit/537.36 (KHTML, like Gecko) Chrome/120.0.0.0 Safari/537.36"
172.212.188.103 - - [05/May/2026:02:34:55 -0500] "GET /mari.php HTTP/1.1" 404 548 "-" "Mozilla/5.0 (Windows NT 10.0; Win64; x64) AppleWebKit/537.36 (KHTML, like Gecko) Chrome/120.0.0.0 Safari/537.36"
172.212.188.103 - - [05/May/2026:02:34:55 -0500] "GET /moon.php HTTP/1.1" 404 548 "-" "Mozilla/5.0 (Windows NT 10.0; Win64; x64) AppleWebKit/537.36 (KHTML, like Gecko) Chrome/120.0.0.0 Safari/537.36"
172.212.188.103 - - [05/May/2026:02:34:55 -0500] "GET /o.php HTTP/1.1" 404 548 "-" "Mozilla/5.0 (Windows NT 10.0; Win64; x64) AppleWebKit/537.36 (KHTML, like Gecko) Chrome/120.0.0.0 Safari/537.36"
172.212.188.103 - - [05/May/2026:02:34:55 -0500] "GET /tmp.php HTTP/1.1" 404 548 "-" "Mozilla/5.0 (Windows NT 10.0; Win64; x64) AppleWebKit/537.36 (KHTML, like Gecko) Chrome/120.0.0.0 Safari/537.36"
172.212.188.103 - - [05/May/2026:02:34:55 -0500] "GET /wp-admin/js/ HTTP/1.1" 403 548 "-" "Mozilla/5.0 (Windows NT 10.0; Win64; x64) AppleWebKit/537.36 (KHTML, like Gecko) Chrome/120.0.0.0 Safari/537.36"
172.212.188.103 - - [05/May/2026:02:34:55 -0500] "GET /wp-admin/a.php HTTP/1.1" 404 548 "-" "Mozilla/5.0 (Windows NT 10.0; Win64; x64) AppleWebKit/537.36 (KHTML, like Gecko) Chrome/120.0.0.0 Safari/537.36"
172.212.188.103 - - [05/May/2026:02:34:55 -0500] "GET /wp-admin/alfa.php HTTP/1.1" 404 548 "-" "Mozilla/5.0 (Windows NT 10.0; Win64; x64) AppleWebKit/537.36 (KHTML, like Gecko) Chrome/120.0.0.0 Safari/537.36"
172.212.188.103 - - [05/May/2026:02:34:55 -0500] "GET /wp-admin/css/colors HTTP/1.1" 301 162 "-" "Mozilla/5.0 (Windows NT 10.0; Win64; x64) AppleWebKit/537.36 (KHTML, like Gecko) Chrome/120.0.0.0 Safari/537.36"
172.212.188.103 - - [05/May/2026:02:34:55 -0500] "GET /wp-admin/js/widgets/ HTTP/1.1" 403 548 "-" "Mozilla/5.0 (Windows NT 10.0; Win64; x64) AppleWebKit/537.36 (KHTML, like Gecko) Chrome/120.0.0.0 Safari/537.36"
172.212.188.103 - - [05/May/2026:02:34:55 -0500] "GET /wp-admin/network/index.php HTTP/1.1" 302 5 "-" "Mozilla/5.0 (Windows NT 10.0; Win64; x64) AppleWebKit/537.36 (KHTML, like Gecko) Chrome/120.0.0.0 Safari/537.36"
172.212.188.103 - - [05/May/2026:02:34:55 -0500] "GET /wp-content/plugins/core-plugin/include.php HTTP/1.1" 403 548 "-" "Mozilla/5.0 (Windows NT 10.0; Win64; x64) AppleWebKit/537.36 (KHTML, like Gecko) Chrome/120.0.0.0 Safari/537.36"
172.212.188.103 - - [05/May/2026:02:34:55 -0500] "GET /wp-includes/IXR/test1.php HTTP/1.1" 403 548 "-" "Mozilla/5.0 (Windows NT 10.0; Win64; x64) AppleWebKit/537.36 (KHTML, like Gecko) Chrome/120.0.0.0 Safari/537.36"
172.212.188.103 - - [05/May/2026:02:34:55 -0500] "GET /wp-includes/js/crop/cropper.php HTTP/1.1" 403 548 "-" "Mozilla/5.0 (Windows NT 10.0; Win64; x64) AppleWebKit/537.36 (KHTML, like Gecko) Chrome/120.0.0.0 Safari/537.36"
172.212.188.103 - - [05/May/2026:02:34:55 -0500] "GET /wp-content/themes/ HTTP/1.1" 403 548 "-" "Mozilla/5.0 (Windows NT 10.0; Win64; x64) AppleWebKit/537.36 (KHTML, like Gecko) Chrome/120.0.0.0 Safari/537.36"
172.212.188.103 - - [05/May/2026:02:34:55 -0500] "GET /wp-includes/ID3/ HTTP/1.1" 403 548 "-" "Mozilla/5.0 (Windows NT 10.0; Win64; x64) AppleWebKit/537.36 (KHTML, like Gecko) Chrome/120.0.0.0 Safari/537.36"
172.212.188.103 - - [05/May/2026:02:34:55 -0500] "GET /wk/index.php HTTP/1.1" 404 548 "-" "Mozilla/5.0 (Windows NT 10.0; Win64; x64) AppleWebKit/537.36 (KHTML, like Gecko) Chrome/120.0.0.0 Safari/537.36"
172.212.188.103 - - [05/May/2026:02:34:56 -0500] "GET /inputs.php HTTP/1.1" 404 548 "-" "Mozilla/5.0 (Windows NT 10.0; Win64; x64) AppleWebKit/537.36 (KHTML, like Gecko) Chrome/120.0.0.0 Safari/537.36"
172.212.188.103 - - [05/May/2026:02:34:56 -0500] "GET /function/function.php HTTP/1.1" 404 548 "-" "Mozilla/5.0 (Windows NT 10.0; Win64; x64) AppleWebKit/537.36 (KHTML, like Gecko) Chrome/120.0.0.0 Safari/537.36"
172.212.188.103 - - [05/May/2026:02:34:56 -0500] "GET /rip.php HTTP/1.1" 404 548 "-" "Mozilla/5.0 (Windows NT 10.0; Win64; x64) AppleWebKit/537.36 (KHTML, like Gecko) Chrome/120.0.0.0 Safari/537.36"
172.212.188.103 - - [05/May/2026:02:34:56 -0500] "GET /wp-content/uploads/index.php HTTP/1.1" 403 548 "-" "Mozilla/5.0 (Windows NT 10.0; Win64; x64) AppleWebKit/537.36 (KHTML, like Gecko) Chrome/120.0.0.0 Safari/537.36"
172.212.188.103 - - [05/May/2026:02:34:56 -0500] "GET /cache.php HTTP/1.1" 404 548 "-" "Mozilla/5.0 (Windows NT 10.0; Win64; x64) AppleWebKit/537.36 (KHTML, like Gecko) Chrome/120.0.0.0 Safari/537.36"
172.212.188.103 - - [05/May/2026:02:34:56 -0500] "GET /themes.php HTTP/1.1" 404 548 "-" "Mozilla/5.0 (Windows NT 10.0; Win64; x64) AppleWebKit/537.36 (KHTML, like Gecko) Chrome/120.0.0.0 Safari/537.36"
172.212.188.103 - - [05/May/2026:02:34:56 -0500] "GET /wpx.php HTTP/1.1" 404 548 "-" "Mozilla/5.0 (Windows NT 10.0; Win64; x64) AppleWebKit/537.36 (KHTML, like Gecko) Chrome/120.0.0.0 Safari/537.36"
172.212.188.103 - - [05/May/2026:02:34:56 -0500] "GET /403.php HTTP/1.1" 404 548 "-" "Mozilla/5.0 (Windows NT 10.0; Win64; x64) AppleWebKit/537.36 (KHTML, like Gecko) Chrome/120.0.0.0 Safari/537.36"
172.212.188.103 - - [05/May/2026:02:34:56 -0500] "GET /an.php HTTP/1.1" 404 548 "-" "Mozilla/5.0 (Windows NT 10.0; Win64; x64) AppleWebKit/537.36 (KHTML, like Gecko) Chrome/120.0.0.0 Safari/537.36"
172.212.188.103 - - [05/May/2026:02:34:56 -0500] "GET /index/function.php HTTP/1.1" 404 548 "-" "Mozilla/5.0 (Windows NT 10.0; Win64; x64) AppleWebKit/537.36 (KHTML, like Gecko) Chrome/120.0.0.0 Safari/537.36"
172.212.188.103 - - [05/May/2026:02:34:56 -0500] "GET /randkeyword.PhP7 HTTP/1.1" 404 75179 "-" "Mozilla/5.0 (Windows NT 10.0; Win64; x64) AppleWebKit/537.36 (KHTML, like Gecko) Chrome/120.0.0.0 Safari/537.36"
172.212.188.103 - - [05/May/2026:02:34:57 -0500] "GET /ws.php HTTP/1.1" 404 548 "-" "Mozilla/5.0 (Windows NT 10.0; Win64; x64) AppleWebKit/537.36 (KHTML, like Gecko) Chrome/120.0.0.0 Safari/537.36"
172.212.188.103 - - [05/May/2026:02:34:57 -0500] "GET /404.php HTTP/1.1" 404 548 "-" "Mozilla/5.0 (Windows NT 10.0; Win64; x64) AppleWebKit/537.36 (KHTML, like Gecko) Chrome/120.0.0.0 Safari/537.36"
172.212.188.103 - - [05/May/2026:02:34:57 -0500] "GET /wp-admin/user/index.php HTTP/1.1" 302 5 "-" "Mozilla/5.0 (Windows NT 10.0; Win64; x64) AppleWebKit/537.36 (KHTML, like Gecko) Chrome/120.0.0.0 Safari/537.36"
172.212.188.103 - - [05/May/2026:02:34:57 -0500] "GET /wp-conf.php HTTP/1.1" 404 548 "-" "Mozilla/5.0 (Windows NT 10.0; Win64; x64) AppleWebKit/537.36 (KHTML, like Gecko) Chrome/120.0.0.0 Safari/537.36"
172.212.188.103 - - [05/May/2026:02:34:57 -0500] "GET /wp-content/themes/hideo/network.php HTTP/1.1" 403 548 "-" "Mozilla/5.0 (Windows NT 10.0; Win64; x64) AppleWebKit/537.36 (KHTML, like Gecko) Chrome/120.0.0.0 Safari/537.36"
172.212.188.103 - - [05/May/2026:02:34:57 -0500] "GET /wp-login.php HTTP/1.1" 200 1895 "-" "Mozilla/5.0 (Windows NT 10.0; Win64; x64) AppleWebKit/537.36 (KHTML, like Gecko) Chrome/120.0.0.0 Safari/537.36"
172.212.188.103 - - [05/May/2026:02:34:57 -0500] "GET /abc.php HTTP/1.1" 404 548 "-" "Mozilla/5.0 (Windows NT 10.0; Win64; x64) AppleWebKit/537.36 (KHTML, like Gecko) Chrome/120.0.0.0 Safari/537.36"
172.212.188.103 - - [05/May/2026:02:34:58 -0500] "GET /abcd.php HTTP/1.1" 404 548 "-" "Mozilla/5.0 (Windows NT 10.0; Win64; x64) AppleWebKit/537.36 (KHTML, like Gecko) Chrome/120.0.0.0 Safari/537.36"
172.212.188.103 - - [05/May/2026:02:34:58 -0500] "GET /wp-trackback.php HTTP/1.1" 404 91 "-" "Mozilla/5.0 (Windows NT 10.0; Win64; x64) AppleWebKit/537.36 (KHTML, like Gecko) Chrome/120.0.0.0 Safari/537.36"
172.212.188.103 - - [05/May/2026:02:34:58 -0500] "GET /xmlrpc.php HTTP/1.1" 403 548 "-" "Mozilla/5.0 (Windows NT 10.0; Win64; x64) AppleWebKit/537.36 (KHTML, like Gecko) Chrome/120.0.0.0 Safari/537.36"
172.212.188.103 - - [05/May/2026:02:34:58 -0500] "GET /sf.php HTTP/1.1" 404 548 "-" "Mozilla/5.0 (Windows NT 10.0; Win64; x64) AppleWebKit/537.36 (KHTML, like Gecko) Chrome/120.0.0.0 Safari/537.36"
172.212.188.103 - - [05/May/2026:02:34:58 -0500] "GET /kbfr.php HTTP/1.1" 404 548 "-" "Mozilla/5.0 (Windows NT 10.0; Win64; x64) AppleWebKit/537.36 (KHTML, like Gecko) Chrome/120.0.0.0 Safari/537.36"
172.212.188.103 - - [05/May/2026:02:34:58 -0500] "GET /autoload_classmap.php HTTP/1.1" 404 548 "-" "Mozilla/5.0 (Windows NT 10.0; Win64; x64) AppleWebKit/537.36 (KHTML, like Gecko) Chrome/120.0.0.0 Safari/537.36"
172.212.188.103 - - [05/May/2026:02:34:58 -0500] "GET /chosen.php?p= HTTP/1.1" 404 548 "-" "Mozilla/5.0 (Windows NT 10.0; Win64; x64) AppleWebKit/537.36 (KHTML, like Gecko) Chrome/120.0.0.0 Safari/537.36"
172.212.188.103 - - [05/May/2026:02:34:58 -0500] "GET /defaults.php HTTP/1.1" 404 548 "-" "Mozilla/5.0 (Windows NT 10.0; Win64; x64) AppleWebKit/537.36 (KHTML, like Gecko) Chrome/120.0.0.0 Safari/537.36"
172.212.188.103 - - [05/May/2026:02:34:58 -0500] "GET /wp-includes/ HTTP/1.1" 403 548 "-" "Mozilla/5.0 (Windows NT 10.0; Win64; x64) AppleWebKit/537.36 (KHTML, like Gecko) Chrome/120.0.0.0 Safari/537.36"
172.212.188.103 - - [05/May/2026:02:34:58 -0500] "GET /13.php HTTP/1.1" 404 548 "-" "Mozilla/5.0 (Windows NT 10.0; Win64; x64) AppleWebKit/537.36 (KHTML, like Gecko) Chrome/120.0.0.0 Safari/537.36"
172.212.188.103 - - [05/May/2026:02:34:58 -0500] "GET /.well-known/ HTTP/1.1" 404 548 "-" "Mozilla/5.0 (Windows NT 10.0; Win64; x64) AppleWebKit/537.36 (KHTML, like Gecko) Chrome/120.0.0.0 Safari/537.36"
172.212.188.103 - - [05/May/2026:02:34:58 -0500] "GET /cgi-bin/ HTTP/1.1" 404 75179 "-" "Mozilla/5.0 (Windows NT 10.0; Win64; x64) AppleWebKit/537.36 (KHTML, like Gecko) Chrome/120.0.0.0 Safari/537.36"
172.212.188.103 - - [05/May/2026:02:34:59 -0500] "GET /uploads/ HTTP/1.1" 404 75179 "-" "Mozilla/5.0 (Windows NT 10.0; Win64; x64) AppleWebKit/537.36 (KHTML, like Gecko) Chrome/120.0.0.0 Safari/537.36"
172.212.188.103 - - [05/May/2026:02:34:59 -0500] "GET /wp-admin/images/ HTTP/1.1" 403 548 "-" "Mozilla/5.0 (Windows NT 10.0; Win64; x64) AppleWebKit/537.36 (KHTML, like Gecko) Chrome/120.0.0.0 Safari/537.36"
172.212.188.103 - - [05/May/2026:02:34:59 -0500] "GET /wp-includes/Requests/src/Response/about.php HTTP/1.1" 403 548 "-" "Mozilla/5.0 (Windows NT 10.0; Win64; x64) AppleWebKit/537.36 (KHTML, like Gecko) Chrome/120.0.0.0 Safari/537.36"
172.212.188.103 - - [05/May/2026:02:34:59 -0500] "GET /wp-includes/html-api/ HTTP/1.1" 403 548 "-" "Mozilla/5.0 (Windows NT 10.0; Win64; x64) AppleWebKit/537.36 (KHTML, like Gecko) Chrome/120.0.0.0 Safari/537.36"
172.212.188.103 - - [05/May/2026:02:34:59 -0500] "GET /wp-admin/css/colors/ectoplasm/ HTTP/1.1" 403 548 "-" "Mozilla/5.0 (Windows NT 10.0; Win64; x64) AppleWebKit/537.36 (KHTML, like Gecko) Chrome/120.0.0.0 Safari/537.36"
172.212.188.103 - - [05/May/2026:02:34:59 -0500] "GET /wp-content/uploads/ HTTP/1.1" 403 548 "-" "Mozilla/5.0 (Windows NT 10.0; Win64; x64) AppleWebKit/537.36 (KHTML, like Gecko) Chrome/120.0.0.0 Safari/537.36"
172.212.188.103 - - [05/May/2026:02:34:59 -0500] "GET /wp-content/themes/admin.php HTTP/1.1" 403 548 "-" "Mozilla/5.0 (Windows NT 10.0; Win64; x64) AppleWebKit/537.36 (KHTML, like Gecko) Chrome/120.0.0.0 Safari/537.36"
172.212.188.103 - - [05/May/2026:02:34:59 -0500] "GET /wp-content/themes/index.php HTTP/1.1" 403 548 "-" "Mozilla/5.0 (Windows NT 10.0; Win64; x64) AppleWebKit/537.36 (KHTML, like Gecko) Chrome/120.0.0.0 Safari/537.36"
172.212.188.103 - - [05/May/2026:02:34:59 -0500] "GET /wp-content/plugins/index.php HTTP/1.1" 403 548 "-" "Mozilla/5.0 (Windows NT 10.0; Win64; x64) AppleWebKit/537.36 (KHTML, like Gecko) Chrome/120.0.0.0 Safari/537.36"
172.212.188.103 - - [05/May/2026:02:34:59 -0500] "GET /wp-includes/PHPMailer/ HTTP/1.1" 403 548 "-" "Mozilla/5.0 (Windows NT 10.0; Win64; x64) AppleWebKit/537.36 (KHTML, like Gecko) Chrome/120.0.0.0 Safari/537.36"
172.212.188.103 - - [05/May/2026:02:34:59 -0500] "GET /wp-includes/images/ HTTP/1.1" 403 548 "-" "Mozilla/5.0 (Windows NT 10.0; Win64; x64) AppleWebKit/537.36 (KHTML, like Gecko) Chrome/120.0.0.0 Safari/537.36"
172.212.188.103 - - [05/May/2026:02:35:01 -0500] "GET /wp-content/plugins/WordPressCore/ HTTP/1.1" 404 75425 "-" "Mozilla/5.0 (Windows NT 10.0; Win64; x64) AppleWebKit/537.36 (KHTML, like Gecko) Chrome/120.0.0.0 Safari/537.36"
172.212.188.103 - - [05/May/2026:02:35:01 -0500] "GET /gecko-new.php HTTP/1.1" 404 548 "-" "Mozilla/5.0 (Windows NT 10.0; Win64; x64) AppleWebKit/537.36 (KHTML, like Gecko) Chrome/120.0.0.0 Safari/537.36"
172.212.188.103 - - [05/May/2026:02:35:01 -0500] "GET /new.php HTTP/1.1" 404 548 "-" "Mozilla/5.0 (Windows NT 10.0; Win64; x64) AppleWebKit/537.36 (KHTML, like Gecko) Chrome/120.0.0.0 Safari/537.36"
172.212.188.103 - - [05/May/2026:02:35:01 -0500] "GET /k.php HTTP/1.1" 404 548 "-" "Mozilla/5.0 (Windows NT 10.0; Win64; x64) AppleWebKit/537.36 (KHTML, like Gecko) Chrome/120.0.0.0 Safari/537.36"
