154.18.244.252 - - [04/May/2026:03:32:26 -0500] "POST /wp-cron.php?doing_wp_cron=1777883546.5583050251007080078125 HTTP/1.1" 200 11 "-" "WordPress/6.9.4; https://easysalads.com"
89.116.23.116 - - [04/May/2026:03:32:26 -0500] "GET /wp-login.php HTTP/2.0" 200 1882 "-" "Mozilla/5.0 (Macintosh; Intel Mac OS X 10_13_4) AppleWebKit/537.36 (KHTML, like Gecko) Chrome/66.0.3359.181 Safari/537.36"
89.116.23.116 - - [04/May/2026:03:32:26 -0500] "POST /wp-login.php HTTP/2.0" 200 2018 "https://easysalads.com/wp-login.php" "Mozilla/5.0 (Macintosh; Intel Mac OS X 10_13_4) AppleWebKit/537.36 (KHTML, like Gecko) Chrome/66.0.3359.181 Safari/537.36"
154.18.244.252 - - [04/May/2026:03:33:04 -0500] "POST /wp-cron.php?doing_wp_cron=1777883584.5780880451202392578125 HTTP/1.1" 200 11 "-" "WordPress/6.9.4; https://easysalads.com"
51.222.136.175 - - [04/May/2026:03:33:04 -0500] "GET /?nocache=1777883521 HTTP/2.0" 200 89171 "-" "BigScootsMonitor Mozilla/5.0 (Windows NT 10.0; Win64; x64) AppleWebKit/537.36 (KHTML, like Gecko) Chrome/74.0.3729.169 Safari/537.36"
154.18.244.252 - - [04/May/2026:03:33:04 -0500] "POST /wp-cron.php?doing_wp_cron=1777883584.7221930027008056640625 HTTP/1.1" 200 11 "-" "WordPress/6.9.4; https://easysalads.com"
57.128.189.19 - - [04/May/2026:03:33:04 -0500] "GET /?nocache=1777883521 HTTP/2.0" 200 89171 "-" "BigScootsMonitor Mozilla/5.0 (Windows NT 10.0; Win64; x64) AppleWebKit/537.36 (KHTML, like Gecko) Chrome/74.0.3729.169 Safari/537.36"
154.18.244.252 - - [04/May/2026:03:35:03 -0500] "POST /wp-cron.php?doing_wp_cron=1777883704.0026669502258300781250 HTTP/1.1" 200 11 "-" "WordPress/6.9.4; https://easysalads.com"
57.128.189.19 - - [04/May/2026:03:35:04 -0500] "GET /?nocache=1777883641 HTTP/2.0" 200 89171 "-" "BigScootsMonitor Mozilla/5.0 (Windows NT 10.0; Win64; x64) AppleWebKit/537.36 (KHTML, like Gecko) Chrome/74.0.3729.169 Safari/537.36"
51.222.136.175 - - [04/May/2026:03:35:05 -0500] "GET /?nocache=1777883641 HTTP/2.0" 200 89171 "-" "BigScootsMonitor Mozilla/5.0 (Windows NT 10.0; Win64; x64) AppleWebKit/537.36 (KHTML, like Gecko) Chrome/74.0.3729.169 Safari/537.36"
66.249.66.75 - - [04/May/2026:03:35:06 -0500] "GET /wp-content/uploads/2024/02/southern-potato-salad-02-500x375.jpg HTTP/1.1" 200 63662 "-" "Googlebot-Image/1.0"
52.38.2.214 - - [04/May/2026:03:35:20 -0500] "GET /ads.txt HTTP/1.1" 301 5 "-" "Mozilla/5.0 (Macintosh; Intel Mac OS X 10_15_7) AppleWebKit/537.36 (KHTML, like Gecko) Chrome/129.0.0.0 Safari/537.36"
34.138.190.132 - - [04/May/2026:03:35:45 -0500] "GET /creamy-parmesan-pasta-salad/ HTTP/1.1" 200 127880 "-" "Mozilla/5.0 (Windows NT 6.3;compatible; Leikibot/1.0; +http://www.leiki.com)"
159.100.13.237 - - [04/May/2026:03:36:16 -0500] "GET /wp-login.php HTTP/2.0" 444 0 "-" "Mozilla/4.0 (compatible; MSIE 7.0; Windows NT 6.2; WOW64; Trident/7.0; .NET4.0E; .NET4.0C)"
34.138.190.132 - - [04/May/2026:03:36:51 -0500] "GET /creamy-parmesan-pasta-salad/ HTTP/1.1" 200 127880 "-" "Mozilla/5.0 (Windows NT 6.3;compatible; Leikibot/1.0; +http://www.leiki.com)"
52.90.15.234 - - [04/May/2026:03:37:01 -0500] "GET /shrimp-salad-old-bay HTTP/1.1" 200 128601 "-" "Mozilla/5.0 (compatible; proximic; +https://www.comscore.com/Web-Crawler)"
154.18.244.252 - - [04/May/2026:03:37:03 -0500] "POST /wp-cron.php?doing_wp_cron=1777883823.9547979831695556640625 HTTP/1.1" 200 11 "-" "WordPress/6.9.4; https://easysalads.com"
57.128.189.19 - - [04/May/2026:03:37:04 -0500] "GET /?nocache=1777883761 HTTP/2.0" 200 89171 "-" "BigScootsMonitor Mozilla/5.0 (Windows NT 10.0; Win64; x64) AppleWebKit/537.36 (KHTML, like Gecko) Chrome/74.0.3729.169 Safari/537.36"
51.222.136.175 - - [04/May/2026:03:37:04 -0500] "GET /?nocache=1777883761 HTTP/2.0" 200 89171 "-" "BigScootsMonitor Mozilla/5.0 (Windows NT 10.0; Win64; x64) AppleWebKit/537.36 (KHTML, like Gecko) Chrome/74.0.3729.169 Safari/537.36"
104.196.193.235 - - [04/May/2026:03:37:16 -0500] "GET /wp-content/uploads/2024/02/parmesan-pasta-salad-05.jpg HTTP/1.1" 200 560563 "-" "Mozilla/5.0 (X11; Linux x86_64) AppleWebKit/537.36 (KHTML, like Gecko) Chrome/88.0.4324.96 Safari/537.36 (compatible; DoubleVerifyBot/1.1; +http://www.doubleverify.com)"
141.164.37.171 - - [04/May/2026:03:37:46 -0500] "GET /wp-login.php HTTP/2.0" 200 1882 "-" "Mozilla/5.0 (Windows NT 6.1) AppleWebKit/537.36 (KHTML, like Gecko) Chrome/66.0.3359.181 Safari/537.36"
141.164.37.171 - - [04/May/2026:03:37:46 -0500] "POST /wp-login.php HTTP/2.0" 200 2020 "https://easysalads.com/wp-login.php" "Mozilla/5.0 (Windows NT 6.1) AppleWebKit/537.36 (KHTML, like Gecko) Chrome/66.0.3359.181 Safari/537.36"
98.93.102.132 - - [04/May/2026:03:38:30 -0500] "GET /shrimp-salad-old-bay/ HTTP/1.1" 200 128601 "-" "Mozilla/5.0 (compatible; proximic; +https://www.comscore.com/Web-Crawler)"
154.18.244.252 - - [04/May/2026:03:39:04 -0500] "POST /wp-cron.php?doing_wp_cron=1777883944.3049969673156738281250 HTTP/1.1" 200 11 "-" "WordPress/6.9.4; https://easysalads.com"
57.128.189.19 - - [04/May/2026:03:39:04 -0500] "GET /?nocache=1777883881 HTTP/2.0" 200 89171 "-" "BigScootsMonitor Mozilla/5.0 (Windows NT 10.0; Win64; x64) AppleWebKit/537.36 (KHTML, like Gecko) Chrome/74.0.3729.169 Safari/537.36"
51.222.136.175 - - [04/May/2026:03:39:04 -0500] "GET /?nocache=1777883881 HTTP/2.0" 200 89171 "-" "BigScootsMonitor Mozilla/5.0 (Windows NT 10.0; Win64; x64) AppleWebKit/537.36 (KHTML, like Gecko) Chrome/74.0.3729.169 Safari/537.36"
98.83.220.76 - - [04/May/2026:03:40:13 -0500] "GET /shrimp-salad-old-bay HTTP/1.1" 200 128601 "-" "Mozilla/5.0 (compatible; proximic; +https://www.comscore.com/Web-Crawler)"
71.18.248.181 - - [04/May/2026:03:40:19 -0500] "GET /wp-content/uploads/2024/03/yogurt-dill-dressing-03.jpg HTTP/2.0" 200 442079 "-" "Go-http-client/2.0"
71.18.248.181 - - [04/May/2026:03:40:19 -0500] "GET /wp-content/uploads/2024/03/yogurt-dill-dressing-04.jpg HTTP/2.0" 200 494452 "-" "Go-http-client/2.0"
71.18.248.181 - - [04/May/2026:03:40:19 -0500] "GET /wp-content/uploads/2024/03/yogurt-dill-dressing-00.jpg HTTP/2.0" 200 408090 "-" "Go-http-client/2.0"
154.18.244.252 - - [04/May/2026:03:41:04 -0500] "POST /wp-cron.php?doing_wp_cron=1777884064.4001300334930419921875 HTTP/1.1" 200 11 "-" "WordPress/6.9.4; https://easysalads.com"
57.128.189.19 - - [04/May/2026:03:41:04 -0500] "GET /?nocache=1777884001 HTTP/2.0" 200 89171 "-" "BigScootsMonitor Mozilla/5.0 (Windows NT 10.0; Win64; x64) AppleWebKit/537.36 (KHTML, like Gecko) Chrome/74.0.3729.169 Safari/537.36"
51.222.136.175 - - [04/May/2026:03:41:04 -0500] "GET /?nocache=1777884001 HTTP/2.0" 200 89171 "-" "BigScootsMonitor Mozilla/5.0 (Windows NT 10.0; Win64; x64) AppleWebKit/537.36 (KHTML, like Gecko) Chrome/74.0.3729.169 Safari/537.36"
154.18.244.252 - - [04/May/2026:03:42:19 -0500] "POST /wp-cron.php?doing_wp_cron=1777884139.1737809181213378906250 HTTP/1.1" 200 11 "-" "WordPress/6.9.4; https://easysalads.com"
3.221.108.102 - - [04/May/2026:03:42:19 -0500] "GET /wp-admin/admin-ajax.php?action=mv_debug HTTP/1.1" 400 11 "-" "Mozilla/5.0 (Macintosh; Intel Mac OS X 10_15_7) AppleWebKit/537.36 (KHTML, like Gecko) Chrome/93.0.4577.82 Safari/537.36"
66.249.66.76 - - [04/May/2026:03:42:53 -0500] "GET /wp-content/uploads/2024/02/southern-potato-salad-02-500x500.jpg HTTP/1.1" 200 75222 "-" "Googlebot-Image/1.0"
154.18.244.252 - - [04/May/2026:03:43:04 -0500] "POST /wp-cron.php?doing_wp_cron=1777884184.2250349521636962890625 HTTP/1.1" 200 11 "-" "WordPress/6.9.4; https://easysalads.com"
57.128.189.19 - - [04/May/2026:03:43:04 -0500] "GET /?nocache=1777884121 HTTP/2.0" 200 89171 "-" "BigScootsMonitor Mozilla/5.0 (Windows NT 10.0; Win64; x64) AppleWebKit/537.36 (KHTML, like Gecko) Chrome/74.0.3729.169 Safari/537.36"
51.222.136.175 - - [04/May/2026:03:43:04 -0500] "GET /?nocache=1777884121 HTTP/2.0" 200 89171 "-" "BigScootsMonitor Mozilla/5.0 (Windows NT 10.0; Win64; x64) AppleWebKit/537.36 (KHTML, like Gecko) Chrome/74.0.3729.169 Safari/537.36"
198.175.24.218 - - [04/May/2026:03:43:32 -0500] "GET /?v=nocache-1739936881 HTTP/2.0" 200 89171 "-" "BigScoots Monitoring"
154.18.244.252 - - [04/May/2026:03:44:05 -0500] "POST /wp-cron.php?doing_wp_cron=1777884245.9012260437011718750000 HTTP/1.1" 200 11 "-" "WordPress/6.9.4; https://easysalads.com"
121.200.216.56 - - [04/May/2026:03:44:05 -0500] "GET /wp-login.php HTTP/2.0" 200 1882 "-" "Mozilla/5.0 (Windows NT 6.1; WOW64; Trident/7.0; MAFSJS; rv:11.0) like Gecko"
121.200.216.56 - - [04/May/2026:03:44:06 -0500] "POST /wp-login.php HTTP/2.0" 200 2018 "https://easysalads.com/wp-login.php" "Mozilla/5.0 (Windows NT 6.1; WOW64; Trident/7.0; MAFSJS; rv:11.0) like Gecko"
154.18.244.252 - - [04/May/2026:03:45:03 -0500] "POST /wp-cron.php?doing_wp_cron=1777884303.5047109127044677734375 HTTP/1.1" 200 11 "-" "WordPress/6.9.4; https://easysalads.com"
77.103.98.37 - - [04/May/2026:03:45:03 -0500] "GET /easy-5-bean-salad/ HTTP/2.0" 200 103037 "https://www.google.com/" "Mozilla/5.0 (iPhone; CPU iPhone OS 18_7 like Mac OS X) AppleWebKit/605.1.15 (KHTML, like Gecko) Version/26.4 Mobile/15E148 Safari/604.1"
77.103.98.37 - - [04/May/2026:03:45:03 -0500] "GET /wp-content/plugins/kadence-blocks/dist/style-blocks-rowlayout.css?ver=3.6.7 HTTP/2.0" 200 1771 "https://easysalads.com/easy-5-bean-salad/" "Mozilla/5.0 (iPhone; CPU iPhone OS 18_7 like Mac OS X) AppleWebKit/605.1.15 (KHTML, like Gecko) Version/26.4 Mobile/15E148 Safari/604.1"
77.103.98.37 - - [04/May/2026:03:45:03 -0500] "GET /wp-content/plugins/kadence-blocks/dist/style-blocks-column.css?ver=3.6.7 HTTP/2.0" 200 428 "https://easysalads.com/easy-5-bean-salad/" "Mozilla/5.0 (iPhone; CPU iPhone OS 18_7 like Mac OS X) AppleWebKit/605.1.15 (KHTML, like Gecko) Version/26.4 Mobile/15E148 Safari/604.1"
77.103.98.37 - - [04/May/2026:03:45:03 -0500] "GET /wp-content/plugins/kadence-blocks/dist/style-blocks-infobox.css?ver=3.6.7 HTTP/2.0" 200 1340 "https://easysalads.com/easy-5-bean-salad/" "Mozilla/5.0 (iPhone; CPU iPhone OS 18_7 like Mac OS X) AppleWebKit/605.1.15 (KHTML, like Gecko) Version/26.4 Mobile/15E148 Safari/604.1"
77.103.98.37 - - [04/May/2026:03:45:03 -0500] "GET /wp-content/plugins/kadence-blocks/dist/style-blocks-advancedbtn.css?ver=3.6.7 HTTP/2.0" 200 705 "https://easysalads.com/easy-5-bean-salad/" "Mozilla/5.0 (iPhone; CPU iPhone OS 18_7 like Mac OS X) AppleWebKit/605.1.15 (KHTML, like Gecko) Version/26.4 Mobile/15E148 Safari/604.1"
77.103.98.37 - - [04/May/2026:03:45:03 -0500] "GET /wp-content/plugins/kadence-blocks-pro/dist/style-blocks-postgrid.css?ver=2.8.13.1 HTTP/2.0" 200 2795 "https://easysalads.com/easy-5-bean-salad/" "Mozilla/5.0 (iPhone; CPU iPhone OS 18_7 like Mac OS X) AppleWebKit/605.1.15 (KHTML, like Gecko) Version/26.4 Mobile/15E148 Safari/604.1"
77.103.98.37 - - [04/May/2026:03:45:03 -0500] "GET /wp-content/plugins/wp-recipe-maker/dist/public-modern.css?ver=10.5.0 HTTP/2.0" 200 7712 "https://easysalads.com/easy-5-bean-salad/" "Mozilla/5.0 (iPhone; CPU iPhone OS 18_7 like Mac OS X) AppleWebKit/605.1.15 (KHTML, like Gecko) Version/26.4 Mobile/15E148 Safari/604.1"
77.103.98.37 - - [04/May/2026:03:45:03 -0500] "GET /wp-content/plugins/wp-recipe-maker-premium/dist/public-pro.css?ver=10.5.0 HTTP/2.0" 200 6796 "https://easysalads.com/easy-5-bean-salad/" "Mozilla/5.0 (iPhone; CPU iPhone OS 18_7 like Mac OS X) AppleWebKit/605.1.15 (KHTML, like Gecko) Version/26.4 Mobile/15E148 Safari/604.1"
77.103.98.37 - - [04/May/2026:03:45:03 -0500] "GET /wp-content/themes/kadence/assets/css/global.min.css?ver=1.1.22 HTTP/2.0" 200 4256 "https://easysalads.com/easy-5-bean-salad/" "Mozilla/5.0 (iPhone; CPU iPhone OS 18_7 like Mac OS X) AppleWebKit/605.1.15 (KHTML, like Gecko) Version/26.4 Mobile/15E148 Safari/604.1"
77.103.98.37 - - [04/May/2026:03:45:03 -0500] "GET /wp-content/themes/kadence/assets/css/header.min.css?ver=1.1.22 HTTP/2.0" 200 4295 "https://easysalads.com/easy-5-bean-salad/" "Mozilla/5.0 (iPhone; CPU iPhone OS 18_7 like Mac OS X) AppleWebKit/605.1.15 (KHTML, like Gecko) Version/26.4 Mobile/15E148 Safari/604.1"
77.103.98.37 - - [04/May/2026:03:45:03 -0500] "GET /wp-content/themes/kadence/assets/css/content.min.css?ver=1.1.22 HTTP/2.0" 200 5512 "https://easysalads.com/easy-5-bean-salad/" "Mozilla/5.0 (iPhone; CPU iPhone OS 18_7 like Mac OS X) AppleWebKit/605.1.15 (KHTML, like Gecko) Version/26.4 Mobile/15E148 Safari/604.1"
77.103.98.37 - - [04/May/2026:03:45:03 -0500] "GET /wp-content/themes/kadence/assets/css/comments.min.css?ver=1.1.22 HTTP/2.0" 200 1289 "https://easysalads.com/easy-5-bean-salad/" "Mozilla/5.0 (iPhone; CPU iPhone OS 18_7 like Mac OS X) AppleWebKit/605.1.15 (KHTML, like Gecko) Version/26.4 Mobile/15E148 Safari/604.1"
77.103.98.37 - - [04/May/2026:03:45:03 -0500] "GET /wp-content/themes/kadence/assets/css/sidebar.min.css?ver=1.1.22 HTTP/2.0" 200 749 "https://easysalads.com/easy-5-bean-salad/" "Mozilla/5.0 (iPhone; CPU iPhone OS 18_7 like Mac OS X) AppleWebKit/605.1.15 (KHTML, like Gecko) Version/26.4 Mobile/15E148 Safari/604.1"
77.103.98.37 - - [04/May/2026:03:45:03 -0500] "GET /wp-content/themes/kadence/assets/css/footer.min.css?ver=1.1.22 HTTP/2.0" 200 1580 "https://easysalads.com/easy-5-bean-salad/" "Mozilla/5.0 (iPhone; CPU iPhone OS 18_7 like Mac OS X) AppleWebKit/605.1.15 (KHTML, like Gecko) Version/26.4 Mobile/15E148 Safari/604.1"
77.103.98.37 - - [04/May/2026:03:45:03 -0500] "GET /wp-content/plugins/kadence-pro/dist/mega-menu/menu-addon.css?ver=1.1.19 HTTP/2.0" 200 1126 "https://easysalads.com/easy-5-bean-salad/" "Mozilla/5.0 (iPhone; CPU iPhone OS 18_7 like Mac OS X) AppleWebKit/605.1.15 (KHTML, like Gecko) Version/26.4 Mobile/15E148 Safari/604.1"
77.103.98.37 - - [04/May/2026:03:45:03 -0500] "GET /wp-content/plugins/social-pug/assets/dist/style-frontend-pro.css?ver=2.28.0 HTTP/2.0" 200 11454 "https://easysalads.com/easy-5-bean-salad/" "Mozilla/5.0 (iPhone; CPU iPhone OS 18_7 like Mac OS X) AppleWebKit/605.1.15 (KHTML, like Gecko) Version/26.4 Mobile/15E148 Safari/604.1"
77.103.98.37 - - [04/May/2026:03:45:03 -0500] "GET /wp-content/plugins/kadence-blocks/dist/style-blocks-spacer.css?ver=3.6.7 HTTP/2.0" 200 385 "https://easysalads.com/easy-5-bean-salad/" "Mozilla/5.0 (iPhone; CPU iPhone OS 18_7 like Mac OS X) AppleWebKit/605.1.15 (KHTML, like Gecko) Version/26.4 Mobile/15E148 Safari/604.1"
77.103.98.37 - - [04/May/2026:03:45:03 -0500] "GET /wp-content/plugins/kadence-blocks/dist/style-blocks-iconlist.css?ver=3.6.7 HTTP/2.0" 200 597 "https://easysalads.com/easy-5-bean-salad/" "Mozilla/5.0 (iPhone; CPU iPhone OS 18_7 like Mac OS X) AppleWebKit/605.1.15 (KHTML, like Gecko) Version/26.4 Mobile/15E148 Safari/604.1"
77.103.98.37 - - [04/May/2026:03:45:03 -0500] "GET /wp-content/themes/restored316-sage/style.css?ver=1_0_1 HTTP/2.0" 200 1089 "https://easysalads.com/easy-5-bean-salad/" "Mozilla/5.0 (iPhone; CPU iPhone OS 18_7 like Mac OS X) AppleWebKit/605.1.15 (KHTML, like Gecko) Version/26.4 Mobile/15E148 Safari/604.1"
77.103.98.37 - - [04/May/2026:03:45:03 -0500] "GET /wp-content/plugins/wpforms-lite/assets/css/frontend/modern/wpforms-full.min.css?ver=1.10.0.4 HTTP/2.0" 200 14792 "https://easysalads.com/easy-5-bean-salad/" "Mozilla/5.0 (iPhone; CPU iPhone OS 18_7 like Mac OS X) AppleWebKit/605.1.15 (KHTML, like Gecko) Version/26.4 Mobile/15E148 Safari/604.1"
77.103.98.37 - - [04/May/2026:03:45:03 -0500] "GET /wp-content/uploads/2022/09/Easy-Salads-website-logo-1536x451.png HTTP/2.0" 200 71572 "https://easysalads.com/easy-5-bean-salad/" "Mozilla/5.0 (iPhone; CPU iPhone OS 18_7 like Mac OS X) AppleWebKit/605.1.15 (KHTML, like Gecko) Version/26.4 Mobile/15E148 Safari/604.1"
77.103.98.37 - - [04/May/2026:03:45:03 -0500] "GET /wp-content/plugins/wp-recipe-maker/dist/public-modern.js?ver=10.5.0 HTTP/2.0" 200 23744 "https://easysalads.com/easy-5-bean-salad/" "Mozilla/5.0 (iPhone; CPU iPhone OS 18_7 like Mac OS X) AppleWebKit/605.1.15 (KHTML, like Gecko) Version/26.4 Mobile/15E148 Safari/604.1"
77.103.98.37 - - [04/May/2026:03:45:03 -0500] "GET /wp-content/plugins/wp-recipe-maker-premium/dist/public-pro.js?ver=10.5.0 HTTP/2.0" 200 20140 "https://easysalads.com/easy-5-bean-salad/" "Mozilla/5.0 (iPhone; CPU iPhone OS 18_7 like Mac OS X) AppleWebKit/605.1.15 (KHTML, like Gecko) Version/26.4 Mobile/15E148 Safari/604.1"
77.103.98.37 - - [04/May/2026:03:45:03 -0500] "GET /wp-content/themes/kadence/assets/js/navigation-lite.min.js?ver=1.1.21 HTTP/2.0" 200 2083 "https://easysalads.com/easy-5-bean-salad/" "Mozilla/5.0 (iPhone; CPU iPhone OS 18_7 like Mac OS X) AppleWebKit/605.1.15 (KHTML, like Gecko) Version/26.4 Mobile/15E148 Safari/604.1"
77.103.98.37 - - [04/May/2026:03:45:03 -0500] "GET /wp-content/plugins/social-pug/assets/dist/front-end-pro.js?ver=2.28.0 HTTP/2.0" 200 9339 "https://easysalads.com/easy-5-bean-salad/" "Mozilla/5.0 (iPhone; CPU iPhone OS 18_7 like Mac OS X) AppleWebKit/605.1.15 (KHTML, like Gecko) Version/26.4 Mobile/15E148 Safari/604.1"
77.103.98.37 - - [04/May/2026:03:45:03 -0500] "GET /wp-content/plugins/kadence-pro/dist/mega-menu/kadence-mega-menu.min.js?ver=1.1.19 HTTP/2.0" 200 457 "https://easysalads.com/easy-5-bean-salad/" "Mozilla/5.0 (iPhone; CPU iPhone OS 18_7 like Mac OS X) AppleWebKit/605.1.15 (KHTML, like Gecko) Version/26.4 Mobile/15E148 Safari/604.1"
77.103.98.37 - - [04/May/2026:03:45:03 -0500] "GET /wp-content/plugins/akismet/_inc/akismet-frontend.js?ver=1764724306 HTTP/2.0" 200 3016 "https://easysalads.com/easy-5-bean-salad/" "Mozilla/5.0 (iPhone; CPU iPhone OS 18_7 like Mac OS X) AppleWebKit/605.1.15 (KHTML, like Gecko) Version/26.4 Mobile/15E148 Safari/604.1"
77.103.98.37 - - [04/May/2026:03:45:03 -0500] "GET /wp-content/plugins/wpforms-lite/assets/lib/jquery.validate.min.js?ver=1.21.0 HTTP/2.0" 200 7807 "https://easysalads.com/easy-5-bean-salad/" "Mozilla/5.0 (iPhone; CPU iPhone OS 18_7 like Mac OS X) AppleWebKit/605.1.15 (KHTML, like Gecko) Version/26.4 Mobile/15E148 Safari/604.1"
77.103.98.37 - - [04/May/2026:03:45:03 -0500] "GET /wp-content/plugins/wpforms-lite/assets/lib/mailcheck.min.js?ver=1.1.2 HTTP/2.0" 200 1616 "https://easysalads.com/easy-5-bean-salad/" "Mozilla/5.0 (iPhone; CPU iPhone OS 18_7 like Mac OS X) AppleWebKit/605.1.15 (KHTML, like Gecko) Version/26.4 Mobile/15E148 Safari/604.1"
77.103.98.37 - - [04/May/2026:03:45:03 -0500] "GET /wp-content/plugins/wpforms-lite/assets/lib/punycode.min.js?ver=1.0.0 HTTP/2.0" 200 834 "https://easysalads.com/easy-5-bean-salad/" "Mozilla/5.0 (iPhone; CPU iPhone OS 18_7 like Mac OS X) AppleWebKit/605.1.15 (KHTML, like Gecko) Version/26.4 Mobile/15E148 Safari/604.1"
77.103.98.37 - - [04/May/2026:03:45:03 -0500] "GET /wp-content/plugins/wpforms-lite/assets/js/share/utils.min.js?ver=1.10.0.4 HTTP/2.0" 200 727 "https://easysalads.com/easy-5-bean-salad/" "Mozilla/5.0 (iPhone; CPU iPhone OS 18_7 like Mac OS X) AppleWebKit/605.1.15 (KHTML, like Gecko) Version/26.4 Mobile/15E148 Safari/604.1"
77.103.98.37 - - [04/May/2026:03:45:03 -0500] "GET /wp-content/plugins/wpforms-lite/assets/js/frontend/wpforms.min.js?ver=1.10.0.4 HTTP/2.0" 200 14614 "https://easysalads.com/easy-5-bean-salad/" "Mozilla/5.0 (iPhone; CPU iPhone OS 18_7 like Mac OS X) AppleWebKit/605.1.15 (KHTML, like Gecko) Version/26.4 Mobile/15E148 Safari/604.1"
77.103.98.37 - - [04/May/2026:03:45:03 -0500] "GET /wp-content/plugins/wpforms-lite/assets/js/frontend/wpforms-modern.min.js?ver=1.10.0.4 HTTP/2.0" 200 1866 "https://easysalads.com/easy-5-bean-salad/" "Mozilla/5.0 (iPhone; CPU iPhone OS 18_7 like Mac OS X) AppleWebKit/605.1.15 (KHTML, like Gecko) Version/26.4 Mobile/15E148 Safari/604.1"
77.103.98.37 - - [04/May/2026:03:45:03 -0500] "GET /wp-content/plugins/wpforms-lite/assets/js/frontend/fields/address.min.js?ver=1.10.0.4 HTTP/2.0" 200 673 "https://easysalads.com/easy-5-bean-salad/" "Mozilla/5.0 (iPhone; CPU iPhone OS 18_7 like Mac OS X) AppleWebKit/605.1.15 (KHTML, like Gecko) Version/26.4 Mobile/15E148 Safari/604.1"
77.103.98.37 - - [04/May/2026:03:45:04 -0500] "GET /wp-content/uploads/2022/11/5-Bean-Salad-00.jpg HTTP/2.0" 200 626193 "https://easysalads.com/easy-5-bean-salad/" "Mozilla/5.0 (iPhone; CPU iPhone OS 18_7 like Mac OS X) AppleWebKit/605.1.15 (KHTML, like Gecko) Version/26.4 Mobile/15E148 Safari/604.1"
77.103.98.37 - - [04/May/2026:03:45:04 -0500] "GET /wp-content/plugins/wpforms-lite/assets/images/submit-spin.svg HTTP/2.0" 200 509 "https://easysalads.com/easy-5-bean-salad/" "Mozilla/5.0 (iPhone; CPU iPhone OS 18_7 like Mac OS X) AppleWebKit/605.1.15 (KHTML, like Gecko) Version/26.4 Mobile/15E148 Safari/604.1"
77.103.98.37 - - [04/May/2026:03:45:04 -0500] "GET /wp-content/uploads/2022/11/5-Bean-Salad-02.jpg HTTP/2.0" 200 352148 "https://easysalads.com/easy-5-bean-salad/" "Mozilla/5.0 (iPhone; CPU iPhone OS 18_7 like Mac OS X) AppleWebKit/605.1.15 (KHTML, like Gecko) Version/26.4 Mobile/15E148 Safari/604.1"
77.103.98.37 - - [04/May/2026:03:45:04 -0500] "GET /wp-content/plugins/wp-recipe-maker/assets/icons/rating/stars-alt-5.svg HTTP/2.0" 200 976 "https://easysalads.com/easy-5-bean-salad/" "Mozilla/5.0 (iPhone; CPU iPhone OS 18_7 like Mac OS X) AppleWebKit/605.1.15 (KHTML, like Gecko) Version/26.4 Mobile/15E148 Safari/604.1"
57.128.189.19 - - [04/May/2026:03:45:04 -0500] "GET /?nocache=1777884241 HTTP/2.0" 200 89171 "-" "BigScootsMonitor Mozilla/5.0 (Windows NT 10.0; Win64; x64) AppleWebKit/537.36 (KHTML, like Gecko) Chrome/74.0.3729.169 Safari/537.36"
77.103.98.37 - - [04/May/2026:03:45:04 -0500] "GET /wp-includes/js/comment-reply.min.js?ver=6.9.4 HTTP/2.0" 200 1248 "https://easysalads.com/easy-5-bean-salad/" "Mozilla/5.0 (iPhone; CPU iPhone OS 18_7 like Mac OS X) AppleWebKit/605.1.15 (KHTML, like Gecko) Version/26.4 Mobile/15E148 Safari/604.1"
51.222.136.175 - - [04/May/2026:03:45:05 -0500] "GET /?nocache=1777884241 HTTP/2.0" 200 89171 "-" "BigScootsMonitor Mozilla/5.0 (Windows NT 10.0; Win64; x64) AppleWebKit/537.36 (KHTML, like Gecko) Chrome/74.0.3729.169 Safari/537.36"
54.162.90.249 - - [04/May/2026:03:45:10 -0500] "GET /taffy-apple-salad/ HTTP/1.1" 200 127657 "-" "Mozilla/5.0 (compatible; proximic; +https://www.comscore.com/Web-Crawler)"
77.103.98.37 - - [04/May/2026:03:45:11 -0500] "GET /wp-content/uploads/2022/11/5-Bean-Salad-00-500x500.jpg HTTP/2.0" 200 90345 "https://easysalads.com/easy-5-bean-salad/" "Mozilla/5.0 (iPhone; CPU iPhone OS 18_7 like Mac OS X) AppleWebKit/605.1.15 (KHTML, like Gecko) Version/26.4 Mobile/15E148 Safari/604.1"
34.207.178.129 - - [04/May/2026:03:45:12 -0500] "GET /easy-5-bean-salad HTTP/1.1" 200 130909 "-" "Mozilla/5.0 (compatible; proximic; +https://www.comscore.com/Web-Crawler)"
77.103.98.37 - - [04/May/2026:03:45:20 -0500] "GET /wp-content/uploads/2022/03/TTRamillas-ExtraLight.woff2 HTTP/2.0" 200 55736 "https://easysalads.com/easy-5-bean-salad/" "Mozilla/5.0 (iPhone; CPU iPhone OS 18_7 like Mac OS X) AppleWebKit/605.1.15 (KHTML, like Gecko) Version/26.4 Mobile/15E148 Safari/604.1"
77.103.98.37 - - [04/May/2026:03:45:20 -0500] "GET /wp-content/uploads/2022/03/TTRamillas-ExtraLightItalic.woff2 HTTP/2.0" 200 59480 "https://easysalads.com/easy-5-bean-salad/" "Mozilla/5.0 (iPhone; CPU iPhone OS 18_7 like Mac OS X) AppleWebKit/605.1.15 (KHTML, like Gecko) Version/26.4 Mobile/15E148 Safari/604.1"
77.103.98.37 - - [04/May/2026:03:45:22 -0500] "GET /wp-content/uploads/2022/09/cropped-site-icon-easy-salads-180x180.png HTTP/2.0" 200 7710 "https://easysalads.com/easy-5-bean-salad/" "Mozilla/5.0 (iPhone; CPU iPhone OS 18_7 like Mac OS X) AppleWebKit/605.1.15 (KHTML, like Gecko) Version/26.4 Mobile/15E148 Safari/604.1"
77.103.98.37 - - [04/May/2026:03:45:22 -0500] "GET /wp-content/uploads/2022/09/cropped-site-icon-easy-salads-192x192.png HTTP/2.0" 200 8410 "https://easysalads.com/easy-5-bean-salad/" "Mozilla/5.0 (iPhone; CPU iPhone OS 18_7 like Mac OS X) AppleWebKit/605.1.15 (KHTML, like Gecko) Version/26.4 Mobile/15E148 Safari/604.1"
77.103.98.37 - - [04/May/2026:03:45:22 -0500] "GET /wp-content/uploads/2022/09/cropped-site-icon-easy-salads-32x32.png HTTP/2.0" 200 907 "https://easysalads.com/easy-5-bean-salad/" "Mozilla/5.0 (iPhone; CPU iPhone OS 18_7 like Mac OS X) AppleWebKit/605.1.15 (KHTML, like Gecko) Version/26.4 Mobile/15E148 Safari/604.1"
13.223.184.237 - - [04/May/2026:03:45:35 -0500] "GET / HTTP/1.1" 200 114547 "-" "Mozilla/5.0 (compatible; proximic; +https://www.comscore.com/Web-Crawler)"
71.18.253.1 - - [04/May/2026:03:45:45 -0500] "GET /wp-content/uploads/2024/03/yogurt-dill-dressing-04.jpg HTTP/2.0" 200 494452 "-" "Go-http-client/2.0"
71.18.253.1 - - [04/May/2026:03:45:45 -0500] "GET /wp-content/uploads/2024/03/yogurt-dill-dressing-03.jpg HTTP/2.0" 200 442079 "-" "Go-http-client/2.0"
71.18.253.1 - - [04/May/2026:03:45:45 -0500] "GET /wp-content/uploads/2024/03/yogurt-dill-dressing-00.jpg HTTP/2.0" 200 408090 "-" "Go-http-client/2.0"
178.250.7.102 - - [04/May/2026:03:46:42 -0500] "GET /easy-5-bean-salad HTTP/1.1" 200 130909 "-" "CriteoBot/0.1 (+https://www.criteo.com/criteo-crawler/)"
66.249.66.76 - - [04/May/2026:03:47:03 -0500] "GET /easy-5-bean-salad HTTP/1.1" 200 105524 "-" "Mediapartners-Google"
154.18.244.252 - - [04/May/2026:03:47:04 -0500] "POST /wp-cron.php?doing_wp_cron=1777884424.4953520298004150390625 HTTP/1.1" 200 11 "-" "WordPress/6.9.4; https://easysalads.com"
51.222.136.175 - - [04/May/2026:03:47:04 -0500] "GET /?nocache=1777884361 HTTP/2.0" 200 89171 "-" "BigScootsMonitor Mozilla/5.0 (Windows NT 10.0; Win64; x64) AppleWebKit/537.36 (KHTML, like Gecko) Chrome/74.0.3729.169 Safari/537.36"
57.128.189.19 - - [04/May/2026:03:47:04 -0500] "GET /?nocache=1777884361 HTTP/2.0" 200 89171 "-" "BigScootsMonitor Mozilla/5.0 (Windows NT 10.0; Win64; x64) AppleWebKit/537.36 (KHTML, like Gecko) Chrome/74.0.3729.169 Safari/537.36"
121.91.188.236 - - [04/May/2026:03:47:55 -0500] "GET /wp-content/uploads/2024/02/parmesan-pasta-salad.jpg HTTP/2.0" 200 147456 "https://easysalads.com/creamy-parmesan-pasta-salad/" "Mozilla/5.0 (Macintosh; Intel Mac OS X 10_15_7) AppleWebKit/537.36 (KHTML, like Gecko) Chrome/130.0.0.0 Safari/537.36"
66.249.66.75 - - [04/May/2026:03:48:03 -0500] "GET /easy-5-bean-salad HTTP/1.1" 200 105524 "-" "Googlebot-Image/1.0"
154.18.244.252 - - [04/May/2026:03:48:08 -0500] "POST /wp-cron.php?doing_wp_cron=1777884488.9941210746765136718750 HTTP/1.1" 200 11 "-" "WordPress/6.9.4; https://easysalads.com"
160.249.30.21 - - [04/May/2026:03:48:08 -0500] "GET /tomato-onion-salad/ HTTP/2.0" 200 101341 "https://www.google.com/" "Mozilla/5.0 (iPhone; CPU iPhone OS 18_7 like Mac OS X) AppleWebKit/605.1.15 (KHTML, like Gecko) Version/26.2 Mobile/15E148 Safari/604.1"
160.249.30.21 - - [04/May/2026:03:48:09 -0500] "GET /wp-content/plugins/kadence-blocks/dist/style-blocks-rowlayout.css?ver=3.6.7 HTTP/2.0" 200 1771 "https://easysalads.com/tomato-onion-salad/" "Mozilla/5.0 (iPhone; CPU iPhone OS 18_7 like Mac OS X) AppleWebKit/605.1.15 (KHTML, like Gecko) Version/26.2 Mobile/15E148 Safari/604.1"
160.249.30.21 - - [04/May/2026:03:48:09 -0500] "GET /wp-content/plugins/kadence-blocks/dist/style-blocks-column.css?ver=3.6.7 HTTP/2.0" 200 428 "https://easysalads.com/tomato-onion-salad/" "Mozilla/5.0 (iPhone; CPU iPhone OS 18_7 like Mac OS X) AppleWebKit/605.1.15 (KHTML, like Gecko) Version/26.2 Mobile/15E148 Safari/604.1"
160.249.30.21 - - [04/May/2026:03:48:09 -0500] "GET /wp-content/plugins/kadence-blocks/dist/style-blocks-infobox.css?ver=3.6.7 HTTP/2.0" 200 1340 "https://easysalads.com/tomato-onion-salad/" "Mozilla/5.0 (iPhone; CPU iPhone OS 18_7 like Mac OS X) AppleWebKit/605.1.15 (KHTML, like Gecko) Version/26.2 Mobile/15E148 Safari/604.1"
160.249.30.21 - - [04/May/2026:03:48:09 -0500] "GET /wp-content/plugins/kadence-blocks/dist/style-blocks-advancedbtn.css?ver=3.6.7 HTTP/2.0" 200 705 "https://easysalads.com/tomato-onion-salad/" "Mozilla/5.0 (iPhone; CPU iPhone OS 18_7 like Mac OS X) AppleWebKit/605.1.15 (KHTML, like Gecko) Version/26.2 Mobile/15E148 Safari/604.1"
160.249.30.21 - - [04/May/2026:03:48:09 -0500] "GET /wp-content/plugins/kadence-blocks-pro/dist/style-blocks-postgrid.css?ver=2.8.13.1 HTTP/2.0" 200 2795 "https://easysalads.com/tomato-onion-salad/" "Mozilla/5.0 (iPhone; CPU iPhone OS 18_7 like Mac OS X) AppleWebKit/605.1.15 (KHTML, like Gecko) Version/26.2 Mobile/15E148 Safari/604.1"
160.249.30.21 - - [04/May/2026:03:48:09 -0500] "GET /wp-content/plugins/wp-recipe-maker/dist/public-modern.css?ver=10.5.0 HTTP/2.0" 200 7712 "https://easysalads.com/tomato-onion-salad/" "Mozilla/5.0 (iPhone; CPU iPhone OS 18_7 like Mac OS X) AppleWebKit/605.1.15 (KHTML, like Gecko) Version/26.2 Mobile/15E148 Safari/604.1"
160.249.30.21 - - [04/May/2026:03:48:09 -0500] "GET /wp-content/plugins/wp-recipe-maker-premium/dist/public-pro.css?ver=10.5.0 HTTP/2.0" 200 6796 "https://easysalads.com/tomato-onion-salad/" "Mozilla/5.0 (iPhone; CPU iPhone OS 18_7 like Mac OS X) AppleWebKit/605.1.15 (KHTML, like Gecko) Version/26.2 Mobile/15E148 Safari/604.1"
160.249.30.21 - - [04/May/2026:03:48:09 -0500] "GET /wp-content/themes/kadence/assets/css/global.min.css?ver=1.1.22 HTTP/2.0" 200 4256 "https://easysalads.com/tomato-onion-salad/" "Mozilla/5.0 (iPhone; CPU iPhone OS 18_7 like Mac OS X) AppleWebKit/605.1.15 (KHTML, like Gecko) Version/26.2 Mobile/15E148 Safari/604.1"
160.249.30.21 - - [04/May/2026:03:48:09 -0500] "GET /wp-content/themes/kadence/assets/css/header.min.css?ver=1.1.22 HTTP/2.0" 200 4295 "https://easysalads.com/tomato-onion-salad/" "Mozilla/5.0 (iPhone; CPU iPhone OS 18_7 like Mac OS X) AppleWebKit/605.1.15 (KHTML, like Gecko) Version/26.2 Mobile/15E148 Safari/604.1"
160.249.30.21 - - [04/May/2026:03:48:09 -0500] "GET /wp-content/themes/kadence/assets/css/content.min.css?ver=1.1.22 HTTP/2.0" 200 5512 "https://easysalads.com/tomato-onion-salad/" "Mozilla/5.0 (iPhone; CPU iPhone OS 18_7 like Mac OS X) AppleWebKit/605.1.15 (KHTML, like Gecko) Version/26.2 Mobile/15E148 Safari/604.1"
160.249.30.21 - - [04/May/2026:03:48:09 -0500] "GET /wp-content/themes/kadence/assets/css/comments.min.css?ver=1.1.22 HTTP/2.0" 200 1289 "https://easysalads.com/tomato-onion-salad/" "Mozilla/5.0 (iPhone; CPU iPhone OS 18_7 like Mac OS X) AppleWebKit/605.1.15 (KHTML, like Gecko) Version/26.2 Mobile/15E148 Safari/604.1"
160.249.30.21 - - [04/May/2026:03:48:09 -0500] "GET /wp-content/themes/kadence/assets/css/sidebar.min.css?ver=1.1.22 HTTP/2.0" 200 749 "https://easysalads.com/tomato-onion-salad/" "Mozilla/5.0 (iPhone; CPU iPhone OS 18_7 like Mac OS X) AppleWebKit/605.1.15 (KHTML, like Gecko) Version/26.2 Mobile/15E148 Safari/604.1"
160.249.30.21 - - [04/May/2026:03:48:09 -0500] "GET /wp-content/themes/kadence/assets/css/footer.min.css?ver=1.1.22 HTTP/2.0" 200 1580 "https://easysalads.com/tomato-onion-salad/" "Mozilla/5.0 (iPhone; CPU iPhone OS 18_7 like Mac OS X) AppleWebKit/605.1.15 (KHTML, like Gecko) Version/26.2 Mobile/15E148 Safari/604.1"
160.249.30.21 - - [04/May/2026:03:48:09 -0500] "GET /wp-content/plugins/kadence-pro/dist/mega-menu/menu-addon.css?ver=1.1.19 HTTP/2.0" 200 1126 "https://easysalads.com/tomato-onion-salad/" "Mozilla/5.0 (iPhone; CPU iPhone OS 18_7 like Mac OS X) AppleWebKit/605.1.15 (KHTML, like Gecko) Version/26.2 Mobile/15E148 Safari/604.1"
160.249.30.21 - - [04/May/2026:03:48:09 -0500] "GET /wp-content/plugins/social-pug/assets/dist/style-frontend-pro.css?ver=2.28.0 HTTP/2.0" 200 11454 "https://easysalads.com/tomato-onion-salad/" "Mozilla/5.0 (iPhone; CPU iPhone OS 18_7 like Mac OS X) AppleWebKit/605.1.15 (KHTML, like Gecko) Version/26.2 Mobile/15E148 Safari/604.1"
160.249.30.21 - - [04/May/2026:03:48:09 -0500] "GET /wp-content/plugins/kadence-blocks/dist/style-blocks-iconlist.css?ver=3.6.7 HTTP/2.0" 200 597 "https://easysalads.com/tomato-onion-salad/" "Mozilla/5.0 (iPhone; CPU iPhone OS 18_7 like Mac OS X) AppleWebKit/605.1.15 (KHTML, like Gecko) Version/26.2 Mobile/15E148 Safari/604.1"
160.249.30.21 - - [04/May/2026:03:48:09 -0500] "GET /wp-content/themes/restored316-sage/style.css?ver=1_0_1 HTTP/2.0" 200 1089 "https://easysalads.com/tomato-onion-salad/" "Mozilla/5.0 (iPhone; CPU iPhone OS 18_7 like Mac OS X) AppleWebKit/605.1.15 (KHTML, like Gecko) Version/26.2 Mobile/15E148 Safari/604.1"
160.249.30.21 - - [04/May/2026:03:48:09 -0500] "GET /wp-content/plugins/wpforms-lite/assets/css/frontend/modern/wpforms-full.min.css?ver=1.10.0.4 HTTP/2.0" 200 14792 "https://easysalads.com/tomato-onion-salad/" "Mozilla/5.0 (iPhone; CPU iPhone OS 18_7 like Mac OS X) AppleWebKit/605.1.15 (KHTML, like Gecko) Version/26.2 Mobile/15E148 Safari/604.1"
160.249.30.21 - - [04/May/2026:03:48:09 -0500] "GET /wp-content/uploads/2022/09/Easy-Salads-website-logo-1536x451.png HTTP/2.0" 200 71572 "https://easysalads.com/tomato-onion-salad/" "Mozilla/5.0 (iPhone; CPU iPhone OS 18_7 like Mac OS X) AppleWebKit/605.1.15 (KHTML, like Gecko) Version/26.2 Mobile/15E148 Safari/604.1"
160.249.30.21 - - [04/May/2026:03:48:09 -0500] "GET /wp-content/plugins/kadence-blocks/dist/style-blocks-spacer.css?ver=3.6.7 HTTP/2.0" 200 385 "https://easysalads.com/tomato-onion-salad/" "Mozilla/5.0 (iPhone; CPU iPhone OS 18_7 like Mac OS X) AppleWebKit/605.1.15 (KHTML, like Gecko) Version/26.2 Mobile/15E148 Safari/604.1"
160.249.30.21 - - [04/May/2026:03:48:09 -0500] "GET /wp-content/plugins/wp-recipe-maker/dist/public-modern.js?ver=10.5.0 HTTP/2.0" 200 23744 "https://easysalads.com/tomato-onion-salad/" "Mozilla/5.0 (iPhone; CPU iPhone OS 18_7 like Mac OS X) AppleWebKit/605.1.15 (KHTML, like Gecko) Version/26.2 Mobile/15E148 Safari/604.1"
160.249.30.21 - - [04/May/2026:03:48:09 -0500] "GET /wp-content/plugins/wp-recipe-maker-premium/dist/public-pro.js?ver=10.5.0 HTTP/2.0" 200 20140 "https://easysalads.com/tomato-onion-salad/" "Mozilla/5.0 (iPhone; CPU iPhone OS 18_7 like Mac OS X) AppleWebKit/605.1.15 (KHTML, like Gecko) Version/26.2 Mobile/15E148 Safari/604.1"
160.249.30.21 - - [04/May/2026:03:48:09 -0500] "GET /wp-content/themes/kadence/assets/js/navigation-lite.min.js?ver=1.1.21 HTTP/2.0" 200 2083 "https://easysalads.com/tomato-onion-salad/" "Mozilla/5.0 (iPhone; CPU iPhone OS 18_7 like Mac OS X) AppleWebKit/605.1.15 (KHTML, like Gecko) Version/26.2 Mobile/15E148 Safari/604.1"
160.249.30.21 - - [04/May/2026:03:48:09 -0500] "GET /wp-content/plugins/social-pug/assets/dist/front-end-pro.js?ver=2.28.0 HTTP/2.0" 200 9339 "https://easysalads.com/tomato-onion-salad/" "Mozilla/5.0 (iPhone; CPU iPhone OS 18_7 like Mac OS X) AppleWebKit/605.1.15 (KHTML, like Gecko) Version/26.2 Mobile/15E148 Safari/604.1"
160.249.30.21 - - [04/May/2026:03:48:09 -0500] "GET /wp-content/plugins/kadence-pro/dist/mega-menu/kadence-mega-menu.min.js?ver=1.1.19 HTTP/2.0" 200 457 "https://easysalads.com/tomato-onion-salad/" "Mozilla/5.0 (iPhone; CPU iPhone OS 18_7 like Mac OS X) AppleWebKit/605.1.15 (KHTML, like Gecko) Version/26.2 Mobile/15E148 Safari/604.1"
160.249.30.21 - - [04/May/2026:03:48:09 -0500] "GET /wp-content/plugins/akismet/_inc/akismet-frontend.js?ver=1764724306 HTTP/2.0" 200 3016 "https://easysalads.com/tomato-onion-salad/" "Mozilla/5.0 (iPhone; CPU iPhone OS 18_7 like Mac OS X) AppleWebKit/605.1.15 (KHTML, like Gecko) Version/26.2 Mobile/15E148 Safari/604.1"
160.249.30.21 - - [04/May/2026:03:48:09 -0500] "GET /wp-includes/js/jquery/jquery.min.js?ver=3.7.1 HTTP/2.0" 200 29769 "https://easysalads.com/tomato-onion-salad/" "Mozilla/5.0 (iPhone; CPU iPhone OS 18_7 like Mac OS X) AppleWebKit/605.1.15 (KHTML, like Gecko) Version/26.2 Mobile/15E148 Safari/604.1"
160.249.30.21 - - [04/May/2026:03:48:09 -0500] "GET /wp-includes/js/jquery/jquery-migrate.min.js?ver=3.4.1 HTTP/2.0" 200 4679 "https://easysalads.com/tomato-onion-salad/" "Mozilla/5.0 (iPhone; CPU iPhone OS 18_7 like Mac OS X) AppleWebKit/605.1.15 (KHTML, like Gecko) Version/26.2 Mobile/15E148 Safari/604.1"
160.249.30.21 - - [04/May/2026:03:48:09 -0500] "GET /wp-content/plugins/wpforms-lite/assets/lib/jquery.validate.min.js?ver=1.21.0 HTTP/2.0" 200 7807 "https://easysalads.com/tomato-onion-salad/" "Mozilla/5.0 (iPhone; CPU iPhone OS 18_7 like Mac OS X) AppleWebKit/605.1.15 (KHTML, like Gecko) Version/26.2 Mobile/15E148 Safari/604.1"
160.249.30.21 - - [04/May/2026:03:48:09 -0500] "GET /wp-content/plugins/wpforms-lite/assets/lib/mailcheck.min.js?ver=1.1.2 HTTP/2.0" 200 1616 "https://easysalads.com/tomato-onion-salad/" "Mozilla/5.0 (iPhone; CPU iPhone OS 18_7 like Mac OS X) AppleWebKit/605.1.15 (KHTML, like Gecko) Version/26.2 Mobile/15E148 Safari/604.1"
160.249.30.21 - - [04/May/2026:03:48:09 -0500] "GET /wp-content/plugins/wpforms-lite/assets/lib/punycode.min.js?ver=1.0.0 HTTP/2.0" 200 834 "https://easysalads.com/tomato-onion-salad/" "Mozilla/5.0 (iPhone; CPU iPhone OS 18_7 like Mac OS X) AppleWebKit/605.1.15 (KHTML, like Gecko) Version/26.2 Mobile/15E148 Safari/604.1"
160.249.30.21 - - [04/May/2026:03:48:09 -0500] "GET /wp-content/plugins/wpforms-lite/assets/js/share/utils.min.js?ver=1.10.0.4 HTTP/2.0" 200 727 "https://easysalads.com/tomato-onion-salad/" "Mozilla/5.0 (iPhone; CPU iPhone OS 18_7 like Mac OS X) AppleWebKit/605.1.15 (KHTML, like Gecko) Version/26.2 Mobile/15E148 Safari/604.1"
160.249.30.21 - - [04/May/2026:03:48:09 -0500] "GET /wp-content/plugins/wpforms-lite/assets/js/frontend/wpforms.min.js?ver=1.10.0.4 HTTP/2.0" 200 14614 "https://easysalads.com/tomato-onion-salad/" "Mozilla/5.0 (iPhone; CPU iPhone OS 18_7 like Mac OS X) AppleWebKit/605.1.15 (KHTML, like Gecko) Version/26.2 Mobile/15E148 Safari/604.1"
160.249.30.21 - - [04/May/2026:03:48:09 -0500] "GET /wp-content/plugins/wpforms-lite/assets/js/frontend/wpforms-modern.min.js?ver=1.10.0.4 HTTP/2.0" 200 1866 "https://easysalads.com/tomato-onion-salad/" "Mozilla/5.0 (iPhone; CPU iPhone OS 18_7 like Mac OS X) AppleWebKit/605.1.15 (KHTML, like Gecko) Version/26.2 Mobile/15E148 Safari/604.1"
160.249.30.21 - - [04/May/2026:03:48:09 -0500] "GET /wp-content/plugins/wpforms-lite/assets/js/frontend/fields/address.min.js?ver=1.10.0.4 HTTP/2.0" 200 673 "https://easysalads.com/tomato-onion-salad/" "Mozilla/5.0 (iPhone; CPU iPhone OS 18_7 like Mac OS X) AppleWebKit/605.1.15 (KHTML, like Gecko) Version/26.2 Mobile/15E148 Safari/604.1"
160.249.30.21 - - [04/May/2026:03:48:10 -0500] "GET /wp-content/uploads/2024/01/tomato-onion-salad-06.jpg HTTP/2.0" 200 1661522 "https://easysalads.com/tomato-onion-salad/" "Mozilla/5.0 (iPhone; CPU iPhone OS 18_7 like Mac OS X) AppleWebKit/605.1.15 (KHTML, like Gecko) Version/26.2 Mobile/15E148 Safari/604.1"
160.249.30.21 - - [04/May/2026:03:48:10 -0500] "GET /wp-content/plugins/wpforms-lite/assets/images/submit-spin.svg HTTP/2.0" 200 509 "https://easysalads.com/tomato-onion-salad/" "Mozilla/5.0 (iPhone; CPU iPhone OS 18_7 like Mac OS X) AppleWebKit/605.1.15 (KHTML, like Gecko) Version/26.2 Mobile/15E148 Safari/604.1"
160.249.30.21 - - [04/May/2026:03:48:10 -0500] "GET /wp-content/uploads/2024/01/tomato-onion-salad-04.jpg HTTP/2.0" 200 712014 "https://easysalads.com/tomato-onion-salad/" "Mozilla/5.0 (iPhone; CPU iPhone OS 18_7 like Mac OS X) AppleWebKit/605.1.15 (KHTML, like Gecko) Version/26.2 Mobile/15E148 Safari/604.1"
160.249.30.21 - - [04/May/2026:03:48:10 -0500] "GET /wp-includes/js/comment-reply.min.js?ver=6.9.4 HTTP/2.0" 200 1248 "https://easysalads.com/tomato-onion-salad/" "Mozilla/5.0 (iPhone; CPU iPhone OS 18_7 like Mac OS X) AppleWebKit/605.1.15 (KHTML, like Gecko) Version/26.2 Mobile/15E148 Safari/604.1"
160.249.30.21 - - [04/May/2026:03:48:22 -0500] "GET /wp-content/uploads/2022/09/cropped-site-icon-easy-salads-192x192.png HTTP/2.0" 200 8410 "https://easysalads.com/tomato-onion-salad/" "Mozilla/5.0 (iPhone; CPU iPhone OS 18_7 like Mac OS X) AppleWebKit/605.1.15 (KHTML, like Gecko) Version/26.2 Mobile/15E148 Safari/604.1"
160.249.30.21 - - [04/May/2026:03:48:22 -0500] "GET /wp-content/uploads/2022/09/cropped-site-icon-easy-salads-32x32.png HTTP/2.0" 200 907 "https://easysalads.com/tomato-onion-salad/" "Mozilla/5.0 (iPhone; CPU iPhone OS 18_7 like Mac OS X) AppleWebKit/605.1.15 (KHTML, like Gecko) Version/26.2 Mobile/15E148 Safari/604.1"
160.249.30.21 - - [04/May/2026:03:48:27 -0500] "GET /wp-content/uploads/2022/03/TTRamillas-ExtraLight.woff2 HTTP/2.0" 200 55736 "https://easysalads.com/tomato-onion-salad/" "Mozilla/5.0 (iPhone; CPU iPhone OS 18_7 like Mac OS X) AppleWebKit/605.1.15 (KHTML, like Gecko) Version/26.2 Mobile/15E148 Safari/604.1"
160.249.30.21 - - [04/May/2026:03:48:27 -0500] "GET /wp-content/uploads/2022/03/TTRamillas-ExtraLightItalic.woff2 HTTP/2.0" 200 59480 "https://easysalads.com/tomato-onion-salad/" "Mozilla/5.0 (iPhone; CPU iPhone OS 18_7 like Mac OS X) AppleWebKit/605.1.15 (KHTML, like Gecko) Version/26.2 Mobile/15E148 Safari/604.1"
154.18.244.252 - - [04/May/2026:03:49:03 -0500] "POST /wp-cron.php?doing_wp_cron=1777884543.8321518898010253906250 HTTP/1.1" 200 11 "-" "WordPress/6.9.4; https://easysalads.com"
57.128.189.19 - - [04/May/2026:03:49:03 -0500] "GET /?nocache=1777884481 HTTP/2.0" 200 89171 "-" "BigScootsMonitor Mozilla/5.0 (Windows NT 10.0; Win64; x64) AppleWebKit/537.36 (KHTML, like Gecko) Chrome/74.0.3729.169 Safari/537.36"
66.249.66.168 - - [04/May/2026:03:49:04 -0500] "GET / HTTP/1.1" 200 91505 "-" "Mediapartners-Google"
51.222.136.175 - - [04/May/2026:03:49:05 -0500] "GET /?nocache=1777884481 HTTP/2.0" 200 89171 "-" "BigScootsMonitor Mozilla/5.0 (Windows NT 10.0; Win64; x64) AppleWebKit/537.36 (KHTML, like Gecko) Chrome/74.0.3729.169 Safari/537.36"
122.183.51.30 - - [04/May/2026:03:49:19 -0500] "GET /bruschetta-pasta-salad/ HTTP/2.0" 200 100483 "-" "Mozilla/5.0 (Linux; Android 5.0; SM-G900P Build/LRX21T) AppleWebKit/537.36 (KHTML, like Gecko) Chrome/56.0.3860.1063 Mobile Safari/537.36"
122.183.51.30 - - [04/May/2026:03:49:20 -0500] "GET /wp-content/uploads/2024/03/bruschetta-pasta-salad-00-683x1024.jpg HTTP/2.0" 206 500 "https://easysalads.com/bruschetta-pasta-salad/" "Mozilla/5.0 (Linux; Android 5.0; SM-G900P Build/LRX21T) AppleWebKit/537.36 (KHTML, like Gecko) Chrome/56.0.3860.1063 Mobile Safari/537.36"
122.183.51.30 - - [04/May/2026:03:49:21 -0500] "GET /wp-content/uploads/2024/03/bruschetta-pasta-salad-00-683x1024.jpg HTTP/2.0" 304 0 "https://easysalads.com/bruschetta-pasta-salad/" "Mozilla/5.0 (Linux; Android 5.0; SM-G900P Build/LRX21T) AppleWebKit/537.36 (KHTML, like Gecko) Chrome/56.0.3860.1063 Mobile Safari/537.36"
122.183.51.30 - - [04/May/2026:03:49:22 -0500] "GET /wp-content/uploads/2024/03/bruschetta-pasta-salad-00-683x1024.jpg HTTP/2.0" 206 241409 "https://easysalads.com/bruschetta-pasta-salad/" "Mozilla/5.0 (Linux; Android 5.0; SM-G900P Build/LRX21T) AppleWebKit/537.36 (KHTML, like Gecko) Chrome/56.0.3860.1063 Mobile Safari/537.36"
54.89.171.44 - - [04/May/2026:03:49:25 -0500] "GET /bruschetta-pasta-salad/ HTTP/1.1" 200 127045 "-" "Mozilla/5.0 (compatible; proximic; +https://www.comscore.com/Web-Crawler)"
74.214.194.225 - - [04/May/2026:03:49:25 -0500] "GET /shrimp-salad-old-bay/?fbclid=IwY2xjawRkFfRleHRuA2FlbQIxMABicmlkETEwTzJkc0gyYnpUejVHd3B6c3J0YwZhcHBfaWQQMjIyMDM5MTc4ODIwMDg5MgABHhV9vFIImQ6-ATEszUax91f9fYNIaou1pjrhgw-Umji18tlz5oC0OWfT-DlC_aem__3Ul6Ich4y2tbXXytQI7OQ HTTP/2.0" 200 104008 "-" "Mozilla/5.0 (Macintosh; Intel Mac OS X 10_15_7) AppleWebKit/537.36 (KHTML, like Gecko; compatible; PulsePoint-Crawler) Chrome/120.0.0.0 Safari/537.36"
66.9.161.119 - - [04/May/2026:03:49:27 -0500] "GET /wp-content/uploads/2024/03/bruschetta-pasta-salad-01-683x1024.jpg HTTP/2.0" 206 500 "https://easysalads.com/bruschetta-pasta-salad/" "Mozilla/5.0 (Linux; Android 5.0; SM-G900P Build/LRX21T) AppleWebKit/537.36 (KHTML, like Gecko) Chrome/56.0.3860.1063 Mobile Safari/537.36"
66.9.161.119 - - [04/May/2026:03:49:28 -0500] "GET /wp-content/uploads/2024/03/bruschetta-pasta-salad-01-683x1024.jpg HTTP/2.0" 304 0 "https://easysalads.com/bruschetta-pasta-salad/" "Mozilla/5.0 (Linux; Android 5.0; SM-G900P Build/LRX21T) AppleWebKit/537.36 (KHTML, like Gecko) Chrome/56.0.3860.1063 Mobile Safari/537.36"
66.9.161.119 - - [04/May/2026:03:49:29 -0500] "GET /wp-content/uploads/2024/03/bruschetta-pasta-salad-01-683x1024.jpg HTTP/2.0" 206 210588 "https://easysalads.com/bruschetta-pasta-salad/" "Mozilla/5.0 (Linux; Android 5.0; SM-G900P Build/LRX21T) AppleWebKit/537.36 (KHTML, like Gecko) Chrome/56.0.3860.1063 Mobile Safari/537.36"
47.128.115.5 - - [04/May/2026:03:49:51 -0500] "GET /bruschetta-pasta-salad/ HTTP/2.0" 200 100447 "-" "Mozilla/5.0 (Linux; Android 5.0) AppleWebKit/537.36 (KHTML, like Gecko) Mobile Safari/537.36 (compatible; TikTokSpider; [email protected])"
47.128.115.5 - - [04/May/2026:03:49:52 -0500] "GET /wp-content/uploads/2024/03/bruschetta-pasta-salad-00-683x1024.jpg HTTP/2.0" 206 500 "https://easysalads.com/bruschetta-pasta-salad/" "Mozilla/5.0 (Linux; Android 5.0) AppleWebKit/537.36 (KHTML, like Gecko) Mobile Safari/537.36 (compatible; TikTokSpider; [email protected])"
47.128.115.5 - - [04/May/2026:03:49:52 -0500] "GET /wp-content/uploads/2024/03/bruschetta-pasta-salad-01-683x1024.jpg HTTP/2.0" 206 500 "https://easysalads.com/bruschetta-pasta-salad/" "Mozilla/5.0 (Linux; Android 5.0) AppleWebKit/537.36 (KHTML, like Gecko) Mobile Safari/537.36 (compatible; TikTokSpider; [email protected])"
47.128.115.5 - - [04/May/2026:03:49:52 -0500] "GET /wp-content/uploads/2024/03/bruschetta-pasta-salad-00-683x1024.jpg HTTP/2.0" 304 0 "https://easysalads.com/bruschetta-pasta-salad/" "Mozilla/5.0 (Linux; Android 5.0) AppleWebKit/537.36 (KHTML, like Gecko) Mobile Safari/537.36 (compatible; TikTokSpider; [email protected])"
47.128.115.5 - - [04/May/2026:03:49:53 -0500] "GET /wp-content/uploads/2024/03/bruschetta-pasta-salad-01-683x1024.jpg HTTP/2.0" 304 0 "https://easysalads.com/bruschetta-pasta-salad/" "Mozilla/5.0 (Linux; Android 5.0) AppleWebKit/537.36 (KHTML, like Gecko) Mobile Safari/537.36 (compatible; TikTokSpider; [email protected])"
47.128.115.5 - - [04/May/2026:03:49:53 -0500] "GET /bruschetta-pasta-salad/ HTTP/2.0" 200 100527 "https://easysalads.com/bruschetta-pasta-salad/" "Mozilla/5.0 (Linux; Android 5.0) AppleWebKit/537.36 (KHTML, like Gecko) Mobile Safari/537.36 (compatible; TikTokSpider; [email protected])"
47.128.115.5 - - [04/May/2026:03:49:53 -0500] "GET /wp-content/uploads/2024/03/bruschetta-pasta-salad-00-683x1024.jpg HTTP/2.0" 206 241409 "https://easysalads.com/bruschetta-pasta-salad/" "Mozilla/5.0 (Linux; Android 5.0) AppleWebKit/537.36 (KHTML, like Gecko) Mobile Safari/537.36 (compatible; TikTokSpider; [email protected])"
47.128.115.5 - - [04/May/2026:03:49:53 -0500] "GET /wp-content/uploads/2024/03/bruschetta-pasta-salad-01-683x1024.jpg HTTP/2.0" 206 210588 "https://easysalads.com/bruschetta-pasta-salad/" "Mozilla/5.0 (Linux; Android 5.0) AppleWebKit/537.36 (KHTML, like Gecko) Mobile Safari/537.36 (compatible; TikTokSpider; [email protected])"
47.128.115.5 - - [04/May/2026:03:49:53 -0500] "GET /wp-content/uploads/2024/03/bruschetta-pasta-salad-00-683x1024.jpg HTTP/2.0" 304 0 "https://easysalads.com/bruschetta-pasta-salad/" "Mozilla/5.0 (Linux; Android 5.0) AppleWebKit/537.36 (KHTML, like Gecko) Mobile Safari/537.36 (compatible; TikTokSpider; [email protected])"
47.128.115.5 - - [04/May/2026:03:49:53 -0500] "GET /wp-content/uploads/2024/03/bruschetta-pasta-salad-01-683x1024.jpg HTTP/2.0" 304 0 "https://easysalads.com/bruschetta-pasta-salad/" "Mozilla/5.0 (Linux; Android 5.0) AppleWebKit/537.36 (KHTML, like Gecko) Mobile Safari/537.36 (compatible; TikTokSpider; [email protected])"
47.128.115.5 - - [04/May/2026:03:49:54 -0500] "GET /bruschetta-pasta-salad/ HTTP/2.0" 200 100470 "https://easysalads.com/bruschetta-pasta-salad/" "Mozilla/5.0 (Linux; Android 5.0) AppleWebKit/537.36 (KHTML, like Gecko) Mobile Safari/537.36 (compatible; TikTokSpider; [email protected])"
47.128.115.5 - - [04/May/2026:03:49:54 -0500] "GET /wp-content/uploads/2024/03/bruschetta-pasta-salad-00-683x1024.jpg HTTP/2.0" 304 0 "https://easysalads.com/bruschetta-pasta-salad/" "Mozilla/5.0 (Linux; Android 5.0) AppleWebKit/537.36 (KHTML, like Gecko) Mobile Safari/537.36 (compatible; TikTokSpider; [email protected])"
47.128.115.5 - - [04/May/2026:03:49:54 -0500] "GET /wp-content/uploads/2024/03/bruschetta-pasta-salad-01-683x1024.jpg HTTP/2.0" 304 0 "https://easysalads.com/bruschetta-pasta-salad/" "Mozilla/5.0 (Linux; Android 5.0) AppleWebKit/537.36 (KHTML, like Gecko) Mobile Safari/537.36 (compatible; TikTokSpider; [email protected])"
47.128.115.5 - - [04/May/2026:03:49:54 -0500] "GET /wp-content/uploads/2024/03/bruschetta-pasta-salad-01-683x1024.jpg HTTP/2.0" 304 0 "https://easysalads.com/bruschetta-pasta-salad/" "Mozilla/5.0 (Linux; Android 5.0) AppleWebKit/537.36 (KHTML, like Gecko) Mobile Safari/537.36 (compatible; TikTokSpider; [email protected])"
47.128.115.5 - - [04/May/2026:03:49:54 -0500] "GET /wp-content/uploads/2024/03/bruschetta-pasta-salad-00-683x1024.jpg HTTP/2.0" 304 0 "https://easysalads.com/bruschetta-pasta-salad/" "Mozilla/5.0 (Linux; Android 5.0) AppleWebKit/537.36 (KHTML, like Gecko) Mobile Safari/537.36 (compatible; TikTokSpider; [email protected])"
47.128.115.5 - - [04/May/2026:03:49:54 -0500] "GET /bruschetta-pasta-salad/ HTTP/2.0" 200 100469 "https://easysalads.com/bruschetta-pasta-salad/" "Mozilla/5.0 (Linux; Android 5.0) AppleWebKit/537.36 (KHTML, like Gecko) Mobile Safari/537.36 (compatible; TikTokSpider; [email protected])"
47.128.115.5 - - [04/May/2026:03:49:54 -0500] "GET /wp-content/uploads/2024/03/bruschetta-pasta-salad-01-683x1024.jpg HTTP/2.0" 304 0 "https://easysalads.com/bruschetta-pasta-salad/" "Mozilla/5.0 (Linux; Android 5.0) AppleWebKit/537.36 (KHTML, like Gecko) Mobile Safari/537.36 (compatible; TikTokSpider; [email protected])"
47.128.115.5 - - [04/May/2026:03:49:54 -0500] "GET /wp-content/uploads/2024/03/bruschetta-pasta-salad-00-683x1024.jpg HTTP/2.0" 304 0 "https://easysalads.com/bruschetta-pasta-salad/" "Mozilla/5.0 (Linux; Android 5.0) AppleWebKit/537.36 (KHTML, like Gecko) Mobile Safari/537.36 (compatible; TikTokSpider; [email protected])"
47.128.115.5 - - [04/May/2026:03:49:55 -0500] "GET /wp-content/uploads/2024/03/bruschetta-pasta-salad-00-683x1024.jpg HTTP/2.0" 206 500 "https://easysalads.com/bruschetta-pasta-salad/" "Mozilla/5.0 (Linux; Android 5.0) AppleWebKit/537.36 (KHTML, like Gecko) Mobile Safari/537.36 (compatible; TikTokSpider; [email protected])"
