HEX
Server: nginx/1.29.3
System: Linux 11979.bigscoots-wpo.com 6.8.0-88-generic #89-Ubuntu SMP PREEMPT_DYNAMIC Sat Oct 11 01:02:46 UTC 2025 x86_64
User: nginx (1068)
PHP: 7.4.33
Disabled: exec,system,passthru,shell_exec,proc_open,proc_close,popen,show_source,cmd# Do not modify this line # 1684243876
Upload Files
File: /home/nginx/domains/easysalads.com/log/access.log-20260505
1.145.180.252 - - [04/May/2026:00:00:13 -0500] "GET /wp-includes/js/comment-reply.min.js?ver=6.9.4 HTTP/2.0" 200 1248 "https://easysalads.com/broccoli-raisin-salad-recipe/" "Mozilla/5.0 (iPhone; CPU iPhone OS 18_7 like Mac OS X) AppleWebKit/605.1.15 (KHTML, like Gecko) Version/26.4 Mobile/15E148 Safari/604.1"
1.145.180.252 - - [04/May/2026:00:00:13 -0500] "GET /wp-content/uploads/2024/02/Blogger-Call-Out-Icons-1.png HTTP/2.0" 404 146 "https://easysalads.com/broccoli-raisin-salad-recipe/" "Mozilla/5.0 (iPhone; CPU iPhone OS 18_7 like Mac OS X) AppleWebKit/605.1.15 (KHTML, like Gecko) Version/26.4 Mobile/15E148 Safari/604.1"
100.28.194.104 - - [04/May/2026:00:00:21 -0500] "GET /wp-json/wp/v2/categories?order=asc&per_page=100&page=5 HTTP/2.0" 200 6 "-" "Mozilla/5.0 (Windows NT 10.0; Win64; x64)AppleWebKit/537.36 (KHTML, like Gecko)Chrome/145.0.0.0 Safari/537.36 Edg/145.0.0.0"
100.28.194.104 - - [04/May/2026:00:00:21 -0500] "GET /wp-json/wp/v2/categories?order=asc&per_page=100&page=4 HTTP/2.0" 200 6 "-" "Mozilla/5.0 (Windows NT 10.0; Win64; x64)AppleWebKit/537.36 (KHTML, like Gecko)Chrome/145.0.0.0 Safari/537.36 Edg/145.0.0.0"
100.28.194.104 - - [04/May/2026:00:00:21 -0500] "GET /wp-json/wp/v2/categories?order=asc&per_page=100&page=2 HTTP/2.0" 200 6 "-" "Mozilla/5.0 (Windows NT 10.0; Win64; x64)AppleWebKit/537.36 (KHTML, like Gecko)Chrome/145.0.0.0 Safari/537.36 Edg/145.0.0.0"
100.28.194.104 - - [04/May/2026:00:00:21 -0500] "GET /wp-json/wp/v2/categories?order=asc&per_page=100&page=1 HTTP/2.0" 200 2826 "-" "Mozilla/5.0 (Windows NT 10.0; Win64; x64)AppleWebKit/537.36 (KHTML, like Gecko)Chrome/145.0.0.0 Safari/537.36 Edg/145.0.0.0"
100.28.194.104 - - [04/May/2026:00:00:21 -0500] "GET /wp-json/wp/v2/categories?order=asc&per_page=100&page=3 HTTP/2.0" 200 6 "-" "Mozilla/5.0 (Windows NT 10.0; Win64; x64)AppleWebKit/537.36 (KHTML, like Gecko)Chrome/145.0.0.0 Safari/537.36 Edg/145.0.0.0"
182.161.74.68 - - [04/May/2026:00:00:28 -0500] "GET /broccoli-raisin-salad-recipe/ HTTP/1.1" 200 130836 "-" "CriteoBot/0.1 (+https://www.criteo.com/criteo-crawler/)"
182.161.74.70 - - [04/May/2026:00:00:28 -0500] "GET /broccoli-raisin-salad-recipe/ HTTP/1.1" 200 130836 "-" "CriteoBot/0.1 (+https://www.criteo.com/criteo-crawler/)"
182.161.74.68 - - [04/May/2026:00:00:29 -0500] "GET /broccoli-raisin-salad-recipe/ HTTP/1.1" 200 130851 "-" "CriteoBot/0.1 (+https://www.criteo.com/criteo-crawler/)"
182.161.74.70 - - [04/May/2026:00:00:29 -0500] "GET /broccoli-raisin-salad-recipe/ HTTP/1.1" 200 130836 "-" "CriteoBot/0.1 (+https://www.criteo.com/criteo-crawler/)"
44.217.255.167 - - [04/May/2026:00:00:45 -0500] "GET / HTTP/1.1" 200 114538 "-" "Mozilla/5.0 AppleWebKit/537.36 (KHTML, like Gecko; compatible; Amazonbot/0.1; +https://developer.amazon.com/support/amazonbot) Chrome/119.0.6045.214 Safari/537.36"
54.83.180.239 - - [04/May/2026:00:00:52 -0500] "GET /wp-content/uploads/2022/08/black-and-blue-steak-salad00.jpg HTTP/1.1" 200 713530 "-" "Mozilla/5.0 AppleWebKit/537.36 (KHTML, like Gecko; compatible; Amazonbot/0.1; +https://developer.amazon.com/support/amazonbot) Chrome/119.0.6045.214 Safari/537.36"
54.90.244.132 - - [04/May/2026:00:00:55 -0500] "GET /wp-content/uploads/2022/11/low-carb-fruit-salad-00-683x1024.jpg HTTP/1.1" 200 156068 "-" "Mozilla/5.0 AppleWebKit/537.36 (KHTML, like Gecko; compatible; Amazonbot/0.1; +https://developer.amazon.com/support/amazonbot) Chrome/119.0.6045.214 Safari/537.36"
75.202.155.99 - - [04/May/2026:00:00:58 -0500] "GET /wp-content/uploads/2024/02/Blogger-Call-Out-Icons-1.png HTTP/2.0" 404 146 "https://easysalads.com/broccoli-raisin-salad-recipe/" "Mozilla/5.0 (iPhone; CPU iPhone OS 26_4_2 like Mac OS X) AppleWebKit/605.1.15 (KHTML, like Gecko) CriOS/147.0.7727.99 Mobile/15E148 Safari/604.1"
54.164.106.236 - - [04/May/2026:00:01:00 -0500] "GET /wp-content/uploads/2024/10/taffy-apple-salad-05-768x1152.jpg HTTP/1.1" 444 0 "-" "Mozilla/5.0 AppleWebKit/537.36 (KHTML, like Gecko; compatible; Amazonbot/0.1; +https://developer.amazon.com/support/amazonbot) Chrome/119.0.6045.214 Safari/537.36"
98.83.159.86 - - [04/May/2026:00:01:01 -0500] "GET /broccoli-raisin-salad-recipe HTTP/1.1" 200 130844 "-" "Mozilla/5.0 (compatible; proximic; +https://www.comscore.com/Web-Crawler)"
154.18.244.252 - - [04/May/2026:00:01:04 -0500] "POST /wp-cron.php?doing_wp_cron=1777870864.2480909824371337890625 HTTP/1.1" 200 11 "-" "WordPress/6.9.4; https://easysalads.com"
57.128.189.19 - - [04/May/2026:00:01:04 -0500] "GET /?nocache=1777870801 HTTP/2.0" 200 89175 "-" "BigScootsMonitor Mozilla/5.0 (Windows NT 10.0; Win64; x64) AppleWebKit/537.36 (KHTML, like Gecko) Chrome/74.0.3729.169 Safari/537.36"
51.222.136.175 - - [04/May/2026:00:01:04 -0500] "GET /?nocache=1777870801 HTTP/2.0" 200 89175 "-" "BigScootsMonitor Mozilla/5.0 (Windows NT 10.0; Win64; x64) AppleWebKit/537.36 (KHTML, like Gecko) Chrome/74.0.3729.169 Safari/537.36"
3.227.180.70 - - [04/May/2026:00:01:06 -0500] "GET /wp-content/uploads/2022/09/hot-chicken-salad-05sq-768x768.jpg HTTP/1.1" 200 244363 "-" "Mozilla/5.0 AppleWebKit/537.36 (KHTML, like Gecko; compatible; Amazonbot/0.1; +https://developer.amazon.com/support/amazonbot) Chrome/119.0.6045.214 Safari/537.36"
34.227.234.246 - - [04/May/2026:00:01:09 -0500] "GET /wp-content/uploads/2022/09/panera-tomato-basil-cucumber-salad-sq02-768x768.jpg HTTP/1.1" 200 159453 "-" "Mozilla/5.0 AppleWebKit/537.36 (KHTML, like Gecko; compatible; Amazonbot/0.1; +https://developer.amazon.com/support/amazonbot) Chrome/119.0.6045.214 Safari/537.36"
23.20.178.124 - - [04/May/2026:00:01:11 -0500] "GET /wp-content/uploads/2022/09/panera-tomato-basil-cucumber-salad-00-683x1024.jpg HTTP/1.1" 444 0 "-" "Mozilla/5.0 AppleWebKit/537.36 (KHTML, like Gecko; compatible; Amazonbot/0.1; +https://developer.amazon.com/support/amazonbot) Chrome/119.0.6045.214 Safari/537.36"
44.207.252.58 - - [04/May/2026:00:01:15 -0500] "GET /wp-content/uploads/2022/11/5-Bean-Salad-00-768x1152.jpg HTTP/1.1" 444 0 "-" "Mozilla/5.0 AppleWebKit/537.36 (KHTML, like Gecko; compatible; Amazonbot/0.1; +https://developer.amazon.com/support/amazonbot) Chrome/119.0.6045.214 Safari/537.36"
23.23.99.55 - - [04/May/2026:00:01:19 -0500] "GET /wp-content/uploads/2022/09/hot-chicken-salad-10-683x1024.jpg HTTP/1.1" 444 0 "-" "Mozilla/5.0 AppleWebKit/537.36 (KHTML, like Gecko; compatible; Amazonbot/0.1; +https://developer.amazon.com/support/amazonbot) Chrome/119.0.6045.214 Safari/537.36"
107.20.181.148 - - [04/May/2026:00:01:24 -0500] "GET /wp-content/uploads/2022/11/apple-pecan-blue-cheese-salad-01-768x1152.jpg HTTP/1.1" 444 0 "-" "Mozilla/5.0 AppleWebKit/537.36 (KHTML, like Gecko; compatible; Amazonbot/0.1; +https://developer.amazon.com/support/amazonbot) Chrome/119.0.6045.214 Safari/537.36"
23.23.213.182 - - [04/May/2026:00:01:30 -0500] "GET /wp-content/uploads/2022/10/Christmas-Salad-02-683x1024.jpg HTTP/1.1" 200 189571 "-" "Mozilla/5.0 AppleWebKit/537.36 (KHTML, like Gecko; compatible; Amazonbot/0.1; +https://developer.amazon.com/support/amazonbot) Chrome/119.0.6045.214 Safari/537.36"
54.83.56.1 - - [04/May/2026:00:01:31 -0500] "GET /wp-content/uploads/2022/11/apple-pecan-blue-cheese-salad-02-683x1024.jpg HTTP/1.1" 444 0 "-" "Mozilla/5.0 AppleWebKit/537.36 (KHTML, like Gecko; compatible; Amazonbot/0.1; +https://developer.amazon.com/support/amazonbot) Chrome/119.0.6045.214 Safari/537.36"
54.235.191.179 - - [04/May/2026:00:01:35 -0500] "GET /wp-content/uploads/2022/09/hot-chicken-salad-05sq-1024x1024.jpg HTTP/1.1" 444 0 "-" "Mozilla/5.0 AppleWebKit/537.36 (KHTML, like Gecko; compatible; Amazonbot/0.1; +https://developer.amazon.com/support/amazonbot) Chrome/119.0.6045.214 Safari/537.36"
98.82.107.102 - - [04/May/2026:00:01:40 -0500] "GET /wp-content/uploads/2024/11/sweet-potato-feta-salad-00-768x1152.jpg HTTP/1.1" 200 307177 "-" "Mozilla/5.0 AppleWebKit/537.36 (KHTML, like Gecko; compatible; Amazonbot/0.1; +https://developer.amazon.com/support/amazonbot) Chrome/119.0.6045.214 Safari/537.36"
52.200.58.199 - - [04/May/2026:00:01:43 -0500] "GET /wp-content/uploads/2022/08/Cajun-Shrimp-Cobb-Salad08-819x1024.jpg HTTP/1.1" 444 0 "-" "Mozilla/5.0 AppleWebKit/537.36 (KHTML, like Gecko; compatible; Amazonbot/0.1; +https://developer.amazon.com/support/amazonbot) Chrome/119.0.6045.214 Safari/537.36"
54.145.82.217 - - [04/May/2026:00:01:55 -0500] "GET /wp-content/uploads/2024/03/yogurt-dill-dressing-00-683x1024.jpg HTTP/1.1" 200 117704 "-" "Mozilla/5.0 AppleWebKit/537.36 (KHTML, like Gecko; compatible; Amazonbot/0.1; +https://developer.amazon.com/support/amazonbot) Chrome/119.0.6045.214 Safari/537.36"
1.145.180.252 - - [04/May/2026:00:02:01 -0500] "GET /wp-content/uploads/2022/09/cropped-site-icon-easy-salads-192x192.png HTTP/2.0" 200 8410 "https://easysalads.com/broccoli-raisin-salad-recipe/" "Mozilla/5.0 (iPhone; CPU iPhone OS 18_7 like Mac OS X) AppleWebKit/605.1.15 (KHTML, like Gecko) Version/26.4 Mobile/15E148 Safari/604.1"
1.145.180.252 - - [04/May/2026:00:02:01 -0500] "GET /wp-content/uploads/2022/09/cropped-site-icon-easy-salads-32x32.png HTTP/2.0" 200 907 "https://easysalads.com/broccoli-raisin-salad-recipe/" "Mozilla/5.0 (iPhone; CPU iPhone OS 18_7 like Mac OS X) AppleWebKit/605.1.15 (KHTML, like Gecko) Version/26.4 Mobile/15E148 Safari/604.1"
98.83.213.123 - - [04/May/2026:00:02:03 -0500] "GET /broccoli-raisin-salad-recipe/ HTTP/1.1" 200 130836 "-" "Mozilla/5.0 (compatible; proximic; +https://www.comscore.com/Web-Crawler)"
1.145.180.252 - - [04/May/2026:00:02:05 -0500] "GET /wp-content/uploads/2022/03/TTRamillas-ExtraLight.woff2 HTTP/2.0" 200 55736 "https://easysalads.com/broccoli-raisin-salad-recipe/" "Mozilla/5.0 (iPhone; CPU iPhone OS 18_7 like Mac OS X) AppleWebKit/605.1.15 (KHTML, like Gecko) Version/26.4 Mobile/15E148 Safari/604.1"
1.145.180.252 - - [04/May/2026:00:02:05 -0500] "GET /wp-content/uploads/2022/03/TTRamillas-ExtraLightItalic.woff2 HTTP/2.0" 200 59480 "https://easysalads.com/broccoli-raisin-salad-recipe/" "Mozilla/5.0 (iPhone; CPU iPhone OS 18_7 like Mac OS X) AppleWebKit/605.1.15 (KHTML, like Gecko) Version/26.4 Mobile/15E148 Safari/604.1"
182.161.73.7 - - [04/May/2026:00:02:09 -0500] "GET /broccoli-raisin-salad-recipe HTTP/1.1" 200 130836 "-" "CriteoBot/0.1 (+https://www.criteo.com/criteo-crawler/)"
1.145.180.252 - - [04/May/2026:00:02:13 -0500] "GET /wp-content/uploads/2024/02/broccoli-raisin-salad-02.jpg HTTP/2.0" 200 980314 "https://easysalads.com/broccoli-raisin-salad-recipe/" "Mozilla/5.0 (iPhone; CPU iPhone OS 18_7 like Mac OS X) AppleWebKit/605.1.15 (KHTML, like Gecko) Version/26.4 Mobile/15E148 Safari/604.1"
18.234.203.135 - - [04/May/2026:00:02:21 -0500] "GET /broccoli-raisin-salad-recipe/ HTTP/1.1" 200 130836 "-" "Mozilla/5.0 (compatible; proximic; +https://www.comscore.com/Web-Crawler)"
107.22.24.12 - - [04/May/2026:00:02:23 -0500] "GET /broccoli-raisin-salad-recipe/ HTTP/1.1" 200 130836 "-" "Mozilla/5.0 (compatible; proximic; +https://www.comscore.com/Web-Crawler)"
69.63.184.5 - - [04/May/2026:00:02:30 -0500] "GET /5-cup-salad/ HTTP/2.0" 200 529195 "-" "meta-webindexer/1.1 (+https://developers.facebook.com/docs/sharing/webmasters/crawler)"
1.145.180.252 - - [04/May/2026:00:02:40 -0500] "GET /wp-content/uploads/2024/02/broccoli-raisin-salad-03.jpg HTTP/2.0" 200 693556 "https://easysalads.com/broccoli-raisin-salad-recipe/" "Mozilla/5.0 (iPhone; CPU iPhone OS 18_7 like Mac OS X) AppleWebKit/605.1.15 (KHTML, like Gecko) Version/26.4 Mobile/15E148 Safari/604.1"
34.226.220.251 - - [04/May/2026:00:02:41 -0500] "GET /broccoli-raisin-salad-recipe HTTP/1.1" 200 130836 "-" "Mozilla/5.0 (compatible; proximic; +https://www.comscore.com/Web-Crawler)"
154.18.244.252 - - [04/May/2026:00:02:42 -0500] "POST /wp-cron.php?doing_wp_cron=1777870962.7660169601440429687500 HTTP/1.1" 200 11 "-" "WordPress/6.9.4; https://easysalads.com"
217.142.142.174 - - [04/May/2026:00:02:42 -0500] "GET /wp-login.php HTTP/2.0" 200 1882 "-" "Mozilla/5.0 (X11; Ubuntu; Linux x86_64; rv:60.0) Gecko/20100101 Firefox/60.0"
217.142.142.174 - - [04/May/2026:00:02:43 -0500] "POST /wp-login.php HTTP/2.0" 200 2018 "https://easysalads.com/wp-login.php" "Mozilla/5.0 (X11; Ubuntu; Linux x86_64; rv:60.0) Gecko/20100101 Firefox/60.0"
1.145.180.252 - - [04/May/2026:00:02:43 -0500] "GET /wp-content/uploads/2024/02/broccoli-raisin-salad-04-500x500.jpg HTTP/2.0" 200 121473 "https://easysalads.com/broccoli-raisin-salad-recipe/" "Mozilla/5.0 (iPhone; CPU iPhone OS 18_7 like Mac OS X) AppleWebKit/605.1.15 (KHTML, like Gecko) Version/26.4 Mobile/15E148 Safari/604.1"
152.233.60.105 - - [04/May/2026:00:02:59 -0500] "GET /broccoli-raisin-salad-recipe HTTP/1.1" 200 130836 "-" "Mozilla/5.0 (Macintosh; Intel Mac OS X 10_15_7) AppleWebKit/537.36 (KHTML, like Gecko) Chrome/91.0.4472.164 Safari/537.36 (2ff6f366-d4dd-4869-aea3-c309025a32e0)"
154.18.244.252 - - [04/May/2026:00:03:04 -0500] "POST /wp-cron.php?doing_wp_cron=1777870984.7667651176452636718750 HTTP/1.1" 200 11 "-" "WordPress/6.9.4; https://easysalads.com"
51.222.136.175 - - [04/May/2026:00:03:04 -0500] "GET /?nocache=1777870921 HTTP/2.0" 200 89175 "-" "BigScootsMonitor Mozilla/5.0 (Windows NT 10.0; Win64; x64) AppleWebKit/537.36 (KHTML, like Gecko) Chrome/74.0.3729.169 Safari/537.36"
57.128.189.19 - - [04/May/2026:00:03:04 -0500] "GET /?nocache=1777870921 HTTP/2.0" 200 89175 "-" "BigScootsMonitor Mozilla/5.0 (Windows NT 10.0; Win64; x64) AppleWebKit/537.36 (KHTML, like Gecko) Chrome/74.0.3729.169 Safari/537.36"
47.205.249.14 - - [04/May/2026:00:03:43 -0500] "GET /hot-chicken-salad/ HTTP/2.0" 200 103394 "https://www.google.com/url?q=https://easysalads.com/hot-chicken-salad/&sa=U&sqi=2&ved=2ahUKEwi1667r7J6UAxV0vokEHTRtBwAQrbMEegQIIBAg&usg=AOvVaw0ab4kKIgF9ox7qjUBklWZ7" "Mozilla/5.0 (iPhone; CPU iPhone OS 26_3_1 like Mac OS X) AppleWebKit/605.1.15 (KHTML, like Gecko) GSA/418.3.902016201 Mobile/15E148 Safari/604.1"
47.205.249.14 - - [04/May/2026:00:03:43 -0500] "GET /wp-content/plugins/kadence-blocks/dist/style-blocks-rowlayout.css?ver=3.6.7 HTTP/2.0" 200 1771 "https://easysalads.com/hot-chicken-salad/" "Mozilla/5.0 (iPhone; CPU iPhone OS 26_3_1 like Mac OS X) AppleWebKit/605.1.15 (KHTML, like Gecko) GSA/418.3.902016201 Mobile/15E148 Safari/604.1"
47.205.249.14 - - [04/May/2026:00:03:43 -0500] "GET /wp-content/plugins/kadence-blocks/dist/style-blocks-column.css?ver=3.6.7 HTTP/2.0" 200 428 "https://easysalads.com/hot-chicken-salad/" "Mozilla/5.0 (iPhone; CPU iPhone OS 26_3_1 like Mac OS X) AppleWebKit/605.1.15 (KHTML, like Gecko) GSA/418.3.902016201 Mobile/15E148 Safari/604.1"
47.205.249.14 - - [04/May/2026:00:03:43 -0500] "GET /wp-content/plugins/kadence-blocks/dist/style-blocks-infobox.css?ver=3.6.7 HTTP/2.0" 200 1340 "https://easysalads.com/hot-chicken-salad/" "Mozilla/5.0 (iPhone; CPU iPhone OS 26_3_1 like Mac OS X) AppleWebKit/605.1.15 (KHTML, like Gecko) GSA/418.3.902016201 Mobile/15E148 Safari/604.1"
47.205.249.14 - - [04/May/2026:00:03:43 -0500] "GET /wp-content/plugins/kadence-blocks/dist/style-blocks-advancedbtn.css?ver=3.6.7 HTTP/2.0" 200 705 "https://easysalads.com/hot-chicken-salad/" "Mozilla/5.0 (iPhone; CPU iPhone OS 26_3_1 like Mac OS X) AppleWebKit/605.1.15 (KHTML, like Gecko) GSA/418.3.902016201 Mobile/15E148 Safari/604.1"
47.205.249.14 - - [04/May/2026:00:03:43 -0500] "GET /wp-content/plugins/kadence-blocks-pro/dist/style-blocks-postgrid.css?ver=2.8.13.1 HTTP/2.0" 200 2795 "https://easysalads.com/hot-chicken-salad/" "Mozilla/5.0 (iPhone; CPU iPhone OS 26_3_1 like Mac OS X) AppleWebKit/605.1.15 (KHTML, like Gecko) GSA/418.3.902016201 Mobile/15E148 Safari/604.1"
47.205.249.14 - - [04/May/2026:00:03:43 -0500] "GET /wp-content/plugins/wp-recipe-maker/dist/public-modern.css?ver=10.5.0 HTTP/2.0" 200 7712 "https://easysalads.com/hot-chicken-salad/" "Mozilla/5.0 (iPhone; CPU iPhone OS 26_3_1 like Mac OS X) AppleWebKit/605.1.15 (KHTML, like Gecko) GSA/418.3.902016201 Mobile/15E148 Safari/604.1"
47.205.249.14 - - [04/May/2026:00:03:43 -0500] "GET /wp-content/plugins/wp-recipe-maker-premium/dist/public-pro.css?ver=10.5.0 HTTP/2.0" 200 6796 "https://easysalads.com/hot-chicken-salad/" "Mozilla/5.0 (iPhone; CPU iPhone OS 26_3_1 like Mac OS X) AppleWebKit/605.1.15 (KHTML, like Gecko) GSA/418.3.902016201 Mobile/15E148 Safari/604.1"
47.205.249.14 - - [04/May/2026:00:03:43 -0500] "GET /wp-content/themes/kadence/assets/css/global.min.css?ver=1.1.22 HTTP/2.0" 200 4256 "https://easysalads.com/hot-chicken-salad/" "Mozilla/5.0 (iPhone; CPU iPhone OS 26_3_1 like Mac OS X) AppleWebKit/605.1.15 (KHTML, like Gecko) GSA/418.3.902016201 Mobile/15E148 Safari/604.1"
47.205.249.14 - - [04/May/2026:00:03:43 -0500] "GET /wp-content/themes/kadence/assets/css/header.min.css?ver=1.1.22 HTTP/2.0" 200 4295 "https://easysalads.com/hot-chicken-salad/" "Mozilla/5.0 (iPhone; CPU iPhone OS 26_3_1 like Mac OS X) AppleWebKit/605.1.15 (KHTML, like Gecko) GSA/418.3.902016201 Mobile/15E148 Safari/604.1"
47.205.249.14 - - [04/May/2026:00:03:43 -0500] "GET /wp-content/themes/kadence/assets/css/content.min.css?ver=1.1.22 HTTP/2.0" 200 5512 "https://easysalads.com/hot-chicken-salad/" "Mozilla/5.0 (iPhone; CPU iPhone OS 26_3_1 like Mac OS X) AppleWebKit/605.1.15 (KHTML, like Gecko) GSA/418.3.902016201 Mobile/15E148 Safari/604.1"
47.205.249.14 - - [04/May/2026:00:03:43 -0500] "GET /wp-content/themes/kadence/assets/css/comments.min.css?ver=1.1.22 HTTP/2.0" 200 1289 "https://easysalads.com/hot-chicken-salad/" "Mozilla/5.0 (iPhone; CPU iPhone OS 26_3_1 like Mac OS X) AppleWebKit/605.1.15 (KHTML, like Gecko) GSA/418.3.902016201 Mobile/15E148 Safari/604.1"
47.205.249.14 - - [04/May/2026:00:03:43 -0500] "GET /wp-content/themes/kadence/assets/css/sidebar.min.css?ver=1.1.22 HTTP/2.0" 200 749 "https://easysalads.com/hot-chicken-salad/" "Mozilla/5.0 (iPhone; CPU iPhone OS 26_3_1 like Mac OS X) AppleWebKit/605.1.15 (KHTML, like Gecko) GSA/418.3.902016201 Mobile/15E148 Safari/604.1"
47.205.249.14 - - [04/May/2026:00:03:43 -0500] "GET /wp-content/themes/kadence/assets/css/footer.min.css?ver=1.1.22 HTTP/2.0" 200 1580 "https://easysalads.com/hot-chicken-salad/" "Mozilla/5.0 (iPhone; CPU iPhone OS 26_3_1 like Mac OS X) AppleWebKit/605.1.15 (KHTML, like Gecko) GSA/418.3.902016201 Mobile/15E148 Safari/604.1"
47.205.249.14 - - [04/May/2026:00:03:43 -0500] "GET /wp-content/plugins/kadence-pro/dist/mega-menu/menu-addon.css?ver=1.1.19 HTTP/2.0" 200 1126 "https://easysalads.com/hot-chicken-salad/" "Mozilla/5.0 (iPhone; CPU iPhone OS 26_3_1 like Mac OS X) AppleWebKit/605.1.15 (KHTML, like Gecko) GSA/418.3.902016201 Mobile/15E148 Safari/604.1"
47.205.249.14 - - [04/May/2026:00:03:43 -0500] "GET /wp-content/plugins/social-pug/assets/dist/style-frontend-pro.css?ver=2.28.0 HTTP/2.0" 200 11454 "https://easysalads.com/hot-chicken-salad/" "Mozilla/5.0 (iPhone; CPU iPhone OS 26_3_1 like Mac OS X) AppleWebKit/605.1.15 (KHTML, like Gecko) GSA/418.3.902016201 Mobile/15E148 Safari/604.1"
47.205.249.14 - - [04/May/2026:00:03:43 -0500] "GET /wp-content/plugins/kadence-blocks/dist/style-blocks-spacer.css?ver=3.6.7 HTTP/2.0" 200 385 "https://easysalads.com/hot-chicken-salad/" "Mozilla/5.0 (iPhone; CPU iPhone OS 26_3_1 like Mac OS X) AppleWebKit/605.1.15 (KHTML, like Gecko) GSA/418.3.902016201 Mobile/15E148 Safari/604.1"
47.205.249.14 - - [04/May/2026:00:03:43 -0500] "GET /wp-content/plugins/kadence-blocks/dist/style-blocks-iconlist.css?ver=3.6.7 HTTP/2.0" 200 597 "https://easysalads.com/hot-chicken-salad/" "Mozilla/5.0 (iPhone; CPU iPhone OS 26_3_1 like Mac OS X) AppleWebKit/605.1.15 (KHTML, like Gecko) GSA/418.3.902016201 Mobile/15E148 Safari/604.1"
47.205.249.14 - - [04/May/2026:00:03:43 -0500] "GET /wp-content/themes/restored316-sage/style.css?ver=1_0_1 HTTP/2.0" 200 1089 "https://easysalads.com/hot-chicken-salad/" "Mozilla/5.0 (iPhone; CPU iPhone OS 26_3_1 like Mac OS X) AppleWebKit/605.1.15 (KHTML, like Gecko) GSA/418.3.902016201 Mobile/15E148 Safari/604.1"
47.205.249.14 - - [04/May/2026:00:03:43 -0500] "GET /wp-content/plugins/wpforms-lite/assets/css/frontend/modern/wpforms-full.min.css?ver=1.10.0.4 HTTP/2.0" 200 14792 "https://easysalads.com/hot-chicken-salad/" "Mozilla/5.0 (iPhone; CPU iPhone OS 26_3_1 like Mac OS X) AppleWebKit/605.1.15 (KHTML, like Gecko) GSA/418.3.902016201 Mobile/15E148 Safari/604.1"
47.205.249.14 - - [04/May/2026:00:03:43 -0500] "GET /wp-content/uploads/2022/09/Easy-Salads-website-logo-1536x451.png HTTP/2.0" 200 71572 "https://easysalads.com/hot-chicken-salad/" "Mozilla/5.0 (iPhone; CPU iPhone OS 26_3_1 like Mac OS X) AppleWebKit/605.1.15 (KHTML, like Gecko) GSA/418.3.902016201 Mobile/15E148 Safari/604.1"
47.205.249.14 - - [04/May/2026:00:03:43 -0500] "GET /wp-content/plugins/wp-recipe-maker/dist/public-modern.js?ver=10.5.0 HTTP/2.0" 200 23744 "https://easysalads.com/hot-chicken-salad/" "Mozilla/5.0 (iPhone; CPU iPhone OS 26_3_1 like Mac OS X) AppleWebKit/605.1.15 (KHTML, like Gecko) GSA/418.3.902016201 Mobile/15E148 Safari/604.1"
47.205.249.14 - - [04/May/2026:00:03:43 -0500] "GET /wp-content/plugins/wp-recipe-maker-premium/dist/public-pro.js?ver=10.5.0 HTTP/2.0" 200 20140 "https://easysalads.com/hot-chicken-salad/" "Mozilla/5.0 (iPhone; CPU iPhone OS 26_3_1 like Mac OS X) AppleWebKit/605.1.15 (KHTML, like Gecko) GSA/418.3.902016201 Mobile/15E148 Safari/604.1"
47.205.249.14 - - [04/May/2026:00:03:43 -0500] "GET /wp-content/themes/kadence/assets/js/navigation-lite.min.js?ver=1.1.21 HTTP/2.0" 200 2083 "https://easysalads.com/hot-chicken-salad/" "Mozilla/5.0 (iPhone; CPU iPhone OS 26_3_1 like Mac OS X) AppleWebKit/605.1.15 (KHTML, like Gecko) GSA/418.3.902016201 Mobile/15E148 Safari/604.1"
47.205.249.14 - - [04/May/2026:00:03:43 -0500] "GET /wp-content/plugins/social-pug/assets/dist/front-end-pro.js?ver=2.28.0 HTTP/2.0" 200 9339 "https://easysalads.com/hot-chicken-salad/" "Mozilla/5.0 (iPhone; CPU iPhone OS 26_3_1 like Mac OS X) AppleWebKit/605.1.15 (KHTML, like Gecko) GSA/418.3.902016201 Mobile/15E148 Safari/604.1"
47.205.249.14 - - [04/May/2026:00:03:43 -0500] "GET /wp-content/plugins/kadence-pro/dist/mega-menu/kadence-mega-menu.min.js?ver=1.1.19 HTTP/2.0" 200 457 "https://easysalads.com/hot-chicken-salad/" "Mozilla/5.0 (iPhone; CPU iPhone OS 26_3_1 like Mac OS X) AppleWebKit/605.1.15 (KHTML, like Gecko) GSA/418.3.902016201 Mobile/15E148 Safari/604.1"
47.205.249.14 - - [04/May/2026:00:03:43 -0500] "GET /wp-content/plugins/akismet/_inc/akismet-frontend.js?ver=1764724306 HTTP/2.0" 200 3016 "https://easysalads.com/hot-chicken-salad/" "Mozilla/5.0 (iPhone; CPU iPhone OS 26_3_1 like Mac OS X) AppleWebKit/605.1.15 (KHTML, like Gecko) GSA/418.3.902016201 Mobile/15E148 Safari/604.1"
47.205.249.14 - - [04/May/2026:00:03:43 -0500] "GET /wp-includes/js/jquery/jquery.min.js?ver=3.7.1 HTTP/2.0" 200 29769 "https://easysalads.com/hot-chicken-salad/" "Mozilla/5.0 (iPhone; CPU iPhone OS 26_3_1 like Mac OS X) AppleWebKit/605.1.15 (KHTML, like Gecko) GSA/418.3.902016201 Mobile/15E148 Safari/604.1"
47.205.249.14 - - [04/May/2026:00:03:43 -0500] "GET /wp-includes/js/jquery/jquery-migrate.min.js?ver=3.4.1 HTTP/2.0" 200 4679 "https://easysalads.com/hot-chicken-salad/" "Mozilla/5.0 (iPhone; CPU iPhone OS 26_3_1 like Mac OS X) AppleWebKit/605.1.15 (KHTML, like Gecko) GSA/418.3.902016201 Mobile/15E148 Safari/604.1"
47.205.249.14 - - [04/May/2026:00:03:43 -0500] "GET /wp-content/plugins/wpforms-lite/assets/lib/jquery.validate.min.js?ver=1.21.0 HTTP/2.0" 200 7807 "https://easysalads.com/hot-chicken-salad/" "Mozilla/5.0 (iPhone; CPU iPhone OS 26_3_1 like Mac OS X) AppleWebKit/605.1.15 (KHTML, like Gecko) GSA/418.3.902016201 Mobile/15E148 Safari/604.1"
47.205.249.14 - - [04/May/2026:00:03:43 -0500] "GET /wp-content/plugins/wpforms-lite/assets/lib/mailcheck.min.js?ver=1.1.2 HTTP/2.0" 200 1616 "https://easysalads.com/hot-chicken-salad/" "Mozilla/5.0 (iPhone; CPU iPhone OS 26_3_1 like Mac OS X) AppleWebKit/605.1.15 (KHTML, like Gecko) GSA/418.3.902016201 Mobile/15E148 Safari/604.1"
47.205.249.14 - - [04/May/2026:00:03:43 -0500] "GET /wp-content/plugins/wpforms-lite/assets/lib/punycode.min.js?ver=1.0.0 HTTP/2.0" 200 834 "https://easysalads.com/hot-chicken-salad/" "Mozilla/5.0 (iPhone; CPU iPhone OS 26_3_1 like Mac OS X) AppleWebKit/605.1.15 (KHTML, like Gecko) GSA/418.3.902016201 Mobile/15E148 Safari/604.1"
47.205.249.14 - - [04/May/2026:00:03:43 -0500] "GET /wp-content/plugins/wpforms-lite/assets/js/share/utils.min.js?ver=1.10.0.4 HTTP/2.0" 200 727 "https://easysalads.com/hot-chicken-salad/" "Mozilla/5.0 (iPhone; CPU iPhone OS 26_3_1 like Mac OS X) AppleWebKit/605.1.15 (KHTML, like Gecko) GSA/418.3.902016201 Mobile/15E148 Safari/604.1"
47.205.249.14 - - [04/May/2026:00:03:43 -0500] "GET /wp-content/plugins/wpforms-lite/assets/js/frontend/wpforms.min.js?ver=1.10.0.4 HTTP/2.0" 200 14614 "https://easysalads.com/hot-chicken-salad/" "Mozilla/5.0 (iPhone; CPU iPhone OS 26_3_1 like Mac OS X) AppleWebKit/605.1.15 (KHTML, like Gecko) GSA/418.3.902016201 Mobile/15E148 Safari/604.1"
47.205.249.14 - - [04/May/2026:00:03:43 -0500] "GET /wp-content/plugins/wpforms-lite/assets/js/frontend/wpforms-modern.min.js?ver=1.10.0.4 HTTP/2.0" 200 1866 "https://easysalads.com/hot-chicken-salad/" "Mozilla/5.0 (iPhone; CPU iPhone OS 26_3_1 like Mac OS X) AppleWebKit/605.1.15 (KHTML, like Gecko) GSA/418.3.902016201 Mobile/15E148 Safari/604.1"
47.205.249.14 - - [04/May/2026:00:03:43 -0500] "GET /wp-content/plugins/wpforms-lite/assets/js/frontend/fields/address.min.js?ver=1.10.0.4 HTTP/2.0" 200 673 "https://easysalads.com/hot-chicken-salad/" "Mozilla/5.0 (iPhone; CPU iPhone OS 26_3_1 like Mac OS X) AppleWebKit/605.1.15 (KHTML, like Gecko) GSA/418.3.902016201 Mobile/15E148 Safari/604.1"
47.205.249.14 - - [04/May/2026:00:03:43 -0500] "GET /wp-content/uploads/2022/09/hot-chicken-salad-05.jpg HTTP/2.0" 200 1005050 "https://easysalads.com/hot-chicken-salad/" "Mozilla/5.0 (iPhone; CPU iPhone OS 26_3_1 like Mac OS X) AppleWebKit/605.1.15 (KHTML, like Gecko) GSA/418.3.902016201 Mobile/15E148 Safari/604.1"
47.205.249.14 - - [04/May/2026:00:03:43 -0500] "GET /wp-content/plugins/wpforms-lite/assets/images/submit-spin.svg HTTP/2.0" 200 509 "https://easysalads.com/hot-chicken-salad/" "Mozilla/5.0 (iPhone; CPU iPhone OS 26_3_1 like Mac OS X) AppleWebKit/605.1.15 (KHTML, like Gecko) GSA/418.3.902016201 Mobile/15E148 Safari/604.1"
47.205.249.14 - - [04/May/2026:00:03:43 -0500] "GET /wp-content/uploads/2022/09/hot-chicken-salad-10.jpg HTTP/2.0" 200 566820 "https://easysalads.com/hot-chicken-salad/" "Mozilla/5.0 (iPhone; CPU iPhone OS 26_3_1 like Mac OS X) AppleWebKit/605.1.15 (KHTML, like Gecko) GSA/418.3.902016201 Mobile/15E148 Safari/604.1"
47.205.249.14 - - [04/May/2026:00:03:43 -0500] "GET /wp-content/plugins/wp-recipe-maker/assets/icons/rating/stars-alt-5.svg HTTP/2.0" 200 976 "https://easysalads.com/hot-chicken-salad/" "Mozilla/5.0 (iPhone; CPU iPhone OS 26_3_1 like Mac OS X) AppleWebKit/605.1.15 (KHTML, like Gecko) GSA/418.3.902016201 Mobile/15E148 Safari/604.1"
47.205.249.14 - - [04/May/2026:00:03:44 -0500] "GET /wp-includes/js/comment-reply.min.js?ver=6.9.4 HTTP/2.0" 200 1248 "https://easysalads.com/hot-chicken-salad/" "Mozilla/5.0 (iPhone; CPU iPhone OS 26_3_1 like Mac OS X) AppleWebKit/605.1.15 (KHTML, like Gecko) GSA/418.3.902016201 Mobile/15E148 Safari/604.1"
54.87.214.81 - - [04/May/2026:00:03:45 -0500] "GET /hot-chicken-salad/ HTTP/1.1" 200 131303 "-" "Mozilla/5.0 (compatible; proximic; +https://www.comscore.com/Web-Crawler)"
69.171.231.24 - - [04/May/2026:00:03:48 -0500] "GET / HTTP/2.0" 200 536589 "-" "meta-webindexer/1.1 (+https://developers.facebook.com/docs/sharing/webmasters/crawler)"
66.249.66.168 - - [04/May/2026:00:04:24 -0500] "GET /wp-content/uploads/2024/02/mediterranean-cucumber-salad-02.jpg HTTP/1.1" 200 704405 "-" "Googlebot-Image/1.0"
154.18.244.252 - - [04/May/2026:00:04:55 -0500] "POST /wp-cron.php?doing_wp_cron=1777871095.1571619510650634765625 HTTP/1.1" 200 11 "-" "WordPress/6.9.4; https://easysalads.com"
47.205.249.14 - - [04/May/2026:00:04:55 -0500] "GET /hot-chicken-salad/ HTTP/2.0" 200 103380 "https://www.google.com/url?q=https://easysalads.com/hot-chicken-salad/&sa=U&sqi=2&ved=2ahUKEwi1667r7J6UAxV0vokEHTRtBwAQrbMEegQIIBAg&usg=AOvVaw0ab4kKIgF9ox7qjUBklWZ7" "Mozilla/5.0 (iPhone; CPU iPhone OS 26_3_1 like Mac OS X) AppleWebKit/605.1.15 (KHTML, like Gecko) GSA/418.3.902016201 Mobile/15E148 Safari/604.1"
57.128.189.19 - - [04/May/2026:00:05:04 -0500] "GET /?nocache=1777871041 HTTP/2.0" 200 89175 "-" "BigScootsMonitor Mozilla/5.0 (Windows NT 10.0; Win64; x64) AppleWebKit/537.36 (KHTML, like Gecko) Chrome/74.0.3729.169 Safari/537.36"
51.222.136.175 - - [04/May/2026:00:05:05 -0500] "GET /?nocache=1777871041 HTTP/2.0" 200 89175 "-" "BigScootsMonitor Mozilla/5.0 (Windows NT 10.0; Win64; x64) AppleWebKit/537.36 (KHTML, like Gecko) Chrome/74.0.3729.169 Safari/537.36"
3.93.43.123 - - [04/May/2026:00:05:07 -0500] "GET /hot-chicken-salad HTTP/1.1" 200 131296 "-" "Mozilla/5.0 (compatible; proximic; +https://www.comscore.com/Web-Crawler)"
92.205.109.21 - - [04/May/2026:00:05:09 -0500] "GET /wp-login.php HTTP/2.0" 200 1882 "-" "Mozilla/5.0 (Windows NT 6.3; WOW64; Trident/7.0; Touch; MALNJS; rv:11.0) like Gecko"
92.205.109.21 - - [04/May/2026:00:05:09 -0500] "POST /wp-login.php HTTP/2.0" 200 2018 "https://easysalads.com/wp-login.php" "Mozilla/5.0 (Windows NT 6.3; WOW64; Trident/7.0; Touch; MALNJS; rv:11.0) like Gecko"
52.215.186.214 - - [04/May/2026:00:05:23 -0500] "GET /apple-pecan-and-blue-cheese-salad/ HTTP/1.1" 200 131130 "-" "carbon-umbrella-bot/1.0"
52.45.0.188 - - [04/May/2026:00:05:33 -0500] "GET /hot-chicken-salad HTTP/1.1" 200 131296 "-" "Opebot-v (like Googlebot)"
154.18.244.252 - - [04/May/2026:00:07:04 -0500] "POST /wp-cron.php?doing_wp_cron=1777871225.0233221054077148437500 HTTP/1.1" 200 11 "-" "WordPress/6.9.4; https://easysalads.com"
51.222.136.175 - - [04/May/2026:00:07:05 -0500] "GET /?nocache=1777871161 HTTP/2.0" 200 89175 "-" "BigScootsMonitor Mozilla/5.0 (Windows NT 10.0; Win64; x64) AppleWebKit/537.36 (KHTML, like Gecko) Chrome/74.0.3729.169 Safari/537.36"
57.128.189.19 - - [04/May/2026:00:07:05 -0500] "GET /?nocache=1777871161 HTTP/2.0" 200 89175 "-" "BigScootsMonitor Mozilla/5.0 (Windows NT 10.0; Win64; x64) AppleWebKit/537.36 (KHTML, like Gecko) Chrome/74.0.3729.169 Safari/537.36"
198.175.24.218 - - [04/May/2026:00:07:15 -0500] "GET /?v=nocache-1739936881 HTTP/2.0" 200 89175 "-" "BigScoots Monitoring"
38.74.228.134 - - [04/May/2026:00:07:43 -0500] "GET /wprm_print/strawberry-jello-salad HTTP/1.1" 200 9960 "-" "Mozilla/5.0 (Windows NT 10.0; Win64; x64) AppleWebKit/537.36 (KHTML, like Gecko) Chrome/116.0.0.0 Safari/537.36"
123.30.233.13 - - [04/May/2026:00:08:23 -0500] "GET /wp-login.php HTTP/2.0" 444 0 "-" "Mozilla/5.0 (Macintosh; Intel Mac OS X 10_10_5) AppleWebKit/537.36 (KHTML, like Gecko) Chrome/65.0.3325.181 Safari/537.36"
173.239.53.95 - - [04/May/2026:00:08:48 -0500] "GET /shrimp-and-corn-salad HTTP/1.1" 200 127288 "-" "Mozilla/5.0 (compatible; AdkernelTopicCrawler/1.0; +http://adkernel.com/robot/)"
154.18.244.252 - - [04/May/2026:00:09:04 -0500] "POST /wp-cron.php?doing_wp_cron=1777871344.2772660255432128906250 HTTP/1.1" 200 11 "-" "WordPress/6.9.4; https://easysalads.com"
57.128.189.19 - - [04/May/2026:00:09:04 -0500] "GET /?nocache=1777871281 HTTP/2.0" 200 89175 "-" "BigScootsMonitor Mozilla/5.0 (Windows NT 10.0; Win64; x64) AppleWebKit/537.36 (KHTML, like Gecko) Chrome/74.0.3729.169 Safari/537.36"
51.222.136.175 - - [04/May/2026:00:09:04 -0500] "GET /?nocache=1777871281 HTTP/2.0" 200 89175 "-" "BigScootsMonitor Mozilla/5.0 (Windows NT 10.0; Win64; x64) AppleWebKit/537.36 (KHTML, like Gecko) Chrome/74.0.3729.169 Safari/537.36"
73.78.65.15 - - [04/May/2026:00:09:35 -0500] "GET /shrimp-salad-old-bay/ HTTP/2.0" 200 104113 "https://www.google.com/" "Mozilla/5.0 (Windows NT 10.0; Win64; x64; rv:143.0) Gecko/20100101 Firefox/143.0"
73.78.65.15 - - [04/May/2026:00:09:35 -0500] "GET /wp-content/plugins/kadence-blocks/dist/style-blocks-rowlayout.css?ver=3.6.7 HTTP/2.0" 200 1771 "https://easysalads.com/shrimp-salad-old-bay/" "Mozilla/5.0 (Windows NT 10.0; Win64; x64; rv:143.0) Gecko/20100101 Firefox/143.0"
73.78.65.15 - - [04/May/2026:00:09:35 -0500] "GET /wp-content/plugins/kadence-blocks/dist/style-blocks-column.css?ver=3.6.7 HTTP/2.0" 200 428 "https://easysalads.com/shrimp-salad-old-bay/" "Mozilla/5.0 (Windows NT 10.0; Win64; x64; rv:143.0) Gecko/20100101 Firefox/143.0"
73.78.65.15 - - [04/May/2026:00:09:35 -0500] "GET /wp-content/plugins/kadence-blocks/dist/style-blocks-infobox.css?ver=3.6.7 HTTP/2.0" 200 1340 "https://easysalads.com/shrimp-salad-old-bay/" "Mozilla/5.0 (Windows NT 10.0; Win64; x64; rv:143.0) Gecko/20100101 Firefox/143.0"
73.78.65.15 - - [04/May/2026:00:09:35 -0500] "GET /wp-content/plugins/kadence-blocks/dist/style-blocks-advancedbtn.css?ver=3.6.7 HTTP/2.0" 200 705 "https://easysalads.com/shrimp-salad-old-bay/" "Mozilla/5.0 (Windows NT 10.0; Win64; x64; rv:143.0) Gecko/20100101 Firefox/143.0"
73.78.65.15 - - [04/May/2026:00:09:35 -0500] "GET /wp-content/plugins/kadence-blocks-pro/dist/style-blocks-postgrid.css?ver=2.8.13.1 HTTP/2.0" 200 2795 "https://easysalads.com/shrimp-salad-old-bay/" "Mozilla/5.0 (Windows NT 10.0; Win64; x64; rv:143.0) Gecko/20100101 Firefox/143.0"
73.78.65.15 - - [04/May/2026:00:09:35 -0500] "GET /wp-content/plugins/wp-recipe-maker/dist/public-modern.css?ver=10.5.0 HTTP/2.0" 200 7712 "https://easysalads.com/shrimp-salad-old-bay/" "Mozilla/5.0 (Windows NT 10.0; Win64; x64; rv:143.0) Gecko/20100101 Firefox/143.0"
73.78.65.15 - - [04/May/2026:00:09:35 -0500] "GET /wp-content/plugins/wp-recipe-maker-premium/dist/public-pro.css?ver=10.5.0 HTTP/2.0" 200 6796 "https://easysalads.com/shrimp-salad-old-bay/" "Mozilla/5.0 (Windows NT 10.0; Win64; x64; rv:143.0) Gecko/20100101 Firefox/143.0"
73.78.65.15 - - [04/May/2026:00:09:35 -0500] "GET /wp-content/themes/kadence/assets/css/global.min.css?ver=1.1.22 HTTP/2.0" 200 4256 "https://easysalads.com/shrimp-salad-old-bay/" "Mozilla/5.0 (Windows NT 10.0; Win64; x64; rv:143.0) Gecko/20100101 Firefox/143.0"
73.78.65.15 - - [04/May/2026:00:09:35 -0500] "GET /wp-content/themes/kadence/assets/css/header.min.css?ver=1.1.22 HTTP/2.0" 200 4295 "https://easysalads.com/shrimp-salad-old-bay/" "Mozilla/5.0 (Windows NT 10.0; Win64; x64; rv:143.0) Gecko/20100101 Firefox/143.0"
73.78.65.15 - - [04/May/2026:00:09:35 -0500] "GET /wp-content/themes/kadence/assets/css/content.min.css?ver=1.1.22 HTTP/2.0" 200 5512 "https://easysalads.com/shrimp-salad-old-bay/" "Mozilla/5.0 (Windows NT 10.0; Win64; x64; rv:143.0) Gecko/20100101 Firefox/143.0"
73.78.65.15 - - [04/May/2026:00:09:35 -0500] "GET /wp-content/themes/kadence/assets/css/comments.min.css?ver=1.1.22 HTTP/2.0" 200 1289 "https://easysalads.com/shrimp-salad-old-bay/" "Mozilla/5.0 (Windows NT 10.0; Win64; x64; rv:143.0) Gecko/20100101 Firefox/143.0"
73.78.65.15 - - [04/May/2026:00:09:35 -0500] "GET /wp-content/themes/kadence/assets/css/sidebar.min.css?ver=1.1.22 HTTP/2.0" 200 749 "https://easysalads.com/shrimp-salad-old-bay/" "Mozilla/5.0 (Windows NT 10.0; Win64; x64; rv:143.0) Gecko/20100101 Firefox/143.0"
73.78.65.15 - - [04/May/2026:00:09:35 -0500] "GET /wp-content/themes/kadence/assets/css/footer.min.css?ver=1.1.22 HTTP/2.0" 200 1580 "https://easysalads.com/shrimp-salad-old-bay/" "Mozilla/5.0 (Windows NT 10.0; Win64; x64; rv:143.0) Gecko/20100101 Firefox/143.0"
73.78.65.15 - - [04/May/2026:00:09:35 -0500] "GET /wp-content/plugins/kadence-pro/dist/mega-menu/menu-addon.css?ver=1.1.19 HTTP/2.0" 200 1126 "https://easysalads.com/shrimp-salad-old-bay/" "Mozilla/5.0 (Windows NT 10.0; Win64; x64; rv:143.0) Gecko/20100101 Firefox/143.0"
73.78.65.15 - - [04/May/2026:00:09:35 -0500] "GET /wp-content/plugins/social-pug/assets/dist/style-frontend-pro.css?ver=2.28.0 HTTP/2.0" 200 11454 "https://easysalads.com/shrimp-salad-old-bay/" "Mozilla/5.0 (Windows NT 10.0; Win64; x64; rv:143.0) Gecko/20100101 Firefox/143.0"
73.78.65.15 - - [04/May/2026:00:09:35 -0500] "GET /wp-content/themes/restored316-sage/style.css?ver=1_0_1 HTTP/2.0" 200 1089 "https://easysalads.com/shrimp-salad-old-bay/" "Mozilla/5.0 (Windows NT 10.0; Win64; x64; rv:143.0) Gecko/20100101 Firefox/143.0"
73.78.65.15 - - [04/May/2026:00:09:35 -0500] "GET /wp-content/plugins/wpforms-lite/assets/css/frontend/modern/wpforms-full.min.css?ver=1.10.0.4 HTTP/2.0" 200 14792 "https://easysalads.com/shrimp-salad-old-bay/" "Mozilla/5.0 (Windows NT 10.0; Win64; x64; rv:143.0) Gecko/20100101 Firefox/143.0"
73.78.65.15 - - [04/May/2026:00:09:35 -0500] "GET /wp-content/uploads/2022/09/Easy-Salads-website-logo-2048x601.png HTTP/2.0" 200 99062 "https://easysalads.com/shrimp-salad-old-bay/" "Mozilla/5.0 (Windows NT 10.0; Win64; x64; rv:143.0) Gecko/20100101 Firefox/143.0"
73.78.65.15 - - [04/May/2026:00:09:35 -0500] "GET /wp-content/plugins/wpforms-lite/assets/images/submit-spin.svg HTTP/2.0" 200 509 "https://easysalads.com/shrimp-salad-old-bay/" "Mozilla/5.0 (Windows NT 10.0; Win64; x64; rv:143.0) Gecko/20100101 Firefox/143.0"
73.78.65.15 - - [04/May/2026:00:09:35 -0500] "GET /wp-content/plugins/kadence-blocks/dist/style-blocks-iconlist.css?ver=3.6.7 HTTP/2.0" 200 597 "https://easysalads.com/shrimp-salad-old-bay/" "Mozilla/5.0 (Windows NT 10.0; Win64; x64; rv:143.0) Gecko/20100101 Firefox/143.0"
73.78.65.15 - - [04/May/2026:00:09:35 -0500] "GET /wp-content/plugins/kadence-blocks/dist/style-blocks-spacer.css?ver=3.6.7 HTTP/2.0" 200 385 "https://easysalads.com/shrimp-salad-old-bay/" "Mozilla/5.0 (Windows NT 10.0; Win64; x64; rv:143.0) Gecko/20100101 Firefox/143.0"
73.78.65.15 - - [04/May/2026:00:09:35 -0500] "GET /wp-content/plugins/social-pug/assets/dist/front-end-pro.js?ver=2.28.0 HTTP/2.0" 200 9339 "https://easysalads.com/shrimp-salad-old-bay/" "Mozilla/5.0 (Windows NT 10.0; Win64; x64; rv:143.0) Gecko/20100101 Firefox/143.0"
73.78.65.15 - - [04/May/2026:00:09:35 -0500] "GET /wp-content/uploads/2023/04/Michigan-Salad-02-200x300.jpg HTTP/2.0" 200 26652 "https://easysalads.com/shrimp-salad-old-bay/" "Mozilla/5.0 (Windows NT 10.0; Win64; x64; rv:143.0) Gecko/20100101 Firefox/143.0"
73.78.65.15 - - [04/May/2026:00:09:35 -0500] "GET /wp-content/uploads/2024/05/pizza-night-salad-05-200x300.jpg HTTP/2.0" 200 29338 "https://easysalads.com/shrimp-salad-old-bay/" "Mozilla/5.0 (Windows NT 10.0; Win64; x64; rv:143.0) Gecko/20100101 Firefox/143.0"
73.78.65.15 - - [04/May/2026:00:09:35 -0500] "GET /wp-content/uploads/2022/09/panera-tomato-basil-cucumber-salad-sq02-300x300.jpg HTTP/2.0" 200 33089 "https://easysalads.com/shrimp-salad-old-bay/" "Mozilla/5.0 (Windows NT 10.0; Win64; x64; rv:143.0) Gecko/20100101 Firefox/143.0"
73.78.65.15 - - [04/May/2026:00:09:35 -0500] "GET /wp-content/uploads/2024/02/southern-potato-salad-02-200x300.jpg HTTP/2.0" 200 22441 "https://easysalads.com/shrimp-salad-old-bay/" "Mozilla/5.0 (Windows NT 10.0; Win64; x64; rv:143.0) Gecko/20100101 Firefox/143.0"
73.78.65.15 - - [04/May/2026:00:09:35 -0500] "GET /wp-content/uploads/2024/01/shrimp-salad-with-old-bay.jpg HTTP/2.0" 200 1606814 "https://easysalads.com/shrimp-salad-old-bay/" "Mozilla/5.0 (Windows NT 10.0; Win64; x64; rv:143.0) Gecko/20100101 Firefox/143.0"
73.78.65.15 - - [04/May/2026:00:09:35 -0500] "GET /wp-content/plugins/wp-recipe-maker/dist/public-modern.js?ver=10.5.0 HTTP/2.0" 200 23744 "https://easysalads.com/shrimp-salad-old-bay/" "Mozilla/5.0 (Windows NT 10.0; Win64; x64; rv:143.0) Gecko/20100101 Firefox/143.0"
73.78.65.15 - - [04/May/2026:00:09:35 -0500] "GET /wp-content/plugins/wp-recipe-maker-premium/dist/public-pro.js?ver=10.5.0 HTTP/2.0" 200 20140 "https://easysalads.com/shrimp-salad-old-bay/" "Mozilla/5.0 (Windows NT 10.0; Win64; x64; rv:143.0) Gecko/20100101 Firefox/143.0"
73.78.65.15 - - [04/May/2026:00:09:35 -0500] "GET /wp-content/plugins/kadence-pro/dist/mega-menu/kadence-mega-menu.min.js?ver=1.1.19 HTTP/2.0" 200 457 "https://easysalads.com/shrimp-salad-old-bay/" "Mozilla/5.0 (Windows NT 10.0; Win64; x64; rv:143.0) Gecko/20100101 Firefox/143.0"
73.78.65.15 - - [04/May/2026:00:09:35 -0500] "GET /wp-content/plugins/akismet/_inc/akismet-frontend.js?ver=1764724306 HTTP/2.0" 200 3016 "https://easysalads.com/shrimp-salad-old-bay/" "Mozilla/5.0 (Windows NT 10.0; Win64; x64; rv:143.0) Gecko/20100101 Firefox/143.0"
73.78.65.15 - - [04/May/2026:00:09:35 -0500] "GET /wp-includes/js/jquery/jquery.min.js?ver=3.7.1 HTTP/2.0" 200 29769 "https://easysalads.com/shrimp-salad-old-bay/" "Mozilla/5.0 (Windows NT 10.0; Win64; x64; rv:143.0) Gecko/20100101 Firefox/143.0"
73.78.65.15 - - [04/May/2026:00:09:35 -0500] "GET /wp-includes/js/jquery/jquery-migrate.min.js?ver=3.4.1 HTTP/2.0" 200 4679 "https://easysalads.com/shrimp-salad-old-bay/" "Mozilla/5.0 (Windows NT 10.0; Win64; x64; rv:143.0) Gecko/20100101 Firefox/143.0"
73.78.65.15 - - [04/May/2026:00:09:35 -0500] "GET /wp-content/plugins/wpforms-lite/assets/lib/jquery.validate.min.js?ver=1.21.0 HTTP/2.0" 200 7807 "https://easysalads.com/shrimp-salad-old-bay/" "Mozilla/5.0 (Windows NT 10.0; Win64; x64; rv:143.0) Gecko/20100101 Firefox/143.0"
73.78.65.15 - - [04/May/2026:00:09:35 -0500] "GET /wp-content/plugins/wpforms-lite/assets/lib/mailcheck.min.js?ver=1.1.2 HTTP/2.0" 200 1616 "https://easysalads.com/shrimp-salad-old-bay/" "Mozilla/5.0 (Windows NT 10.0; Win64; x64; rv:143.0) Gecko/20100101 Firefox/143.0"
73.78.65.15 - - [04/May/2026:00:09:35 -0500] "GET /wp-content/plugins/wpforms-lite/assets/lib/punycode.min.js?ver=1.0.0 HTTP/2.0" 200 834 "https://easysalads.com/shrimp-salad-old-bay/" "Mozilla/5.0 (Windows NT 10.0; Win64; x64; rv:143.0) Gecko/20100101 Firefox/143.0"
73.78.65.15 - - [04/May/2026:00:09:35 -0500] "GET /wp-content/plugins/wpforms-lite/assets/js/share/utils.min.js?ver=1.10.0.4 HTTP/2.0" 200 727 "https://easysalads.com/shrimp-salad-old-bay/" "Mozilla/5.0 (Windows NT 10.0; Win64; x64; rv:143.0) Gecko/20100101 Firefox/143.0"
73.78.65.15 - - [04/May/2026:00:09:35 -0500] "GET /wp-content/plugins/wpforms-lite/assets/js/frontend/wpforms.min.js?ver=1.10.0.4 HTTP/2.0" 200 14614 "https://easysalads.com/shrimp-salad-old-bay/" "Mozilla/5.0 (Windows NT 10.0; Win64; x64; rv:143.0) Gecko/20100101 Firefox/143.0"
73.78.65.15 - - [04/May/2026:00:09:35 -0500] "GET /wp-content/plugins/wpforms-lite/assets/js/frontend/wpforms-modern.min.js?ver=1.10.0.4 HTTP/2.0" 200 1866 "https://easysalads.com/shrimp-salad-old-bay/" "Mozilla/5.0 (Windows NT 10.0; Win64; x64; rv:143.0) Gecko/20100101 Firefox/143.0"
73.78.65.15 - - [04/May/2026:00:09:35 -0500] "GET /wp-content/plugins/wpforms-lite/assets/js/frontend/fields/address.min.js?ver=1.10.0.4 HTTP/2.0" 200 673 "https://easysalads.com/shrimp-salad-old-bay/" "Mozilla/5.0 (Windows NT 10.0; Win64; x64; rv:143.0) Gecko/20100101 Firefox/143.0"
73.78.65.15 - - [04/May/2026:00:09:35 -0500] "GET /wp-includes/js/comment-reply.min.js?ver=6.9.4 HTTP/2.0" 200 1248 "https://easysalads.com/shrimp-salad-old-bay/" "Mozilla/5.0 (Windows NT 10.0; Win64; x64; rv:143.0) Gecko/20100101 Firefox/143.0"
73.78.65.15 - - [04/May/2026:00:09:35 -0500] "GET /wp-content/themes/kadence/assets/js/navigation-lite.min.js?ver=1.1.21 HTTP/2.0" 200 2083 "https://easysalads.com/shrimp-salad-old-bay/" "Mozilla/5.0 (Windows NT 10.0; Win64; x64; rv:143.0) Gecko/20100101 Firefox/143.0"
73.78.65.15 - - [04/May/2026:00:09:35 -0500] "GET /wp-content/uploads/2022/01/courtney-whitmore-easy-salads02.jpg HTTP/2.0" 200 119383 "https://easysalads.com/shrimp-salad-old-bay/" "Mozilla/5.0 (Windows NT 10.0; Win64; x64; rv:143.0) Gecko/20100101 Firefox/143.0"
73.78.65.15 - - [04/May/2026:00:09:36 -0500] "GET /wp-content/uploads/2024/01/shrimp-salad-05.jpg HTTP/2.0" 200 1376050 "https://easysalads.com/shrimp-salad-old-bay/" "Mozilla/5.0 (Windows NT 10.0; Win64; x64; rv:143.0) Gecko/20100101 Firefox/143.0"
73.78.65.15 - - [04/May/2026:00:09:36 -0500] "GET /wp-content/uploads/2022/09/cropped-site-icon-easy-salads-192x192.png HTTP/2.0" 200 8410 "https://easysalads.com/shrimp-salad-old-bay/" "Mozilla/5.0 (Windows NT 10.0; Win64; x64; rv:143.0) Gecko/20100101 Firefox/143.0"
73.78.65.15 - - [04/May/2026:00:09:36 -0500] "GET /wp-content/uploads/2022/09/cropped-site-icon-easy-salads-32x32.png HTTP/2.0" 200 907 "https://easysalads.com/shrimp-salad-old-bay/" "Mozilla/5.0 (Windows NT 10.0; Win64; x64; rv:143.0) Gecko/20100101 Firefox/143.0"
73.78.65.15 - - [04/May/2026:00:09:38 -0500] "GET /wp-content/uploads/2024/01/shrimp-salad-00.jpg HTTP/2.0" 200 1236655 "https://easysalads.com/shrimp-salad-old-bay/" "Mozilla/5.0 (Windows NT 10.0; Win64; x64; rv:143.0) Gecko/20100101 Firefox/143.0"
73.78.65.15 - - [04/May/2026:00:09:39 -0500] "GET /wp-content/uploads/2024/01/shrimp-salad-02.jpg HTTP/2.0" 200 613238 "https://easysalads.com/shrimp-salad-old-bay/" "Mozilla/5.0 (Windows NT 10.0; Win64; x64; rv:143.0) Gecko/20100101 Firefox/143.0"
73.78.65.15 - - [04/May/2026:00:09:40 -0500] "GET /wp-content/uploads/2024/01/shrimp-salad-03.jpg HTTP/2.0" 200 1398405 "https://easysalads.com/shrimp-salad-old-bay/" "Mozilla/5.0 (Windows NT 10.0; Win64; x64; rv:143.0) Gecko/20100101 Firefox/143.0"
73.78.65.15 - - [04/May/2026:00:09:40 -0500] "GET /wp-content/uploads/2024/01/shrimp-salad-with-old-bay-500x500.jpg HTTP/2.0" 200 88549 "https://easysalads.com/shrimp-salad-old-bay/" "Mozilla/5.0 (Windows NT 10.0; Win64; x64; rv:143.0) Gecko/20100101 Firefox/143.0"
66.249.66.76 - - [04/May/2026:00:10:24 -0500] "GET /wp-content/uploads/2024/02/mediterranean-cucumber-salad-03-500x500.jpg HTTP/1.1" 200 103757 "-" "Googlebot-Image/1.0"
123.30.233.13 - - [04/May/2026:00:10:29 -0500] "GET /wp-login.php HTTP/2.0" 444 0 "-" "Mozilla/5.0 (Windows NT 6.3; Win64; x64; Trident/7.0; Touch; TNJB; rv:11.0) like Gecko"
154.18.244.252 - - [04/May/2026:00:10:48 -0500] "POST /wp-cron.php?doing_wp_cron=1777871448.9881141185760498046875 HTTP/1.1" 200 11 "-" "WordPress/6.9.4; https://easysalads.com"
153.66.23.204 - - [04/May/2026:00:10:48 -0500] "GET /web-stories/feed/ HTTP/1.1" 200 3455 "-" "Mozilla/5.0 (X11; Linux x86_64) AppleWebKit/535.1 (KHTML, like Gecko) Chrome/22.0.842.0 Safari/535.1"
211.107.182.229 - - [04/May/2026:00:10:48 -0500] "GET /wp-json/ HTTP/1.1" 200 31431 "-" "Opera/9.67.(Windows NT 11.0; mn-MN) Presto/2.9.177 Version/12.00"
154.18.244.252 - - [04/May/2026:00:11:04 -0500] "POST /wp-cron.php?doing_wp_cron=1777871464.2988369464874267578125 HTTP/1.1" 200 11 "-" "WordPress/6.9.4; https://easysalads.com"
57.128.189.19 - - [04/May/2026:00:11:04 -0500] "GET /?nocache=1777871401 HTTP/2.0" 200 89175 "-" "BigScootsMonitor Mozilla/5.0 (Windows NT 10.0; Win64; x64) AppleWebKit/537.36 (KHTML, like Gecko) Chrome/74.0.3729.169 Safari/537.36"
51.222.136.175 - - [04/May/2026:00:11:05 -0500] "GET /?nocache=1777871401 HTTP/2.0" 200 89175 "-" "BigScootsMonitor Mozilla/5.0 (Windows NT 10.0; Win64; x64) AppleWebKit/537.36 (KHTML, like Gecko) Chrome/74.0.3729.169 Safari/537.36"
18.194.179.220 - - [04/May/2026:00:11:45 -0500] "GET //checkout HTTP/1.1" 301 5 "https://google.com/" "Mozilla/5.0 (Macintosh; Intel Mac OS X 10_15_7) AppleWebKit/537.36 (KHTML, like Gecko) Chrome/103.0.0.0 Safari/537.36"
18.194.179.220 - - [04/May/2026:00:11:46 -0500] "GET /checkout HTTP/1.1" 404 75176 "https://google.com/" "Mozilla/5.0 (Macintosh; Intel Mac OS X 10_15_7) AppleWebKit/537.36 (KHTML, like Gecko) Chrome/103.0.0.0 Safari/537.36"
154.18.244.252 - - [04/May/2026:00:13:04 -0500] "POST /wp-cron.php?doing_wp_cron=1777871584.5820679664611816406250 HTTP/1.1" 200 11 "-" "WordPress/6.9.4; https://easysalads.com"
57.128.189.19 - - [04/May/2026:00:13:04 -0500] "GET /?nocache=1777871521 HTTP/2.0" 200 89175 "-" "BigScootsMonitor Mozilla/5.0 (Windows NT 10.0; Win64; x64) AppleWebKit/537.36 (KHTML, like Gecko) Chrome/74.0.3729.169 Safari/537.36"
154.18.244.252 - - [04/May/2026:00:13:04 -0500] "POST /wp-cron.php?doing_wp_cron=1777871584.7600719928741455078125 HTTP/1.1" 200 11 "-" "WordPress/6.9.4; https://easysalads.com"
51.222.136.175 - - [04/May/2026:00:13:04 -0500] "GET /?nocache=1777871521 HTTP/2.0" 200 89175 "-" "BigScootsMonitor Mozilla/5.0 (Windows NT 10.0; Win64; x64) AppleWebKit/537.36 (KHTML, like Gecko) Chrome/74.0.3729.169 Safari/537.36"
66.249.92.140 - - [04/May/2026:00:13:42 -0500] "GET /mediterranean-cucumber-salad/ HTTP/1.1" 200 103975 "-" "Mozilla/5.0 (Macintosh; Intel Mac OS X 10_7_3) AppleWebKit/[WEBKIT_VERSION] (KHTML, like Gecko, Mediapartners-Google) Chrome/[CHROME_VERSION] Safari/[WEBKIT_VERSION]"
66.249.92.140 - - [04/May/2026:00:13:43 -0500] "GET /broccoli-raisin-salad-recipe/ HTTP/1.1" 200 105666 "-" "Mozilla/5.0 (Macintosh; Intel Mac OS X 10_7_3) AppleWebKit/537.36 (KHTML, like Gecko, Mediapartners-Google) Chrome/147.0.7727.116 Safari/537.36"
66.249.92.141 - - [04/May/2026:00:13:43 -0500] "GET /easy-5-bean-salad/ HTTP/1.1" 200 105524 "-" "Mozilla/5.0 (Macintosh; Intel Mac OS X 10_7_3) AppleWebKit/[WEBKIT_VERSION] (KHTML, like Gecko, Mediapartners-Google) Chrome/[CHROME_VERSION] Safari/[WEBKIT_VERSION]"
66.249.92.140 - - [04/May/2026:00:13:43 -0500] "GET /wp-content/plugins/kadence-blocks/dist/style-blocks-rowlayout.css?ver=3.6.7 HTTP/1.1" 200 1783 "https://easysalads.com/broccoli-raisin-salad-recipe/" "Mozilla/5.0 (Macintosh; Intel Mac OS X 10_7_3) AppleWebKit/537.36 (KHTML, like Gecko, Mediapartners-Google) Chrome/147.0.7727.116 Safari/537.36"
66.249.92.141 - - [04/May/2026:00:13:43 -0500] "GET /wp-content/plugins/wp-recipe-maker/dist/public-modern.css?ver=10.5.0 HTTP/1.1" 200 7725 "https://easysalads.com/broccoli-raisin-salad-recipe/" "Mozilla/5.0 (Macintosh; Intel Mac OS X 10_7_3) AppleWebKit/537.36 (KHTML, like Gecko, Mediapartners-Google) Chrome/147.0.7727.116 Safari/537.36"
