47.128.115.80 - - [04/May/2026:02:07:30 -0500] "GET /wp-content/uploads/2026/04/strawberry-jello-salad03-1-500x500.jpg HTTP/2.0" 304 0 "https://easysalads.com/blog/" "Mozilla/5.0 (Linux; Android 5.0) AppleWebKit/537.36 (KHTML, like Gecko) Mobile Safari/537.36 (compatible; TikTokSpider; [email protected])"
47.128.115.80 - - [04/May/2026:02:07:30 -0500] "GET /wp-content/uploads/2026/04/creamy-cucumber-salad-03-500x500.jpg HTTP/2.0" 304 0 "https://easysalads.com/blog/" "Mozilla/5.0 (Linux; Android 5.0) AppleWebKit/537.36 (KHTML, like Gecko) Mobile Safari/537.36 (compatible; TikTokSpider; [email protected])"
47.128.115.80 - - [04/May/2026:02:07:30 -0500] "GET /wp-content/uploads/2026/01/peruvian-chopped-salad-07-683x1024.jpg HTTP/2.0" 304 0 "https://easysalads.com/blog/" "Mozilla/5.0 (Linux; Android 5.0) AppleWebKit/537.36 (KHTML, like Gecko) Mobile Safari/537.36 (compatible; TikTokSpider; [email protected])"
47.128.115.80 - - [04/May/2026:02:07:30 -0500] "GET /wp-content/uploads/2026/04/strawberry-jello-salad03-1-500x500.jpg HTTP/2.0" 206 500 "https://easysalads.com/blog/" "Mozilla/5.0 (Linux; Android 5.0) AppleWebKit/537.36 (KHTML, like Gecko) Mobile Safari/537.36 (compatible; TikTokSpider; [email protected])"
47.128.115.80 - - [04/May/2026:02:07:30 -0500] "GET /wp-content/uploads/2026/04/creamy-cucumber-salad-03-500x500.jpg HTTP/2.0" 206 500 "https://easysalads.com/blog/" "Mozilla/5.0 (Linux; Android 5.0) AppleWebKit/537.36 (KHTML, like Gecko) Mobile Safari/537.36 (compatible; TikTokSpider; [email protected])"
47.128.115.80 - - [04/May/2026:02:07:30 -0500] "GET /wp-content/uploads/2026/01/peruvian-chopped-salad-07-683x1024.jpg HTTP/2.0" 206 500 "https://easysalads.com/blog/" "Mozilla/5.0 (Linux; Android 5.0) AppleWebKit/537.36 (KHTML, like Gecko) Mobile Safari/537.36 (compatible; TikTokSpider; [email protected])"
47.128.115.80 - - [04/May/2026:02:07:30 -0500] "GET /blog/ HTTP/2.0" 200 80138 "https://easysalads.com/blog/" "Mozilla/5.0 (Linux; Android 5.0) AppleWebKit/537.36 (KHTML, like Gecko) Mobile Safari/537.36 (compatible; TikTokSpider; [email protected])"
47.128.115.80 - - [04/May/2026:02:07:30 -0500] "GET /wp-content/uploads/2026/04/strawberry-jello-salad03-1-500x500.jpg HTTP/2.0" 304 0 "https://easysalads.com/blog/" "Mozilla/5.0 (Linux; Android 5.0) AppleWebKit/537.36 (KHTML, like Gecko) Mobile Safari/537.36 (compatible; TikTokSpider; [email protected])"
47.128.115.80 - - [04/May/2026:02:07:30 -0500] "GET /wp-content/uploads/2026/04/creamy-cucumber-salad-03-500x500.jpg HTTP/2.0" 304 0 "https://easysalads.com/blog/" "Mozilla/5.0 (Linux; Android 5.0) AppleWebKit/537.36 (KHTML, like Gecko) Mobile Safari/537.36 (compatible; TikTokSpider; [email protected])"
47.128.115.80 - - [04/May/2026:02:07:30 -0500] "GET /wp-content/uploads/2024/07/shrimp-corn-salad-00-150x225.jpg HTTP/2.0" 206 500 "https://easysalads.com/blog/" "Mozilla/5.0 (Linux; Android 5.0) AppleWebKit/537.36 (KHTML, like Gecko) Mobile Safari/537.36 (compatible; TikTokSpider; [email protected])"
47.128.115.80 - - [04/May/2026:02:07:30 -0500] "GET /wp-content/uploads/2026/01/peruvian-chopped-salad-07-683x1024.jpg HTTP/2.0" 304 0 "https://easysalads.com/blog/" "Mozilla/5.0 (Linux; Android 5.0) AppleWebKit/537.36 (KHTML, like Gecko) Mobile Safari/537.36 (compatible; TikTokSpider; [email protected])"
47.128.115.80 - - [04/May/2026:02:07:31 -0500] "GET /wp-content/uploads/2026/04/creamy-cucumber-salad-03-500x500.jpg HTTP/2.0" 206 500 "https://easysalads.com/blog/" "Mozilla/5.0 (Linux; Android 5.0) AppleWebKit/537.36 (KHTML, like Gecko) Mobile Safari/537.36 (compatible; TikTokSpider; [email protected])"
47.128.115.80 - - [04/May/2026:02:07:31 -0500] "GET /wp-content/uploads/2026/04/strawberry-jello-salad03-1-500x500.jpg HTTP/2.0" 206 500 "https://easysalads.com/blog/" "Mozilla/5.0 (Linux; Android 5.0) AppleWebKit/537.36 (KHTML, like Gecko) Mobile Safari/537.36 (compatible; TikTokSpider; [email protected])"
47.128.115.80 - - [04/May/2026:02:07:31 -0500] "GET /wp-content/uploads/2026/01/peruvian-chopped-salad-07-683x1024.jpg HTTP/2.0" 206 500 "https://easysalads.com/blog/" "Mozilla/5.0 (Linux; Android 5.0) AppleWebKit/537.36 (KHTML, like Gecko) Mobile Safari/537.36 (compatible; TikTokSpider; [email protected])"
47.128.115.80 - - [04/May/2026:02:07:31 -0500] "GET /wp-content/uploads/2026/04/creamy-cucumber-salad-03-500x500.jpg HTTP/2.0" 304 0 "https://easysalads.com/blog/" "Mozilla/5.0 (Linux; Android 5.0) AppleWebKit/537.36 (KHTML, like Gecko) Mobile Safari/537.36 (compatible; TikTokSpider; [email protected])"
47.128.115.80 - - [04/May/2026:02:07:31 -0500] "GET /wp-content/uploads/2026/04/strawberry-jello-salad03-1-500x500.jpg HTTP/2.0" 304 0 "https://easysalads.com/blog/" "Mozilla/5.0 (Linux; Android 5.0) AppleWebKit/537.36 (KHTML, like Gecko) Mobile Safari/537.36 (compatible; TikTokSpider; [email protected])"
47.128.115.80 - - [04/May/2026:02:07:31 -0500] "GET /wp-content/uploads/2026/01/peruvian-chopped-salad-07-683x1024.jpg HTTP/2.0" 304 0 "https://easysalads.com/blog/" "Mozilla/5.0 (Linux; Android 5.0) AppleWebKit/537.36 (KHTML, like Gecko) Mobile Safari/537.36 (compatible; TikTokSpider; [email protected])"
47.128.115.80 - - [04/May/2026:02:07:31 -0500] "GET /blog/ HTTP/2.0" 200 80138 "https://easysalads.com/blog/" "Mozilla/5.0 (Linux; Android 5.0) AppleWebKit/537.36 (KHTML, like Gecko) Mobile Safari/537.36 (compatible; TikTokSpider; [email protected])"
47.128.115.80 - - [04/May/2026:02:07:32 -0500] "GET /wp-content/uploads/2026/04/creamy-cucumber-salad-03-500x500.jpg HTTP/2.0" 206 82282 "https://easysalads.com/blog/" "Mozilla/5.0 (Linux; Android 5.0) AppleWebKit/537.36 (KHTML, like Gecko) Mobile Safari/537.36 (compatible; TikTokSpider; [email protected])"
47.128.115.80 - - [04/May/2026:02:07:32 -0500] "GET /wp-content/uploads/2026/04/strawberry-jello-salad03-1-500x500.jpg HTTP/2.0" 206 61546 "https://easysalads.com/blog/" "Mozilla/5.0 (Linux; Android 5.0) AppleWebKit/537.36 (KHTML, like Gecko) Mobile Safari/537.36 (compatible; TikTokSpider; [email protected])"
47.128.115.80 - - [04/May/2026:02:07:32 -0500] "GET /wp-content/uploads/2026/01/peruvian-chopped-salad-07-683x1024.jpg HTTP/2.0" 206 262535 "https://easysalads.com/blog/" "Mozilla/5.0 (Linux; Android 5.0) AppleWebKit/537.36 (KHTML, like Gecko) Mobile Safari/537.36 (compatible; TikTokSpider; [email protected])"
47.128.115.80 - - [04/May/2026:02:07:32 -0500] "GET /wp-content/uploads/2026/04/strawberry-jello-salad03-1-500x500.jpg HTTP/2.0" 304 0 "https://easysalads.com/blog/" "Mozilla/5.0 (Linux; Android 5.0) AppleWebKit/537.36 (KHTML, like Gecko) Mobile Safari/537.36 (compatible; TikTokSpider; [email protected])"
47.128.115.80 - - [04/May/2026:02:07:32 -0500] "GET /wp-content/uploads/2026/04/creamy-cucumber-salad-03-500x500.jpg HTTP/2.0" 304 0 "https://easysalads.com/blog/" "Mozilla/5.0 (Linux; Android 5.0) AppleWebKit/537.36 (KHTML, like Gecko) Mobile Safari/537.36 (compatible; TikTokSpider; [email protected])"
47.128.115.80 - - [04/May/2026:02:07:32 -0500] "GET /wp-content/uploads/2026/01/peruvian-chopped-salad-07-683x1024.jpg HTTP/2.0" 304 0 "https://easysalads.com/blog/" "Mozilla/5.0 (Linux; Android 5.0) AppleWebKit/537.36 (KHTML, like Gecko) Mobile Safari/537.36 (compatible; TikTokSpider; [email protected])"
47.128.115.80 - - [04/May/2026:02:07:32 -0500] "GET /blog/ HTTP/2.0" 200 80138 "https://easysalads.com/blog/" "Mozilla/5.0 (Linux; Android 5.0) AppleWebKit/537.36 (KHTML, like Gecko) Mobile Safari/537.36 (compatible; TikTokSpider; [email protected])"
47.128.115.80 - - [04/May/2026:02:07:32 -0500] "GET /wp-content/uploads/2026/04/strawberry-jello-salad03-1-500x500.jpg HTTP/2.0" 304 0 "https://easysalads.com/blog/" "Mozilla/5.0 (Linux; Android 5.0) AppleWebKit/537.36 (KHTML, like Gecko) Mobile Safari/537.36 (compatible; TikTokSpider; [email protected])"
47.128.115.80 - - [04/May/2026:02:07:32 -0500] "GET /wp-content/uploads/2026/04/creamy-cucumber-salad-03-500x500.jpg HTTP/2.0" 304 0 "https://easysalads.com/blog/" "Mozilla/5.0 (Linux; Android 5.0) AppleWebKit/537.36 (KHTML, like Gecko) Mobile Safari/537.36 (compatible; TikTokSpider; [email protected])"
47.128.115.80 - - [04/May/2026:02:07:32 -0500] "GET /wp-content/uploads/2026/01/peruvian-chopped-salad-07-683x1024.jpg HTTP/2.0" 304 0 "https://easysalads.com/blog/" "Mozilla/5.0 (Linux; Android 5.0) AppleWebKit/537.36 (KHTML, like Gecko) Mobile Safari/537.36 (compatible; TikTokSpider; [email protected])"
47.128.115.80 - - [04/May/2026:02:07:32 -0500] "GET /wp-content/uploads/2026/04/strawberry-jello-salad03-1-500x500.jpg HTTP/2.0" 206 500 "https://easysalads.com/blog/" "Mozilla/5.0 (Linux; Android 5.0) AppleWebKit/537.36 (KHTML, like Gecko) Mobile Safari/537.36 (compatible; TikTokSpider; [email protected])"
47.128.115.80 - - [04/May/2026:02:07:32 -0500] "GET /wp-content/uploads/2026/04/creamy-cucumber-salad-03-500x500.jpg HTTP/2.0" 206 500 "https://easysalads.com/blog/" "Mozilla/5.0 (Linux; Android 5.0) AppleWebKit/537.36 (KHTML, like Gecko) Mobile Safari/537.36 (compatible; TikTokSpider; [email protected])"
47.128.115.80 - - [04/May/2026:02:07:32 -0500] "GET /wp-content/uploads/2026/01/peruvian-chopped-salad-07-683x1024.jpg HTTP/2.0" 206 500 "https://easysalads.com/blog/" "Mozilla/5.0 (Linux; Android 5.0) AppleWebKit/537.36 (KHTML, like Gecko) Mobile Safari/537.36 (compatible; TikTokSpider; [email protected])"
47.128.115.80 - - [04/May/2026:02:07:32 -0500] "GET /wp-content/uploads/2026/04/strawberry-jello-salad03-1-500x500.jpg HTTP/2.0" 304 0 "https://easysalads.com/blog/" "Mozilla/5.0 (Linux; Android 5.0) AppleWebKit/537.36 (KHTML, like Gecko) Mobile Safari/537.36 (compatible; TikTokSpider; [email protected])"
47.128.115.80 - - [04/May/2026:02:07:33 -0500] "GET /blog/ HTTP/2.0" 200 80138 "https://easysalads.com/blog/" "Mozilla/5.0 (Linux; Android 5.0) AppleWebKit/537.36 (KHTML, like Gecko) Mobile Safari/537.36 (compatible; TikTokSpider; [email protected])"
47.128.115.80 - - [04/May/2026:02:07:33 -0500] "GET /wp-content/uploads/2026/04/creamy-cucumber-salad-03-500x500.jpg HTTP/2.0" 304 0 "https://easysalads.com/blog/" "Mozilla/5.0 (Linux; Android 5.0) AppleWebKit/537.36 (KHTML, like Gecko) Mobile Safari/537.36 (compatible; TikTokSpider; [email protected])"
47.128.115.80 - - [04/May/2026:02:07:33 -0500] "GET /wp-content/uploads/2024/07/shrimp-corn-salad-00-150x225.jpg HTTP/2.0" 206 500 "https://easysalads.com/blog/" "Mozilla/5.0 (Linux; Android 5.0) AppleWebKit/537.36 (KHTML, like Gecko) Mobile Safari/537.36 (compatible; TikTokSpider; [email protected])"
47.128.115.80 - - [04/May/2026:02:07:33 -0500] "GET /wp-content/uploads/2026/01/peruvian-chopped-salad-07-683x1024.jpg HTTP/2.0" 304 0 "https://easysalads.com/blog/" "Mozilla/5.0 (Linux; Android 5.0) AppleWebKit/537.36 (KHTML, like Gecko) Mobile Safari/537.36 (compatible; TikTokSpider; [email protected])"
47.128.115.80 - - [04/May/2026:02:07:33 -0500] "GET /wp-content/uploads/2026/04/strawberry-jello-salad03-1-500x500.jpg HTTP/2.0" 206 61546 "https://easysalads.com/blog/" "Mozilla/5.0 (Linux; Android 5.0) AppleWebKit/537.36 (KHTML, like Gecko) Mobile Safari/537.36 (compatible; TikTokSpider; [email protected])"
47.128.115.80 - - [04/May/2026:02:07:33 -0500] "GET /wp-content/uploads/2026/04/creamy-cucumber-salad-03-500x500.jpg HTTP/2.0" 206 500 "https://easysalads.com/blog/" "Mozilla/5.0 (Linux; Android 5.0) AppleWebKit/537.36 (KHTML, like Gecko) Mobile Safari/537.36 (compatible; TikTokSpider; [email protected])"
47.128.115.80 - - [04/May/2026:02:07:33 -0500] "GET /wp-content/uploads/2026/04/strawberry-jello-salad03-1-500x500.jpg HTTP/2.0" 304 0 "https://easysalads.com/blog/" "Mozilla/5.0 (Linux; Android 5.0) AppleWebKit/537.36 (KHTML, like Gecko) Mobile Safari/537.36 (compatible; TikTokSpider; [email protected])"
47.128.115.80 - - [04/May/2026:02:07:33 -0500] "GET /wp-content/uploads/2026/01/peruvian-chopped-salad-07-683x1024.jpg HTTP/2.0" 206 500 "https://easysalads.com/blog/" "Mozilla/5.0 (Linux; Android 5.0) AppleWebKit/537.36 (KHTML, like Gecko) Mobile Safari/537.36 (compatible; TikTokSpider; [email protected])"
47.128.115.80 - - [04/May/2026:02:07:33 -0500] "GET /blog/ HTTP/2.0" 200 80138 "https://easysalads.com/blog/" "Mozilla/5.0 (Linux; Android 5.0) AppleWebKit/537.36 (KHTML, like Gecko) Mobile Safari/537.36 (compatible; TikTokSpider; [email protected])"
47.128.115.80 - - [04/May/2026:02:07:33 -0500] "GET /wp-content/uploads/2026/04/creamy-cucumber-salad-03-500x500.jpg HTTP/2.0" 304 0 "https://easysalads.com/blog/" "Mozilla/5.0 (Linux; Android 5.0) AppleWebKit/537.36 (KHTML, like Gecko) Mobile Safari/537.36 (compatible; TikTokSpider; [email protected])"
47.128.115.80 - - [04/May/2026:02:07:33 -0500] "GET /wp-content/uploads/2026/04/strawberry-jello-salad03-1-500x500.jpg HTTP/2.0" 304 0 "https://easysalads.com/blog/" "Mozilla/5.0 (Linux; Android 5.0) AppleWebKit/537.36 (KHTML, like Gecko) Mobile Safari/537.36 (compatible; TikTokSpider; [email protected])"
47.128.115.80 - - [04/May/2026:02:07:33 -0500] "GET /wp-content/uploads/2026/01/peruvian-chopped-salad-07-683x1024.jpg HTTP/2.0" 304 0 "https://easysalads.com/blog/" "Mozilla/5.0 (Linux; Android 5.0) AppleWebKit/537.36 (KHTML, like Gecko) Mobile Safari/537.36 (compatible; TikTokSpider; [email protected])"
47.128.115.80 - - [04/May/2026:02:07:34 -0500] "GET /wp-content/uploads/2026/04/creamy-cucumber-salad-03-500x500.jpg HTTP/2.0" 206 500 "https://easysalads.com/blog/" "Mozilla/5.0 (Linux; Android 5.0) AppleWebKit/537.36 (KHTML, like Gecko) Mobile Safari/537.36 (compatible; TikTokSpider; [email protected])"
47.128.115.80 - - [04/May/2026:02:07:34 -0500] "GET /wp-content/uploads/2026/04/strawberry-jello-salad03-1-500x500.jpg HTTP/2.0" 206 500 "https://easysalads.com/blog/" "Mozilla/5.0 (Linux; Android 5.0) AppleWebKit/537.36 (KHTML, like Gecko) Mobile Safari/537.36 (compatible; TikTokSpider; [email protected])"
47.128.115.80 - - [04/May/2026:02:07:34 -0500] "GET /wp-content/uploads/2026/01/peruvian-chopped-salad-07-683x1024.jpg HTTP/2.0" 206 500 "https://easysalads.com/blog/" "Mozilla/5.0 (Linux; Android 5.0) AppleWebKit/537.36 (KHTML, like Gecko) Mobile Safari/537.36 (compatible; TikTokSpider; [email protected])"
47.128.115.80 - - [04/May/2026:02:07:34 -0500] "GET /blog/ HTTP/2.0" 200 80138 "https://easysalads.com/blog/" "Mozilla/5.0 (Linux; Android 5.0) AppleWebKit/537.36 (KHTML, like Gecko) Mobile Safari/537.36 (compatible; TikTokSpider; [email protected])"
47.128.115.80 - - [04/May/2026:02:07:34 -0500] "GET /wp-content/uploads/2024/07/shrimp-corn-salad-00-150x225.jpg HTTP/2.0" 206 500 "https://easysalads.com/blog/" "Mozilla/5.0 (Linux; Android 5.0) AppleWebKit/537.36 (KHTML, like Gecko) Mobile Safari/537.36 (compatible; TikTokSpider; [email protected])"
47.128.115.80 - - [04/May/2026:02:07:34 -0500] "GET /wp-content/uploads/2026/04/creamy-cucumber-salad-03-500x500.jpg HTTP/2.0" 304 0 "https://easysalads.com/blog/" "Mozilla/5.0 (Linux; Android 5.0) AppleWebKit/537.36 (KHTML, like Gecko) Mobile Safari/537.36 (compatible; TikTokSpider; [email protected])"
47.128.115.80 - - [04/May/2026:02:07:34 -0500] "GET /wp-content/uploads/2026/04/strawberry-jello-salad03-1-500x500.jpg HTTP/2.0" 304 0 "https://easysalads.com/blog/" "Mozilla/5.0 (Linux; Android 5.0) AppleWebKit/537.36 (KHTML, like Gecko) Mobile Safari/537.36 (compatible; TikTokSpider; [email protected])"
47.128.115.80 - - [04/May/2026:02:07:34 -0500] "GET /wp-content/uploads/2026/01/peruvian-chopped-salad-07-683x1024.jpg HTTP/2.0" 304 0 "https://easysalads.com/blog/" "Mozilla/5.0 (Linux; Android 5.0) AppleWebKit/537.36 (KHTML, like Gecko) Mobile Safari/537.36 (compatible; TikTokSpider; [email protected])"
47.128.115.80 - - [04/May/2026:02:07:34 -0500] "GET /wp-content/uploads/2026/04/strawberry-jello-salad03-1-500x500.jpg HTTP/2.0" 206 500 "https://easysalads.com/blog/" "Mozilla/5.0 (Linux; Android 5.0) AppleWebKit/537.36 (KHTML, like Gecko) Mobile Safari/537.36 (compatible; TikTokSpider; [email protected])"
47.128.115.80 - - [04/May/2026:02:07:34 -0500] "GET /wp-content/uploads/2026/04/creamy-cucumber-salad-03-500x500.jpg HTTP/2.0" 206 500 "https://easysalads.com/blog/" "Mozilla/5.0 (Linux; Android 5.0) AppleWebKit/537.36 (KHTML, like Gecko) Mobile Safari/537.36 (compatible; TikTokSpider; [email protected])"
47.128.115.80 - - [04/May/2026:02:07:34 -0500] "GET /wp-content/uploads/2026/01/peruvian-chopped-salad-07-683x1024.jpg HTTP/2.0" 206 500 "https://easysalads.com/blog/" "Mozilla/5.0 (Linux; Android 5.0) AppleWebKit/537.36 (KHTML, like Gecko) Mobile Safari/537.36 (compatible; TikTokSpider; [email protected])"
47.128.115.80 - - [04/May/2026:02:07:34 -0500] "GET /blog/ HTTP/2.0" 200 80138 "https://easysalads.com/blog/" "Mozilla/5.0 (Linux; Android 5.0) AppleWebKit/537.36 (KHTML, like Gecko) Mobile Safari/537.36 (compatible; TikTokSpider; [email protected])"
47.128.115.80 - - [04/May/2026:02:07:34 -0500] "GET /wp-content/uploads/2026/04/strawberry-jello-salad03-1-500x500.jpg HTTP/2.0" 304 0 "https://easysalads.com/blog/" "Mozilla/5.0 (Linux; Android 5.0) AppleWebKit/537.36 (KHTML, like Gecko) Mobile Safari/537.36 (compatible; TikTokSpider; [email protected])"
47.128.115.80 - - [04/May/2026:02:07:35 -0500] "GET /wp-content/uploads/2026/04/creamy-cucumber-salad-03-500x500.jpg HTTP/2.0" 304 0 "https://easysalads.com/blog/" "Mozilla/5.0 (Linux; Android 5.0) AppleWebKit/537.36 (KHTML, like Gecko) Mobile Safari/537.36 (compatible; TikTokSpider; [email protected])"
47.128.115.80 - - [04/May/2026:02:07:35 -0500] "GET /wp-content/uploads/2026/01/peruvian-chopped-salad-07-683x1024.jpg HTTP/2.0" 304 0 "https://easysalads.com/blog/" "Mozilla/5.0 (Linux; Android 5.0) AppleWebKit/537.36 (KHTML, like Gecko) Mobile Safari/537.36 (compatible; TikTokSpider; [email protected])"
47.128.115.80 - - [04/May/2026:02:07:35 -0500] "GET /wp-content/uploads/2026/04/strawberry-jello-salad03-1-500x500.jpg HTTP/2.0" 206 61546 "https://easysalads.com/blog/" "Mozilla/5.0 (Linux; Android 5.0) AppleWebKit/537.36 (KHTML, like Gecko) Mobile Safari/537.36 (compatible; TikTokSpider; [email protected])"
47.128.115.80 - - [04/May/2026:02:07:35 -0500] "GET /wp-content/uploads/2026/04/creamy-cucumber-salad-03-500x500.jpg HTTP/2.0" 206 500 "https://easysalads.com/blog/" "Mozilla/5.0 (Linux; Android 5.0) AppleWebKit/537.36 (KHTML, like Gecko) Mobile Safari/537.36 (compatible; TikTokSpider; [email protected])"
47.128.115.80 - - [04/May/2026:02:07:35 -0500] "GET /wp-content/uploads/2026/04/strawberry-jello-salad03-1-500x500.jpg HTTP/2.0" 304 0 "https://easysalads.com/blog/" "Mozilla/5.0 (Linux; Android 5.0) AppleWebKit/537.36 (KHTML, like Gecko) Mobile Safari/537.36 (compatible; TikTokSpider; [email protected])"
47.128.115.80 - - [04/May/2026:02:07:35 -0500] "GET /wp-content/uploads/2026/01/peruvian-chopped-salad-07-683x1024.jpg HTTP/2.0" 206 500 "https://easysalads.com/blog/" "Mozilla/5.0 (Linux; Android 5.0) AppleWebKit/537.36 (KHTML, like Gecko) Mobile Safari/537.36 (compatible; TikTokSpider; [email protected])"
154.18.244.252 - - [04/May/2026:02:08:11 -0500] "POST /wp-cron.php?doing_wp_cron=1777878491.8333489894866943359375 HTTP/1.1" 200 11 "-" "WordPress/6.9.4; https://easysalads.com"
79.244.28.238 - - [04/May/2026:02:08:11 -0500] "GET /broccoli-raisin-salad-recipe/?utm_source=chatgpt.com HTTP/2.0" 200 102929 "-" "Mozilla/5.0 (iPhone; CPU iPhone OS 18_7 like Mac OS X) AppleWebKit/605.1.15 (KHTML, like Gecko) Version/26.3 Mobile/15E148 Safari/604.1"
79.244.28.238 - - [04/May/2026:02:08:11 -0500] "GET /wp-content/plugins/kadence-blocks/dist/style-blocks-rowlayout.css?ver=3.6.7 HTTP/2.0" 200 1771 "https://easysalads.com/broccoli-raisin-salad-recipe/?utm_source=chatgpt.com" "Mozilla/5.0 (iPhone; CPU iPhone OS 18_7 like Mac OS X) AppleWebKit/605.1.15 (KHTML, like Gecko) Version/26.3 Mobile/15E148 Safari/604.1"
79.244.28.238 - - [04/May/2026:02:08:11 -0500] "GET /wp-content/plugins/kadence-blocks/dist/style-blocks-column.css?ver=3.6.7 HTTP/2.0" 200 428 "https://easysalads.com/broccoli-raisin-salad-recipe/?utm_source=chatgpt.com" "Mozilla/5.0 (iPhone; CPU iPhone OS 18_7 like Mac OS X) AppleWebKit/605.1.15 (KHTML, like Gecko) Version/26.3 Mobile/15E148 Safari/604.1"
79.244.28.238 - - [04/May/2026:02:08:11 -0500] "GET /wp-content/plugins/kadence-blocks/dist/style-blocks-infobox.css?ver=3.6.7 HTTP/2.0" 200 1340 "https://easysalads.com/broccoli-raisin-salad-recipe/?utm_source=chatgpt.com" "Mozilla/5.0 (iPhone; CPU iPhone OS 18_7 like Mac OS X) AppleWebKit/605.1.15 (KHTML, like Gecko) Version/26.3 Mobile/15E148 Safari/604.1"
79.244.28.238 - - [04/May/2026:02:08:11 -0500] "GET /wp-content/plugins/kadence-blocks/dist/style-blocks-advancedbtn.css?ver=3.6.7 HTTP/2.0" 200 705 "https://easysalads.com/broccoli-raisin-salad-recipe/?utm_source=chatgpt.com" "Mozilla/5.0 (iPhone; CPU iPhone OS 18_7 like Mac OS X) AppleWebKit/605.1.15 (KHTML, like Gecko) Version/26.3 Mobile/15E148 Safari/604.1"
79.244.28.238 - - [04/May/2026:02:08:11 -0500] "GET /wp-content/plugins/kadence-blocks-pro/dist/style-blocks-postgrid.css?ver=2.8.13.1 HTTP/2.0" 200 2795 "https://easysalads.com/broccoli-raisin-salad-recipe/?utm_source=chatgpt.com" "Mozilla/5.0 (iPhone; CPU iPhone OS 18_7 like Mac OS X) AppleWebKit/605.1.15 (KHTML, like Gecko) Version/26.3 Mobile/15E148 Safari/604.1"
79.244.28.238 - - [04/May/2026:02:08:11 -0500] "GET /wp-content/plugins/wp-recipe-maker/dist/public-modern.css?ver=10.5.0 HTTP/2.0" 200 7712 "https://easysalads.com/broccoli-raisin-salad-recipe/?utm_source=chatgpt.com" "Mozilla/5.0 (iPhone; CPU iPhone OS 18_7 like Mac OS X) AppleWebKit/605.1.15 (KHTML, like Gecko) Version/26.3 Mobile/15E148 Safari/604.1"
79.244.28.238 - - [04/May/2026:02:08:12 -0500] "GET /wp-content/plugins/wp-recipe-maker-premium/dist/public-pro.css?ver=10.5.0 HTTP/2.0" 200 6796 "https://easysalads.com/broccoli-raisin-salad-recipe/?utm_source=chatgpt.com" "Mozilla/5.0 (iPhone; CPU iPhone OS 18_7 like Mac OS X) AppleWebKit/605.1.15 (KHTML, like Gecko) Version/26.3 Mobile/15E148 Safari/604.1"
79.244.28.238 - - [04/May/2026:02:08:12 -0500] "GET /wp-content/themes/kadence/assets/css/global.min.css?ver=1.1.22 HTTP/2.0" 200 4256 "https://easysalads.com/broccoli-raisin-salad-recipe/?utm_source=chatgpt.com" "Mozilla/5.0 (iPhone; CPU iPhone OS 18_7 like Mac OS X) AppleWebKit/605.1.15 (KHTML, like Gecko) Version/26.3 Mobile/15E148 Safari/604.1"
79.244.28.238 - - [04/May/2026:02:08:12 -0500] "GET /wp-content/themes/kadence/assets/css/header.min.css?ver=1.1.22 HTTP/2.0" 200 4295 "https://easysalads.com/broccoli-raisin-salad-recipe/?utm_source=chatgpt.com" "Mozilla/5.0 (iPhone; CPU iPhone OS 18_7 like Mac OS X) AppleWebKit/605.1.15 (KHTML, like Gecko) Version/26.3 Mobile/15E148 Safari/604.1"
79.244.28.238 - - [04/May/2026:02:08:12 -0500] "GET /wp-content/themes/kadence/assets/css/content.min.css?ver=1.1.22 HTTP/2.0" 200 5512 "https://easysalads.com/broccoli-raisin-salad-recipe/?utm_source=chatgpt.com" "Mozilla/5.0 (iPhone; CPU iPhone OS 18_7 like Mac OS X) AppleWebKit/605.1.15 (KHTML, like Gecko) Version/26.3 Mobile/15E148 Safari/604.1"
79.244.28.238 - - [04/May/2026:02:08:12 -0500] "GET /wp-content/themes/kadence/assets/css/comments.min.css?ver=1.1.22 HTTP/2.0" 200 1289 "https://easysalads.com/broccoli-raisin-salad-recipe/?utm_source=chatgpt.com" "Mozilla/5.0 (iPhone; CPU iPhone OS 18_7 like Mac OS X) AppleWebKit/605.1.15 (KHTML, like Gecko) Version/26.3 Mobile/15E148 Safari/604.1"
79.244.28.238 - - [04/May/2026:02:08:12 -0500] "GET /wp-content/themes/kadence/assets/css/sidebar.min.css?ver=1.1.22 HTTP/2.0" 200 749 "https://easysalads.com/broccoli-raisin-salad-recipe/?utm_source=chatgpt.com" "Mozilla/5.0 (iPhone; CPU iPhone OS 18_7 like Mac OS X) AppleWebKit/605.1.15 (KHTML, like Gecko) Version/26.3 Mobile/15E148 Safari/604.1"
79.244.28.238 - - [04/May/2026:02:08:12 -0500] "GET /wp-content/themes/kadence/assets/css/footer.min.css?ver=1.1.22 HTTP/2.0" 200 1580 "https://easysalads.com/broccoli-raisin-salad-recipe/?utm_source=chatgpt.com" "Mozilla/5.0 (iPhone; CPU iPhone OS 18_7 like Mac OS X) AppleWebKit/605.1.15 (KHTML, like Gecko) Version/26.3 Mobile/15E148 Safari/604.1"
79.244.28.238 - - [04/May/2026:02:08:12 -0500] "GET /wp-content/plugins/kadence-pro/dist/mega-menu/menu-addon.css?ver=1.1.19 HTTP/2.0" 200 1126 "https://easysalads.com/broccoli-raisin-salad-recipe/?utm_source=chatgpt.com" "Mozilla/5.0 (iPhone; CPU iPhone OS 18_7 like Mac OS X) AppleWebKit/605.1.15 (KHTML, like Gecko) Version/26.3 Mobile/15E148 Safari/604.1"
79.244.28.238 - - [04/May/2026:02:08:12 -0500] "GET /wp-content/plugins/social-pug/assets/dist/style-frontend-pro.css?ver=2.28.0 HTTP/2.0" 200 11454 "https://easysalads.com/broccoli-raisin-salad-recipe/?utm_source=chatgpt.com" "Mozilla/5.0 (iPhone; CPU iPhone OS 18_7 like Mac OS X) AppleWebKit/605.1.15 (KHTML, like Gecko) Version/26.3 Mobile/15E148 Safari/604.1"
79.244.28.238 - - [04/May/2026:02:08:12 -0500] "GET /wp-content/themes/restored316-sage/style.css?ver=1_0_1 HTTP/2.0" 200 1089 "https://easysalads.com/broccoli-raisin-salad-recipe/?utm_source=chatgpt.com" "Mozilla/5.0 (iPhone; CPU iPhone OS 18_7 like Mac OS X) AppleWebKit/605.1.15 (KHTML, like Gecko) Version/26.3 Mobile/15E148 Safari/604.1"
79.244.28.238 - - [04/May/2026:02:08:12 -0500] "GET /wp-content/plugins/wpforms-lite/assets/css/frontend/modern/wpforms-full.min.css?ver=1.10.0.4 HTTP/2.0" 200 14792 "https://easysalads.com/broccoli-raisin-salad-recipe/?utm_source=chatgpt.com" "Mozilla/5.0 (iPhone; CPU iPhone OS 18_7 like Mac OS X) AppleWebKit/605.1.15 (KHTML, like Gecko) Version/26.3 Mobile/15E148 Safari/604.1"
79.244.28.238 - - [04/May/2026:02:08:12 -0500] "GET /wp-content/uploads/2022/09/Easy-Salads-website-logo-1536x451.png HTTP/2.0" 200 71572 "https://easysalads.com/broccoli-raisin-salad-recipe/?utm_source=chatgpt.com" "Mozilla/5.0 (iPhone; CPU iPhone OS 18_7 like Mac OS X) AppleWebKit/605.1.15 (KHTML, like Gecko) Version/26.3 Mobile/15E148 Safari/604.1"
79.244.28.238 - - [04/May/2026:02:08:12 -0500] "GET /wp-content/plugins/kadence-blocks/dist/style-blocks-iconlist.css?ver=3.6.7 HTTP/2.0" 200 597 "https://easysalads.com/broccoli-raisin-salad-recipe/?utm_source=chatgpt.com" "Mozilla/5.0 (iPhone; CPU iPhone OS 18_7 like Mac OS X) AppleWebKit/605.1.15 (KHTML, like Gecko) Version/26.3 Mobile/15E148 Safari/604.1"
79.244.28.238 - - [04/May/2026:02:08:12 -0500] "GET /wp-content/plugins/kadence-blocks/dist/style-blocks-spacer.css?ver=3.6.7 HTTP/2.0" 200 385 "https://easysalads.com/broccoli-raisin-salad-recipe/?utm_source=chatgpt.com" "Mozilla/5.0 (iPhone; CPU iPhone OS 18_7 like Mac OS X) AppleWebKit/605.1.15 (KHTML, like Gecko) Version/26.3 Mobile/15E148 Safari/604.1"
79.244.28.238 - - [04/May/2026:02:08:12 -0500] "GET /wp-content/plugins/wp-recipe-maker/dist/public-modern.js?ver=10.5.0 HTTP/2.0" 200 23744 "https://easysalads.com/broccoli-raisin-salad-recipe/?utm_source=chatgpt.com" "Mozilla/5.0 (iPhone; CPU iPhone OS 18_7 like Mac OS X) AppleWebKit/605.1.15 (KHTML, like Gecko) Version/26.3 Mobile/15E148 Safari/604.1"
79.244.28.238 - - [04/May/2026:02:08:12 -0500] "GET /wp-content/plugins/wp-recipe-maker-premium/dist/public-pro.js?ver=10.5.0 HTTP/2.0" 200 20140 "https://easysalads.com/broccoli-raisin-salad-recipe/?utm_source=chatgpt.com" "Mozilla/5.0 (iPhone; CPU iPhone OS 18_7 like Mac OS X) AppleWebKit/605.1.15 (KHTML, like Gecko) Version/26.3 Mobile/15E148 Safari/604.1"
79.244.28.238 - - [04/May/2026:02:08:12 -0500] "GET /wp-content/themes/kadence/assets/js/navigation-lite.min.js?ver=1.1.21 HTTP/2.0" 200 2083 "https://easysalads.com/broccoli-raisin-salad-recipe/?utm_source=chatgpt.com" "Mozilla/5.0 (iPhone; CPU iPhone OS 18_7 like Mac OS X) AppleWebKit/605.1.15 (KHTML, like Gecko) Version/26.3 Mobile/15E148 Safari/604.1"
79.244.28.238 - - [04/May/2026:02:08:12 -0500] "GET /wp-content/plugins/social-pug/assets/dist/front-end-pro.js?ver=2.28.0 HTTP/2.0" 200 9339 "https://easysalads.com/broccoli-raisin-salad-recipe/?utm_source=chatgpt.com" "Mozilla/5.0 (iPhone; CPU iPhone OS 18_7 like Mac OS X) AppleWebKit/605.1.15 (KHTML, like Gecko) Version/26.3 Mobile/15E148 Safari/604.1"
79.244.28.238 - - [04/May/2026:02:08:12 -0500] "GET /wp-content/plugins/kadence-pro/dist/mega-menu/kadence-mega-menu.min.js?ver=1.1.19 HTTP/2.0" 200 457 "https://easysalads.com/broccoli-raisin-salad-recipe/?utm_source=chatgpt.com" "Mozilla/5.0 (iPhone; CPU iPhone OS 18_7 like Mac OS X) AppleWebKit/605.1.15 (KHTML, like Gecko) Version/26.3 Mobile/15E148 Safari/604.1"
79.244.28.238 - - [04/May/2026:02:08:12 -0500] "GET /wp-content/plugins/akismet/_inc/akismet-frontend.js?ver=1764724306 HTTP/2.0" 200 3016 "https://easysalads.com/broccoli-raisin-salad-recipe/?utm_source=chatgpt.com" "Mozilla/5.0 (iPhone; CPU iPhone OS 18_7 like Mac OS X) AppleWebKit/605.1.15 (KHTML, like Gecko) Version/26.3 Mobile/15E148 Safari/604.1"
79.244.28.238 - - [04/May/2026:02:08:12 -0500] "GET /wp-includes/js/jquery/jquery.min.js?ver=3.7.1 HTTP/2.0" 200 29769 "https://easysalads.com/broccoli-raisin-salad-recipe/?utm_source=chatgpt.com" "Mozilla/5.0 (iPhone; CPU iPhone OS 18_7 like Mac OS X) AppleWebKit/605.1.15 (KHTML, like Gecko) Version/26.3 Mobile/15E148 Safari/604.1"
79.244.28.238 - - [04/May/2026:02:08:12 -0500] "GET /wp-includes/js/jquery/jquery-migrate.min.js?ver=3.4.1 HTTP/2.0" 200 4679 "https://easysalads.com/broccoli-raisin-salad-recipe/?utm_source=chatgpt.com" "Mozilla/5.0 (iPhone; CPU iPhone OS 18_7 like Mac OS X) AppleWebKit/605.1.15 (KHTML, like Gecko) Version/26.3 Mobile/15E148 Safari/604.1"
79.244.28.238 - - [04/May/2026:02:08:12 -0500] "GET /wp-content/plugins/wpforms-lite/assets/lib/jquery.validate.min.js?ver=1.21.0 HTTP/2.0" 200 7807 "https://easysalads.com/broccoli-raisin-salad-recipe/?utm_source=chatgpt.com" "Mozilla/5.0 (iPhone; CPU iPhone OS 18_7 like Mac OS X) AppleWebKit/605.1.15 (KHTML, like Gecko) Version/26.3 Mobile/15E148 Safari/604.1"
79.244.28.238 - - [04/May/2026:02:08:12 -0500] "GET /wp-content/plugins/wpforms-lite/assets/lib/mailcheck.min.js?ver=1.1.2 HTTP/2.0" 200 1616 "https://easysalads.com/broccoli-raisin-salad-recipe/?utm_source=chatgpt.com" "Mozilla/5.0 (iPhone; CPU iPhone OS 18_7 like Mac OS X) AppleWebKit/605.1.15 (KHTML, like Gecko) Version/26.3 Mobile/15E148 Safari/604.1"
79.244.28.238 - - [04/May/2026:02:08:12 -0500] "GET /wp-content/plugins/wpforms-lite/assets/lib/punycode.min.js?ver=1.0.0 HTTP/2.0" 200 834 "https://easysalads.com/broccoli-raisin-salad-recipe/?utm_source=chatgpt.com" "Mozilla/5.0 (iPhone; CPU iPhone OS 18_7 like Mac OS X) AppleWebKit/605.1.15 (KHTML, like Gecko) Version/26.3 Mobile/15E148 Safari/604.1"
79.244.28.238 - - [04/May/2026:02:08:12 -0500] "GET /wp-content/plugins/wpforms-lite/assets/js/share/utils.min.js?ver=1.10.0.4 HTTP/2.0" 200 727 "https://easysalads.com/broccoli-raisin-salad-recipe/?utm_source=chatgpt.com" "Mozilla/5.0 (iPhone; CPU iPhone OS 18_7 like Mac OS X) AppleWebKit/605.1.15 (KHTML, like Gecko) Version/26.3 Mobile/15E148 Safari/604.1"
79.244.28.238 - - [04/May/2026:02:08:12 -0500] "GET /wp-content/plugins/wpforms-lite/assets/js/frontend/wpforms.min.js?ver=1.10.0.4 HTTP/2.0" 200 14614 "https://easysalads.com/broccoli-raisin-salad-recipe/?utm_source=chatgpt.com" "Mozilla/5.0 (iPhone; CPU iPhone OS 18_7 like Mac OS X) AppleWebKit/605.1.15 (KHTML, like Gecko) Version/26.3 Mobile/15E148 Safari/604.1"
79.244.28.238 - - [04/May/2026:02:08:12 -0500] "GET /wp-content/plugins/wpforms-lite/assets/js/frontend/wpforms-modern.min.js?ver=1.10.0.4 HTTP/2.0" 200 1866 "https://easysalads.com/broccoli-raisin-salad-recipe/?utm_source=chatgpt.com" "Mozilla/5.0 (iPhone; CPU iPhone OS 18_7 like Mac OS X) AppleWebKit/605.1.15 (KHTML, like Gecko) Version/26.3 Mobile/15E148 Safari/604.1"
79.244.28.238 - - [04/May/2026:02:08:12 -0500] "GET /wp-content/plugins/wpforms-lite/assets/js/frontend/fields/address.min.js?ver=1.10.0.4 HTTP/2.0" 200 673 "https://easysalads.com/broccoli-raisin-salad-recipe/?utm_source=chatgpt.com" "Mozilla/5.0 (iPhone; CPU iPhone OS 18_7 like Mac OS X) AppleWebKit/605.1.15 (KHTML, like Gecko) Version/26.3 Mobile/15E148 Safari/604.1"
79.244.28.238 - - [04/May/2026:02:08:12 -0500] "GET /wp-content/uploads/2024/02/broccoli-raisin-salad-04.jpg HTTP/2.0" 200 838646 "https://easysalads.com/broccoli-raisin-salad-recipe/?utm_source=chatgpt.com" "Mozilla/5.0 (iPhone; CPU iPhone OS 18_7 like Mac OS X) AppleWebKit/605.1.15 (KHTML, like Gecko) Version/26.3 Mobile/15E148 Safari/604.1"
79.244.28.238 - - [04/May/2026:02:08:12 -0500] "GET /wp-content/plugins/wpforms-lite/assets/images/submit-spin.svg HTTP/2.0" 200 509 "https://easysalads.com/broccoli-raisin-salad-recipe/?utm_source=chatgpt.com" "Mozilla/5.0 (iPhone; CPU iPhone OS 18_7 like Mac OS X) AppleWebKit/605.1.15 (KHTML, like Gecko) Version/26.3 Mobile/15E148 Safari/604.1"
79.244.28.238 - - [04/May/2026:02:08:12 -0500] "GET /wp-content/uploads/2024/02/broccoli-raisin-salad-00.jpg HTTP/2.0" 200 1068314 "https://easysalads.com/broccoli-raisin-salad-recipe/?utm_source=chatgpt.com" "Mozilla/5.0 (iPhone; CPU iPhone OS 18_7 like Mac OS X) AppleWebKit/605.1.15 (KHTML, like Gecko) Version/26.3 Mobile/15E148 Safari/604.1"
79.244.28.238 - - [04/May/2026:02:08:12 -0500] "GET /wp-content/plugins/wp-recipe-maker/assets/icons/rating/stars-alt-5.svg HTTP/2.0" 200 976 "https://easysalads.com/broccoli-raisin-salad-recipe/?utm_source=chatgpt.com" "Mozilla/5.0 (iPhone; CPU iPhone OS 18_7 like Mac OS X) AppleWebKit/605.1.15 (KHTML, like Gecko) Version/26.3 Mobile/15E148 Safari/604.1"
79.244.28.238 - - [04/May/2026:02:08:12 -0500] "GET /wp-includes/js/comment-reply.min.js?ver=6.9.4 HTTP/2.0" 200 1248 "https://easysalads.com/broccoli-raisin-salad-recipe/?utm_source=chatgpt.com" "Mozilla/5.0 (iPhone; CPU iPhone OS 18_7 like Mac OS X) AppleWebKit/605.1.15 (KHTML, like Gecko) Version/26.3 Mobile/15E148 Safari/604.1"
79.244.28.238 - - [04/May/2026:02:08:12 -0500] "GET /wp-content/uploads/2024/02/Blogger-Call-Out-Icons-1.png HTTP/2.0" 404 146 "https://easysalads.com/broccoli-raisin-salad-recipe/?utm_source=chatgpt.com" "Mozilla/5.0 (iPhone; CPU iPhone OS 18_7 like Mac OS X) AppleWebKit/605.1.15 (KHTML, like Gecko) Version/26.3 Mobile/15E148 Safari/604.1"
54.211.75.88 - - [04/May/2026:02:08:18 -0500] "GET /broccoli-raisin-salad-recipe/ HTTP/1.1" 200 130844 "-" "Mozilla/5.0 (compatible; proximic; +https://www.comscore.com/Web-Crawler)"
79.244.28.238 - - [04/May/2026:02:08:27 -0500] "GET /wp-content/uploads/2022/03/TTRamillas-ExtraLight.woff2 HTTP/2.0" 200 55736 "https://easysalads.com/broccoli-raisin-salad-recipe/?utm_source=chatgpt.com" "Mozilla/5.0 (iPhone; CPU iPhone OS 18_7 like Mac OS X) AppleWebKit/605.1.15 (KHTML, like Gecko) Version/26.3 Mobile/15E148 Safari/604.1"
79.244.28.238 - - [04/May/2026:02:08:27 -0500] "GET /wp-content/uploads/2022/03/TTRamillas-ExtraLightItalic.woff2 HTTP/2.0" 200 59480 "https://easysalads.com/broccoli-raisin-salad-recipe/?utm_source=chatgpt.com" "Mozilla/5.0 (iPhone; CPU iPhone OS 18_7 like Mac OS X) AppleWebKit/605.1.15 (KHTML, like Gecko) Version/26.3 Mobile/15E148 Safari/604.1"
79.244.28.238 - - [04/May/2026:02:08:30 -0500] "GET /wp-content/uploads/2024/02/broccoli-raisin-salad-02.jpg HTTP/2.0" 200 980314 "https://easysalads.com/broccoli-raisin-salad-recipe/?utm_source=chatgpt.com" "Mozilla/5.0 (iPhone; CPU iPhone OS 18_7 like Mac OS X) AppleWebKit/605.1.15 (KHTML, like Gecko) Version/26.3 Mobile/15E148 Safari/604.1"
66.249.66.77 - - [04/May/2026:02:08:37 -0500] "GET /broccoli-raisin-salad-recipe HTTP/1.1" 200 105666 "-" "Mediapartners-Google"
79.244.28.238 - - [04/May/2026:02:08:48 -0500] "GET /wp-content/uploads/2024/02/broccoli-raisin-salad-03.jpg HTTP/2.0" 200 693556 "https://easysalads.com/broccoli-raisin-salad-recipe/?utm_source=chatgpt.com" "Mozilla/5.0 (iPhone; CPU iPhone OS 18_7 like Mac OS X) AppleWebKit/605.1.15 (KHTML, like Gecko) Version/26.3 Mobile/15E148 Safari/604.1"
154.18.244.252 - - [04/May/2026:02:09:04 -0500] "POST /wp-cron.php?doing_wp_cron=1777878544.5433669090270996093750 HTTP/1.1" 200 11 "-" "WordPress/6.9.4; https://easysalads.com"
57.128.189.19 - - [04/May/2026:02:09:04 -0500] "GET /?nocache=1777878481 HTTP/2.0" 200 89175 "-" "BigScootsMonitor Mozilla/5.0 (Windows NT 10.0; Win64; x64) AppleWebKit/537.36 (KHTML, like Gecko) Chrome/74.0.3729.169 Safari/537.36"
51.222.136.175 - - [04/May/2026:02:09:04 -0500] "GET /?nocache=1777878481 HTTP/2.0" 200 89175 "-" "BigScootsMonitor Mozilla/5.0 (Windows NT 10.0; Win64; x64) AppleWebKit/537.36 (KHTML, like Gecko) Chrome/74.0.3729.169 Safari/537.36"
45.119.135.165 - - [04/May/2026:02:09:37 -0500] "GET /wp-content/uploads/2022/12/Grinder-Salad-00.jpg HTTP/2.0" 200 700229 "https://www.bing.com/" "Mozilla/5.0 (Windows NT 10.0; Win64; x64) AppleWebKit/537.36 (KHTML, like Gecko) Chrome/147.0.0.0 Safari/537.36"
66.249.66.76 - - [04/May/2026:02:10:04 -0500] "GET /broccoli-raisin-salad-recipe HTTP/1.1" 200 105666 "-" "Googlebot-Image/1.0"
100.30.206.224 - - [04/May/2026:02:10:40 -0500] "GET /sweet-potato-feta-salad/ HTTP/1.1" 200 126314 "-" "Mozilla/5.0 (compatible; proximic; +https://www.comscore.com/Web-Crawler)"
154.18.244.252 - - [04/May/2026:02:10:40 -0500] "POST /wp-cron.php?doing_wp_cron=1777878640.2202150821685791015625 HTTP/1.1" 200 11 "-" "WordPress/6.9.4; https://easysalads.com"
49.213.3.151 - - [04/May/2026:02:10:40 -0500] "GET /wp-login.php HTTP/2.0" 200 1882 "-" "Mozilla/4.0 (compatible; MSIE 7.0; Windows NT 10.0; WOW64; Trident/7.0; .NET4.0C; .NET4.0E)"
144.91.152.191 - - [04/May/2026:02:10:40 -0500] "GET /wp-content/uploads/2024/01/tomato-onion-salad-04-1024x683.jpg HTTP/2.0" 200 191132 "https://www.bing.com/" "Mozilla/5.0 (Windows NT 10.0; Win64; x64) AppleWebKit/537.36 (KHTML, like Gecko) Chrome/147.0.0.0 Safari/537.36 Edg/147.0.0.0"
49.213.3.151 - - [04/May/2026:02:10:40 -0500] "POST /wp-login.php HTTP/2.0" 200 2018 "https://easysalads.com/wp-login.php" "Mozilla/4.0 (compatible; MSIE 7.0; Windows NT 10.0; WOW64; Trident/7.0; .NET4.0C; .NET4.0E)"
20.219.187.195 - - [04/May/2026:02:10:58 -0500] "GET /xleet.php HTTP/1.1" 404 548 "-" "Mozilla/5.0 (Windows NT 10.0; Win64; x64) AppleWebKit/537.36 (KHTML, like Gecko) Chrome/120.0.0.0 Safari/537.36"
20.219.187.195 - - [04/May/2026:02:10:59 -0500] "GET /xmrlpc.php HTTP/1.1" 404 548 "-" "Mozilla/5.0 (Windows NT 10.0; Win64; x64) AppleWebKit/537.36 (KHTML, like Gecko) Chrome/120.0.0.0 Safari/537.36"
20.219.187.195 - - [04/May/2026:02:10:59 -0500] "GET /1.php HTTP/1.1" 404 548 "-" "Mozilla/5.0 (Windows NT 10.0; Win64; x64) AppleWebKit/537.36 (KHTML, like Gecko) Chrome/120.0.0.0 Safari/537.36"
20.219.187.195 - - [04/May/2026:02:10:59 -0500] "GET /2.php HTTP/1.1" 404 548 "-" "Mozilla/5.0 (Windows NT 10.0; Win64; x64) AppleWebKit/537.36 (KHTML, like Gecko) Chrome/120.0.0.0 Safari/537.36"
20.219.187.195 - - [04/May/2026:02:11:00 -0500] "GET /a.php HTTP/1.1" 404 548 "-" "Mozilla/5.0 (Windows NT 10.0; Win64; x64) AppleWebKit/537.36 (KHTML, like Gecko) Chrome/120.0.0.0 Safari/537.36"
87.250.224.39 - - [04/May/2026:02:11:00 -0500] "GET /wp-content/uploads/2022/11/5-Bean-Salad-04.jpg HTTP/1.1" 200 563779 "-" "Mozilla/5.0 (compatible; YandexImages/3.0; +http://yandex.com/bots)"
20.219.187.195 - - [04/May/2026:02:11:00 -0500] "GET /aa.php HTTP/1.1" 404 548 "-" "Mozilla/5.0 (Windows NT 10.0; Win64; x64) AppleWebKit/537.36 (KHTML, like Gecko) Chrome/120.0.0.0 Safari/537.36"
20.219.187.195 - - [04/May/2026:02:11:00 -0500] "GET /aaa.php HTTP/1.1" 404 548 "-" "Mozilla/5.0 (Windows NT 10.0; Win64; x64) AppleWebKit/537.36 (KHTML, like Gecko) Chrome/120.0.0.0 Safari/537.36"
20.219.187.195 - - [04/May/2026:02:11:00 -0500] "GET /abcd.php HTTP/1.1" 404 548 "-" "Mozilla/5.0 (Windows NT 10.0; Win64; x64) AppleWebKit/537.36 (KHTML, like Gecko) Chrome/120.0.0.0 Safari/537.36"
20.219.187.195 - - [04/May/2026:02:11:01 -0500] "GET /about.php HTTP/1.1" 404 548 "-" "Mozilla/5.0 (Windows NT 10.0; Win64; x64) AppleWebKit/537.36 (KHTML, like Gecko) Chrome/120.0.0.0 Safari/537.36"
20.219.187.195 - - [04/May/2026:02:11:01 -0500] "GET /admin.php HTTP/1.1" 404 548 "-" "Mozilla/5.0 (Windows NT 10.0; Win64; x64) AppleWebKit/537.36 (KHTML, like Gecko) Chrome/120.0.0.0 Safari/537.36"
154.18.244.252 - - [04/May/2026:02:11:02 -0500] "POST /wp-cron.php?doing_wp_cron=1777878662.2919020652770996093750 HTTP/1.1" 200 11 "-" "WordPress/6.9.4; https://easysalads.com"
20.219.187.195 - - [04/May/2026:02:11:02 -0500] "GET /admin/controller/extension/ HTTP/1.1" 404 75425 "-" "Mozilla/5.0 (Windows NT 10.0; Win64; x64) AppleWebKit/537.36 (KHTML, like Gecko) Chrome/120.0.0.0 Safari/537.36"
20.219.187.195 - - [04/May/2026:02:11:03 -0500] "GET /adminfuns.php HTTP/1.1" 404 548 "-" "Mozilla/5.0 (Windows NT 10.0; Win64; x64) AppleWebKit/537.36 (KHTML, like Gecko) Chrome/120.0.0.0 Safari/537.36"
20.219.187.195 - - [04/May/2026:02:11:03 -0500] "GET /alfa.php HTTP/1.1" 404 548 "-" "Mozilla/5.0 (Windows NT 10.0; Win64; x64) AppleWebKit/537.36 (KHTML, like Gecko) Chrome/120.0.0.0 Safari/537.36"
20.219.187.195 - - [04/May/2026:02:11:03 -0500] "GET /anonse/lock360.php HTTP/1.1" 404 548 "-" "Mozilla/5.0 (Windows NT 10.0; Win64; x64) AppleWebKit/537.36 (KHTML, like Gecko) Chrome/120.0.0.0 Safari/537.36"
20.219.187.195 - - [04/May/2026:02:11:03 -0500] "GET /archive.php HTTP/1.1" 404 548 "-" "Mozilla/5.0 (Windows NT 10.0; Win64; x64) AppleWebKit/537.36 (KHTML, like Gecko) Chrome/120.0.0.0 Safari/537.36"
20.219.187.195 - - [04/May/2026:02:11:04 -0500] "GET /atomlib.php HTTP/1.1" 404 548 "-" "Mozilla/5.0 (Windows NT 10.0; Win64; x64) AppleWebKit/537.36 (KHTML, like Gecko) Chrome/120.0.0.0 Safari/537.36"
57.128.189.19 - - [04/May/2026:02:11:04 -0500] "GET /?nocache=1777878601 HTTP/2.0" 200 89175 "-" "BigScootsMonitor Mozilla/5.0 (Windows NT 10.0; Win64; x64) AppleWebKit/537.36 (KHTML, like Gecko) Chrome/74.0.3729.169 Safari/537.36"
20.219.187.195 - - [04/May/2026:02:11:04 -0500] "GET /autoload_classmap.php HTTP/1.1" 404 548 "-" "Mozilla/5.0 (Windows NT 10.0; Win64; x64) AppleWebKit/537.36 (KHTML, like Gecko) Chrome/120.0.0.0 Safari/537.36"
20.219.187.195 - - [04/May/2026:02:11:04 -0500] "GET /chosen.php HTTP/1.1" 404 548 "-" "Mozilla/5.0 (Windows NT 10.0; Win64; x64) AppleWebKit/537.36 (KHTML, like Gecko) Chrome/120.0.0.0 Safari/537.36"
51.222.136.175 - - [04/May/2026:02:11:04 -0500] "GET /?nocache=1777878601 HTTP/2.0" 200 89175 "-" "BigScootsMonitor Mozilla/5.0 (Windows NT 10.0; Win64; x64) AppleWebKit/537.36 (KHTML, like Gecko) Chrome/74.0.3729.169 Safari/537.36"
20.219.187.195 - - [04/May/2026:02:11:04 -0500] "GET /config.php HTTP/1.1" 404 548 "-" "Mozilla/5.0 (Windows NT 10.0; Win64; x64) AppleWebKit/537.36 (KHTML, like Gecko) Chrome/120.0.0.0 Safari/537.36"
20.219.187.195 - - [04/May/2026:02:11:05 -0500] "GET /cookie.php HTTP/1.1" 404 548 "-" "Mozilla/5.0 (Windows NT 10.0; Win64; x64) AppleWebKit/537.36 (KHTML, like Gecko) Chrome/120.0.0.0 Safari/537.36"
20.219.187.195 - - [04/May/2026:02:11:05 -0500] "GET /core.php HTTP/1.1" 404 548 "-" "Mozilla/5.0 (Windows NT 10.0; Win64; x64) AppleWebKit/537.36 (KHTML, like Gecko) Chrome/120.0.0.0 Safari/537.36"
20.219.187.195 - - [04/May/2026:02:11:05 -0500] "GET /css/index.php HTTP/1.1" 404 548 "-" "Mozilla/5.0 (Windows NT 10.0; Win64; x64) AppleWebKit/537.36 (KHTML, like Gecko) Chrome/120.0.0.0 Safari/537.36"
20.219.187.195 - - [04/May/2026:02:11:05 -0500] "GET /default.php HTTP/1.1" 404 548 "-" "Mozilla/5.0 (Windows NT 10.0; Win64; x64) AppleWebKit/537.36 (KHTML, like Gecko) Chrome/120.0.0.0 Safari/537.36"
20.219.187.195 - - [04/May/2026:02:11:06 -0500] "GET /defaults.php HTTP/1.1" 404 548 "-" "Mozilla/5.0 (Windows NT 10.0; Win64; x64) AppleWebKit/537.36 (KHTML, like Gecko) Chrome/120.0.0.0 Safari/537.36"
20.219.187.195 - - [04/May/2026:02:11:06 -0500] "GET /dropdown.php HTTP/1.1" 404 548 "-" "Mozilla/5.0 (Windows NT 10.0; Win64; x64) AppleWebKit/537.36 (KHTML, like Gecko) Chrome/120.0.0.0 Safari/537.36"
20.219.187.195 - - [04/May/2026:02:11:06 -0500] "GET /edit.php HTTP/1.1" 404 548 "-" "Mozilla/5.0 (Windows NT 10.0; Win64; x64) AppleWebKit/537.36 (KHTML, like Gecko) Chrome/120.0.0.0 Safari/537.36"
20.219.187.195 - - [04/May/2026:02:11:06 -0500] "GET /file.php HTTP/1.1" 404 548 "-" "Mozilla/5.0 (Windows NT 10.0; Win64; x64) AppleWebKit/537.36 (KHTML, like Gecko) Chrome/120.0.0.0 Safari/537.36"
208.109.188.137 - - [04/May/2026:02:11:21 -0500] "GET /wp-login.php HTTP/2.0" 444 0 "-" "Mozilla/5.0 (Windows NT 6.3; Win64; x64; Trident/7.0; MAARJS; rv:11.0) like Gecko"
34.34.225.131 - - [04/May/2026:02:11:21 -0500] "GET /ads.txt HTTP/1.1" 301 5 "-" "bidswitchbot/1.0"
66.249.66.77 - - [04/May/2026:02:11:41 -0500] "GET /wp-content/uploads/2022/09/panera-tomato-basil-cucumber-salad-sq02-300x300.jpg HTTP/1.1" 200 33089 "-" "Googlebot-Image/1.0"
91.227.37.60 - - [04/May/2026:02:12:53 -0500] "GET /wp-login.php HTTP/2.0" 444 0 "-" "Mozilla/4.0 (compatible; MSIE 7.0; Windows NT 6.1; WOW64; Trident/7.0; SLCC2; .NET CLR 2.0.50727; .NET4.0C; .NET4.0E; FBViewer-6.0.4.0)"
154.18.244.252 - - [04/May/2026:02:13:04 -0500] "POST /wp-cron.php?doing_wp_cron=1777878784.4978458881378173828125 HTTP/1.1" 200 11 "-" "WordPress/6.9.4; https://easysalads.com"
57.128.189.19 - - [04/May/2026:02:13:04 -0500] "GET /?nocache=1777878721 HTTP/2.0" 200 89175 "-" "BigScootsMonitor Mozilla/5.0 (Windows NT 10.0; Win64; x64) AppleWebKit/537.36 (KHTML, like Gecko) Chrome/74.0.3729.169 Safari/537.36"
51.222.136.175 - - [04/May/2026:02:13:05 -0500] "GET /?nocache=1777878721 HTTP/2.0" 200 89175 "-" "BigScootsMonitor Mozilla/5.0 (Windows NT 10.0; Win64; x64) AppleWebKit/537.36 (KHTML, like Gecko) Chrome/74.0.3729.169 Safari/537.36"
23.98.142.184 - - [04/May/2026:02:13:14 -0500] "GET /tomato-onion-salad/ HTTP/2.0" 200 104251 "-" "Mozilla/5.0 AppleWebKit/537.36 (KHTML, like Gecko); compatible; ChatGPT-User/1.0; +https://openai.com/bot"
66.249.66.75 - - [04/May/2026:02:13:50 -0500] "GET /wp-content/uploads/2022/09/hot-chicken-salad-05sq-300x300.jpg HTTP/1.1" 200 45384 "-" "Googlebot-Image/1.0"
154.18.244.252 - - [04/May/2026:02:14:24 -0500] "POST /wp-cron.php?doing_wp_cron=1777878864.3937399387359619140625 HTTP/1.1" 200 11 "-" "WordPress/6.9.4; https://easysalads.com"
173.252.87.10 - - [04/May/2026:02:14:24 -0500] "GET /jasons-deli-pasta-salad-recipe/ HTTP/2.0" 200 538890 "-" "facebookexternalhit/1.1 (+http://www.facebook.com/externalhit_uatext.php)"
173.252.87.27 - - [04/May/2026:02:14:24 -0500] "GET /jasons-deli-pasta-salad-recipe/ HTTP/2.0" 200 538728 "-" "facebookexternalhit/1.1 (+http://www.facebook.com/externalhit_uatext.php)"
154.18.244.252 - - [04/May/2026:02:14:57 -0500] "POST /wp-cron.php?doing_wp_cron=1777878897.7774438858032226562500 HTTP/1.1" 200 11 "-" "WordPress/6.9.4; https://easysalads.com"
66.249.66.76 - - [04/May/2026:02:14:57 -0500] "GET /wprm_print/strawberry-jello-salad HTTP/1.1" 200 9897 "-" "Mozilla/5.0 (Linux; Android 6.0.1; Nexus 5X Build/MMB29P) AppleWebKit/537.36 (KHTML, like Gecko) Chrome/147.0.7727.137 Mobile Safari/537.36 (compatible; GoogleOther)"
57.128.189.19 - - [04/May/2026:02:15:04 -0500] "GET /?nocache=1777878841 HTTP/2.0" 200 89175 "-" "BigScootsMonitor Mozilla/5.0 (Windows NT 10.0; Win64; x64) AppleWebKit/537.36 (KHTML, like Gecko) Chrome/74.0.3729.169 Safari/537.36"
51.222.136.175 - - [04/May/2026:02:15:05 -0500] "GET /?nocache=1777878901 HTTP/2.0" 200 89175 "-" "BigScootsMonitor Mozilla/5.0 (Windows NT 10.0; Win64; x64) AppleWebKit/537.36 (KHTML, like Gecko) Chrome/74.0.3729.169 Safari/537.36"
154.18.244.252 - - [04/May/2026:02:16:06 -0500] "POST /wp-cron.php?doing_wp_cron=1777878966.1347730159759521484375 HTTP/1.1" 200 11 "-" "WordPress/6.9.4; https://easysalads.com"
69.63.184.23 - - [04/May/2026:02:16:06 -0500] "GET / HTTP/2.0" 200 536562 "-" "meta-webindexer/1.1 (+https://developers.facebook.com/docs/sharing/webmasters/crawler)"
154.18.244.252 - - [04/May/2026:02:17:04 -0500] "POST /wp-cron.php?doing_wp_cron=1777879024.1512041091918945312500 HTTP/1.1" 200 11 "-" "WordPress/6.9.4; https://easysalads.com"
57.128.189.19 - - [04/May/2026:02:17:04 -0500] "GET /?nocache=1777878961 HTTP/2.0" 200 89175 "-" "BigScootsMonitor Mozilla/5.0 (Windows NT 10.0; Win64; x64) AppleWebKit/537.36 (KHTML, like Gecko) Chrome/74.0.3729.169 Safari/537.36"
51.222.136.175 - - [04/May/2026:02:17:04 -0500] "GET /?nocache=1777878961 HTTP/2.0" 200 89175 "-" "BigScootsMonitor Mozilla/5.0 (Windows NT 10.0; Win64; x64) AppleWebKit/537.36 (KHTML, like Gecko) Chrome/74.0.3729.169 Safari/537.36"
154.18.244.252 - - [04/May/2026:02:17:59 -0500] "POST /wp-cron.php?doing_wp_cron=1777879079.2761030197143554687500 HTTP/1.1" 200 11 "-" "WordPress/6.9.4; https://easysalads.com"
66.116.235.214 - - [04/May/2026:02:17:59 -0500] "GET /wp-login.php HTTP/2.0" 200 1882 "-" "Mozilla/5.0 (Windows NT 6.3; rv:60.0) Gecko/20100101 Firefox/60.0"
66.116.235.214 - - [04/May/2026:02:17:59 -0500] "POST /wp-login.php HTTP/2.0" 200 2018 "https://easysalads.com/wp-login.php" "Mozilla/5.0 (Windows NT 6.3; rv:60.0) Gecko/20100101 Firefox/60.0"
152.53.44.20 - - [04/May/2026:02:18:01 -0500] "GET /wp-login.php HTTP/2.0" 200 1882 "-" "Mozilla/4.0 (compatible; MSIE 7.0; Windows NT 6.2; Trident/7.0; .NET4.0C; .NET4.0E; .NET CLR 2.0.50727; .NET CLR 3.0.30729; .NET CLR 3.5.30729)"
152.53.44.20 - - [04/May/2026:02:18:01 -0500] "POST /wp-login.php HTTP/2.0" 200 2018 "https://easysalads.com/wp-login.php" "Mozilla/4.0 (compatible; MSIE 7.0; Windows NT 6.2; Trident/7.0; .NET4.0C; .NET4.0E; .NET CLR 2.0.50727; .NET CLR 3.0.30729; .NET CLR 3.5.30729)"
47.128.119.254 - - [04/May/2026:02:18:03 -0500] "GET /low-carb-fruit-salad/ HTTP/2.0" 200 100154 "-" "Mozilla/5.0 (Linux; Android 5.0) AppleWebKit/537.36 (KHTML, like Gecko) Mobile Safari/537.36 (compatible; Bytespider; [email protected])"
47.128.115.65 - - [04/May/2026:02:18:25 -0500] "GET /low-carb-fruit-salad/ HTTP/2.0" 200 100119 "-" "Mozilla/5.0 (Linux; Android 5.0) AppleWebKit/537.36 (KHTML, like Gecko) Mobile Safari/537.36 (compatible; TikTokSpider; [email protected])"
