47.128.115.50 - - [04/May/2026:03:10:53 -0500] "GET /taffy-apple-salad/ HTTP/2.0" 200 100989 "https://easysalads.com/taffy-apple-salad/" "Mozilla/5.0 (Linux; Android 5.0) AppleWebKit/537.36 (KHTML, like Gecko) Mobile Safari/537.36 (compatible; TikTokSpider; [email protected])"
47.128.115.50 - - [04/May/2026:03:10:53 -0500] "GET /wp-content/uploads/2024/10/taffy-apple-salad-00.jpg HTTP/2.0" 304 0 "https://easysalads.com/taffy-apple-salad/" "Mozilla/5.0 (Linux; Android 5.0) AppleWebKit/537.36 (KHTML, like Gecko) Mobile Safari/537.36 (compatible; TikTokSpider; [email protected])"
47.128.115.50 - - [04/May/2026:03:10:53 -0500] "GET /wp-content/uploads/2024/10/taffy-apple-salad-00.jpg HTTP/2.0" 206 500 "https://easysalads.com/taffy-apple-salad/" "Mozilla/5.0 (Linux; Android 5.0) AppleWebKit/537.36 (KHTML, like Gecko) Mobile Safari/537.36 (compatible; TikTokSpider; [email protected])"
47.128.115.50 - - [04/May/2026:03:10:54 -0500] "GET /wp-content/uploads/2024/10/taffy-apple-salad-00.jpg HTTP/2.0" 304 0 "https://easysalads.com/taffy-apple-salad/" "Mozilla/5.0 (Linux; Android 5.0) AppleWebKit/537.36 (KHTML, like Gecko) Mobile Safari/537.36 (compatible; TikTokSpider; [email protected])"
47.128.115.50 - - [04/May/2026:03:10:54 -0500] "GET /taffy-apple-salad/ HTTP/2.0" 200 100986 "https://easysalads.com/taffy-apple-salad/" "Mozilla/5.0 (Linux; Android 5.0) AppleWebKit/537.36 (KHTML, like Gecko) Mobile Safari/537.36 (compatible; TikTokSpider; [email protected])"
47.128.115.50 - - [04/May/2026:03:10:54 -0500] "GET /wp-content/uploads/2024/10/taffy-apple-salad-00.jpg HTTP/2.0" 206 699810 "https://easysalads.com/taffy-apple-salad/" "Mozilla/5.0 (Linux; Android 5.0) AppleWebKit/537.36 (KHTML, like Gecko) Mobile Safari/537.36 (compatible; TikTokSpider; [email protected])"
47.128.115.50 - - [04/May/2026:03:10:54 -0500] "GET /wp-content/uploads/2024/10/taffy-apple-salad-00.jpg HTTP/2.0" 304 0 "https://easysalads.com/taffy-apple-salad/" "Mozilla/5.0 (Linux; Android 5.0) AppleWebKit/537.36 (KHTML, like Gecko) Mobile Safari/537.36 (compatible; TikTokSpider; [email protected])"
154.18.244.252 - - [04/May/2026:03:10:54 -0500] "POST /wp-cron.php?doing_wp_cron=1777882255.0466489791870117187500 HTTP/1.1" 200 11 "-" "WordPress/6.9.4; https://easysalads.com"
47.128.115.50 - - [04/May/2026:03:10:54 -0500] "GET /taffy-apple-salad/ HTTP/2.0" 200 100999 "https://easysalads.com/taffy-apple-salad/" "Mozilla/5.0 (Linux; Android 5.0) AppleWebKit/537.36 (KHTML, like Gecko) Mobile Safari/537.36 (compatible; TikTokSpider; [email protected])"
47.128.115.50 - - [04/May/2026:03:10:56 -0500] "GET /wp-content/uploads/2024/10/taffy-apple-salad-00.jpg HTTP/2.0" 304 0 "https://easysalads.com/taffy-apple-salad/" "Mozilla/5.0 (Linux; Android 5.0) AppleWebKit/537.36 (KHTML, like Gecko) Mobile Safari/537.36 (compatible; TikTokSpider; [email protected])"
47.128.115.50 - - [04/May/2026:03:10:56 -0500] "GET /taffy-apple-salad/ HTTP/2.0" 200 100943 "https://easysalads.com/taffy-apple-salad/" "Mozilla/5.0 (Linux; Android 5.0) AppleWebKit/537.36 (KHTML, like Gecko) Mobile Safari/537.36 (compatible; TikTokSpider; [email protected])"
47.128.115.50 - - [04/May/2026:03:10:56 -0500] "GET /wp-content/uploads/2024/10/taffy-apple-salad-00.jpg HTTP/2.0" 206 699810 "https://easysalads.com/taffy-apple-salad/" "Mozilla/5.0 (Linux; Android 5.0) AppleWebKit/537.36 (KHTML, like Gecko) Mobile Safari/537.36 (compatible; TikTokSpider; [email protected])"
47.128.115.50 - - [04/May/2026:03:10:56 -0500] "GET /wp-content/uploads/2024/10/taffy-apple-salad-00.jpg HTTP/2.0" 304 0 "https://easysalads.com/taffy-apple-salad/" "Mozilla/5.0 (Linux; Android 5.0) AppleWebKit/537.36 (KHTML, like Gecko) Mobile Safari/537.36 (compatible; TikTokSpider; [email protected])"
47.128.115.50 - - [04/May/2026:03:10:57 -0500] "GET /taffy-apple-salad/ HTTP/2.0" 200 101008 "https://easysalads.com/taffy-apple-salad/" "Mozilla/5.0 (Linux; Android 5.0) AppleWebKit/537.36 (KHTML, like Gecko) Mobile Safari/537.36 (compatible; TikTokSpider; [email protected])"
47.128.115.50 - - [04/May/2026:03:10:58 -0500] "GET /wp-content/uploads/2024/10/taffy-apple-salad-00.jpg HTTP/2.0" 304 0 "https://easysalads.com/taffy-apple-salad/" "Mozilla/5.0 (Linux; Android 5.0) AppleWebKit/537.36 (KHTML, like Gecko) Mobile Safari/537.36 (compatible; TikTokSpider; [email protected])"
47.128.115.50 - - [04/May/2026:03:10:58 -0500] "GET /taffy-apple-salad/ HTTP/2.0" 200 100987 "https://easysalads.com/taffy-apple-salad/" "Mozilla/5.0 (Linux; Android 5.0) AppleWebKit/537.36 (KHTML, like Gecko) Mobile Safari/537.36 (compatible; TikTokSpider; [email protected])"
47.128.115.50 - - [04/May/2026:03:10:58 -0500] "GET /wp-content/uploads/2024/10/taffy-apple-salad-00.jpg HTTP/2.0" 206 699810 "https://easysalads.com/taffy-apple-salad/" "Mozilla/5.0 (Linux; Android 5.0) AppleWebKit/537.36 (KHTML, like Gecko) Mobile Safari/537.36 (compatible; TikTokSpider; [email protected])"
47.128.115.50 - - [04/May/2026:03:10:59 -0500] "GET /wp-content/uploads/2024/10/taffy-apple-salad-00.jpg HTTP/2.0" 304 0 "https://easysalads.com/taffy-apple-salad/" "Mozilla/5.0 (Linux; Android 5.0) AppleWebKit/537.36 (KHTML, like Gecko) Mobile Safari/537.36 (compatible; TikTokSpider; [email protected])"
47.128.115.50 - - [04/May/2026:03:10:59 -0500] "GET /taffy-apple-salad/ HTTP/2.0" 200 101005 "https://easysalads.com/taffy-apple-salad/" "Mozilla/5.0 (Linux; Android 5.0) AppleWebKit/537.36 (KHTML, like Gecko) Mobile Safari/537.36 (compatible; TikTokSpider; [email protected])"
47.128.115.50 - - [04/May/2026:03:11:00 -0500] "GET /wp-content/uploads/2024/10/taffy-apple-salad-00.jpg HTTP/2.0" 304 0 "https://easysalads.com/taffy-apple-salad/" "Mozilla/5.0 (Linux; Android 5.0) AppleWebKit/537.36 (KHTML, like Gecko) Mobile Safari/537.36 (compatible; TikTokSpider; [email protected])"
47.128.115.50 - - [04/May/2026:03:11:00 -0500] "GET /taffy-apple-salad/ HTTP/2.0" 200 100968 "https://easysalads.com/taffy-apple-salad/" "Mozilla/5.0 (Linux; Android 5.0) AppleWebKit/537.36 (KHTML, like Gecko) Mobile Safari/537.36 (compatible; TikTokSpider; [email protected])"
47.128.115.50 - - [04/May/2026:03:11:00 -0500] "GET /wp-content/uploads/2024/10/taffy-apple-salad-00.jpg HTTP/2.0" 206 699810 "https://easysalads.com/taffy-apple-salad/" "Mozilla/5.0 (Linux; Android 5.0) AppleWebKit/537.36 (KHTML, like Gecko) Mobile Safari/537.36 (compatible; TikTokSpider; [email protected])"
47.128.115.50 - - [04/May/2026:03:11:01 -0500] "GET /wp-content/uploads/2024/10/taffy-apple-salad-00.jpg HTTP/2.0" 304 0 "https://easysalads.com/taffy-apple-salad/" "Mozilla/5.0 (Linux; Android 5.0) AppleWebKit/537.36 (KHTML, like Gecko) Mobile Safari/537.36 (compatible; TikTokSpider; [email protected])"
47.128.115.50 - - [04/May/2026:03:11:01 -0500] "GET /taffy-apple-salad/ HTTP/2.0" 200 100971 "https://easysalads.com/taffy-apple-salad/" "Mozilla/5.0 (Linux; Android 5.0) AppleWebKit/537.36 (KHTML, like Gecko) Mobile Safari/537.36 (compatible; TikTokSpider; [email protected])"
47.128.115.50 - - [04/May/2026:03:11:02 -0500] "GET /wp-content/uploads/2024/10/taffy-apple-salad-00.jpg HTTP/2.0" 206 500 "https://easysalads.com/taffy-apple-salad/" "Mozilla/5.0 (Linux; Android 5.0) AppleWebKit/537.36 (KHTML, like Gecko) Mobile Safari/537.36 (compatible; TikTokSpider; [email protected])"
47.128.115.50 - - [04/May/2026:03:11:02 -0500] "GET /taffy-apple-salad/ HTTP/2.0" 200 101033 "https://easysalads.com/taffy-apple-salad/" "Mozilla/5.0 (Linux; Android 5.0) AppleWebKit/537.36 (KHTML, like Gecko) Mobile Safari/537.36 (compatible; TikTokSpider; [email protected])"
47.128.115.50 - - [04/May/2026:03:11:02 -0500] "GET /wp-content/uploads/2024/10/taffy-apple-salad-00.jpg HTTP/2.0" 304 0 "https://easysalads.com/taffy-apple-salad/" "Mozilla/5.0 (Linux; Android 5.0) AppleWebKit/537.36 (KHTML, like Gecko) Mobile Safari/537.36 (compatible; TikTokSpider; [email protected])"
47.128.115.50 - - [04/May/2026:03:11:03 -0500] "GET /wp-content/uploads/2024/10/taffy-apple-salad-00.jpg HTTP/2.0" 206 500 "https://easysalads.com/taffy-apple-salad/" "Mozilla/5.0 (Linux; Android 5.0) AppleWebKit/537.36 (KHTML, like Gecko) Mobile Safari/537.36 (compatible; TikTokSpider; [email protected])"
47.128.115.50 - - [04/May/2026:03:11:03 -0500] "GET /taffy-apple-salad/ HTTP/2.0" 200 101004 "https://easysalads.com/taffy-apple-salad/" "Mozilla/5.0 (Linux; Android 5.0) AppleWebKit/537.36 (KHTML, like Gecko) Mobile Safari/537.36 (compatible; TikTokSpider; [email protected])"
47.128.115.50 - - [04/May/2026:03:11:03 -0500] "GET /wp-content/uploads/2024/10/taffy-apple-salad-00.jpg HTTP/2.0" 304 0 "https://easysalads.com/taffy-apple-salad/" "Mozilla/5.0 (Linux; Android 5.0) AppleWebKit/537.36 (KHTML, like Gecko) Mobile Safari/537.36 (compatible; TikTokSpider; [email protected])"
57.128.189.19 - - [04/May/2026:03:11:04 -0500] "GET /?nocache=1777882201 HTTP/2.0" 200 89171 "-" "BigScootsMonitor Mozilla/5.0 (Windows NT 10.0; Win64; x64) AppleWebKit/537.36 (KHTML, like Gecko) Chrome/74.0.3729.169 Safari/537.36"
47.128.115.50 - - [04/May/2026:03:11:04 -0500] "GET /wp-content/uploads/2024/10/taffy-apple-salad-00.jpg HTTP/2.0" 206 500 "https://easysalads.com/taffy-apple-salad/" "Mozilla/5.0 (Linux; Android 5.0) AppleWebKit/537.36 (KHTML, like Gecko) Mobile Safari/537.36 (compatible; TikTokSpider; [email protected])"
47.128.115.50 - - [04/May/2026:03:11:04 -0500] "GET /taffy-apple-salad/ HTTP/2.0" 200 101040 "https://easysalads.com/taffy-apple-salad/" "Mozilla/5.0 (Linux; Android 5.0) AppleWebKit/537.36 (KHTML, like Gecko) Mobile Safari/537.36 (compatible; TikTokSpider; [email protected])"
47.128.115.50 - - [04/May/2026:03:11:04 -0500] "GET /wp-content/uploads/2024/10/taffy-apple-salad-00.jpg HTTP/2.0" 304 0 "https://easysalads.com/taffy-apple-salad/" "Mozilla/5.0 (Linux; Android 5.0) AppleWebKit/537.36 (KHTML, like Gecko) Mobile Safari/537.36 (compatible; TikTokSpider; [email protected])"
47.128.115.50 - - [04/May/2026:03:11:04 -0500] "GET /wp-content/uploads/2024/10/taffy-apple-salad-00.jpg HTTP/2.0" 206 500 "https://easysalads.com/taffy-apple-salad/" "Mozilla/5.0 (Linux; Android 5.0) AppleWebKit/537.36 (KHTML, like Gecko) Mobile Safari/537.36 (compatible; TikTokSpider; [email protected])"
51.222.136.175 - - [04/May/2026:03:11:05 -0500] "GET /?nocache=1777882201 HTTP/2.0" 200 89171 "-" "BigScootsMonitor Mozilla/5.0 (Windows NT 10.0; Win64; x64) AppleWebKit/537.36 (KHTML, like Gecko) Chrome/74.0.3729.169 Safari/537.36"
47.128.115.50 - - [04/May/2026:03:11:05 -0500] "GET /wp-content/uploads/2024/10/taffy-apple-salad-00.jpg HTTP/2.0" 304 0 "https://easysalads.com/taffy-apple-salad/" "Mozilla/5.0 (Linux; Android 5.0) AppleWebKit/537.36 (KHTML, like Gecko) Mobile Safari/537.36 (compatible; TikTokSpider; [email protected])"
47.128.115.50 - - [04/May/2026:03:11:05 -0500] "GET /taffy-apple-salad/ HTTP/2.0" 200 100979 "https://easysalads.com/taffy-apple-salad/" "Mozilla/5.0 (Linux; Android 5.0) AppleWebKit/537.36 (KHTML, like Gecko) Mobile Safari/537.36 (compatible; TikTokSpider; [email protected])"
47.128.115.50 - - [04/May/2026:03:11:05 -0500] "GET /wp-content/uploads/2024/10/taffy-apple-salad-00.jpg HTTP/2.0" 206 699810 "https://easysalads.com/taffy-apple-salad/" "Mozilla/5.0 (Linux; Android 5.0) AppleWebKit/537.36 (KHTML, like Gecko) Mobile Safari/537.36 (compatible; TikTokSpider; [email protected])"
47.128.115.50 - - [04/May/2026:03:11:06 -0500] "GET /wp-content/uploads/2024/10/taffy-apple-salad-00.jpg HTTP/2.0" 304 0 "https://easysalads.com/taffy-apple-salad/" "Mozilla/5.0 (Linux; Android 5.0) AppleWebKit/537.36 (KHTML, like Gecko) Mobile Safari/537.36 (compatible; TikTokSpider; [email protected])"
47.128.115.50 - - [04/May/2026:03:11:06 -0500] "GET /taffy-apple-salad/ HTTP/2.0" 200 100982 "https://easysalads.com/taffy-apple-salad/" "Mozilla/5.0 (Linux; Android 5.0) AppleWebKit/537.36 (KHTML, like Gecko) Mobile Safari/537.36 (compatible; TikTokSpider; [email protected])"
47.128.115.50 - - [04/May/2026:03:11:07 -0500] "GET /wp-content/uploads/2024/10/taffy-apple-salad-00.jpg HTTP/2.0" 206 500 "https://easysalads.com/taffy-apple-salad/" "Mozilla/5.0 (Linux; Android 5.0) AppleWebKit/537.36 (KHTML, like Gecko) Mobile Safari/537.36 (compatible; TikTokSpider; [email protected])"
47.128.115.50 - - [04/May/2026:03:11:07 -0500] "GET /taffy-apple-salad/ HTTP/2.0" 200 101015 "https://easysalads.com/taffy-apple-salad/" "Mozilla/5.0 (Linux; Android 5.0) AppleWebKit/537.36 (KHTML, like Gecko) Mobile Safari/537.36 (compatible; TikTokSpider; [email protected])"
47.128.115.50 - - [04/May/2026:03:11:07 -0500] "GET /wp-content/uploads/2024/10/taffy-apple-salad-00.jpg HTTP/2.0" 304 0 "https://easysalads.com/taffy-apple-salad/" "Mozilla/5.0 (Linux; Android 5.0) AppleWebKit/537.36 (KHTML, like Gecko) Mobile Safari/537.36 (compatible; TikTokSpider; [email protected])"
47.128.115.50 - - [04/May/2026:03:11:08 -0500] "GET /wp-content/uploads/2024/10/taffy-apple-salad-00.jpg HTTP/2.0" 206 500 "https://easysalads.com/taffy-apple-salad/" "Mozilla/5.0 (Linux; Android 5.0) AppleWebKit/537.36 (KHTML, like Gecko) Mobile Safari/537.36 (compatible; TikTokSpider; [email protected])"
47.128.115.50 - - [04/May/2026:03:11:08 -0500] "GET /taffy-apple-salad/ HTTP/2.0" 200 100983 "https://easysalads.com/taffy-apple-salad/" "Mozilla/5.0 (Linux; Android 5.0) AppleWebKit/537.36 (KHTML, like Gecko) Mobile Safari/537.36 (compatible; TikTokSpider; [email protected])"
47.128.115.50 - - [04/May/2026:03:11:08 -0500] "GET /wp-content/uploads/2024/10/taffy-apple-salad-00.jpg HTTP/2.0" 304 0 "https://easysalads.com/taffy-apple-salad/" "Mozilla/5.0 (Linux; Android 5.0) AppleWebKit/537.36 (KHTML, like Gecko) Mobile Safari/537.36 (compatible; TikTokSpider; [email protected])"
47.128.115.50 - - [04/May/2026:03:11:08 -0500] "GET /wp-content/uploads/2024/10/taffy-apple-salad-00.jpg HTTP/2.0" 206 500 "https://easysalads.com/taffy-apple-salad/" "Mozilla/5.0 (Linux; Android 5.0) AppleWebKit/537.36 (KHTML, like Gecko) Mobile Safari/537.36 (compatible; TikTokSpider; [email protected])"
47.128.115.50 - - [04/May/2026:03:11:08 -0500] "GET /wp-content/uploads/2024/10/taffy-apple-salad-00.jpg HTTP/2.0" 304 0 "https://easysalads.com/taffy-apple-salad/" "Mozilla/5.0 (Linux; Android 5.0) AppleWebKit/537.36 (KHTML, like Gecko) Mobile Safari/537.36 (compatible; TikTokSpider; [email protected])"
47.128.115.50 - - [04/May/2026:03:11:08 -0500] "GET /taffy-apple-salad/ HTTP/2.0" 200 100975 "https://easysalads.com/taffy-apple-salad/" "Mozilla/5.0 (Linux; Android 5.0) AppleWebKit/537.36 (KHTML, like Gecko) Mobile Safari/537.36 (compatible; TikTokSpider; [email protected])"
47.128.115.50 - - [04/May/2026:03:11:09 -0500] "GET /wp-content/uploads/2024/10/taffy-apple-salad-00.jpg HTTP/2.0" 206 699810 "https://easysalads.com/taffy-apple-salad/" "Mozilla/5.0 (Linux; Android 5.0) AppleWebKit/537.36 (KHTML, like Gecko) Mobile Safari/537.36 (compatible; TikTokSpider; [email protected])"
47.128.115.50 - - [04/May/2026:03:11:09 -0500] "GET /wp-content/uploads/2024/10/taffy-apple-salad-00.jpg HTTP/2.0" 304 0 "https://easysalads.com/taffy-apple-salad/" "Mozilla/5.0 (Linux; Android 5.0) AppleWebKit/537.36 (KHTML, like Gecko) Mobile Safari/537.36 (compatible; TikTokSpider; [email protected])"
47.128.115.50 - - [04/May/2026:03:11:09 -0500] "GET /taffy-apple-salad/ HTTP/2.0" 200 100984 "https://easysalads.com/taffy-apple-salad/" "Mozilla/5.0 (Linux; Android 5.0) AppleWebKit/537.36 (KHTML, like Gecko) Mobile Safari/537.36 (compatible; TikTokSpider; [email protected])"
47.128.115.50 - - [04/May/2026:03:11:10 -0500] "GET /wp-content/uploads/2024/10/taffy-apple-salad-00.jpg HTTP/2.0" 206 500 "https://easysalads.com/taffy-apple-salad/" "Mozilla/5.0 (Linux; Android 5.0) AppleWebKit/537.36 (KHTML, like Gecko) Mobile Safari/537.36 (compatible; TikTokSpider; [email protected])"
47.128.115.50 - - [04/May/2026:03:11:10 -0500] "GET /taffy-apple-salad/ HTTP/2.0" 200 100981 "https://easysalads.com/taffy-apple-salad/" "Mozilla/5.0 (Linux; Android 5.0) AppleWebKit/537.36 (KHTML, like Gecko) Mobile Safari/537.36 (compatible; TikTokSpider; [email protected])"
47.128.115.50 - - [04/May/2026:03:11:11 -0500] "GET /wp-content/uploads/2024/10/taffy-apple-salad-00.jpg HTTP/2.0" 304 0 "https://easysalads.com/taffy-apple-salad/" "Mozilla/5.0 (Linux; Android 5.0) AppleWebKit/537.36 (KHTML, like Gecko) Mobile Safari/537.36 (compatible; TikTokSpider; [email protected])"
47.128.115.50 - - [04/May/2026:03:11:11 -0500] "GET /wp-content/uploads/2024/10/taffy-apple-salad-00.jpg HTTP/2.0" 206 500 "https://easysalads.com/taffy-apple-salad/" "Mozilla/5.0 (Linux; Android 5.0) AppleWebKit/537.36 (KHTML, like Gecko) Mobile Safari/537.36 (compatible; TikTokSpider; [email protected])"
47.128.115.50 - - [04/May/2026:03:11:11 -0500] "GET /taffy-apple-salad/ HTTP/2.0" 200 101019 "https://easysalads.com/taffy-apple-salad/" "Mozilla/5.0 (Linux; Android 5.0) AppleWebKit/537.36 (KHTML, like Gecko) Mobile Safari/537.36 (compatible; TikTokSpider; [email protected])"
47.128.115.50 - - [04/May/2026:03:11:12 -0500] "GET /wp-content/uploads/2024/10/taffy-apple-salad-00.jpg HTTP/2.0" 304 0 "https://easysalads.com/taffy-apple-salad/" "Mozilla/5.0 (Linux; Android 5.0) AppleWebKit/537.36 (KHTML, like Gecko) Mobile Safari/537.36 (compatible; TikTokSpider; [email protected])"
47.128.115.50 - - [04/May/2026:03:11:12 -0500] "GET /wp-content/uploads/2024/10/taffy-apple-salad-00.jpg HTTP/2.0" 206 500 "https://easysalads.com/taffy-apple-salad/" "Mozilla/5.0 (Linux; Android 5.0) AppleWebKit/537.36 (KHTML, like Gecko) Mobile Safari/537.36 (compatible; TikTokSpider; [email protected])"
47.128.115.50 - - [04/May/2026:03:11:12 -0500] "GET /wp-content/uploads/2024/10/taffy-apple-salad-00.jpg HTTP/2.0" 304 0 "https://easysalads.com/taffy-apple-salad/" "Mozilla/5.0 (Linux; Android 5.0) AppleWebKit/537.36 (KHTML, like Gecko) Mobile Safari/537.36 (compatible; TikTokSpider; [email protected])"
47.128.115.50 - - [04/May/2026:03:11:12 -0500] "GET /taffy-apple-salad/ HTTP/2.0" 200 100986 "https://easysalads.com/taffy-apple-salad/" "Mozilla/5.0 (Linux; Android 5.0) AppleWebKit/537.36 (KHTML, like Gecko) Mobile Safari/537.36 (compatible; TikTokSpider; [email protected])"
47.128.115.50 - - [04/May/2026:03:11:13 -0500] "GET /wp-content/uploads/2024/10/taffy-apple-salad-00.jpg HTTP/2.0" 206 699810 "https://easysalads.com/taffy-apple-salad/" "Mozilla/5.0 (Linux; Android 5.0) AppleWebKit/537.36 (KHTML, like Gecko) Mobile Safari/537.36 (compatible; TikTokSpider; [email protected])"
47.128.115.50 - - [04/May/2026:03:11:13 -0500] "GET /wp-content/uploads/2024/10/taffy-apple-salad-00.jpg HTTP/2.0" 304 0 "https://easysalads.com/taffy-apple-salad/" "Mozilla/5.0 (Linux; Android 5.0) AppleWebKit/537.36 (KHTML, like Gecko) Mobile Safari/537.36 (compatible; TikTokSpider; [email protected])"
47.128.115.50 - - [04/May/2026:03:11:13 -0500] "GET /taffy-apple-salad/ HTTP/2.0" 200 100999 "https://easysalads.com/taffy-apple-salad/" "Mozilla/5.0 (Linux; Android 5.0) AppleWebKit/537.36 (KHTML, like Gecko) Mobile Safari/537.36 (compatible; TikTokSpider; [email protected])"
47.128.115.50 - - [04/May/2026:03:11:14 -0500] "GET /wp-content/uploads/2024/10/taffy-apple-salad-00.jpg HTTP/2.0" 304 0 "https://easysalads.com/taffy-apple-salad/" "Mozilla/5.0 (Linux; Android 5.0) AppleWebKit/537.36 (KHTML, like Gecko) Mobile Safari/537.36 (compatible; TikTokSpider; [email protected])"
34.229.53.118 - - [04/May/2026:03:11:14 -0500] "GET /taffy-apple-salad/ HTTP/1.1" 200 127636 "-" "Mozilla/5.0 (compatible; proximic; +https://www.comscore.com/Web-Crawler)"
47.128.115.50 - - [04/May/2026:03:11:14 -0500] "GET /taffy-apple-salad/ HTTP/2.0" 200 101027 "https://easysalads.com/taffy-apple-salad/" "Mozilla/5.0 (Linux; Android 5.0) AppleWebKit/537.36 (KHTML, like Gecko) Mobile Safari/537.36 (compatible; TikTokSpider; [email protected])"
47.128.115.50 - - [04/May/2026:03:11:15 -0500] "GET /wp-content/uploads/2024/10/taffy-apple-salad-00.jpg HTTP/2.0" 206 699810 "https://easysalads.com/taffy-apple-salad/" "Mozilla/5.0 (Linux; Android 5.0) AppleWebKit/537.36 (KHTML, like Gecko) Mobile Safari/537.36 (compatible; TikTokSpider; [email protected])"
47.128.115.50 - - [04/May/2026:03:11:15 -0500] "GET /wp-content/uploads/2024/10/taffy-apple-salad-00.jpg HTTP/2.0" 304 0 "https://easysalads.com/taffy-apple-salad/" "Mozilla/5.0 (Linux; Android 5.0) AppleWebKit/537.36 (KHTML, like Gecko) Mobile Safari/537.36 (compatible; TikTokSpider; [email protected])"
47.128.115.50 - - [04/May/2026:03:11:15 -0500] "GET /taffy-apple-salad/ HTTP/2.0" 200 101026 "https://easysalads.com/taffy-apple-salad/" "Mozilla/5.0 (Linux; Android 5.0) AppleWebKit/537.36 (KHTML, like Gecko) Mobile Safari/537.36 (compatible; TikTokSpider; [email protected])"
92.205.109.21 - - [04/May/2026:03:11:34 -0500] "GET /wp-login.php HTTP/2.0" 200 1882 "-" "Mozilla/5.0 (Macintosh; Intel Mac OS X 10_11_6) AppleWebKit/605.1.15 (KHTML, like Gecko) Version/11.1 Safari/605.1.15"
92.205.109.21 - - [04/May/2026:03:11:35 -0500] "POST /wp-login.php HTTP/2.0" 200 2018 "https://easysalads.com/wp-login.php" "Mozilla/5.0 (Macintosh; Intel Mac OS X 10_11_6) AppleWebKit/605.1.15 (KHTML, like Gecko) Version/11.1 Safari/605.1.15"
66.249.66.75 - - [04/May/2026:03:11:45 -0500] "GET /wp-content/uploads/2024/02/southern-potato-salad-02-480x270.jpg HTTP/1.1" 200 48624 "-" "Googlebot-Image/1.0"
74.119.117.234 - - [04/May/2026:03:11:50 -0500] "GET /wprm_print/broccoli-raisin-salad HTTP/1.1" 200 10760 "-" "CriteoBot/0.1 (+https://www.criteo.com/criteo-crawler/)"
90.213.6.216 - - [04/May/2026:03:12:04 -0500] "GET /wp-content/plugins/kadence-blocks/dist/style-blocks-rowlayout.css?ver=3.6.7 HTTP/2.0" 200 1771 "https://easysalads.com/easy-5-bean-salad/" "Mozilla/5.0 (iPhone; CPU iPhone OS 17_6_1 like Mac OS X) AppleWebKit/605.1.15 (KHTML, like Gecko) Version/17.6 Mobile/15E148 Safari/604.1"
90.213.6.216 - - [04/May/2026:03:12:04 -0500] "GET /wp-content/plugins/kadence-blocks/dist/style-blocks-column.css?ver=3.6.7 HTTP/2.0" 200 428 "https://easysalads.com/easy-5-bean-salad/" "Mozilla/5.0 (iPhone; CPU iPhone OS 17_6_1 like Mac OS X) AppleWebKit/605.1.15 (KHTML, like Gecko) Version/17.6 Mobile/15E148 Safari/604.1"
90.213.6.216 - - [04/May/2026:03:12:04 -0500] "GET /wp-content/plugins/kadence-blocks/dist/style-blocks-infobox.css?ver=3.6.7 HTTP/2.0" 200 1340 "https://easysalads.com/easy-5-bean-salad/" "Mozilla/5.0 (iPhone; CPU iPhone OS 17_6_1 like Mac OS X) AppleWebKit/605.1.15 (KHTML, like Gecko) Version/17.6 Mobile/15E148 Safari/604.1"
90.213.6.216 - - [04/May/2026:03:12:04 -0500] "GET /wp-content/plugins/kadence-blocks-pro/dist/style-blocks-postgrid.css?ver=2.8.13.1 HTTP/2.0" 200 2795 "https://easysalads.com/easy-5-bean-salad/" "Mozilla/5.0 (iPhone; CPU iPhone OS 17_6_1 like Mac OS X) AppleWebKit/605.1.15 (KHTML, like Gecko) Version/17.6 Mobile/15E148 Safari/604.1"
90.213.6.216 - - [04/May/2026:03:12:04 -0500] "GET /wp-content/plugins/wp-recipe-maker/dist/public-modern.css?ver=10.5.0 HTTP/2.0" 200 7712 "https://easysalads.com/easy-5-bean-salad/" "Mozilla/5.0 (iPhone; CPU iPhone OS 17_6_1 like Mac OS X) AppleWebKit/605.1.15 (KHTML, like Gecko) Version/17.6 Mobile/15E148 Safari/604.1"
90.213.6.216 - - [04/May/2026:03:12:04 -0500] "GET /wp-content/plugins/wp-recipe-maker-premium/dist/public-pro.css?ver=10.5.0 HTTP/2.0" 200 6796 "https://easysalads.com/easy-5-bean-salad/" "Mozilla/5.0 (iPhone; CPU iPhone OS 17_6_1 like Mac OS X) AppleWebKit/605.1.15 (KHTML, like Gecko) Version/17.6 Mobile/15E148 Safari/604.1"
90.213.6.216 - - [04/May/2026:03:12:04 -0500] "GET /wp-content/themes/kadence/assets/css/global.min.css?ver=1.1.22 HTTP/2.0" 200 4256 "https://easysalads.com/easy-5-bean-salad/" "Mozilla/5.0 (iPhone; CPU iPhone OS 17_6_1 like Mac OS X) AppleWebKit/605.1.15 (KHTML, like Gecko) Version/17.6 Mobile/15E148 Safari/604.1"
90.213.6.216 - - [04/May/2026:03:12:04 -0500] "GET /wp-content/themes/kadence/assets/css/header.min.css?ver=1.1.22 HTTP/2.0" 200 4295 "https://easysalads.com/easy-5-bean-salad/" "Mozilla/5.0 (iPhone; CPU iPhone OS 17_6_1 like Mac OS X) AppleWebKit/605.1.15 (KHTML, like Gecko) Version/17.6 Mobile/15E148 Safari/604.1"
90.213.6.216 - - [04/May/2026:03:12:04 -0500] "GET /wp-content/themes/kadence/assets/css/content.min.css?ver=1.1.22 HTTP/2.0" 200 5512 "https://easysalads.com/easy-5-bean-salad/" "Mozilla/5.0 (iPhone; CPU iPhone OS 17_6_1 like Mac OS X) AppleWebKit/605.1.15 (KHTML, like Gecko) Version/17.6 Mobile/15E148 Safari/604.1"
90.213.6.216 - - [04/May/2026:03:12:04 -0500] "GET /wp-content/themes/kadence/assets/css/comments.min.css?ver=1.1.22 HTTP/2.0" 200 1289 "https://easysalads.com/easy-5-bean-salad/" "Mozilla/5.0 (iPhone; CPU iPhone OS 17_6_1 like Mac OS X) AppleWebKit/605.1.15 (KHTML, like Gecko) Version/17.6 Mobile/15E148 Safari/604.1"
90.213.6.216 - - [04/May/2026:03:12:04 -0500] "GET /wp-content/themes/kadence/assets/css/sidebar.min.css?ver=1.1.22 HTTP/2.0" 200 749 "https://easysalads.com/easy-5-bean-salad/" "Mozilla/5.0 (iPhone; CPU iPhone OS 17_6_1 like Mac OS X) AppleWebKit/605.1.15 (KHTML, like Gecko) Version/17.6 Mobile/15E148 Safari/604.1"
90.213.6.216 - - [04/May/2026:03:12:04 -0500] "GET /wp-content/themes/kadence/assets/css/footer.min.css?ver=1.1.22 HTTP/2.0" 200 1580 "https://easysalads.com/easy-5-bean-salad/" "Mozilla/5.0 (iPhone; CPU iPhone OS 17_6_1 like Mac OS X) AppleWebKit/605.1.15 (KHTML, like Gecko) Version/17.6 Mobile/15E148 Safari/604.1"
90.213.6.216 - - [04/May/2026:03:12:04 -0500] "GET /wp-content/plugins/kadence-pro/dist/mega-menu/menu-addon.css?ver=1.1.19 HTTP/2.0" 200 1126 "https://easysalads.com/easy-5-bean-salad/" "Mozilla/5.0 (iPhone; CPU iPhone OS 17_6_1 like Mac OS X) AppleWebKit/605.1.15 (KHTML, like Gecko) Version/17.6 Mobile/15E148 Safari/604.1"
90.213.6.216 - - [04/May/2026:03:12:04 -0500] "GET /wp-content/plugins/social-pug/assets/dist/style-frontend-pro.css?ver=2.28.0 HTTP/2.0" 200 11454 "https://easysalads.com/easy-5-bean-salad/" "Mozilla/5.0 (iPhone; CPU iPhone OS 17_6_1 like Mac OS X) AppleWebKit/605.1.15 (KHTML, like Gecko) Version/17.6 Mobile/15E148 Safari/604.1"
90.213.6.216 - - [04/May/2026:03:12:04 -0500] "GET /wp-content/plugins/kadence-blocks/dist/style-blocks-spacer.css?ver=3.6.7 HTTP/2.0" 200 385 "https://easysalads.com/easy-5-bean-salad/" "Mozilla/5.0 (iPhone; CPU iPhone OS 17_6_1 like Mac OS X) AppleWebKit/605.1.15 (KHTML, like Gecko) Version/17.6 Mobile/15E148 Safari/604.1"
90.213.6.216 - - [04/May/2026:03:12:04 -0500] "GET /wp-content/plugins/kadence-blocks/dist/style-blocks-iconlist.css?ver=3.6.7 HTTP/2.0" 200 597 "https://easysalads.com/easy-5-bean-salad/" "Mozilla/5.0 (iPhone; CPU iPhone OS 17_6_1 like Mac OS X) AppleWebKit/605.1.15 (KHTML, like Gecko) Version/17.6 Mobile/15E148 Safari/604.1"
90.213.6.216 - - [04/May/2026:03:12:04 -0500] "GET /wp-content/themes/restored316-sage/style.css?ver=1_0_1 HTTP/2.0" 200 1089 "https://easysalads.com/easy-5-bean-salad/" "Mozilla/5.0 (iPhone; CPU iPhone OS 17_6_1 like Mac OS X) AppleWebKit/605.1.15 (KHTML, like Gecko) Version/17.6 Mobile/15E148 Safari/604.1"
90.213.6.216 - - [04/May/2026:03:12:04 -0500] "GET /wp-content/plugins/wpforms-lite/assets/css/frontend/modern/wpforms-full.min.css?ver=1.10.0.4 HTTP/2.0" 200 14792 "https://easysalads.com/easy-5-bean-salad/" "Mozilla/5.0 (iPhone; CPU iPhone OS 17_6_1 like Mac OS X) AppleWebKit/605.1.15 (KHTML, like Gecko) Version/17.6 Mobile/15E148 Safari/604.1"
90.213.6.216 - - [04/May/2026:03:12:04 -0500] "GET /wp-content/uploads/2022/09/Easy-Salads-website-logo-1536x451.png HTTP/2.0" 200 71572 "https://easysalads.com/easy-5-bean-salad/" "Mozilla/5.0 (iPhone; CPU iPhone OS 17_6_1 like Mac OS X) AppleWebKit/605.1.15 (KHTML, like Gecko) Version/17.6 Mobile/15E148 Safari/604.1"
90.213.6.216 - - [04/May/2026:03:12:04 -0500] "GET /wp-content/plugins/wp-recipe-maker/dist/public-modern.js?ver=10.5.0 HTTP/2.0" 200 23744 "https://easysalads.com/easy-5-bean-salad/" "Mozilla/5.0 (iPhone; CPU iPhone OS 17_6_1 like Mac OS X) AppleWebKit/605.1.15 (KHTML, like Gecko) Version/17.6 Mobile/15E148 Safari/604.1"
90.213.6.216 - - [04/May/2026:03:12:04 -0500] "GET /wp-content/plugins/wp-recipe-maker-premium/dist/public-pro.js?ver=10.5.0 HTTP/2.0" 200 20140 "https://easysalads.com/easy-5-bean-salad/" "Mozilla/5.0 (iPhone; CPU iPhone OS 17_6_1 like Mac OS X) AppleWebKit/605.1.15 (KHTML, like Gecko) Version/17.6 Mobile/15E148 Safari/604.1"
90.213.6.216 - - [04/May/2026:03:12:04 -0500] "GET /wp-content/themes/kadence/assets/js/navigation-lite.min.js?ver=1.1.21 HTTP/2.0" 200 2083 "https://easysalads.com/easy-5-bean-salad/" "Mozilla/5.0 (iPhone; CPU iPhone OS 17_6_1 like Mac OS X) AppleWebKit/605.1.15 (KHTML, like Gecko) Version/17.6 Mobile/15E148 Safari/604.1"
90.213.6.216 - - [04/May/2026:03:12:04 -0500] "GET /wp-content/plugins/kadence-pro/dist/mega-menu/kadence-mega-menu.min.js?ver=1.1.19 HTTP/2.0" 200 457 "https://easysalads.com/easy-5-bean-salad/" "Mozilla/5.0 (iPhone; CPU iPhone OS 17_6_1 like Mac OS X) AppleWebKit/605.1.15 (KHTML, like Gecko) Version/17.6 Mobile/15E148 Safari/604.1"
90.213.6.216 - - [04/May/2026:03:12:04 -0500] "GET /wp-content/plugins/akismet/_inc/akismet-frontend.js?ver=1764724306 HTTP/2.0" 200 3016 "https://easysalads.com/easy-5-bean-salad/" "Mozilla/5.0 (iPhone; CPU iPhone OS 17_6_1 like Mac OS X) AppleWebKit/605.1.15 (KHTML, like Gecko) Version/17.6 Mobile/15E148 Safari/604.1"
90.213.6.216 - - [04/May/2026:03:12:04 -0500] "GET /wp-content/plugins/wpforms-lite/assets/lib/jquery.validate.min.js?ver=1.21.0 HTTP/2.0" 200 7807 "https://easysalads.com/easy-5-bean-salad/" "Mozilla/5.0 (iPhone; CPU iPhone OS 17_6_1 like Mac OS X) AppleWebKit/605.1.15 (KHTML, like Gecko) Version/17.6 Mobile/15E148 Safari/604.1"
90.213.6.216 - - [04/May/2026:03:12:04 -0500] "GET /wp-content/plugins/wpforms-lite/assets/lib/punycode.min.js?ver=1.0.0 HTTP/2.0" 200 834 "https://easysalads.com/easy-5-bean-salad/" "Mozilla/5.0 (iPhone; CPU iPhone OS 17_6_1 like Mac OS X) AppleWebKit/605.1.15 (KHTML, like Gecko) Version/17.6 Mobile/15E148 Safari/604.1"
90.213.6.216 - - [04/May/2026:03:12:04 -0500] "GET /wp-content/plugins/wpforms-lite/assets/js/frontend/wpforms.min.js?ver=1.10.0.4 HTTP/2.0" 200 14614 "https://easysalads.com/easy-5-bean-salad/" "Mozilla/5.0 (iPhone; CPU iPhone OS 17_6_1 like Mac OS X) AppleWebKit/605.1.15 (KHTML, like Gecko) Version/17.6 Mobile/15E148 Safari/604.1"
90.213.6.216 - - [04/May/2026:03:12:04 -0500] "GET /wp-content/plugins/wpforms-lite/assets/js/frontend/wpforms-modern.min.js?ver=1.10.0.4 HTTP/2.0" 200 1866 "https://easysalads.com/easy-5-bean-salad/" "Mozilla/5.0 (iPhone; CPU iPhone OS 17_6_1 like Mac OS X) AppleWebKit/605.1.15 (KHTML, like Gecko) Version/17.6 Mobile/15E148 Safari/604.1"
90.213.6.216 - - [04/May/2026:03:12:04 -0500] "GET /wp-content/plugins/wpforms-lite/assets/js/frontend/fields/address.min.js?ver=1.10.0.4 HTTP/2.0" 200 673 "https://easysalads.com/easy-5-bean-salad/" "Mozilla/5.0 (iPhone; CPU iPhone OS 17_6_1 like Mac OS X) AppleWebKit/605.1.15 (KHTML, like Gecko) Version/17.6 Mobile/15E148 Safari/604.1"
90.213.6.216 - - [04/May/2026:03:12:05 -0500] "GET /wp-content/uploads/2022/11/5-Bean-Salad-00.jpg HTTP/2.0" 200 626193 "https://easysalads.com/easy-5-bean-salad/" "Mozilla/5.0 (iPhone; CPU iPhone OS 17_6_1 like Mac OS X) AppleWebKit/605.1.15 (KHTML, like Gecko) Version/17.6 Mobile/15E148 Safari/604.1"
90.213.6.216 - - [04/May/2026:03:12:05 -0500] "GET /wp-content/plugins/wpforms-lite/assets/images/submit-spin.svg HTTP/2.0" 200 509 "https://easysalads.com/easy-5-bean-salad/" "Mozilla/5.0 (iPhone; CPU iPhone OS 17_6_1 like Mac OS X) AppleWebKit/605.1.15 (KHTML, like Gecko) Version/17.6 Mobile/15E148 Safari/604.1"
90.213.6.216 - - [04/May/2026:03:12:05 -0500] "GET /wp-content/uploads/2022/11/5-Bean-Salad-02.jpg HTTP/2.0" 200 352148 "https://easysalads.com/easy-5-bean-salad/" "Mozilla/5.0 (iPhone; CPU iPhone OS 17_6_1 like Mac OS X) AppleWebKit/605.1.15 (KHTML, like Gecko) Version/17.6 Mobile/15E148 Safari/604.1"
90.213.6.216 - - [04/May/2026:03:12:05 -0500] "GET /wp-content/plugins/wp-recipe-maker/assets/icons/rating/stars-alt-5.svg HTTP/2.0" 200 976 "https://easysalads.com/easy-5-bean-salad/" "Mozilla/5.0 (iPhone; CPU iPhone OS 17_6_1 like Mac OS X) AppleWebKit/605.1.15 (KHTML, like Gecko) Version/17.6 Mobile/15E148 Safari/604.1"
34.207.200.42 - - [04/May/2026:03:12:26 -0500] "GET /southern-potato-salad/ HTTP/1.1" 200 131104 "-" "Mozilla/5.0 (compatible; proximic; +https://www.comscore.com/Web-Crawler)"
139.218.233.53 - - [04/May/2026:03:12:47 -0500] "GET /wp-content/uploads/2024/02/broccoli-raisin-salad-04.jpg HTTP/2.0" 200 838646 "https://au.images.search.yahoo.com/search/images?type=E210AU1357G0&p=broccoli+salad+recipe&fr=mcafee&imgurl=https%3A%2F%2Fwww.bing.com%2Fimages%2Fsearch%3Fview%3DdetailV2%26ccid%3DLa55OJvu%26id%3DB0F368333F9084BD0D55717F61107D9DFF44777C%26thid%3DOIP.La55OJvuOgxuX5NI81gfiQHaDt%26mediaurl%3Dhttps%3A%2F%2Fwww.allrecipes.com%2Fthmb%2F8hJYeiyZrlEnF5fMCUvhfE3jrSs%3D%2F1500x0%2Ffilters%3Ano_upscale%28%29%3Amax_bytes%28150000%29%3Astrip_icc%28%29%2F14280-fresh-broccoli-salad-DDMFS-beauty-2x1-d8b64835f5b8427f9a89c2834ccbac43.jpg%26exph%3D750%26expw%3D1500%26q%3Dbroccoli%2520salad%2520recipe%26ck%3DDEB789CC5B6686AA07476394078A052D%26idpp%3Drc%26idpview%3Dsingleimage%26form%3Drc2idp&name=broccoli+salad+recipe5&turl=https%3A%2F%2Fsp.yimg.com%2Fib%2Fth%2Fid%2FOIP.La55OJvuOgxuX5NI81gfiQHaDt%3Fpid%3DApi%26w%3D148%26h%3D148%26c%3D7%26rs%3D1&tt=broccoli+salad+recipe5&sigit=mL_6OVNf3iDA&sigi=WZS1fnDPMXE0&sign=tKLzFVZwmcQh&sigt=tKLzFVZwmcQh" "Mozilla/5.0 (Windows NT 10.0; Win64; x64) AppleWebKit/537.36 (KHTML, like Gecko) Chrome/147.0.0.0 Safari/537.36"
154.18.244.252 - - [04/May/2026:03:13:04 -0500] "POST /wp-cron.php?doing_wp_cron=1777882384.0769801139831542968750 HTTP/1.1" 200 11 "-" "WordPress/6.9.4; https://easysalads.com"
57.128.189.19 - - [04/May/2026:03:13:04 -0500] "GET /?nocache=1777882321 HTTP/2.0" 200 89171 "-" "BigScootsMonitor Mozilla/5.0 (Windows NT 10.0; Win64; x64) AppleWebKit/537.36 (KHTML, like Gecko) Chrome/74.0.3729.169 Safari/537.36"
51.222.136.175 - - [04/May/2026:03:13:04 -0500] "GET /?nocache=1777882321 HTTP/2.0" 200 89171 "-" "BigScootsMonitor Mozilla/5.0 (Windows NT 10.0; Win64; x64) AppleWebKit/537.36 (KHTML, like Gecko) Chrome/74.0.3729.169 Safari/537.36"
74.125.215.142 - - [04/May/2026:03:13:34 -0500] "GET /.well-known/traffic-advice HTTP/1.1" 404 146 "-" "Chrome Privacy Preserving Prefetch Proxy"
193.186.4.227 - - [04/May/2026:03:13:34 -0500] "GET /pulled-pork-salad/ HTTP/2.0" 200 101596 "https://www.google.com/" "Mozilla/5.0 (Linux; Android 10; K) AppleWebKit/537.36 (KHTML, like Gecko) Chrome/147.0.0.0 Mobile Safari/537.36"
100.28.194.104 - - [04/May/2026:03:13:57 -0500] "GET /wp-json/wp/v2/tags?order=asc&per_page=100&page=5 HTTP/2.0" 200 6 "-" "Mozilla/5.0 (Windows NT 10.0; Win64; x64)AppleWebKit/537.36 (KHTML, like Gecko)Chrome/145.0.0.0 Safari/537.36 Edg/145.0.0.0"
100.28.194.104 - - [04/May/2026:03:13:57 -0500] "GET /wp-json/wp/v2/tags?order=asc&per_page=100&page=3 HTTP/2.0" 200 6 "-" "Mozilla/5.0 (Windows NT 10.0; Win64; x64)AppleWebKit/537.36 (KHTML, like Gecko)Chrome/145.0.0.0 Safari/537.36 Edg/145.0.0.0"
100.28.194.104 - - [04/May/2026:03:13:57 -0500] "GET /wp-json/wp/v2/tags?order=asc&per_page=100&page=1 HTTP/2.0" 200 1335 "-" "Mozilla/5.0 (Windows NT 10.0; Win64; x64)AppleWebKit/537.36 (KHTML, like Gecko)Chrome/145.0.0.0 Safari/537.36 Edg/145.0.0.0"
154.18.244.252 - - [04/May/2026:03:13:57 -0500] "POST /wp-cron.php?doing_wp_cron=1777882437.5352780818939208984375 HTTP/1.1" 200 11 "-" "WordPress/6.9.4; https://easysalads.com"
100.28.194.104 - - [04/May/2026:03:13:57 -0500] "GET /wp-json/wp/v2/tags?order=asc&per_page=100&page=2 HTTP/2.0" 200 6 "-" "Mozilla/5.0 (Windows NT 10.0; Win64; x64)AppleWebKit/537.36 (KHTML, like Gecko)Chrome/145.0.0.0 Safari/537.36 Edg/145.0.0.0"
100.28.194.104 - - [04/May/2026:03:13:57 -0500] "GET /wp-json/wp/v2/tags?order=asc&per_page=100&page=4 HTTP/2.0" 200 6 "-" "Mozilla/5.0 (Windows NT 10.0; Win64; x64)AppleWebKit/537.36 (KHTML, like Gecko)Chrome/145.0.0.0 Safari/537.36 Edg/145.0.0.0"
154.18.244.252 - - [04/May/2026:03:15:04 -0500] "POST /wp-cron.php?doing_wp_cron=1777882504.4199590682983398437500 HTTP/1.1" 200 11 "-" "WordPress/6.9.4; https://easysalads.com"
57.128.189.19 - - [04/May/2026:03:15:04 -0500] "GET /?nocache=1777882441 HTTP/2.0" 200 89171 "-" "BigScootsMonitor Mozilla/5.0 (Windows NT 10.0; Win64; x64) AppleWebKit/537.36 (KHTML, like Gecko) Chrome/74.0.3729.169 Safari/537.36"
51.222.136.175 - - [04/May/2026:03:15:04 -0500] "GET /?nocache=1777882441 HTTP/2.0" 200 89171 "-" "BigScootsMonitor Mozilla/5.0 (Windows NT 10.0; Win64; x64) AppleWebKit/537.36 (KHTML, like Gecko) Chrome/74.0.3729.169 Safari/537.36"
123.30.233.13 - - [04/May/2026:03:17:00 -0500] "GET /wp-login.php HTTP/2.0" 444 0 "-" "Mozilla/5.0 (Windows NT 6.1; WOW64) AppleWebKit/537.36 (KHTML, like Gecko) Chrome/65.0.3325.146 Safari/537.36"
154.18.244.252 - - [04/May/2026:03:17:04 -0500] "POST /wp-cron.php?doing_wp_cron=1777882624.0775949954986572265625 HTTP/1.1" 200 11 "-" "WordPress/6.9.4; https://easysalads.com"
57.128.189.19 - - [04/May/2026:03:17:04 -0500] "GET /?nocache=1777882561 HTTP/2.0" 200 89175 "-" "BigScootsMonitor Mozilla/5.0 (Windows NT 10.0; Win64; x64) AppleWebKit/537.36 (KHTML, like Gecko) Chrome/74.0.3729.169 Safari/537.36"
51.222.136.175 - - [04/May/2026:03:17:04 -0500] "GET /?nocache=1777882561 HTTP/2.0" 200 89171 "-" "BigScootsMonitor Mozilla/5.0 (Windows NT 10.0; Win64; x64) AppleWebKit/537.36 (KHTML, like Gecko) Chrome/74.0.3729.169 Safari/537.36"
198.175.24.218 - - [04/May/2026:03:17:11 -0500] "GET /?v=nocache-1739936881 HTTP/2.0" 200 89171 "-" "BigScoots Monitoring"
192.176.172.166 - - [04/May/2026:03:18:47 -0500] "GET /wp-login.php HTTP/2.0" 444 0 "-" "Mozilla/5.0 (Windows NT 6.1; WOW64; Trident/7.0; CTL_11; rv:11.0) like Gecko"
154.18.244.252 - - [04/May/2026:03:18:51 -0500] "POST /wp-cron.php?doing_wp_cron=1777882731.6078460216522216796875 HTTP/1.1" 200 11 "-" "WordPress/6.9.4; https://easysalads.com"
68.183.200.133 - - [04/May/2026:03:18:51 -0500] "GET /wp-login.php HTTP/2.0" 200 1882 "-" "Mozilla/5.0 (Windows NT 6.2; ARM; Trident/7.0; Touch; rv:11.0; WPDesktop; NOKIA; Lumia 530) like Gecko"
68.183.200.133 - - [04/May/2026:03:18:51 -0500] "POST /wp-login.php HTTP/2.0" 200 2018 "https://easysalads.com/wp-login.php" "Mozilla/5.0 (Windows NT 6.2; ARM; Trident/7.0; Touch; rv:11.0; WPDesktop; NOKIA; Lumia 530) like Gecko"
154.18.244.252 - - [04/May/2026:03:19:04 -0500] "POST /wp-cron.php?doing_wp_cron=1777882744.5574860572814941406250 HTTP/1.1" 200 11 "-" "WordPress/6.9.4; https://easysalads.com"
57.128.189.19 - - [04/May/2026:03:19:04 -0500] "GET /?nocache=1777882681 HTTP/2.0" 200 89171 "-" "BigScootsMonitor Mozilla/5.0 (Windows NT 10.0; Win64; x64) AppleWebKit/537.36 (KHTML, like Gecko) Chrome/74.0.3729.169 Safari/537.36"
51.222.136.175 - - [04/May/2026:03:19:05 -0500] "GET /?nocache=1777882681 HTTP/2.0" 200 89171 "-" "BigScootsMonitor Mozilla/5.0 (Windows NT 10.0; Win64; x64) AppleWebKit/537.36 (KHTML, like Gecko) Chrome/74.0.3729.169 Safari/537.36"
66.249.66.77 - - [04/May/2026:03:19:32 -0500] "GET /wp-content/uploads/2024/05/rocket-salad-03-200x300.jpg HTTP/1.1" 200 25010 "-" "Googlebot-Image/1.0"
154.18.244.252 - - [04/May/2026:03:20:19 -0500] "POST /wp-cron.php?doing_wp_cron=1777882819.1522259712219238281250 HTTP/1.1" 200 11 "-" "WordPress/6.9.4; https://easysalads.com"
216.73.217.60 - - [04/May/2026:03:20:19 -0500] "GET /wprm_print/classic-chicken-salad HTTP/2.0" 200 9503 "-" "Mozilla/5.0 AppleWebKit/537.36 (KHTML, like Gecko; compatible; ClaudeBot/1.0; [email protected])"
154.18.244.252 - - [04/May/2026:03:21:03 -0500] "POST /wp-cron.php?doing_wp_cron=1777882864.0514760017395019531250 HTTP/1.1" 200 11 "-" "WordPress/6.9.4; https://easysalads.com"
57.128.189.19 - - [04/May/2026:03:21:04 -0500] "GET /?nocache=1777882801 HTTP/2.0" 200 89171 "-" "BigScootsMonitor Mozilla/5.0 (Windows NT 10.0; Win64; x64) AppleWebKit/537.36 (KHTML, like Gecko) Chrome/74.0.3729.169 Safari/537.36"
51.222.136.175 - - [04/May/2026:03:21:05 -0500] "GET /?nocache=1777882801 HTTP/2.0" 200 89171 "-" "BigScootsMonitor Mozilla/5.0 (Windows NT 10.0; Win64; x64) AppleWebKit/537.36 (KHTML, like Gecko) Chrome/74.0.3729.169 Safari/537.36"
154.18.244.252 - - [04/May/2026:03:22:18 -0500] "POST /wp-cron.php?doing_wp_cron=1777882938.5812180042266845703125 HTTP/1.1" 200 11 "-" "WordPress/6.9.4; https://easysalads.com"
161.132.40.97 - - [04/May/2026:03:22:18 -0500] "GET /wp-login.php HTTP/2.0" 200 1882 "-" "Mozilla/5.0 (Windows NT 6.2; Win64; x64; Trident/7.0; rv:11.0) like Gecko"
161.132.40.97 - - [04/May/2026:03:22:19 -0500] "POST /wp-login.php HTTP/2.0" 200 2018 "https://easysalads.com/wp-login.php" "Mozilla/5.0 (Windows NT 6.2; Win64; x64; Trident/7.0; rv:11.0) like Gecko"
154.18.244.252 - - [04/May/2026:03:23:04 -0500] "POST /wp-cron.php?doing_wp_cron=1777882984.2552359104156494140625 HTTP/1.1" 200 11 "-" "WordPress/6.9.4; https://easysalads.com"
57.128.189.19 - - [04/May/2026:03:23:04 -0500] "GET /?nocache=1777882922 HTTP/2.0" 200 89171 "-" "BigScootsMonitor Mozilla/5.0 (Windows NT 10.0; Win64; x64) AppleWebKit/537.36 (KHTML, like Gecko) Chrome/74.0.3729.169 Safari/537.36"
51.222.136.175 - - [04/May/2026:03:23:05 -0500] "GET /?nocache=1777882922 HTTP/2.0" 200 89171 "-" "BigScootsMonitor Mozilla/5.0 (Windows NT 10.0; Win64; x64) AppleWebKit/537.36 (KHTML, like Gecko) Chrome/74.0.3729.169 Safari/537.36"
204.15.208.36 - - [04/May/2026:03:23:20 -0500] "GET /creamy-parmesan-pasta-salad HTTP/1.1" 200 127888 "-" "peer39_crawler/1.0"
154.18.244.252 - - [04/May/2026:03:23:58 -0500] "POST /wp-cron.php?doing_wp_cron=1777883038.4043738842010498046875 HTTP/1.1" 200 11 "-" "WordPress/6.9.4; https://easysalads.com"
216.73.217.60 - - [04/May/2026:03:23:58 -0500] "GET /classic-chicken-salad/feed/ HTTP/2.0" 200 1499 "-" "Mozilla/5.0 AppleWebKit/537.36 (KHTML, like Gecko; compatible; ClaudeBot/1.0; [email protected])"
52.167.144.167 - - [04/May/2026:03:24:13 -0500] "GET /caesar-wedge-salad/ HTTP/2.0" 200 104254 "-" "Mozilla/5.0 AppleWebKit/537.36 (KHTML, like Gecko; compatible; bingbot/2.0; +http://www.bing.com/bingbot.htm) Chrome/116.0.1938.76 Safari/537.36"
140.248.40.33 - - [04/May/2026:03:24:14 -0500] "GET /wp-content/uploads/2022/09/Easy-Salads-website-logo-1536x451.png HTTP/2.0" 200 71572 "https://easysalads.com/creamy-chickpea-salad/" "Mozilla/5.0 (iPad; CPU OS 18_7 like Mac OS X) AppleWebKit/605.1.15 (KHTML, like Gecko) Version/26.2 Mobile/15E148 Safari/604.1"
54.81.163.198 - - [04/May/2026:03:24:17 -0500] "GET /creamy-chickpea-salad/ HTTP/1.1" 200 128572 "-" "Mozilla/5.0 (compatible; proximic; +https://www.comscore.com/Web-Crawler)"
216.73.217.60 - - [04/May/2026:03:24:53 -0500] "GET /?p=83331 HTTP/2.0" 301 0 "-" "Mozilla/5.0 AppleWebKit/537.36 (KHTML, like Gecko; compatible; ClaudeBot/1.0; [email protected])"
216.73.217.60 - - [04/May/2026:03:24:53 -0500] "GET /classic-chicken-salad/ HTTP/2.0" 200 103162 "https://easysalads.com/?p=83331" "Mozilla/5.0 AppleWebKit/537.36 (KHTML, like Gecko; compatible; ClaudeBot/1.0; [email protected])"
154.18.244.252 - - [04/May/2026:03:25:04 -0500] "POST /wp-cron.php?doing_wp_cron=1777883104.3867371082305908203125 HTTP/1.1" 200 11 "-" "WordPress/6.9.4; https://easysalads.com"
57.128.189.19 - - [04/May/2026:03:25:04 -0500] "GET /?nocache=1777883041 HTTP/2.0" 200 89171 "-" "BigScootsMonitor Mozilla/5.0 (Windows NT 10.0; Win64; x64) AppleWebKit/537.36 (KHTML, like Gecko) Chrome/74.0.3729.169 Safari/537.36"
51.222.136.175 - - [04/May/2026:03:25:04 -0500] "GET /?nocache=1777883041 HTTP/2.0" 200 89171 "-" "BigScootsMonitor Mozilla/5.0 (Windows NT 10.0; Win64; x64) AppleWebKit/537.36 (KHTML, like Gecko) Chrome/74.0.3729.169 Safari/537.36"
154.18.244.252 - - [04/May/2026:03:25:58 -0500] "POST /wp-cron.php?doing_wp_cron=1777883158.7927100658416748046875 HTTP/1.1" 200 11 "-" "WordPress/6.9.4; https://easysalads.com"
103.196.9.3 - - [04/May/2026:03:25:58 -0500] "GET /creamy-parmesan-pasta-salad/ HTTP/2.0" 200 100846 "-" "Mozilla/5.0 (Linux; Android 8.0; Pixel 2 Build/OPD3.170816.012) AppleWebKit/537.36 (KHTML, like Gecko) Chrome/48.0.9999.1309 Mobile Safari/537.36"
52.167.144.139 - - [04/May/2026:03:26:04 -0500] "GET /ranch-oyster-crackers/ HTTP/2.0" 404 75163 "-" "Mozilla/5.0 AppleWebKit/537.36 (KHTML, like Gecko; compatible; bingbot/2.0; +http://www.bing.com/bingbot.htm) Chrome/116.0.1938.76 Safari/537.36"
116.179.32.201 - - [04/May/2026:03:26:15 -0500] "GET /creamy-apple-cider-dressing/ HTTP/2.0" 444 0 "-" "Mozilla/5.0 (compatible; Baiduspider/2.0; +http://www.baidu.com/search/spider.html)"
220.181.108.104 - - [04/May/2026:03:26:16 -0500] "GET /creamy-apple-cider-dressing/ HTTP/2.0" 200 127398 "-" "Mozilla/5.0 (Linux;u;Android 4.2.2;zh-cn;) AppleWebKit/534.46 (KHTML,like Gecko) Version/5.1 Mobile Safari/10600.6.3 (compatible; Baiduspider/2.0; +http://www.baidu.com/search/spider.html)"
47.128.115.84 - - [04/May/2026:03:26:25 -0500] "GET /creamy-parmesan-pasta-salad/ HTTP/2.0" 200 100891 "-" "Mozilla/5.0 (Linux; Android 5.0) AppleWebKit/537.36 (KHTML, like Gecko) Mobile Safari/537.36 (compatible; TikTokSpider; [email protected])"
47.128.115.84 - - [04/May/2026:03:26:26 -0500] "GET /wp-content/uploads/2024/02/parmesan-pasta-salad-05-683x1024.jpg HTTP/2.0" 206 500 "https://easysalads.com/creamy-parmesan-pasta-salad/" "Mozilla/5.0 (Linux; Android 5.0) AppleWebKit/537.36 (KHTML, like Gecko) Mobile Safari/537.36 (compatible; TikTokSpider; [email protected])"
47.128.115.84 - - [04/May/2026:03:26:26 -0500] "GET /wp-content/uploads/2024/02/parmesan-pasta-salad-00-683x1024.jpg HTTP/2.0" 206 500 "https://easysalads.com/creamy-parmesan-pasta-salad/" "Mozilla/5.0 (Linux; Android 5.0) AppleWebKit/537.36 (KHTML, like Gecko) Mobile Safari/537.36 (compatible; TikTokSpider; [email protected])"
47.128.115.84 - - [04/May/2026:03:26:26 -0500] "GET /wp-content/uploads/2024/02/parmesan-pasta-salad-768x512.jpg HTTP/2.0" 206 500 "https://easysalads.com/creamy-parmesan-pasta-salad/" "Mozilla/5.0 (Linux; Android 5.0) AppleWebKit/537.36 (KHTML, like Gecko) Mobile Safari/537.36 (compatible; TikTokSpider; [email protected])"
47.128.115.84 - - [04/May/2026:03:26:26 -0500] "GET /wp-content/uploads/2024/02/parmesan-pasta-salad-04-683x1024.jpg HTTP/2.0" 206 500 "https://easysalads.com/creamy-parmesan-pasta-salad/" "Mozilla/5.0 (Linux; Android 5.0) AppleWebKit/537.36 (KHTML, like Gecko) Mobile Safari/537.36 (compatible; TikTokSpider; [email protected])"
47.128.115.84 - - [04/May/2026:03:26:26 -0500] "GET /wp-content/uploads/2024/02/parmesan-pasta-salad-05-683x1024.jpg HTTP/2.0" 304 0 "https://easysalads.com/creamy-parmesan-pasta-salad/" "Mozilla/5.0 (Linux; Android 5.0) AppleWebKit/537.36 (KHTML, like Gecko) Mobile Safari/537.36 (compatible; TikTokSpider; [email protected])"
47.128.115.84 - - [04/May/2026:03:26:26 -0500] "GET /wp-content/uploads/2024/02/parmesan-pasta-salad.jpg HTTP/2.0" 206 500 "https://easysalads.com/creamy-parmesan-pasta-salad/" "Mozilla/5.0 (Linux; Android 5.0) AppleWebKit/537.36 (KHTML, like Gecko) Mobile Safari/537.36 (compatible; TikTokSpider; [email protected])"
47.128.115.84 - - [04/May/2026:03:26:26 -0500] "GET /wp-content/uploads/2024/02/parmesan-pasta-salad-04.jpg HTTP/2.0" 206 500 "https://easysalads.com/creamy-parmesan-pasta-salad/" "Mozilla/5.0 (Linux; Android 5.0) AppleWebKit/537.36 (KHTML, like Gecko) Mobile Safari/537.36 (compatible; TikTokSpider; [email protected])"
47.128.115.84 - - [04/May/2026:03:26:27 -0500] "GET /creamy-parmesan-pasta-salad/ HTTP/2.0" 200 100850 "https://easysalads.com/creamy-parmesan-pasta-salad/" "Mozilla/5.0 (Linux; Android 5.0) AppleWebKit/537.36 (KHTML, like Gecko) Mobile Safari/537.36 (compatible; TikTokSpider; [email protected])"
47.128.115.84 - - [04/May/2026:03:26:27 -0500] "GET /wp-content/uploads/2024/02/parmesan-pasta-salad-05-683x1024.jpg HTTP/2.0" 206 201779 "https://easysalads.com/creamy-parmesan-pasta-salad/" "Mozilla/5.0 (Linux; Android 5.0) AppleWebKit/537.36 (KHTML, like Gecko) Mobile Safari/537.36 (compatible; TikTokSpider; [email protected])"
47.128.115.84 - - [04/May/2026:03:26:27 -0500] "GET /wp-content/uploads/2024/02/parmesan-pasta-salad-05-683x1024.jpg HTTP/2.0" 304 0 "https://easysalads.com/creamy-parmesan-pasta-salad/" "Mozilla/5.0 (Linux; Android 5.0) AppleWebKit/537.36 (KHTML, like Gecko) Mobile Safari/537.36 (compatible; TikTokSpider; [email protected])"
47.128.115.84 - - [04/May/2026:03:26:28 -0500] "GET /wp-content/uploads/2024/02/parmesan-pasta-salad-05-683x1024.jpg HTTP/2.0" 304 0 "https://easysalads.com/creamy-parmesan-pasta-salad/" "Mozilla/5.0 (Linux; Android 5.0) AppleWebKit/537.36 (KHTML, like Gecko) Mobile Safari/537.36 (compatible; TikTokSpider; [email protected])"
47.128.115.84 - - [04/May/2026:03:26:28 -0500] "GET /creamy-parmesan-pasta-salad/ HTTP/2.0" 200 100838 "https://easysalads.com/creamy-parmesan-pasta-salad/" "Mozilla/5.0 (Linux; Android 5.0) AppleWebKit/537.36 (KHTML, like Gecko) Mobile Safari/537.36 (compatible; TikTokSpider; [email protected])"
47.128.115.84 - - [04/May/2026:03:26:28 -0500] "GET /wp-content/uploads/2024/02/parmesan-pasta-salad-05-683x1024.jpg HTTP/2.0" 206 201779 "https://easysalads.com/creamy-parmesan-pasta-salad/" "Mozilla/5.0 (Linux; Android 5.0) AppleWebKit/537.36 (KHTML, like Gecko) Mobile Safari/537.36 (compatible; TikTokSpider; [email protected])"
47.128.115.84 - - [04/May/2026:03:26:28 -0500] "GET /wp-content/uploads/2024/02/parmesan-pasta-salad-05-683x1024.jpg HTTP/2.0" 304 0 "https://easysalads.com/creamy-parmesan-pasta-salad/" "Mozilla/5.0 (Linux; Android 5.0) AppleWebKit/537.36 (KHTML, like Gecko) Mobile Safari/537.36 (compatible; TikTokSpider; [email protected])"
47.128.115.84 - - [04/May/2026:03:26:28 -0500] "GET /creamy-parmesan-pasta-salad/ HTTP/2.0" 200 100940 "https://easysalads.com/creamy-parmesan-pasta-salad/" "Mozilla/5.0 (Linux; Android 5.0) AppleWebKit/537.36 (KHTML, like Gecko) Mobile Safari/537.36 (compatible; TikTokSpider; [email protected])"
