47.128.115.65 - - [04/May/2026:02:18:26 -0500] "GET /low-carb-fruit-salad/ HTTP/2.0" 200 100155 "https://easysalads.com/low-carb-fruit-salad/" "Mozilla/5.0 (Linux; Android 5.0) AppleWebKit/537.36 (KHTML, like Gecko) Mobile Safari/537.36 (compatible; TikTokSpider; [email protected])"
47.128.115.65 - - [04/May/2026:02:18:27 -0500] "GET /low-carb-fruit-salad/ HTTP/2.0" 200 100095 "https://easysalads.com/low-carb-fruit-salad/" "Mozilla/5.0 (Linux; Android 5.0) AppleWebKit/537.36 (KHTML, like Gecko) Mobile Safari/537.36 (compatible; TikTokSpider; [email protected])"
47.128.115.65 - - [04/May/2026:02:18:28 -0500] "GET /low-carb-fruit-salad/ HTTP/2.0" 200 100181 "https://easysalads.com/low-carb-fruit-salad/" "Mozilla/5.0 (Linux; Android 5.0) AppleWebKit/537.36 (KHTML, like Gecko) Mobile Safari/537.36 (compatible; TikTokSpider; [email protected])"
47.128.115.65 - - [04/May/2026:02:18:28 -0500] "GET /low-carb-fruit-salad/ HTTP/2.0" 200 100127 "https://easysalads.com/low-carb-fruit-salad/" "Mozilla/5.0 (Linux; Android 5.0) AppleWebKit/537.36 (KHTML, like Gecko) Mobile Safari/537.36 (compatible; TikTokSpider; [email protected])"
47.128.115.65 - - [04/May/2026:02:18:29 -0500] "GET /low-carb-fruit-salad/ HTTP/2.0" 200 100152 "https://easysalads.com/low-carb-fruit-salad/" "Mozilla/5.0 (Linux; Android 5.0) AppleWebKit/537.36 (KHTML, like Gecko) Mobile Safari/537.36 (compatible; TikTokSpider; [email protected])"
47.128.115.65 - - [04/May/2026:02:18:30 -0500] "GET /low-carb-fruit-salad/ HTTP/2.0" 200 100087 "https://easysalads.com/low-carb-fruit-salad/" "Mozilla/5.0 (Linux; Android 5.0) AppleWebKit/537.36 (KHTML, like Gecko) Mobile Safari/537.36 (compatible; TikTokSpider; [email protected])"
47.128.115.65 - - [04/May/2026:02:18:31 -0500] "GET /low-carb-fruit-salad/ HTTP/2.0" 200 100084 "https://easysalads.com/low-carb-fruit-salad/" "Mozilla/5.0 (Linux; Android 5.0) AppleWebKit/537.36 (KHTML, like Gecko) Mobile Safari/537.36 (compatible; TikTokSpider; [email protected])"
47.128.115.65 - - [04/May/2026:02:18:31 -0500] "GET /low-carb-fruit-salad/ HTTP/2.0" 200 100115 "https://easysalads.com/low-carb-fruit-salad/" "Mozilla/5.0 (Linux; Android 5.0) AppleWebKit/537.36 (KHTML, like Gecko) Mobile Safari/537.36 (compatible; TikTokSpider; [email protected])"
47.128.115.65 - - [04/May/2026:02:18:32 -0500] "GET /low-carb-fruit-salad/ HTTP/2.0" 200 100119 "https://easysalads.com/low-carb-fruit-salad/" "Mozilla/5.0 (Linux; Android 5.0) AppleWebKit/537.36 (KHTML, like Gecko) Mobile Safari/537.36 (compatible; TikTokSpider; [email protected])"
47.128.115.65 - - [04/May/2026:02:18:33 -0500] "GET /low-carb-fruit-salad/ HTTP/2.0" 200 100103 "https://easysalads.com/low-carb-fruit-salad/" "Mozilla/5.0 (Linux; Android 5.0) AppleWebKit/537.36 (KHTML, like Gecko) Mobile Safari/537.36 (compatible; TikTokSpider; [email protected])"
47.128.115.65 - - [04/May/2026:02:18:34 -0500] "GET /low-carb-fruit-salad/ HTTP/2.0" 200 100106 "https://easysalads.com/low-carb-fruit-salad/" "Mozilla/5.0 (Linux; Android 5.0) AppleWebKit/537.36 (KHTML, like Gecko) Mobile Safari/537.36 (compatible; TikTokSpider; [email protected])"
47.128.115.65 - - [04/May/2026:02:18:34 -0500] "GET /low-carb-fruit-salad/ HTTP/2.0" 200 100166 "https://easysalads.com/low-carb-fruit-salad/" "Mozilla/5.0 (Linux; Android 5.0) AppleWebKit/537.36 (KHTML, like Gecko) Mobile Safari/537.36 (compatible; TikTokSpider; [email protected])"
47.128.115.65 - - [04/May/2026:02:18:35 -0500] "GET /low-carb-fruit-salad/ HTTP/2.0" 200 100165 "https://easysalads.com/low-carb-fruit-salad/" "Mozilla/5.0 (Linux; Android 5.0) AppleWebKit/537.36 (KHTML, like Gecko) Mobile Safari/537.36 (compatible; TikTokSpider; [email protected])"
47.128.115.65 - - [04/May/2026:02:18:36 -0500] "GET /low-carb-fruit-salad/ HTTP/2.0" 200 100101 "https://easysalads.com/low-carb-fruit-salad/" "Mozilla/5.0 (Linux; Android 5.0) AppleWebKit/537.36 (KHTML, like Gecko) Mobile Safari/537.36 (compatible; TikTokSpider; [email protected])"
47.128.115.65 - - [04/May/2026:02:18:37 -0500] "GET /low-carb-fruit-salad/ HTTP/2.0" 200 100130 "https://easysalads.com/low-carb-fruit-salad/" "Mozilla/5.0 (Linux; Android 5.0) AppleWebKit/537.36 (KHTML, like Gecko) Mobile Safari/537.36 (compatible; TikTokSpider; [email protected])"
47.128.115.65 - - [04/May/2026:02:18:37 -0500] "GET /low-carb-fruit-salad/ HTTP/2.0" 200 100115 "https://easysalads.com/low-carb-fruit-salad/" "Mozilla/5.0 (Linux; Android 5.0) AppleWebKit/537.36 (KHTML, like Gecko) Mobile Safari/537.36 (compatible; TikTokSpider; [email protected])"
47.128.115.65 - - [04/May/2026:02:18:38 -0500] "GET /low-carb-fruit-salad/ HTTP/2.0" 200 100100 "https://easysalads.com/low-carb-fruit-salad/" "Mozilla/5.0 (Linux; Android 5.0) AppleWebKit/537.36 (KHTML, like Gecko) Mobile Safari/537.36 (compatible; TikTokSpider; [email protected])"
47.128.115.65 - - [04/May/2026:02:18:39 -0500] "GET /low-carb-fruit-salad/ HTTP/2.0" 200 100105 "https://easysalads.com/low-carb-fruit-salad/" "Mozilla/5.0 (Linux; Android 5.0) AppleWebKit/537.36 (KHTML, like Gecko) Mobile Safari/537.36 (compatible; TikTokSpider; [email protected])"
47.128.115.65 - - [04/May/2026:02:18:40 -0500] "GET /low-carb-fruit-salad/ HTTP/2.0" 200 100097 "https://easysalads.com/low-carb-fruit-salad/" "Mozilla/5.0 (Linux; Android 5.0) AppleWebKit/537.36 (KHTML, like Gecko) Mobile Safari/537.36 (compatible; TikTokSpider; [email protected])"
47.128.115.65 - - [04/May/2026:02:18:40 -0500] "GET /low-carb-fruit-salad/ HTTP/2.0" 200 100103 "https://easysalads.com/low-carb-fruit-salad/" "Mozilla/5.0 (Linux; Android 5.0) AppleWebKit/537.36 (KHTML, like Gecko) Mobile Safari/537.36 (compatible; TikTokSpider; [email protected])"
47.128.115.65 - - [04/May/2026:02:18:41 -0500] "GET /low-carb-fruit-salad/ HTTP/2.0" 200 100179 "https://easysalads.com/low-carb-fruit-salad/" "Mozilla/5.0 (Linux; Android 5.0) AppleWebKit/537.36 (KHTML, like Gecko) Mobile Safari/537.36 (compatible; TikTokSpider; [email protected])"
47.128.115.65 - - [04/May/2026:02:18:42 -0500] "GET /low-carb-fruit-salad/ HTTP/2.0" 200 100163 "https://easysalads.com/low-carb-fruit-salad/" "Mozilla/5.0 (Linux; Android 5.0) AppleWebKit/537.36 (KHTML, like Gecko) Mobile Safari/537.36 (compatible; TikTokSpider; [email protected])"
47.128.115.65 - - [04/May/2026:02:18:43 -0500] "GET /low-carb-fruit-salad/ HTTP/2.0" 200 100103 "https://easysalads.com/low-carb-fruit-salad/" "Mozilla/5.0 (Linux; Android 5.0) AppleWebKit/537.36 (KHTML, like Gecko) Mobile Safari/537.36 (compatible; TikTokSpider; [email protected])"
47.128.115.65 - - [04/May/2026:02:18:43 -0500] "GET /low-carb-fruit-salad/ HTTP/2.0" 200 100084 "https://easysalads.com/low-carb-fruit-salad/" "Mozilla/5.0 (Linux; Android 5.0) AppleWebKit/537.36 (KHTML, like Gecko) Mobile Safari/537.36 (compatible; TikTokSpider; [email protected])"
47.128.115.65 - - [04/May/2026:02:18:44 -0500] "GET /low-carb-fruit-salad/ HTTP/2.0" 200 100131 "https://easysalads.com/low-carb-fruit-salad/" "Mozilla/5.0 (Linux; Android 5.0) AppleWebKit/537.36 (KHTML, like Gecko) Mobile Safari/537.36 (compatible; TikTokSpider; [email protected])"
199.203.54.15 - - [04/May/2026:02:18:44 -0500] "GET /wp-login.php HTTP/2.0" 444 0 "-" "Mozilla/5.0 (X11; Linux x86_64) AppleWebKit/537.36 (KHTML, like Gecko) Chrome/65.0.3325.109 Safari/537.36"
47.128.115.65 - - [04/May/2026:02:18:45 -0500] "GET /low-carb-fruit-salad/ HTTP/2.0" 200 100104 "https://easysalads.com/low-carb-fruit-salad/" "Mozilla/5.0 (Linux; Android 5.0) AppleWebKit/537.36 (KHTML, like Gecko) Mobile Safari/537.36 (compatible; TikTokSpider; [email protected])"
47.128.115.65 - - [04/May/2026:02:18:46 -0500] "GET /low-carb-fruit-salad/ HTTP/2.0" 200 100090 "https://easysalads.com/low-carb-fruit-salad/" "Mozilla/5.0 (Linux; Android 5.0) AppleWebKit/537.36 (KHTML, like Gecko) Mobile Safari/537.36 (compatible; TikTokSpider; [email protected])"
47.128.115.65 - - [04/May/2026:02:18:46 -0500] "GET /low-carb-fruit-salad/ HTTP/2.0" 200 100066 "https://easysalads.com/low-carb-fruit-salad/" "Mozilla/5.0 (Linux; Android 5.0) AppleWebKit/537.36 (KHTML, like Gecko) Mobile Safari/537.36 (compatible; TikTokSpider; [email protected])"
47.128.115.65 - - [04/May/2026:02:18:47 -0500] "GET /low-carb-fruit-salad/ HTTP/2.0" 200 100101 "https://easysalads.com/low-carb-fruit-salad/" "Mozilla/5.0 (Linux; Android 5.0) AppleWebKit/537.36 (KHTML, like Gecko) Mobile Safari/537.36 (compatible; TikTokSpider; [email protected])"
54.147.21.173 - - [04/May/2026:02:18:54 -0500] "GET /edamame-and-corn-salad/ HTTP/2.0" 200 130236 "-" "carbon-umbrella-bot/1.0"
154.18.244.252 - - [04/May/2026:02:18:58 -0500] "POST /wp-cron.php?doing_wp_cron=1777879138.4276120662689208984375 HTTP/1.1" 200 11 "-" "WordPress/6.9.4; https://easysalads.com"
66.249.66.77 - - [04/May/2026:02:18:58 -0500] "GET /peruvian-chopped-salad/ HTTP/1.1" 200 101536 "-" "Mozilla/5.0 (Linux; Android 6.0.1; Nexus 5X Build/MMB29P) AppleWebKit/537.36 (KHTML, like Gecko) Chrome/147.0.7727.137 Mobile Safari/537.36 (compatible; GoogleOther)"
66.249.66.75 - - [04/May/2026:02:19:00 -0500] "GET /wp-content/plugins/kadence-blocks/dist/style-blocks-advancedbtn.css?ver=3.6.7 HTTP/1.1" 200 717 "https://easysalads.com/peruvian-chopped-salad/" "Mozilla/5.0 (Linux; Android 6.0.1; Nexus 5X Build/MMB29P) AppleWebKit/537.36 (KHTML, like Gecko) Chrome/147.0.7727.137 Mobile Safari/537.36 (compatible; GoogleOther)"
66.249.66.75 - - [04/May/2026:02:19:03 -0500] "GET /wp-content/plugins/wp-recipe-maker-premium/dist/public-pro.js?ver=10.5.0 HTTP/1.1" 200 20153 "https://easysalads.com/peruvian-chopped-salad/" "Mozilla/5.0 (Linux; Android 6.0.1; Nexus 5X Build/MMB29P) AppleWebKit/537.36 (KHTML, like Gecko) Chrome/147.0.7727.137 Mobile Safari/537.36 (compatible; GoogleOther)"
57.128.189.19 - - [04/May/2026:02:19:04 -0500] "GET /?nocache=1777879082 HTTP/2.0" 200 89175 "-" "BigScootsMonitor Mozilla/5.0 (Windows NT 10.0; Win64; x64) AppleWebKit/537.36 (KHTML, like Gecko) Chrome/74.0.3729.169 Safari/537.36"
51.222.136.175 - - [04/May/2026:02:19:04 -0500] "GET /?nocache=1777879082 HTTP/2.0" 200 89175 "-" "BigScootsMonitor Mozilla/5.0 (Windows NT 10.0; Win64; x64) AppleWebKit/537.36 (KHTML, like Gecko) Chrome/74.0.3729.169 Safari/537.36"
66.249.66.76 - - [04/May/2026:02:19:05 -0500] "GET /wp-content/plugins/wp-recipe-maker/dist/public-modern.js?ver=10.5.0 HTTP/1.1" 200 23757 "https://easysalads.com/peruvian-chopped-salad/" "Mozilla/5.0 (Linux; Android 6.0.1; Nexus 5X Build/MMB29P) AppleWebKit/537.36 (KHTML, like Gecko) Chrome/147.0.7727.137 Mobile Safari/537.36 (compatible; GoogleOther)"
66.249.66.75 - - [04/May/2026:02:19:07 -0500] "GET /wp-includes/js/jquery/jquery-migrate.min.js?ver=3.4.1 HTTP/1.1" 200 4692 "https://easysalads.com/peruvian-chopped-salad/" "Mozilla/5.0 (Linux; Android 6.0.1; Nexus 5X Build/MMB29P) AppleWebKit/537.36 (KHTML, like Gecko) Chrome/147.0.7727.137 Mobile Safari/537.36 (compatible; GoogleOther)"
66.249.66.196 - - [04/May/2026:02:19:10 -0500] "GET /wp-content/plugins/kadence-pro/dist/mega-menu/kadence-mega-menu.min.js?ver=1.1.19 HTTP/1.1" 200 469 "https://easysalads.com/peruvian-chopped-salad/" "Mozilla/5.0 (Linux; Android 6.0.1; Nexus 5X Build/MMB29P) AppleWebKit/537.36 (KHTML, like Gecko) Chrome/147.0.7727.137 Mobile Safari/537.36 (compatible; GoogleOther)"
66.249.66.75 - - [04/May/2026:02:19:12 -0500] "GET /wp-includes/js/jquery/jquery.min.js?ver=3.7.1 HTTP/1.1" 200 29782 "https://easysalads.com/peruvian-chopped-salad/" "Mozilla/5.0 (Linux; Android 6.0.1; Nexus 5X Build/MMB29P) AppleWebKit/537.36 (KHTML, like Gecko) Chrome/147.0.7727.137 Mobile Safari/537.36 (compatible; GoogleOther)"
66.249.66.75 - - [04/May/2026:02:19:16 -0500] "GET /wp-content/uploads/2024/01/tomato-onion-salad-06-500x500.jpg HTTP/1.1" 200 97058 "-" "Googlebot-Image/1.0"
154.18.244.252 - - [04/May/2026:02:21:04 -0500] "POST /wp-cron.php?doing_wp_cron=1777879264.9424109458923339843750 HTTP/1.1" 200 11 "-" "WordPress/6.9.4; https://easysalads.com"
57.128.189.19 - - [04/May/2026:02:21:04 -0500] "GET /?nocache=1777879201 HTTP/2.0" 200 89175 "-" "BigScootsMonitor Mozilla/5.0 (Windows NT 10.0; Win64; x64) AppleWebKit/537.36 (KHTML, like Gecko) Chrome/74.0.3729.169 Safari/537.36"
51.222.136.175 - - [04/May/2026:02:21:05 -0500] "GET /?nocache=1777879201 HTTP/2.0" 200 89175 "-" "BigScootsMonitor Mozilla/5.0 (Windows NT 10.0; Win64; x64) AppleWebKit/537.36 (KHTML, like Gecko) Chrome/74.0.3729.169 Safari/537.36"
198.175.24.218 - - [04/May/2026:02:21:42 -0500] "GET /?v=nocache-1739936881 HTTP/2.0" 200 89175 "-" "BigScoots Monitoring"
154.18.244.252 - - [04/May/2026:02:22:05 -0500] "POST /wp-cron.php?doing_wp_cron=1777879325.2042300701141357421875 HTTP/1.1" 200 11 "-" "WordPress/6.9.4; https://easysalads.com"
189.30.199.228 - - [04/May/2026:02:22:05 -0500] "GET /michigan-salad-recipe/ HTTP/2.0" 200 101789 "-" "Mozilla/5.0 (Linux; Android 6.0; Nexus 5 Build/MRA58N) AppleWebKit/537.36 (KHTML, like Gecko) Chrome/50.0.1818.1325 Mobile Safari/537.36"
47.128.115.248 - - [04/May/2026:02:22:27 -0500] "GET /michigan-salad-recipe/ HTTP/2.0" 200 101645 "-" "Mozilla/5.0 (Linux; Android 5.0) AppleWebKit/537.36 (KHTML, like Gecko) Mobile Safari/537.36 (compatible; TikTokSpider; [email protected])"
47.128.115.248 - - [04/May/2026:02:22:27 -0500] "GET /wp-content/uploads/2023/04/Michigan-Salad-01-500x500.jpg HTTP/2.0" 206 500 "https://easysalads.com/michigan-salad-recipe/" "Mozilla/5.0 (Linux; Android 5.0) AppleWebKit/537.36 (KHTML, like Gecko) Mobile Safari/537.36 (compatible; TikTokSpider; [email protected])"
47.128.115.248 - - [04/May/2026:02:22:28 -0500] "GET /wp-content/uploads/2023/04/Michigan-Salad-02-683x1024.jpg HTTP/2.0" 206 500 "https://easysalads.com/michigan-salad-recipe/" "Mozilla/5.0 (Linux; Android 5.0) AppleWebKit/537.36 (KHTML, like Gecko) Mobile Safari/537.36 (compatible; TikTokSpider; [email protected])"
47.128.115.248 - - [04/May/2026:02:22:28 -0500] "GET /wp-content/uploads/2023/04/Michigan-Salad-02.jpg HTTP/2.0" 206 500 "https://easysalads.com/michigan-salad-recipe/" "Mozilla/5.0 (Linux; Android 5.0) AppleWebKit/537.36 (KHTML, like Gecko) Mobile Safari/537.36 (compatible; TikTokSpider; [email protected])"
47.128.115.248 - - [04/May/2026:02:22:28 -0500] "GET /michigan-salad-recipe/ HTTP/2.0" 200 101770 "https://easysalads.com/michigan-salad-recipe/" "Mozilla/5.0 (Linux; Android 5.0) AppleWebKit/537.36 (KHTML, like Gecko) Mobile Safari/537.36 (compatible; TikTokSpider; [email protected])"
47.128.115.248 - - [04/May/2026:02:22:29 -0500] "GET /michigan-salad-recipe/ HTTP/2.0" 200 101709 "https://easysalads.com/michigan-salad-recipe/" "Mozilla/5.0 (Linux; Android 5.0) AppleWebKit/537.36 (KHTML, like Gecko) Mobile Safari/537.36 (compatible; TikTokSpider; [email protected])"
47.128.115.248 - - [04/May/2026:02:22:30 -0500] "GET /michigan-salad-recipe/ HTTP/2.0" 200 101701 "https://easysalads.com/michigan-salad-recipe/" "Mozilla/5.0 (Linux; Android 5.0) AppleWebKit/537.36 (KHTML, like Gecko) Mobile Safari/537.36 (compatible; TikTokSpider; [email protected])"
47.128.115.248 - - [04/May/2026:02:22:30 -0500] "GET /michigan-salad-recipe/ HTTP/2.0" 200 101718 "https://easysalads.com/michigan-salad-recipe/" "Mozilla/5.0 (Linux; Android 5.0) AppleWebKit/537.36 (KHTML, like Gecko) Mobile Safari/537.36 (compatible; TikTokSpider; [email protected])"
47.128.115.248 - - [04/May/2026:02:22:31 -0500] "GET /michigan-salad-recipe/ HTTP/2.0" 200 101700 "https://easysalads.com/michigan-salad-recipe/" "Mozilla/5.0 (Linux; Android 5.0) AppleWebKit/537.36 (KHTML, like Gecko) Mobile Safari/537.36 (compatible; TikTokSpider; [email protected])"
47.128.115.248 - - [04/May/2026:02:22:32 -0500] "GET /michigan-salad-recipe/ HTTP/2.0" 200 101761 "https://easysalads.com/michigan-salad-recipe/" "Mozilla/5.0 (Linux; Android 5.0) AppleWebKit/537.36 (KHTML, like Gecko) Mobile Safari/537.36 (compatible; TikTokSpider; [email protected])"
47.128.115.248 - - [04/May/2026:02:22:33 -0500] "GET /michigan-salad-recipe/ HTTP/2.0" 200 101634 "https://easysalads.com/michigan-salad-recipe/" "Mozilla/5.0 (Linux; Android 5.0) AppleWebKit/537.36 (KHTML, like Gecko) Mobile Safari/537.36 (compatible; TikTokSpider; [email protected])"
47.128.115.248 - - [04/May/2026:02:22:34 -0500] "GET /michigan-salad-recipe/ HTTP/2.0" 200 101749 "https://easysalads.com/michigan-salad-recipe/" "Mozilla/5.0 (Linux; Android 5.0) AppleWebKit/537.36 (KHTML, like Gecko) Mobile Safari/537.36 (compatible; TikTokSpider; [email protected])"
47.128.115.248 - - [04/May/2026:02:22:34 -0500] "GET /michigan-salad-recipe/ HTTP/2.0" 200 101727 "https://easysalads.com/michigan-salad-recipe/" "Mozilla/5.0 (Linux; Android 5.0) AppleWebKit/537.36 (KHTML, like Gecko) Mobile Safari/537.36 (compatible; TikTokSpider; [email protected])"
47.128.115.248 - - [04/May/2026:02:22:35 -0500] "GET /michigan-salad-recipe/ HTTP/2.0" 200 101738 "https://easysalads.com/michigan-salad-recipe/" "Mozilla/5.0 (Linux; Android 5.0) AppleWebKit/537.36 (KHTML, like Gecko) Mobile Safari/537.36 (compatible; TikTokSpider; [email protected])"
47.128.115.248 - - [04/May/2026:02:22:36 -0500] "GET /michigan-salad-recipe/ HTTP/2.0" 200 101647 "https://easysalads.com/michigan-salad-recipe/" "Mozilla/5.0 (Linux; Android 5.0) AppleWebKit/537.36 (KHTML, like Gecko) Mobile Safari/537.36 (compatible; TikTokSpider; [email protected])"
47.128.115.248 - - [04/May/2026:02:22:37 -0500] "GET /michigan-salad-recipe/ HTTP/2.0" 200 101775 "https://easysalads.com/michigan-salad-recipe/" "Mozilla/5.0 (Linux; Android 5.0) AppleWebKit/537.36 (KHTML, like Gecko) Mobile Safari/537.36 (compatible; TikTokSpider; [email protected])"
47.128.115.248 - - [04/May/2026:02:22:37 -0500] "GET /michigan-salad-recipe/ HTTP/2.0" 200 101641 "https://easysalads.com/michigan-salad-recipe/" "Mozilla/5.0 (Linux; Android 5.0) AppleWebKit/537.36 (KHTML, like Gecko) Mobile Safari/537.36 (compatible; TikTokSpider; [email protected])"
47.128.115.248 - - [04/May/2026:02:22:39 -0500] "GET /michigan-salad-recipe/ HTTP/2.0" 200 101790 "https://easysalads.com/michigan-salad-recipe/" "Mozilla/5.0 (Linux; Android 5.0) AppleWebKit/537.36 (KHTML, like Gecko) Mobile Safari/537.36 (compatible; TikTokSpider; [email protected])"
47.128.115.248 - - [04/May/2026:02:22:39 -0500] "GET /michigan-salad-recipe/ HTTP/2.0" 200 101681 "https://easysalads.com/michigan-salad-recipe/" "Mozilla/5.0 (Linux; Android 5.0) AppleWebKit/537.36 (KHTML, like Gecko) Mobile Safari/537.36 (compatible; TikTokSpider; [email protected])"
47.128.115.248 - - [04/May/2026:02:22:40 -0500] "GET /michigan-salad-recipe/ HTTP/2.0" 200 101805 "https://easysalads.com/michigan-salad-recipe/" "Mozilla/5.0 (Linux; Android 5.0) AppleWebKit/537.36 (KHTML, like Gecko) Mobile Safari/537.36 (compatible; TikTokSpider; [email protected])"
47.128.115.248 - - [04/May/2026:02:22:41 -0500] "GET /michigan-salad-recipe/ HTTP/2.0" 200 101789 "https://easysalads.com/michigan-salad-recipe/" "Mozilla/5.0 (Linux; Android 5.0) AppleWebKit/537.36 (KHTML, like Gecko) Mobile Safari/537.36 (compatible; TikTokSpider; [email protected])"
47.128.115.248 - - [04/May/2026:02:22:42 -0500] "GET /michigan-salad-recipe/ HTTP/2.0" 200 101694 "https://easysalads.com/michigan-salad-recipe/" "Mozilla/5.0 (Linux; Android 5.0) AppleWebKit/537.36 (KHTML, like Gecko) Mobile Safari/537.36 (compatible; TikTokSpider; [email protected])"
47.128.115.248 - - [04/May/2026:02:22:43 -0500] "GET /michigan-salad-recipe/ HTTP/2.0" 200 101733 "https://easysalads.com/michigan-salad-recipe/" "Mozilla/5.0 (Linux; Android 5.0) AppleWebKit/537.36 (KHTML, like Gecko) Mobile Safari/537.36 (compatible; TikTokSpider; [email protected])"
47.128.115.248 - - [04/May/2026:02:22:44 -0500] "GET /michigan-salad-recipe/ HTTP/2.0" 200 101793 "https://easysalads.com/michigan-salad-recipe/" "Mozilla/5.0 (Linux; Android 5.0) AppleWebKit/537.36 (KHTML, like Gecko) Mobile Safari/537.36 (compatible; TikTokSpider; [email protected])"
47.128.115.248 - - [04/May/2026:02:22:44 -0500] "GET /michigan-salad-recipe/ HTTP/2.0" 200 101668 "https://easysalads.com/michigan-salad-recipe/" "Mozilla/5.0 (Linux; Android 5.0) AppleWebKit/537.36 (KHTML, like Gecko) Mobile Safari/537.36 (compatible; TikTokSpider; [email protected])"
47.128.115.248 - - [04/May/2026:02:22:45 -0500] "GET /michigan-salad-recipe/ HTTP/2.0" 200 101685 "https://easysalads.com/michigan-salad-recipe/" "Mozilla/5.0 (Linux; Android 5.0) AppleWebKit/537.36 (KHTML, like Gecko) Mobile Safari/537.36 (compatible; TikTokSpider; [email protected])"
47.128.115.248 - - [04/May/2026:02:22:46 -0500] "GET /michigan-salad-recipe/ HTTP/2.0" 200 101735 "https://easysalads.com/michigan-salad-recipe/" "Mozilla/5.0 (Linux; Android 5.0) AppleWebKit/537.36 (KHTML, like Gecko) Mobile Safari/537.36 (compatible; TikTokSpider; [email protected])"
47.128.115.248 - - [04/May/2026:02:22:47 -0500] "GET /michigan-salad-recipe/ HTTP/2.0" 200 101760 "https://easysalads.com/michigan-salad-recipe/" "Mozilla/5.0 (Linux; Android 5.0) AppleWebKit/537.36 (KHTML, like Gecko) Mobile Safari/537.36 (compatible; TikTokSpider; [email protected])"
47.128.115.248 - - [04/May/2026:02:22:48 -0500] "GET /michigan-salad-recipe/ HTTP/2.0" 200 101771 "https://easysalads.com/michigan-salad-recipe/" "Mozilla/5.0 (Linux; Android 5.0) AppleWebKit/537.36 (KHTML, like Gecko) Mobile Safari/537.36 (compatible; TikTokSpider; [email protected])"
47.128.115.248 - - [04/May/2026:02:22:49 -0500] "GET /michigan-salad-recipe/ HTTP/2.0" 200 101692 "https://easysalads.com/michigan-salad-recipe/" "Mozilla/5.0 (Linux; Android 5.0) AppleWebKit/537.36 (KHTML, like Gecko) Mobile Safari/537.36 (compatible; TikTokSpider; [email protected])"
47.128.115.248 - - [04/May/2026:02:22:49 -0500] "GET /michigan-salad-recipe/ HTTP/2.0" 200 101669 "https://easysalads.com/michigan-salad-recipe/" "Mozilla/5.0 (Linux; Android 5.0) AppleWebKit/537.36 (KHTML, like Gecko) Mobile Safari/537.36 (compatible; TikTokSpider; [email protected])"
47.128.115.248 - - [04/May/2026:02:22:50 -0500] "GET /michigan-salad-recipe/ HTTP/2.0" 200 101654 "https://easysalads.com/michigan-salad-recipe/" "Mozilla/5.0 (Linux; Android 5.0) AppleWebKit/537.36 (KHTML, like Gecko) Mobile Safari/537.36 (compatible; TikTokSpider; [email protected])"
47.128.115.248 - - [04/May/2026:02:22:51 -0500] "GET /michigan-salad-recipe/ HTTP/2.0" 200 101689 "https://easysalads.com/michigan-salad-recipe/" "Mozilla/5.0 (Linux; Android 5.0) AppleWebKit/537.36 (KHTML, like Gecko) Mobile Safari/537.36 (compatible; TikTokSpider; [email protected])"
154.18.244.252 - - [04/May/2026:02:23:04 -0500] "POST /wp-cron.php?doing_wp_cron=1777879384.6078441143035888671875 HTTP/1.1" 200 11 "-" "WordPress/6.9.4; https://easysalads.com"
57.128.189.19 - - [04/May/2026:02:23:04 -0500] "GET /?nocache=1777879321 HTTP/2.0" 200 89175 "-" "BigScootsMonitor Mozilla/5.0 (Windows NT 10.0; Win64; x64) AppleWebKit/537.36 (KHTML, like Gecko) Chrome/74.0.3729.169 Safari/537.36"
51.222.136.175 - - [04/May/2026:02:23:05 -0500] "GET /?nocache=1777879321 HTTP/2.0" 200 89175 "-" "BigScootsMonitor Mozilla/5.0 (Windows NT 10.0; Win64; x64) AppleWebKit/537.36 (KHTML, like Gecko) Chrome/74.0.3729.169 Safari/537.36"
103.110.84.178 - - [04/May/2026:02:23:06 -0500] "POST /wp-login.php HTTP/1.1" 444 0 "-" "Mozilla/5.0 (Windows NT 10.0; WOW64) AppleWebKit/537.43 (KHTML, like Gecko) Chrome/139.0.0.0 Safari/537.36 OPR/123.0.0.0"
178.250.7.110 - - [04/May/2026:02:23:11 -0500] "GET /michigan-salad-recipe/ HTTP/1.1" 200 129178 "-" "CriteoBot/0.1 (+https://www.criteo.com/criteo-crawler/)"
178.250.7.68 - - [04/May/2026:02:23:11 -0500] "GET /ads.txt HTTP/1.1" 301 5 "-" "CriteoBot/0.1 (+https://www.criteo.com/criteo-crawler/)"
191.99.57.55 - - [04/May/2026:02:23:17 -0500] "GET /wp-content/uploads/2022/11/apple-pecan-blue-cheese-salad-01-768x1152.jpg HTTP/1.1" 200 224266 "-" "Mozilla/5.0 (Windows NT 10.0; Win64; x64) AppleWebKit/537.36 (KHTML, like Gecko) Chrome/91.0.4472.124 Safari/537.36"
154.18.244.252 - - [04/May/2026:02:24:24 -0500] "POST /wp-cron.php?doing_wp_cron=1777879464.3732891082763671875000 HTTP/1.1" 200 11 "-" "WordPress/6.9.4; https://easysalads.com"
95.217.64.115 - - [04/May/2026:02:24:24 -0500] "GET /wp-login.php HTTP/2.0" 200 1882 "-" "Mozilla/5.0 (Macintosh; Intel Mac OS X 10_11_6) AppleWebKit/604.4.7 (KHTML, like Gecko) Version/11.0.2 Safari/604.4.7"
95.217.64.115 - - [04/May/2026:02:24:24 -0500] "POST /wp-login.php HTTP/2.0" 200 2018 "https://easysalads.com/wp-login.php" "Mozilla/5.0 (Macintosh; Intel Mac OS X 10_11_6) AppleWebKit/604.4.7 (KHTML, like Gecko) Version/11.0.2 Safari/604.4.7"
130.185.116.76 - - [04/May/2026:02:24:38 -0500] "GET /yogurt-dill-dressing/ HTTP/2.0" 200 99493 "https://www.google.com/" "Mozilla/5.0 (iPhone; CPU iPhone OS 18_7 like Mac OS X) AppleWebKit/605.1.15 (KHTML, like Gecko) Version/26.4 Mobile/15E148 Safari/604.1"
130.185.116.76 - - [04/May/2026:02:24:38 -0500] "GET /wp-content/plugins/kadence-blocks/dist/style-blocks-rowlayout.css?ver=3.6.7 HTTP/2.0" 200 1771 "https://easysalads.com/yogurt-dill-dressing/" "Mozilla/5.0 (iPhone; CPU iPhone OS 18_7 like Mac OS X) AppleWebKit/605.1.15 (KHTML, like Gecko) Version/26.4 Mobile/15E148 Safari/604.1"
130.185.116.76 - - [04/May/2026:02:24:38 -0500] "GET /wp-content/plugins/kadence-blocks/dist/style-blocks-column.css?ver=3.6.7 HTTP/2.0" 200 428 "https://easysalads.com/yogurt-dill-dressing/" "Mozilla/5.0 (iPhone; CPU iPhone OS 18_7 like Mac OS X) AppleWebKit/605.1.15 (KHTML, like Gecko) Version/26.4 Mobile/15E148 Safari/604.1"
130.185.116.76 - - [04/May/2026:02:24:38 -0500] "GET /wp-content/plugins/kadence-blocks/dist/style-blocks-infobox.css?ver=3.6.7 HTTP/2.0" 200 1340 "https://easysalads.com/yogurt-dill-dressing/" "Mozilla/5.0 (iPhone; CPU iPhone OS 18_7 like Mac OS X) AppleWebKit/605.1.15 (KHTML, like Gecko) Version/26.4 Mobile/15E148 Safari/604.1"
130.185.116.76 - - [04/May/2026:02:24:38 -0500] "GET /wp-content/plugins/kadence-blocks/dist/style-blocks-advancedbtn.css?ver=3.6.7 HTTP/2.0" 200 705 "https://easysalads.com/yogurt-dill-dressing/" "Mozilla/5.0 (iPhone; CPU iPhone OS 18_7 like Mac OS X) AppleWebKit/605.1.15 (KHTML, like Gecko) Version/26.4 Mobile/15E148 Safari/604.1"
130.185.116.76 - - [04/May/2026:02:24:38 -0500] "GET /wp-content/plugins/kadence-blocks-pro/dist/style-blocks-postgrid.css?ver=2.8.13.1 HTTP/2.0" 200 2795 "https://easysalads.com/yogurt-dill-dressing/" "Mozilla/5.0 (iPhone; CPU iPhone OS 18_7 like Mac OS X) AppleWebKit/605.1.15 (KHTML, like Gecko) Version/26.4 Mobile/15E148 Safari/604.1"
130.185.116.76 - - [04/May/2026:02:24:38 -0500] "GET /wp-content/plugins/wp-recipe-maker-premium/dist/public-pro.css?ver=10.5.0 HTTP/2.0" 200 6796 "https://easysalads.com/yogurt-dill-dressing/" "Mozilla/5.0 (iPhone; CPU iPhone OS 18_7 like Mac OS X) AppleWebKit/605.1.15 (KHTML, like Gecko) Version/26.4 Mobile/15E148 Safari/604.1"
130.185.116.76 - - [04/May/2026:02:24:38 -0500] "GET /wp-content/themes/kadence/assets/css/global.min.css?ver=1.1.22 HTTP/2.0" 200 4256 "https://easysalads.com/yogurt-dill-dressing/" "Mozilla/5.0 (iPhone; CPU iPhone OS 18_7 like Mac OS X) AppleWebKit/605.1.15 (KHTML, like Gecko) Version/26.4 Mobile/15E148 Safari/604.1"
130.185.116.76 - - [04/May/2026:02:24:38 -0500] "GET /wp-content/themes/kadence/assets/css/header.min.css?ver=1.1.22 HTTP/2.0" 200 4295 "https://easysalads.com/yogurt-dill-dressing/" "Mozilla/5.0 (iPhone; CPU iPhone OS 18_7 like Mac OS X) AppleWebKit/605.1.15 (KHTML, like Gecko) Version/26.4 Mobile/15E148 Safari/604.1"
130.185.116.76 - - [04/May/2026:02:24:38 -0500] "GET /wp-content/themes/kadence/assets/css/content.min.css?ver=1.1.22 HTTP/2.0" 200 5512 "https://easysalads.com/yogurt-dill-dressing/" "Mozilla/5.0 (iPhone; CPU iPhone OS 18_7 like Mac OS X) AppleWebKit/605.1.15 (KHTML, like Gecko) Version/26.4 Mobile/15E148 Safari/604.1"
130.185.116.76 - - [04/May/2026:02:24:38 -0500] "GET /wp-content/themes/kadence/assets/css/comments.min.css?ver=1.1.22 HTTP/2.0" 200 1289 "https://easysalads.com/yogurt-dill-dressing/" "Mozilla/5.0 (iPhone; CPU iPhone OS 18_7 like Mac OS X) AppleWebKit/605.1.15 (KHTML, like Gecko) Version/26.4 Mobile/15E148 Safari/604.1"
130.185.116.76 - - [04/May/2026:02:24:38 -0500] "GET /wp-content/themes/kadence/assets/css/sidebar.min.css?ver=1.1.22 HTTP/2.0" 200 749 "https://easysalads.com/yogurt-dill-dressing/" "Mozilla/5.0 (iPhone; CPU iPhone OS 18_7 like Mac OS X) AppleWebKit/605.1.15 (KHTML, like Gecko) Version/26.4 Mobile/15E148 Safari/604.1"
130.185.116.76 - - [04/May/2026:02:24:38 -0500] "GET /wp-content/themes/kadence/assets/css/footer.min.css?ver=1.1.22 HTTP/2.0" 200 1580 "https://easysalads.com/yogurt-dill-dressing/" "Mozilla/5.0 (iPhone; CPU iPhone OS 18_7 like Mac OS X) AppleWebKit/605.1.15 (KHTML, like Gecko) Version/26.4 Mobile/15E148 Safari/604.1"
130.185.116.76 - - [04/May/2026:02:24:38 -0500] "GET /wp-content/plugins/kadence-pro/dist/mega-menu/menu-addon.css?ver=1.1.19 HTTP/2.0" 200 1126 "https://easysalads.com/yogurt-dill-dressing/" "Mozilla/5.0 (iPhone; CPU iPhone OS 18_7 like Mac OS X) AppleWebKit/605.1.15 (KHTML, like Gecko) Version/26.4 Mobile/15E148 Safari/604.1"
130.185.116.76 - - [04/May/2026:02:24:38 -0500] "GET /wp-content/plugins/social-pug/assets/dist/style-frontend-pro.css?ver=2.28.0 HTTP/2.0" 200 11454 "https://easysalads.com/yogurt-dill-dressing/" "Mozilla/5.0 (iPhone; CPU iPhone OS 18_7 like Mac OS X) AppleWebKit/605.1.15 (KHTML, like Gecko) Version/26.4 Mobile/15E148 Safari/604.1"
130.185.116.76 - - [04/May/2026:02:24:38 -0500] "GET /wp-content/themes/restored316-sage/style.css?ver=1_0_1 HTTP/2.0" 200 1089 "https://easysalads.com/yogurt-dill-dressing/" "Mozilla/5.0 (iPhone; CPU iPhone OS 18_7 like Mac OS X) AppleWebKit/605.1.15 (KHTML, like Gecko) Version/26.4 Mobile/15E148 Safari/604.1"
130.185.116.76 - - [04/May/2026:02:24:38 -0500] "GET /wp-content/plugins/wpforms-lite/assets/css/frontend/modern/wpforms-full.min.css?ver=1.10.0.4 HTTP/2.0" 200 14792 "https://easysalads.com/yogurt-dill-dressing/" "Mozilla/5.0 (iPhone; CPU iPhone OS 18_7 like Mac OS X) AppleWebKit/605.1.15 (KHTML, like Gecko) Version/26.4 Mobile/15E148 Safari/604.1"
130.185.116.76 - - [04/May/2026:02:24:38 -0500] "GET /wp-content/uploads/2022/09/Easy-Salads-website-logo-1536x451.png HTTP/2.0" 200 71572 "https://easysalads.com/yogurt-dill-dressing/" "Mozilla/5.0 (iPhone; CPU iPhone OS 18_7 like Mac OS X) AppleWebKit/605.1.15 (KHTML, like Gecko) Version/26.4 Mobile/15E148 Safari/604.1"
130.185.116.76 - - [04/May/2026:02:24:38 -0500] "GET /wp-content/plugins/kadence-blocks/dist/style-blocks-iconlist.css?ver=3.6.7 HTTP/2.0" 200 597 "https://easysalads.com/yogurt-dill-dressing/" "Mozilla/5.0 (iPhone; CPU iPhone OS 18_7 like Mac OS X) AppleWebKit/605.1.15 (KHTML, like Gecko) Version/26.4 Mobile/15E148 Safari/604.1"
130.185.116.76 - - [04/May/2026:02:24:38 -0500] "GET /wp-content/plugins/kadence-blocks/dist/style-blocks-spacer.css?ver=3.6.7 HTTP/2.0" 200 385 "https://easysalads.com/yogurt-dill-dressing/" "Mozilla/5.0 (iPhone; CPU iPhone OS 18_7 like Mac OS X) AppleWebKit/605.1.15 (KHTML, like Gecko) Version/26.4 Mobile/15E148 Safari/604.1"
130.185.116.76 - - [04/May/2026:02:24:38 -0500] "GET /wp-content/plugins/wp-recipe-maker-premium/dist/public-pro.js?ver=10.5.0 HTTP/2.0" 200 20140 "https://easysalads.com/yogurt-dill-dressing/" "Mozilla/5.0 (iPhone; CPU iPhone OS 18_7 like Mac OS X) AppleWebKit/605.1.15 (KHTML, like Gecko) Version/26.4 Mobile/15E148 Safari/604.1"
130.185.116.76 - - [04/May/2026:02:24:38 -0500] "GET /wp-content/themes/kadence/assets/js/navigation-lite.min.js?ver=1.1.21 HTTP/2.0" 200 2083 "https://easysalads.com/yogurt-dill-dressing/" "Mozilla/5.0 (iPhone; CPU iPhone OS 18_7 like Mac OS X) AppleWebKit/605.1.15 (KHTML, like Gecko) Version/26.4 Mobile/15E148 Safari/604.1"
130.185.116.76 - - [04/May/2026:02:24:38 -0500] "GET /wp-content/plugins/social-pug/assets/dist/front-end-pro.js?ver=2.28.0 HTTP/2.0" 200 9339 "https://easysalads.com/yogurt-dill-dressing/" "Mozilla/5.0 (iPhone; CPU iPhone OS 18_7 like Mac OS X) AppleWebKit/605.1.15 (KHTML, like Gecko) Version/26.4 Mobile/15E148 Safari/604.1"
130.185.116.76 - - [04/May/2026:02:24:38 -0500] "GET /wp-content/plugins/kadence-pro/dist/mega-menu/kadence-mega-menu.min.js?ver=1.1.19 HTTP/2.0" 200 457 "https://easysalads.com/yogurt-dill-dressing/" "Mozilla/5.0 (iPhone; CPU iPhone OS 18_7 like Mac OS X) AppleWebKit/605.1.15 (KHTML, like Gecko) Version/26.4 Mobile/15E148 Safari/604.1"
130.185.116.76 - - [04/May/2026:02:24:38 -0500] "GET /wp-content/plugins/akismet/_inc/akismet-frontend.js?ver=1764724306 HTTP/2.0" 200 3016 "https://easysalads.com/yogurt-dill-dressing/" "Mozilla/5.0 (iPhone; CPU iPhone OS 18_7 like Mac OS X) AppleWebKit/605.1.15 (KHTML, like Gecko) Version/26.4 Mobile/15E148 Safari/604.1"
130.185.116.76 - - [04/May/2026:02:24:38 -0500] "GET /wp-includes/js/jquery/jquery.min.js?ver=3.7.1 HTTP/2.0" 200 29769 "https://easysalads.com/yogurt-dill-dressing/" "Mozilla/5.0 (iPhone; CPU iPhone OS 18_7 like Mac OS X) AppleWebKit/605.1.15 (KHTML, like Gecko) Version/26.4 Mobile/15E148 Safari/604.1"
130.185.116.76 - - [04/May/2026:02:24:38 -0500] "GET /wp-includes/js/jquery/jquery-migrate.min.js?ver=3.4.1 HTTP/2.0" 200 4679 "https://easysalads.com/yogurt-dill-dressing/" "Mozilla/5.0 (iPhone; CPU iPhone OS 18_7 like Mac OS X) AppleWebKit/605.1.15 (KHTML, like Gecko) Version/26.4 Mobile/15E148 Safari/604.1"
130.185.116.76 - - [04/May/2026:02:24:38 -0500] "GET /wp-content/plugins/wpforms-lite/assets/lib/jquery.validate.min.js?ver=1.21.0 HTTP/2.0" 200 7807 "https://easysalads.com/yogurt-dill-dressing/" "Mozilla/5.0 (iPhone; CPU iPhone OS 18_7 like Mac OS X) AppleWebKit/605.1.15 (KHTML, like Gecko) Version/26.4 Mobile/15E148 Safari/604.1"
130.185.116.76 - - [04/May/2026:02:24:38 -0500] "GET /wp-content/plugins/wpforms-lite/assets/lib/mailcheck.min.js?ver=1.1.2 HTTP/2.0" 200 1616 "https://easysalads.com/yogurt-dill-dressing/" "Mozilla/5.0 (iPhone; CPU iPhone OS 18_7 like Mac OS X) AppleWebKit/605.1.15 (KHTML, like Gecko) Version/26.4 Mobile/15E148 Safari/604.1"
130.185.116.76 - - [04/May/2026:02:24:38 -0500] "GET /wp-content/plugins/wpforms-lite/assets/lib/punycode.min.js?ver=1.0.0 HTTP/2.0" 200 834 "https://easysalads.com/yogurt-dill-dressing/" "Mozilla/5.0 (iPhone; CPU iPhone OS 18_7 like Mac OS X) AppleWebKit/605.1.15 (KHTML, like Gecko) Version/26.4 Mobile/15E148 Safari/604.1"
130.185.116.76 - - [04/May/2026:02:24:38 -0500] "GET /wp-content/plugins/wpforms-lite/assets/js/share/utils.min.js?ver=1.10.0.4 HTTP/2.0" 200 727 "https://easysalads.com/yogurt-dill-dressing/" "Mozilla/5.0 (iPhone; CPU iPhone OS 18_7 like Mac OS X) AppleWebKit/605.1.15 (KHTML, like Gecko) Version/26.4 Mobile/15E148 Safari/604.1"
130.185.116.76 - - [04/May/2026:02:24:38 -0500] "GET /wp-content/plugins/wpforms-lite/assets/js/frontend/wpforms-modern.min.js?ver=1.10.0.4 HTTP/2.0" 200 1866 "https://easysalads.com/yogurt-dill-dressing/" "Mozilla/5.0 (iPhone; CPU iPhone OS 18_7 like Mac OS X) AppleWebKit/605.1.15 (KHTML, like Gecko) Version/26.4 Mobile/15E148 Safari/604.1"
130.185.116.76 - - [04/May/2026:02:24:38 -0500] "GET /wp-content/plugins/wpforms-lite/assets/js/frontend/fields/address.min.js?ver=1.10.0.4 HTTP/2.0" 200 673 "https://easysalads.com/yogurt-dill-dressing/" "Mozilla/5.0 (iPhone; CPU iPhone OS 18_7 like Mac OS X) AppleWebKit/605.1.15 (KHTML, like Gecko) Version/26.4 Mobile/15E148 Safari/604.1"
130.185.116.76 - - [04/May/2026:02:24:39 -0500] "GET /wp-content/uploads/2024/03/yogurt-dill-dressing-04.jpg HTTP/2.0" 200 494452 "https://easysalads.com/yogurt-dill-dressing/" "Mozilla/5.0 (iPhone; CPU iPhone OS 18_7 like Mac OS X) AppleWebKit/605.1.15 (KHTML, like Gecko) Version/26.4 Mobile/15E148 Safari/604.1"
130.185.116.76 - - [04/May/2026:02:24:39 -0500] "GET /wp-content/plugins/wpforms-lite/assets/images/submit-spin.svg HTTP/2.0" 200 509 "https://easysalads.com/yogurt-dill-dressing/" "Mozilla/5.0 (iPhone; CPU iPhone OS 18_7 like Mac OS X) AppleWebKit/605.1.15 (KHTML, like Gecko) Version/26.4 Mobile/15E148 Safari/604.1"
130.185.116.76 - - [04/May/2026:02:24:39 -0500] "GET /wp-content/uploads/2024/03/yogurt-dill-dressing-00.jpg HTTP/2.0" 200 408090 "https://easysalads.com/yogurt-dill-dressing/" "Mozilla/5.0 (iPhone; CPU iPhone OS 18_7 like Mac OS X) AppleWebKit/605.1.15 (KHTML, like Gecko) Version/26.4 Mobile/15E148 Safari/604.1"
130.185.116.76 - - [04/May/2026:02:24:39 -0500] "GET /wp-includes/js/comment-reply.min.js?ver=6.9.4 HTTP/2.0" 200 1248 "https://easysalads.com/yogurt-dill-dressing/" "Mozilla/5.0 (iPhone; CPU iPhone OS 18_7 like Mac OS X) AppleWebKit/605.1.15 (KHTML, like Gecko) Version/26.4 Mobile/15E148 Safari/604.1"
130.185.116.76 - - [04/May/2026:02:24:40 -0500] "GET /wp-content/uploads/2022/09/cropped-site-icon-easy-salads-32x32.png HTTP/2.0" 200 907 "https://easysalads.com/yogurt-dill-dressing/" "Mozilla/5.0 (iPhone; CPU iPhone OS 18_7 like Mac OS X) AppleWebKit/605.1.15 (KHTML, like Gecko) Version/26.4 Mobile/15E148 Safari/604.1"
130.185.116.76 - - [04/May/2026:02:24:40 -0500] "GET /wp-content/uploads/2022/09/cropped-site-icon-easy-salads-192x192.png HTTP/2.0" 200 8410 "https://easysalads.com/yogurt-dill-dressing/" "Mozilla/5.0 (iPhone; CPU iPhone OS 18_7 like Mac OS X) AppleWebKit/605.1.15 (KHTML, like Gecko) Version/26.4 Mobile/15E148 Safari/604.1"
66.249.66.12 - - [04/May/2026:02:25:02 -0500] "GET /wp-content/uploads/2024/07/Classic-Chicken-Salad05-200x300.jpg HTTP/1.1" 200 26996 "-" "Googlebot-Image/1.0"
154.18.244.252 - - [04/May/2026:02:25:03 -0500] "POST /wp-cron.php?doing_wp_cron=1777879504.0188689231872558593750 HTTP/1.1" 200 11 "-" "WordPress/6.9.4; https://easysalads.com"
57.128.189.19 - - [04/May/2026:02:25:04 -0500] "GET /?nocache=1777879441 HTTP/2.0" 200 89175 "-" "BigScootsMonitor Mozilla/5.0 (Windows NT 10.0; Win64; x64) AppleWebKit/537.36 (KHTML, like Gecko) Chrome/74.0.3729.169 Safari/537.36"
51.222.136.175 - - [04/May/2026:02:25:04 -0500] "GET /?nocache=1777879441 HTTP/2.0" 200 89175 "-" "BigScootsMonitor Mozilla/5.0 (Windows NT 10.0; Win64; x64) AppleWebKit/537.36 (KHTML, like Gecko) Chrome/74.0.3729.169 Safari/537.36"
80.77.146.194 - - [04/May/2026:02:25:06 -0500] "GET /wp-login.php HTTP/2.0" 444 0 "-" "Mozilla/5.0 (Macintosh; Intel Mac OS X 10_11_6) AppleWebKit/537.36 (KHTML, like Gecko) Chrome/65.0.3325.181 Safari/537.36"
144.178.8.200 - - [04/May/2026:02:25:11 -0500] "GET /creamy-apple-cider-dressing/ HTTP/2.0" 200 104040 "-" "Mozilla/5.0 (Macintosh; Intel Mac OS X 10_15_7) AppleWebKit/605.1.15 (KHTML, like Gecko)"
144.178.8.200 - - [04/May/2026:02:25:12 -0500] "GET /wp-content/uploads/2022/09/cropped-site-icon-easy-salads-180x180.png HTTP/2.0" 200 7710 "-" "Mozilla/5.0 (Macintosh; Intel Mac OS X 10_15_7) AppleWebKit/605.1.15 (KHTML, like Gecko) Safari"
154.18.244.252 - - [04/May/2026:02:26:19 -0500] "POST /wp-cron.php?doing_wp_cron=1777879579.2496459484100341796875 HTTP/1.1" 200 11 "-" "WordPress/6.9.4; https://easysalads.com"
34.4.36.255 - - [04/May/2026:02:26:19 -0500] "GET /ads.txt HTTP/1.1" 301 5 "https://easysalads.com/" "Mozilla/5.0 (Windows NT 10.0; Win64; x64) AppleWebKit/537.36 (KHTML, like Gecko) Chrome/120.0.0.0 Safari/537.36"
154.18.244.252 - - [04/May/2026:02:27:04 -0500] "POST /wp-cron.php?doing_wp_cron=1777879624.3246719837188720703125 HTTP/1.1" 200 11 "-" "WordPress/6.9.4; https://easysalads.com"
57.128.189.19 - - [04/May/2026:02:27:04 -0500] "GET /?nocache=1777879561 HTTP/2.0" 200 89175 "-" "BigScootsMonitor Mozilla/5.0 (Windows NT 10.0; Win64; x64) AppleWebKit/537.36 (KHTML, like Gecko) Chrome/74.0.3729.169 Safari/537.36"
51.222.136.175 - - [04/May/2026:02:27:05 -0500] "GET /?nocache=1777879561 HTTP/2.0" 200 89175 "-" "BigScootsMonitor Mozilla/5.0 (Windows NT 10.0; Win64; x64) AppleWebKit/537.36 (KHTML, like Gecko) Chrome/74.0.3729.169 Safari/537.36"
185.6.149.208 - - [04/May/2026:02:27:56 -0500] "GET /wp-content/uploads/2024/05/rocket-salad-03.jpg HTTP/2.0" 200 578658 "https://www.google.com/" "Mozilla/5.0 (iPhone; CPU iPhone OS 17_1_1 like Mac OS X) AppleWebKit/605.1.15 (KHTML, like Gecko) GSA/388.0.811331708 Mobile/21B91 Safari/604.1"
154.18.244.252 - - [04/May/2026:02:28:13 -0500] "POST /wp-cron.php?doing_wp_cron=1777879693.2051320075988769531250 HTTP/1.1" 200 11 "-" "WordPress/6.9.4; https://easysalads.com"
208.113.157.11 - - [04/May/2026:02:28:13 -0500] "POST /wp-login.php HTTP/1.1" 200 2245 "-" "Mozilla/5.0 (Windows NT 10.0; Win64; x64) AppleWebKit/537.43 (KHTML, like Gecko) Chrome/139.0.0.0 Safari/537.36 OPR/123.0.0.0"
154.18.244.252 - - [04/May/2026:02:29:04 -0500] "POST /wp-cron.php?doing_wp_cron=1777879744.2835950851440429687500 HTTP/1.1" 200 11 "-" "WordPress/6.9.4; https://easysalads.com"
57.128.189.19 - - [04/May/2026:02:29:04 -0500] "GET /?nocache=1777879681 HTTP/2.0" 200 89175 "-" "BigScootsMonitor Mozilla/5.0 (Windows NT 10.0; Win64; x64) AppleWebKit/537.36 (KHTML, like Gecko) Chrome/74.0.3729.169 Safari/537.36"
51.222.136.175 - - [04/May/2026:02:29:05 -0500] "GET /?nocache=1777879741 HTTP/2.0" 200 89175 "-" "BigScootsMonitor Mozilla/5.0 (Windows NT 10.0; Win64; x64) AppleWebKit/537.36 (KHTML, like Gecko) Chrome/74.0.3729.169 Safari/537.36"
54.163.169.168 - - [04/May/2026:02:29:43 -0500] "GET /peruvian-chopped-salad/ HTTP/1.1" 444 0 "-" "Mozilla/5.0 AppleWebKit/537.36 (KHTML, like Gecko; compatible; Amazonbot/0.1; +https://developer.amazon.com/support/amazonbot) Chrome/119.0.6045.214 Safari/537.36"
52.90.152.232 - - [04/May/2026:02:29:53 -0500] "GET /michigan-salad-recipe HTTP/1.1" 200 129178 "-" "Mozilla/5.0 (compatible; proximic; +https://www.comscore.com/Web-Crawler)"
199.203.54.15 - - [04/May/2026:02:30:40 -0500] "GET /wp-login.php HTTP/2.0" 444 0 "-" "Mozilla/5.0 (Macintosh; Intel Mac OS X 10_10_5) AppleWebKit/602.2.14 (KHTML, like Gecko) Version/10.0.1 Safari/602.2.14"
173.252.107.6 - - [04/May/2026:02:30:56 -0500] "GET / HTTP/2.0" 200 536589 "-" "meta-webindexer/1.1 (+https://developers.facebook.com/docs/sharing/webmasters/crawler)"
154.18.244.252 - - [04/May/2026:02:31:03 -0500] "POST /wp-cron.php?doing_wp_cron=1777879863.9255239963531494140625 HTTP/1.1" 200 11 "-" "WordPress/6.9.4; https://easysalads.com"
57.128.189.19 - - [04/May/2026:02:31:03 -0500] "GET /?nocache=1777879801 HTTP/2.0" 200 89175 "-" "BigScootsMonitor Mozilla/5.0 (Windows NT 10.0; Win64; x64) AppleWebKit/537.36 (KHTML, like Gecko) Chrome/74.0.3729.169 Safari/537.36"
51.222.136.175 - - [04/May/2026:02:31:05 -0500] "GET /?nocache=1777879801 HTTP/2.0" 200 89175 "-" "BigScootsMonitor Mozilla/5.0 (Windows NT 10.0; Win64; x64) AppleWebKit/537.36 (KHTML, like Gecko) Chrome/74.0.3729.169 Safari/537.36"
14.236.201.97 - - [04/May/2026:02:32:34 -0500] "GET /wp-content/uploads/2022/10/Christmas-Salad-03-768x1152.jpg HTTP/1.1" 200 193632 "-" "Mozilla/5.0 (Windows NT 10.0; Win64; x64) AppleWebKit/537.36 (KHTML, like Gecko) Chrome/91.0.4472.124 Safari/537.36"
66.249.66.77 - - [04/May/2026:02:32:49 -0500] "GET /wp-content/uploads/2024/02/southern-potato-salad-03.jpg HTTP/1.1" 200 510148 "-" "Googlebot-Image/1.0"
175.156.151.93 - - [04/May/2026:02:32:53 -0500] "GET /wp-content/uploads/2022/09/hot-chicken-salad-10.jpg HTTP/1.1" 200 566820 "-" "Mozilla/5.0 (Windows NT 10.0; Win64; x64) AppleWebKit/537.36 (KHTML, like Gecko) Chrome/91.0.4472.124 Safari/537.36"
154.18.244.252 - - [04/May/2026:02:33:04 -0500] "POST /wp-cron.php?doing_wp_cron=1777879984.2648348808288574218750 HTTP/1.1" 200 11 "-" "WordPress/6.9.4; https://easysalads.com"
57.128.189.19 - - [04/May/2026:02:33:04 -0500] "GET /?nocache=1777879921 HTTP/2.0" 200 89175 "-" "BigScootsMonitor Mozilla/5.0 (Windows NT 10.0; Win64; x64) AppleWebKit/537.36 (KHTML, like Gecko) Chrome/74.0.3729.169 Safari/537.36"
51.222.136.175 - - [04/May/2026:02:33:04 -0500] "GET /?nocache=1777879921 HTTP/2.0" 200 89175 "-" "BigScootsMonitor Mozilla/5.0 (Windows NT 10.0; Win64; x64) AppleWebKit/537.36 (KHTML, like Gecko) Chrome/74.0.3729.169 Safari/537.36"
76.180.242.230 - - [04/May/2026:02:33:32 -0500] "GET /broccoli-raisin-salad-recipe/ HTTP/2.0" 200 102945 "https://www.google.com/" "Mozilla/5.0 (Linux; Android 10; K) AppleWebKit/537.36 (KHTML, like Gecko) Chrome/147.0.0.0 Mobile Safari/537.36"
76.180.242.230 - - [04/May/2026:02:33:32 -0500] "GET /wp-content/uploads/2024/02/broccoli-raisin-salad-04-768x1152.jpg HTTP/2.0" 200 292850 "https://easysalads.com/broccoli-raisin-salad-recipe/" "Mozilla/5.0 (Linux; Android 10; K) AppleWebKit/537.36 (KHTML, like Gecko) Chrome/147.0.0.0 Mobile Safari/537.36"
76.180.242.230 - - [04/May/2026:02:33:32 -0500] "GET /wp-content/uploads/2024/02/broccoli-raisin-salad-00-768x1152.jpg HTTP/2.0" 200 353049 "https://easysalads.com/broccoli-raisin-salad-recipe/" "Mozilla/5.0 (Linux; Android 10; K) AppleWebKit/537.36 (KHTML, like Gecko) Chrome/147.0.0.0 Mobile Safari/537.36"
100.24.41.131 - - [04/May/2026:02:33:36 -0500] "GET /broccoli-raisin-salad-recipe/ HTTP/1.1" 200 130836 "-" "Mozilla/5.0 (compatible; proximic; +https://www.comscore.com/Web-Crawler)"
154.18.244.252 - - [04/May/2026:02:35:03 -0500] "POST /wp-cron.php?doing_wp_cron=1777880103.8866169452667236328125 HTTP/1.1" 200 11 "-" "WordPress/6.9.4; https://easysalads.com"
57.128.189.19 - - [04/May/2026:02:35:03 -0500] "GET /?nocache=1777880041 HTTP/2.0" 200 89175 "-" "BigScootsMonitor Mozilla/5.0 (Windows NT 10.0; Win64; x64) AppleWebKit/537.36 (KHTML, like Gecko) Chrome/74.0.3729.169 Safari/537.36"
51.222.136.175 - - [04/May/2026:02:35:05 -0500] "GET /?nocache=1777880041 HTTP/2.0" 200 89175 "-" "BigScootsMonitor Mozilla/5.0 (Windows NT 10.0; Win64; x64) AppleWebKit/537.36 (KHTML, like Gecko) Chrome/74.0.3729.169 Safari/537.36"
62.146.233.9 - - [04/May/2026:02:35:22 -0500] "GET /wp-login.php HTTP/2.0" 200 1882 "-" "Mozilla/5.0 (X11; CrOS x86_64 10323.67.0) AppleWebKit/537.36 (KHTML, like Gecko) Chrome/65.0.3325.209 Safari/537.36"
62.146.233.9 - - [04/May/2026:02:35:22 -0500] "POST /wp-login.php HTTP/2.0" 200 2020 "https://easysalads.com/wp-login.php" "Mozilla/5.0 (X11; CrOS x86_64 10323.67.0) AppleWebKit/537.36 (KHTML, like Gecko) Chrome/65.0.3325.209 Safari/537.36"
103.100.38.132 - - [04/May/2026:02:35:51 -0500] "GET /wp-login.php HTTP/2.0" 444 0 "-" "Mozilla/5.0 (Windows NT 10.0; Win64; x64; rv:61.0) Gecko/20100101 Firefox/61.0"
94.207.251.44 - - [04/May/2026:02:36:09 -0500] "GET /wp-content/uploads/2023/09/pulled-pork-salad-recipe00-768x1152.jpg HTTP/1.1" 200 232569 "-" "Mozilla/5.0 (Windows NT 10.0; Win64; x64) AppleWebKit/537.36 (KHTML, like Gecko) Chrome/91.0.4472.124 Safari/537.36"
50.6.229.148 - - [04/May/2026:02:36:23 -0500] "GET /wp-login.php HTTP/2.0" 444 0 "-" "Mozilla/5.0 (Macintosh; Intel Mac OS X 10_12_6) AppleWebKit/604.4.7 (KHTML, like Gecko) Version/11.0.2 Safari/604.4.7"
154.18.244.252 - - [04/May/2026:02:36:36 -0500] "POST /wp-cron.php?doing_wp_cron=1777880196.8784680366516113281250 HTTP/1.1" 200 11 "-" "WordPress/6.9.4; https://easysalads.com"
74.214.194.225 - - [04/May/2026:02:36:36 -0500] "GET /ads.txt HTTP/1.1" 301 5 "-" "ContextWebCom-AdsTxt/1.1"
154.18.244.252 - - [04/May/2026:02:37:03 -0500] "POST /wp-cron.php?doing_wp_cron=1777880224.0657789707183837890625 HTTP/1.1" 200 11 "-" "WordPress/6.9.4; https://easysalads.com"
57.128.189.19 - - [04/May/2026:02:37:04 -0500] "GET /?nocache=1777880161 HTTP/2.0" 200 89175 "-" "BigScootsMonitor Mozilla/5.0 (Windows NT 10.0; Win64; x64) AppleWebKit/537.36 (KHTML, like Gecko) Chrome/74.0.3729.169 Safari/537.36"
51.222.136.175 - - [04/May/2026:02:37:04 -0500] "GET /?nocache=1777880161 HTTP/2.0" 200 89175 "-" "BigScootsMonitor Mozilla/5.0 (Windows NT 10.0; Win64; x64) AppleWebKit/537.36 (KHTML, like Gecko) Chrome/74.0.3729.169 Safari/537.36"
103.131.71.96 - - [04/May/2026:02:37:33 -0500] "GET / HTTP/1.1" 200 114540 "-" "Mozilla/5.0 (compatible; coccocbot-web/1.0; +http://help.coccoc.com/searchengine)"
82.20.15.205 - - [04/May/2026:02:37:33 -0500] "GET /wp-content/uploads/2024/11/sweet-potato-feta-salad-00.jpg HTTP/2.0" 200 886828 "https://www.google.com/" "Mozilla/5.0 (Linux; Android 10; K) AppleWebKit/537.36 (KHTML, like Gecko) Chrome/147.0.0.0 Mobile Safari/537.36"
103.131.71.96 - - [04/May/2026:02:37:35 -0500] "GET /classic-chicken-salad/ HTTP/1.1" 200 127396 "-" "Mozilla/5.0 (compatible; coccocbot-web/1.0; +http://help.coccoc.com/searchengine)"
205.185.118.173 - - [04/May/2026:02:37:43 -0500] "GET /wp-login.php HTTP/1.1" 444 0 "-" "Mozilla/5.0 (Windows NT 6.1; rv:31.0) Gecko/20100101 Firefox/31.0"
154.18.244.252 - - [04/May/2026:02:38:01 -0500] "POST /wp-cron.php?doing_wp_cron=1777880281.8202700614929199218750 HTTP/1.1" 200 11 "-" "WordPress/6.9.4; https://easysalads.com"
103.65.214.232 - - [04/May/2026:02:38:01 -0500] "GET /creamy-parmesan-pasta-salad/ HTTP/2.0" 200 100938 "-" "Mozilla/5.0 (Linux; Android 5.0; SM-G900P Build/LRX21T) AppleWebKit/537.36 (KHTML, like Gecko) Chrome/60.0.4891.1628 Mobile Safari/537.36"
103.65.214.232 - - [04/May/2026:02:38:03 -0500] "GET /wp-content/uploads/2024/02/parmesan-pasta-salad-05-683x1024.jpg HTTP/2.0" 206 500 "https://easysalads.com/creamy-parmesan-pasta-salad/" "Mozilla/5.0 (Linux; Android 5.0; SM-G900P Build/LRX21T) AppleWebKit/537.36 (KHTML, like Gecko) Chrome/60.0.4891.1628 Mobile Safari/537.36"
103.65.214.232 - - [04/May/2026:02:38:03 -0500] "GET /wp-content/uploads/2024/02/parmesan-pasta-salad-05-683x1024.jpg HTTP/2.0" 304 0 "https://easysalads.com/creamy-parmesan-pasta-salad/" "Mozilla/5.0 (Linux; Android 5.0; SM-G900P Build/LRX21T) AppleWebKit/537.36 (KHTML, like Gecko) Chrome/60.0.4891.1628 Mobile Safari/537.36"
103.65.214.232 - - [04/May/2026:02:38:04 -0500] "GET /wp-content/uploads/2024/02/parmesan-pasta-salad-05-683x1024.jpg HTTP/2.0" 206 201779 "https://easysalads.com/creamy-parmesan-pasta-salad/" "Mozilla/5.0 (Linux; Android 5.0; SM-G900P Build/LRX21T) AppleWebKit/537.36 (KHTML, like Gecko) Chrome/60.0.4891.1628 Mobile Safari/537.36"
