154.18.244.252 - - [04/May/2026:00:55:55 -0500] "POST /wp-cron.php?doing_wp_cron=1777874155.7055220603942871093750 HTTP/1.1" 200 11 "-" "WordPress/6.9.4; https://easysalads.com"
47.128.115.45 - - [04/May/2026:00:55:55 -0500] "GET /low-carb-fruit-salad/ HTTP/2.0" 200 100165 "https://easysalads.com/low-carb-fruit-salad/" "Mozilla/5.0 (Linux; Android 5.0) AppleWebKit/537.36 (KHTML, like Gecko) Mobile Safari/537.36 (compatible; TikTokSpider; [email protected])"
47.128.115.45 - - [04/May/2026:00:55:56 -0500] "GET /low-carb-fruit-salad/ HTTP/2.0" 200 100137 "https://easysalads.com/low-carb-fruit-salad/" "Mozilla/5.0 (Linux; Android 5.0) AppleWebKit/537.36 (KHTML, like Gecko) Mobile Safari/537.36 (compatible; TikTokSpider; [email protected])"
47.128.115.45 - - [04/May/2026:00:55:57 -0500] "GET /low-carb-fruit-salad/ HTTP/2.0" 200 100093 "https://easysalads.com/low-carb-fruit-salad/" "Mozilla/5.0 (Linux; Android 5.0) AppleWebKit/537.36 (KHTML, like Gecko) Mobile Safari/537.36 (compatible; TikTokSpider; [email protected])"
47.128.115.45 - - [04/May/2026:00:55:57 -0500] "GET /low-carb-fruit-salad/ HTTP/2.0" 200 100075 "https://easysalads.com/low-carb-fruit-salad/" "Mozilla/5.0 (Linux; Android 5.0) AppleWebKit/537.36 (KHTML, like Gecko) Mobile Safari/537.36 (compatible; TikTokSpider; [email protected])"
47.128.115.45 - - [04/May/2026:00:55:58 -0500] "GET /low-carb-fruit-salad/ HTTP/2.0" 200 100137 "https://easysalads.com/low-carb-fruit-salad/" "Mozilla/5.0 (Linux; Android 5.0) AppleWebKit/537.36 (KHTML, like Gecko) Mobile Safari/537.36 (compatible; TikTokSpider; [email protected])"
47.128.115.45 - - [04/May/2026:00:55:59 -0500] "GET /low-carb-fruit-salad/ HTTP/2.0" 200 100105 "https://easysalads.com/low-carb-fruit-salad/" "Mozilla/5.0 (Linux; Android 5.0) AppleWebKit/537.36 (KHTML, like Gecko) Mobile Safari/537.36 (compatible; TikTokSpider; [email protected])"
47.128.115.45 - - [04/May/2026:00:56:00 -0500] "GET /low-carb-fruit-salad/ HTTP/2.0" 200 100197 "https://easysalads.com/low-carb-fruit-salad/" "Mozilla/5.0 (Linux; Android 5.0) AppleWebKit/537.36 (KHTML, like Gecko) Mobile Safari/537.36 (compatible; TikTokSpider; [email protected])"
47.128.115.45 - - [04/May/2026:00:56:00 -0500] "GET /low-carb-fruit-salad/ HTTP/2.0" 200 100091 "https://easysalads.com/low-carb-fruit-salad/" "Mozilla/5.0 (Linux; Android 5.0) AppleWebKit/537.36 (KHTML, like Gecko) Mobile Safari/537.36 (compatible; TikTokSpider; [email protected])"
47.128.115.45 - - [04/May/2026:00:56:01 -0500] "GET /low-carb-fruit-salad/ HTTP/2.0" 200 100147 "https://easysalads.com/low-carb-fruit-salad/" "Mozilla/5.0 (Linux; Android 5.0) AppleWebKit/537.36 (KHTML, like Gecko) Mobile Safari/537.36 (compatible; TikTokSpider; [email protected])"
47.128.115.45 - - [04/May/2026:00:56:02 -0500] "GET /low-carb-fruit-salad/ HTTP/2.0" 200 100142 "https://easysalads.com/low-carb-fruit-salad/" "Mozilla/5.0 (Linux; Android 5.0) AppleWebKit/537.36 (KHTML, like Gecko) Mobile Safari/537.36 (compatible; TikTokSpider; [email protected])"
47.128.115.45 - - [04/May/2026:00:56:03 -0500] "GET /low-carb-fruit-salad/ HTTP/2.0" 200 100098 "https://easysalads.com/low-carb-fruit-salad/" "Mozilla/5.0 (Linux; Android 5.0) AppleWebKit/537.36 (KHTML, like Gecko) Mobile Safari/537.36 (compatible; TikTokSpider; [email protected])"
47.128.115.45 - - [04/May/2026:00:56:04 -0500] "GET /low-carb-fruit-salad/ HTTP/2.0" 200 100156 "https://easysalads.com/low-carb-fruit-salad/" "Mozilla/5.0 (Linux; Android 5.0) AppleWebKit/537.36 (KHTML, like Gecko) Mobile Safari/537.36 (compatible; TikTokSpider; [email protected])"
47.128.115.45 - - [04/May/2026:00:56:05 -0500] "GET /low-carb-fruit-salad/ HTTP/2.0" 200 100152 "https://easysalads.com/low-carb-fruit-salad/" "Mozilla/5.0 (Linux; Android 5.0) AppleWebKit/537.36 (KHTML, like Gecko) Mobile Safari/537.36 (compatible; TikTokSpider; [email protected])"
154.18.244.252 - - [04/May/2026:00:57:03 -0500] "POST /wp-cron.php?doing_wp_cron=1777874224.0136289596557617187500 HTTP/1.1" 200 11 "-" "WordPress/6.9.4; https://easysalads.com"
57.128.189.19 - - [04/May/2026:00:57:04 -0500] "GET /?nocache=1777874161 HTTP/2.0" 200 89175 "-" "BigScootsMonitor Mozilla/5.0 (Windows NT 10.0; Win64; x64) AppleWebKit/537.36 (KHTML, like Gecko) Chrome/74.0.3729.169 Safari/537.36"
51.222.136.175 - - [04/May/2026:00:57:05 -0500] "GET /?nocache=1777874161 HTTP/2.0" 200 89175 "-" "BigScootsMonitor Mozilla/5.0 (Windows NT 10.0; Win64; x64) AppleWebKit/537.36 (KHTML, like Gecko) Chrome/74.0.3729.169 Safari/537.36"
69.114.142.73 - - [04/May/2026:00:57:19 -0500] "GET /web-stories/feed/ HTTP/2.0" 200 3443 "-" "Mozilla/5.0 (Macintosh; Intel Mac OS X 10_15_7) AppleWebKit/605.1.15 (KHTML, like Gecko) Version/18.0 Safari/605.1.15"
165.162.42.31 - - [04/May/2026:00:57:53 -0500] "GET /shrimp-and-corn-salad/ HTTP/2.0" 200 100759 "https://www.google.com/" "Mozilla/5.0 (iPhone; CPU iPhone OS 18_7 like Mac OS X) AppleWebKit/605.1.15 (KHTML, like Gecko) Version/26.2 Mobile/15E148 Safari/604.1"
165.162.42.31 - - [04/May/2026:00:57:53 -0500] "GET /wp-content/plugins/kadence-blocks/dist/style-blocks-rowlayout.css?ver=3.6.7 HTTP/2.0" 200 1771 "https://easysalads.com/shrimp-and-corn-salad/" "Mozilla/5.0 (iPhone; CPU iPhone OS 18_7 like Mac OS X) AppleWebKit/605.1.15 (KHTML, like Gecko) Version/26.2 Mobile/15E148 Safari/604.1"
165.162.42.31 - - [04/May/2026:00:57:53 -0500] "GET /wp-content/plugins/kadence-blocks/dist/style-blocks-column.css?ver=3.6.7 HTTP/2.0" 200 428 "https://easysalads.com/shrimp-and-corn-salad/" "Mozilla/5.0 (iPhone; CPU iPhone OS 18_7 like Mac OS X) AppleWebKit/605.1.15 (KHTML, like Gecko) Version/26.2 Mobile/15E148 Safari/604.1"
165.162.42.31 - - [04/May/2026:00:57:53 -0500] "GET /wp-content/plugins/kadence-blocks/dist/style-blocks-infobox.css?ver=3.6.7 HTTP/2.0" 200 1340 "https://easysalads.com/shrimp-and-corn-salad/" "Mozilla/5.0 (iPhone; CPU iPhone OS 18_7 like Mac OS X) AppleWebKit/605.1.15 (KHTML, like Gecko) Version/26.2 Mobile/15E148 Safari/604.1"
165.162.42.31 - - [04/May/2026:00:57:53 -0500] "GET /wp-content/plugins/kadence-blocks/dist/style-blocks-advancedbtn.css?ver=3.6.7 HTTP/2.0" 200 705 "https://easysalads.com/shrimp-and-corn-salad/" "Mozilla/5.0 (iPhone; CPU iPhone OS 18_7 like Mac OS X) AppleWebKit/605.1.15 (KHTML, like Gecko) Version/26.2 Mobile/15E148 Safari/604.1"
165.162.42.31 - - [04/May/2026:00:57:53 -0500] "GET /wp-content/plugins/kadence-blocks-pro/dist/style-blocks-postgrid.css?ver=2.8.13.1 HTTP/2.0" 200 2795 "https://easysalads.com/shrimp-and-corn-salad/" "Mozilla/5.0 (iPhone; CPU iPhone OS 18_7 like Mac OS X) AppleWebKit/605.1.15 (KHTML, like Gecko) Version/26.2 Mobile/15E148 Safari/604.1"
165.162.42.31 - - [04/May/2026:00:57:53 -0500] "GET /wp-content/plugins/wp-recipe-maker/dist/public-modern.css?ver=10.5.0 HTTP/2.0" 200 7712 "https://easysalads.com/shrimp-and-corn-salad/" "Mozilla/5.0 (iPhone; CPU iPhone OS 18_7 like Mac OS X) AppleWebKit/605.1.15 (KHTML, like Gecko) Version/26.2 Mobile/15E148 Safari/604.1"
165.162.42.31 - - [04/May/2026:00:57:53 -0500] "GET /wp-content/plugins/wp-recipe-maker-premium/dist/public-pro.css?ver=10.5.0 HTTP/2.0" 200 6796 "https://easysalads.com/shrimp-and-corn-salad/" "Mozilla/5.0 (iPhone; CPU iPhone OS 18_7 like Mac OS X) AppleWebKit/605.1.15 (KHTML, like Gecko) Version/26.2 Mobile/15E148 Safari/604.1"
165.162.42.31 - - [04/May/2026:00:57:53 -0500] "GET /wp-content/themes/kadence/assets/css/global.min.css?ver=1.1.22 HTTP/2.0" 200 4256 "https://easysalads.com/shrimp-and-corn-salad/" "Mozilla/5.0 (iPhone; CPU iPhone OS 18_7 like Mac OS X) AppleWebKit/605.1.15 (KHTML, like Gecko) Version/26.2 Mobile/15E148 Safari/604.1"
165.162.42.31 - - [04/May/2026:00:57:53 -0500] "GET /wp-content/themes/kadence/assets/css/header.min.css?ver=1.1.22 HTTP/2.0" 200 4295 "https://easysalads.com/shrimp-and-corn-salad/" "Mozilla/5.0 (iPhone; CPU iPhone OS 18_7 like Mac OS X) AppleWebKit/605.1.15 (KHTML, like Gecko) Version/26.2 Mobile/15E148 Safari/604.1"
165.162.42.31 - - [04/May/2026:00:57:53 -0500] "GET /wp-content/themes/kadence/assets/css/content.min.css?ver=1.1.22 HTTP/2.0" 200 5512 "https://easysalads.com/shrimp-and-corn-salad/" "Mozilla/5.0 (iPhone; CPU iPhone OS 18_7 like Mac OS X) AppleWebKit/605.1.15 (KHTML, like Gecko) Version/26.2 Mobile/15E148 Safari/604.1"
165.162.42.31 - - [04/May/2026:00:57:53 -0500] "GET /wp-content/themes/kadence/assets/css/comments.min.css?ver=1.1.22 HTTP/2.0" 200 1289 "https://easysalads.com/shrimp-and-corn-salad/" "Mozilla/5.0 (iPhone; CPU iPhone OS 18_7 like Mac OS X) AppleWebKit/605.1.15 (KHTML, like Gecko) Version/26.2 Mobile/15E148 Safari/604.1"
165.162.42.31 - - [04/May/2026:00:57:53 -0500] "GET /wp-content/themes/kadence/assets/css/sidebar.min.css?ver=1.1.22 HTTP/2.0" 200 749 "https://easysalads.com/shrimp-and-corn-salad/" "Mozilla/5.0 (iPhone; CPU iPhone OS 18_7 like Mac OS X) AppleWebKit/605.1.15 (KHTML, like Gecko) Version/26.2 Mobile/15E148 Safari/604.1"
165.162.42.31 - - [04/May/2026:00:57:53 -0500] "GET /wp-content/themes/kadence/assets/css/footer.min.css?ver=1.1.22 HTTP/2.0" 200 1580 "https://easysalads.com/shrimp-and-corn-salad/" "Mozilla/5.0 (iPhone; CPU iPhone OS 18_7 like Mac OS X) AppleWebKit/605.1.15 (KHTML, like Gecko) Version/26.2 Mobile/15E148 Safari/604.1"
165.162.42.31 - - [04/May/2026:00:57:53 -0500] "GET /wp-content/plugins/kadence-pro/dist/mega-menu/menu-addon.css?ver=1.1.19 HTTP/2.0" 200 1126 "https://easysalads.com/shrimp-and-corn-salad/" "Mozilla/5.0 (iPhone; CPU iPhone OS 18_7 like Mac OS X) AppleWebKit/605.1.15 (KHTML, like Gecko) Version/26.2 Mobile/15E148 Safari/604.1"
165.162.42.31 - - [04/May/2026:00:57:53 -0500] "GET /wp-content/plugins/social-pug/assets/dist/style-frontend-pro.css?ver=2.28.0 HTTP/2.0" 200 11454 "https://easysalads.com/shrimp-and-corn-salad/" "Mozilla/5.0 (iPhone; CPU iPhone OS 18_7 like Mac OS X) AppleWebKit/605.1.15 (KHTML, like Gecko) Version/26.2 Mobile/15E148 Safari/604.1"
165.162.42.31 - - [04/May/2026:00:57:53 -0500] "GET /wp-content/themes/restored316-sage/style.css?ver=1_0_1 HTTP/2.0" 200 1089 "https://easysalads.com/shrimp-and-corn-salad/" "Mozilla/5.0 (iPhone; CPU iPhone OS 18_7 like Mac OS X) AppleWebKit/605.1.15 (KHTML, like Gecko) Version/26.2 Mobile/15E148 Safari/604.1"
165.162.42.31 - - [04/May/2026:00:57:53 -0500] "GET /wp-content/plugins/wpforms-lite/assets/css/frontend/modern/wpforms-full.min.css?ver=1.10.0.4 HTTP/2.0" 200 14792 "https://easysalads.com/shrimp-and-corn-salad/" "Mozilla/5.0 (iPhone; CPU iPhone OS 18_7 like Mac OS X) AppleWebKit/605.1.15 (KHTML, like Gecko) Version/26.2 Mobile/15E148 Safari/604.1"
165.162.42.31 - - [04/May/2026:00:57:53 -0500] "GET /wp-content/uploads/2022/09/Easy-Salads-website-logo-1536x451.png HTTP/2.0" 200 71572 "https://easysalads.com/shrimp-and-corn-salad/" "Mozilla/5.0 (iPhone; CPU iPhone OS 18_7 like Mac OS X) AppleWebKit/605.1.15 (KHTML, like Gecko) Version/26.2 Mobile/15E148 Safari/604.1"
165.162.42.31 - - [04/May/2026:00:57:53 -0500] "GET /wp-content/plugins/kadence-blocks/dist/style-blocks-iconlist.css?ver=3.6.7 HTTP/2.0" 200 597 "https://easysalads.com/shrimp-and-corn-salad/" "Mozilla/5.0 (iPhone; CPU iPhone OS 18_7 like Mac OS X) AppleWebKit/605.1.15 (KHTML, like Gecko) Version/26.2 Mobile/15E148 Safari/604.1"
165.162.42.31 - - [04/May/2026:00:57:53 -0500] "GET /wp-content/plugins/kadence-blocks/dist/style-blocks-spacer.css?ver=3.6.7 HTTP/2.0" 200 385 "https://easysalads.com/shrimp-and-corn-salad/" "Mozilla/5.0 (iPhone; CPU iPhone OS 18_7 like Mac OS X) AppleWebKit/605.1.15 (KHTML, like Gecko) Version/26.2 Mobile/15E148 Safari/604.1"
165.162.42.31 - - [04/May/2026:00:57:53 -0500] "GET /wp-content/plugins/wp-recipe-maker/dist/public-modern.js?ver=10.5.0 HTTP/2.0" 200 23744 "https://easysalads.com/shrimp-and-corn-salad/" "Mozilla/5.0 (iPhone; CPU iPhone OS 18_7 like Mac OS X) AppleWebKit/605.1.15 (KHTML, like Gecko) Version/26.2 Mobile/15E148 Safari/604.1"
165.162.42.31 - - [04/May/2026:00:57:53 -0500] "GET /wp-content/plugins/wp-recipe-maker-premium/dist/public-pro.js?ver=10.5.0 HTTP/2.0" 200 20140 "https://easysalads.com/shrimp-and-corn-salad/" "Mozilla/5.0 (iPhone; CPU iPhone OS 18_7 like Mac OS X) AppleWebKit/605.1.15 (KHTML, like Gecko) Version/26.2 Mobile/15E148 Safari/604.1"
165.162.42.31 - - [04/May/2026:00:57:53 -0500] "GET /wp-content/themes/kadence/assets/js/navigation-lite.min.js?ver=1.1.21 HTTP/2.0" 200 2083 "https://easysalads.com/shrimp-and-corn-salad/" "Mozilla/5.0 (iPhone; CPU iPhone OS 18_7 like Mac OS X) AppleWebKit/605.1.15 (KHTML, like Gecko) Version/26.2 Mobile/15E148 Safari/604.1"
165.162.42.31 - - [04/May/2026:00:57:53 -0500] "GET /wp-content/plugins/social-pug/assets/dist/front-end-pro.js?ver=2.28.0 HTTP/2.0" 200 9339 "https://easysalads.com/shrimp-and-corn-salad/" "Mozilla/5.0 (iPhone; CPU iPhone OS 18_7 like Mac OS X) AppleWebKit/605.1.15 (KHTML, like Gecko) Version/26.2 Mobile/15E148 Safari/604.1"
165.162.42.31 - - [04/May/2026:00:57:53 -0500] "GET /wp-content/plugins/kadence-pro/dist/mega-menu/kadence-mega-menu.min.js?ver=1.1.19 HTTP/2.0" 200 457 "https://easysalads.com/shrimp-and-corn-salad/" "Mozilla/5.0 (iPhone; CPU iPhone OS 18_7 like Mac OS X) AppleWebKit/605.1.15 (KHTML, like Gecko) Version/26.2 Mobile/15E148 Safari/604.1"
165.162.42.31 - - [04/May/2026:00:57:53 -0500] "GET /wp-content/plugins/akismet/_inc/akismet-frontend.js?ver=1764724306 HTTP/2.0" 200 3016 "https://easysalads.com/shrimp-and-corn-salad/" "Mozilla/5.0 (iPhone; CPU iPhone OS 18_7 like Mac OS X) AppleWebKit/605.1.15 (KHTML, like Gecko) Version/26.2 Mobile/15E148 Safari/604.1"
165.162.42.31 - - [04/May/2026:00:57:53 -0500] "GET /wp-includes/js/jquery/jquery.min.js?ver=3.7.1 HTTP/2.0" 200 29769 "https://easysalads.com/shrimp-and-corn-salad/" "Mozilla/5.0 (iPhone; CPU iPhone OS 18_7 like Mac OS X) AppleWebKit/605.1.15 (KHTML, like Gecko) Version/26.2 Mobile/15E148 Safari/604.1"
165.162.42.31 - - [04/May/2026:00:57:53 -0500] "GET /wp-includes/js/jquery/jquery-migrate.min.js?ver=3.4.1 HTTP/2.0" 200 4679 "https://easysalads.com/shrimp-and-corn-salad/" "Mozilla/5.0 (iPhone; CPU iPhone OS 18_7 like Mac OS X) AppleWebKit/605.1.15 (KHTML, like Gecko) Version/26.2 Mobile/15E148 Safari/604.1"
165.162.42.31 - - [04/May/2026:00:57:53 -0500] "GET /wp-content/plugins/wpforms-lite/assets/lib/jquery.validate.min.js?ver=1.21.0 HTTP/2.0" 200 7807 "https://easysalads.com/shrimp-and-corn-salad/" "Mozilla/5.0 (iPhone; CPU iPhone OS 18_7 like Mac OS X) AppleWebKit/605.1.15 (KHTML, like Gecko) Version/26.2 Mobile/15E148 Safari/604.1"
165.162.42.31 - - [04/May/2026:00:57:53 -0500] "GET /wp-content/plugins/wpforms-lite/assets/lib/mailcheck.min.js?ver=1.1.2 HTTP/2.0" 200 1616 "https://easysalads.com/shrimp-and-corn-salad/" "Mozilla/5.0 (iPhone; CPU iPhone OS 18_7 like Mac OS X) AppleWebKit/605.1.15 (KHTML, like Gecko) Version/26.2 Mobile/15E148 Safari/604.1"
165.162.42.31 - - [04/May/2026:00:57:53 -0500] "GET /wp-content/plugins/wpforms-lite/assets/lib/punycode.min.js?ver=1.0.0 HTTP/2.0" 200 834 "https://easysalads.com/shrimp-and-corn-salad/" "Mozilla/5.0 (iPhone; CPU iPhone OS 18_7 like Mac OS X) AppleWebKit/605.1.15 (KHTML, like Gecko) Version/26.2 Mobile/15E148 Safari/604.1"
165.162.42.31 - - [04/May/2026:00:57:53 -0500] "GET /wp-content/plugins/wpforms-lite/assets/js/share/utils.min.js?ver=1.10.0.4 HTTP/2.0" 200 727 "https://easysalads.com/shrimp-and-corn-salad/" "Mozilla/5.0 (iPhone; CPU iPhone OS 18_7 like Mac OS X) AppleWebKit/605.1.15 (KHTML, like Gecko) Version/26.2 Mobile/15E148 Safari/604.1"
165.162.42.31 - - [04/May/2026:00:57:53 -0500] "GET /wp-content/plugins/wpforms-lite/assets/js/frontend/wpforms.min.js?ver=1.10.0.4 HTTP/2.0" 200 14614 "https://easysalads.com/shrimp-and-corn-salad/" "Mozilla/5.0 (iPhone; CPU iPhone OS 18_7 like Mac OS X) AppleWebKit/605.1.15 (KHTML, like Gecko) Version/26.2 Mobile/15E148 Safari/604.1"
165.162.42.31 - - [04/May/2026:00:57:53 -0500] "GET /wp-content/plugins/wpforms-lite/assets/js/frontend/wpforms-modern.min.js?ver=1.10.0.4 HTTP/2.0" 200 1866 "https://easysalads.com/shrimp-and-corn-salad/" "Mozilla/5.0 (iPhone; CPU iPhone OS 18_7 like Mac OS X) AppleWebKit/605.1.15 (KHTML, like Gecko) Version/26.2 Mobile/15E148 Safari/604.1"
165.162.42.31 - - [04/May/2026:00:57:53 -0500] "GET /wp-content/plugins/wpforms-lite/assets/js/frontend/fields/address.min.js?ver=1.10.0.4 HTTP/2.0" 200 673 "https://easysalads.com/shrimp-and-corn-salad/" "Mozilla/5.0 (iPhone; CPU iPhone OS 18_7 like Mac OS X) AppleWebKit/605.1.15 (KHTML, like Gecko) Version/26.2 Mobile/15E148 Safari/604.1"
165.162.42.31 - - [04/May/2026:00:57:53 -0500] "GET /wp-content/uploads/2024/07/shrimp-corn-salad-00.jpg HTTP/2.0" 200 768867 "https://easysalads.com/shrimp-and-corn-salad/" "Mozilla/5.0 (iPhone; CPU iPhone OS 18_7 like Mac OS X) AppleWebKit/605.1.15 (KHTML, like Gecko) Version/26.2 Mobile/15E148 Safari/604.1"
165.162.42.31 - - [04/May/2026:00:57:53 -0500] "GET /wp-content/plugins/wpforms-lite/assets/images/submit-spin.svg HTTP/2.0" 200 509 "https://easysalads.com/shrimp-and-corn-salad/" "Mozilla/5.0 (iPhone; CPU iPhone OS 18_7 like Mac OS X) AppleWebKit/605.1.15 (KHTML, like Gecko) Version/26.2 Mobile/15E148 Safari/604.1"
165.162.42.31 - - [04/May/2026:00:57:54 -0500] "GET /wp-content/uploads/2024/07/shrimp-corn-salad-03.jpg HTTP/2.0" 200 641115 "https://easysalads.com/shrimp-and-corn-salad/" "Mozilla/5.0 (iPhone; CPU iPhone OS 18_7 like Mac OS X) AppleWebKit/605.1.15 (KHTML, like Gecko) Version/26.2 Mobile/15E148 Safari/604.1"
165.162.42.31 - - [04/May/2026:00:57:54 -0500] "GET /wp-includes/js/comment-reply.min.js?ver=6.9.4 HTTP/2.0" 200 1248 "https://easysalads.com/shrimp-and-corn-salad/" "Mozilla/5.0 (iPhone; CPU iPhone OS 18_7 like Mac OS X) AppleWebKit/605.1.15 (KHTML, like Gecko) Version/26.2 Mobile/15E148 Safari/604.1"
18.207.200.56 - - [04/May/2026:00:57:55 -0500] "GET /shrimp-and-corn-salad/ HTTP/1.1" 200 127280 "-" "Mozilla/5.0 (compatible; proximic; +https://www.comscore.com/Web-Crawler)"
32.192.92.168 - - [04/May/2026:00:57:56 -0500] "GET / HTTP/1.1" 200 114538 "-" "Mozilla/5.0 (compatible; proximic; +https://www.comscore.com/Web-Crawler)"
154.18.244.252 - - [04/May/2026:00:59:04 -0500] "POST /wp-cron.php?doing_wp_cron=1777874344.2496280670166015625000 HTTP/1.1" 200 11 "-" "WordPress/6.9.4; https://easysalads.com"
57.128.189.19 - - [04/May/2026:00:59:04 -0500] "GET /?nocache=1777874281 HTTP/2.0" 200 89175 "-" "BigScootsMonitor Mozilla/5.0 (Windows NT 10.0; Win64; x64) AppleWebKit/537.36 (KHTML, like Gecko) Chrome/74.0.3729.169 Safari/537.36"
51.222.136.175 - - [04/May/2026:00:59:05 -0500] "GET /?nocache=1777874281 HTTP/2.0" 200 89175 "-" "BigScootsMonitor Mozilla/5.0 (Windows NT 10.0; Win64; x64) AppleWebKit/537.36 (KHTML, like Gecko) Chrome/74.0.3729.169 Safari/537.36"
34.90.139.39 - - [04/May/2026:00:59:07 -0500] "GET /low-carb-fruit-salad HTTP/1.1" 200 102561 "-" "Mozilla/5.0 (Macintosh; Intel Mac OS X 10_15_7) AppleWebKit/537.36 (KHTML, like Gecko) Chrome/144.0.7559.236 Safari/537.36"
35.174.0.19 - - [04/May/2026:01:00:25 -0500] "GET / HTTP/1.1" 200 114539 "-" "Mozilla/5.0 (compatible; proximic; +https://www.comscore.com/Web-Crawler)"
154.18.244.252 - - [04/May/2026:01:00:48 -0500] "POST /wp-cron.php?doing_wp_cron=1777874448.2803928852081298828125 HTTP/1.1" 200 11 "-" "WordPress/6.9.4; https://easysalads.com"
217.173.193.12 - - [04/May/2026:01:00:48 -0500] "GET /wp-login.php HTTP/2.0" 200 1882 "-" "Mozilla/5.0 (Windows NT 10.0; Win64; x64) AppleWebKit/537.36 (KHTML, like Gecko) Chrome/64.0.3282.168 Safari/537.36 OPR/51.0.2830.40"
217.173.193.12 - - [04/May/2026:01:00:48 -0500] "POST /wp-login.php HTTP/2.0" 200 2018 "https://easysalads.com/wp-login.php" "Mozilla/5.0 (Windows NT 10.0; Win64; x64) AppleWebKit/537.36 (KHTML, like Gecko) Chrome/64.0.3282.168 Safari/537.36 OPR/51.0.2830.40"
154.18.244.252 - - [04/May/2026:01:01:04 -0500] "POST /wp-cron.php?doing_wp_cron=1777874464.4916360378265380859375 HTTP/1.1" 200 11 "-" "WordPress/6.9.4; https://easysalads.com"
57.128.189.19 - - [04/May/2026:01:01:04 -0500] "GET /?nocache=1777874401 HTTP/2.0" 200 89175 "-" "BigScootsMonitor Mozilla/5.0 (Windows NT 10.0; Win64; x64) AppleWebKit/537.36 (KHTML, like Gecko) Chrome/74.0.3729.169 Safari/537.36"
51.222.136.175 - - [04/May/2026:01:01:04 -0500] "GET /?nocache=1777874401 HTTP/2.0" 200 89175 "-" "BigScootsMonitor Mozilla/5.0 (Windows NT 10.0; Win64; x64) AppleWebKit/537.36 (KHTML, like Gecko) Chrome/74.0.3729.169 Safari/537.36"
66.249.66.75 - - [04/May/2026:01:01:07 -0500] "GET /wp-content/uploads/2024/01/tomato-onion-salad-06.jpg HTTP/1.1" 200 1661522 "-" "Googlebot-Image/1.0"
3.85.145.196 - - [04/May/2026:01:01:27 -0500] "GET /shrimp-and-corn-salad HTTP/1.1" 200 127280 "-" "Mozilla/5.0 (compatible; proximic; +https://www.comscore.com/Web-Crawler)"
165.162.42.31 - - [04/May/2026:01:01:27 -0500] "GET /shrimp-and-corn-salad/mraid.js HTTP/2.0" 404 146 "-" "Mozilla/5.0 (iPhone; CPU iPhone OS 18_7 like Mac OS X) AppleWebKit/605.1.15 (KHTML, like Gecko) Version/26.2 Mobile/15E148 Safari/604.1"
154.18.244.252 - - [04/May/2026:01:01:33 -0500] "POST /wp-cron.php?doing_wp_cron=1777874493.7813680171966552734375 HTTP/1.1" 200 11 "-" "WordPress/6.9.4; https://easysalads.com"
198.175.24.218 - - [04/May/2026:01:01:33 -0500] "GET /?v=nocache-1739936881 HTTP/2.0" 200 89175 "-" "BigScoots Monitoring"
69.171.231.2 - - [04/May/2026:01:01:35 -0500] "GET / HTTP/2.0" 200 536589 "-" "meta-webindexer/1.1 (+https://developers.facebook.com/docs/sharing/webmasters/crawler)"
165.162.42.31 - - [04/May/2026:01:01:42 -0500] "GET /wp-content/uploads/2022/03/TTRamillas-ExtraLight.woff2 HTTP/2.0" 200 55736 "https://easysalads.com/shrimp-and-corn-salad/" "Mozilla/5.0 (iPhone; CPU iPhone OS 18_7 like Mac OS X) AppleWebKit/605.1.15 (KHTML, like Gecko) Version/26.2 Mobile/15E148 Safari/604.1"
165.162.42.31 - - [04/May/2026:01:01:42 -0500] "GET /wp-content/uploads/2022/03/TTRamillas-ExtraLightItalic.woff2 HTTP/2.0" 200 59480 "https://easysalads.com/shrimp-and-corn-salad/" "Mozilla/5.0 (iPhone; CPU iPhone OS 18_7 like Mac OS X) AppleWebKit/605.1.15 (KHTML, like Gecko) Version/26.2 Mobile/15E148 Safari/604.1"
54.80.142.9 - - [04/May/2026:01:01:47 -0500] "GET /shrimp-and-corn-salad/ HTTP/1.1" 200 127280 "-" "Mozilla/5.0 (compatible; proximic; +https://www.comscore.com/Web-Crawler)"
165.162.42.31 - - [04/May/2026:01:01:50 -0500] "GET /wp-content/uploads/2024/07/shrimp-corn-salad-01.jpg HTTP/2.0" 200 860451 "https://easysalads.com/shrimp-and-corn-salad/" "Mozilla/5.0 (iPhone; CPU iPhone OS 18_7 like Mac OS X) AppleWebKit/605.1.15 (KHTML, like Gecko) Version/26.2 Mobile/15E148 Safari/604.1"
204.15.208.25 - - [04/May/2026:01:01:57 -0500] "GET / HTTP/1.1" 200 114538 "-" "peer39_crawler/1.0"
154.18.244.252 - - [04/May/2026:01:02:01 -0500] "POST /wp-cron.php?doing_wp_cron=1777874521.6733369827270507812500 HTTP/1.1" 200 11 "-" "WordPress/6.9.4; https://easysalads.com"
46.22.135.218 - - [04/May/2026:01:02:01 -0500] "GET /wp-login.php HTTP/2.0" 200 1882 "-" "Mozilla/5.0 (Windows NT 10.0; WOW64) AppleWebKit/537.36 (KHTML, like Gecko) Chrome/65.0.3325.181 Safari/537.36 OPR/52.0.2871.64"
46.22.135.218 - - [04/May/2026:01:02:01 -0500] "POST /wp-login.php HTTP/2.0" 200 2020 "https://easysalads.com/wp-login.php" "Mozilla/5.0 (Windows NT 10.0; WOW64) AppleWebKit/537.36 (KHTML, like Gecko) Chrome/65.0.3325.181 Safari/537.36 OPR/52.0.2871.64"
165.162.42.31 - - [04/May/2026:01:02:31 -0500] "GET /wp-content/uploads/2024/07/shrimp-corn-salad-00-500x500.jpg HTTP/2.0" 200 105230 "https://easysalads.com/shrimp-and-corn-salad/" "Mozilla/5.0 (iPhone; CPU iPhone OS 18_7 like Mac OS X) AppleWebKit/605.1.15 (KHTML, like Gecko) Version/26.2 Mobile/15E148 Safari/604.1"
195.202.168.191 - - [04/May/2026:01:02:58 -0500] "GET /wp-content/uploads/2024/11/sweet-potato-feta-salad-00.jpg HTTP/1.1" 200 886828 "https://www.google.at/" "Mozilla/5.0 (Windows NT 10.0; Win64; x64) AppleWebKit/537.36 (KHTML, like Gecko) Chrome/147.0.0.0 Safari/537.36 Edg/147.0.0.0"
57.141.6.59 - - [04/May/2026:01:03:01 -0500] "GET / HTTP/2.0" 200 536589 "-" "meta-webindexer/1.1 (+https://developers.facebook.com/docs/sharing/webmasters/crawler)"
51.222.136.175 - - [04/May/2026:01:03:04 -0500] "GET /?nocache=1777874521 HTTP/2.0" 200 89175 "-" "BigScootsMonitor Mozilla/5.0 (Windows NT 10.0; Win64; x64) AppleWebKit/537.36 (KHTML, like Gecko) Chrome/74.0.3729.169 Safari/537.36"
154.18.244.252 - - [04/May/2026:01:03:04 -0500] "POST /wp-cron.php?doing_wp_cron=1777874584.7777559757232666015625 HTTP/1.1" 200 11 "-" "WordPress/6.9.4; https://easysalads.com"
57.128.189.19 - - [04/May/2026:01:03:04 -0500] "GET /?nocache=1777874521 HTTP/2.0" 200 89175 "-" "BigScootsMonitor Mozilla/5.0 (Windows NT 10.0; Win64; x64) AppleWebKit/537.36 (KHTML, like Gecko) Chrome/74.0.3729.169 Safari/537.36"
165.162.42.31 - - [04/May/2026:01:03:20 -0500] "GET /shrimp-and-corn-salad/?gpp=DBABzw%7E1YNY%7EBVQqAAAAAgA&gpp_sid=6%2C7 HTTP/2.0" 200 100676 "-" "Mozilla/5.0 (iPhone; CPU iPhone OS 18_7 like Mac OS X) AppleWebKit/605.1.15 (KHTML, like Gecko) Version/26.2 Mobile/15E148 Safari/604.1"
165.162.42.31 - - [04/May/2026:01:03:27 -0500] "GET /wp-content/uploads/2022/09/cropped-site-icon-easy-salads-192x192.png HTTP/2.0" 200 8410 "https://easysalads.com/shrimp-and-corn-salad/" "Mozilla/5.0 (iPhone; CPU iPhone OS 18_7 like Mac OS X) AppleWebKit/605.1.15 (KHTML, like Gecko) Version/26.2 Mobile/15E148 Safari/604.1"
165.162.42.31 - - [04/May/2026:01:03:27 -0500] "GET /wp-content/uploads/2022/09/cropped-site-icon-easy-salads-32x32.png HTTP/2.0" 200 907 "https://easysalads.com/shrimp-and-corn-salad/" "Mozilla/5.0 (iPhone; CPU iPhone OS 18_7 like Mac OS X) AppleWebKit/605.1.15 (KHTML, like Gecko) Version/26.2 Mobile/15E148 Safari/604.1"
154.18.244.252 - - [04/May/2026:01:04:00 -0500] "POST /wp-cron.php?doing_wp_cron=1777874640.4611029624938964843750 HTTP/1.1" 200 11 "-" "WordPress/6.9.4; https://easysalads.com"
100.29.155.89 - - [04/May/2026:01:04:00 -0500] "GET /category/bean-salads/ HTTP/1.1" 200 96435 "-" "Mozilla/5.0 AppleWebKit/537.36 (KHTML, like Gecko; compatible; Amazonbot/0.1; +https://developer.amazon.com/support/amazonbot) Chrome/119.0.6045.214 Safari/537.36"
150.230.164.215 - - [04/May/2026:01:04:21 -0500] "GET /blog/ HTTP/1.1" 200 102413 "-" "Mozilla/5.0 (compatible; SlickBot/1.0; +http://slickstream.com)"
66.249.66.44 - - [04/May/2026:01:04:24 -0500] "GET /wp-content/uploads/2024/02/jasons-deli-pasta-salad-02-300x200.jpg HTTP/1.1" 200 21572 "-" "Googlebot-Image/1.0"
150.230.164.215 - - [04/May/2026:01:04:24 -0500] "GET /southern-strawberry-jello-salad-with-cool-whip/ HTTP/1.1" 200 126987 "-" "Mozilla/5.0 (compatible; SlickBot/1.0; +http://slickstream.com)"
150.230.164.215 - - [04/May/2026:01:04:26 -0500] "GET /category/fruit-salads/ HTTP/1.1" 200 96788 "-" "Mozilla/5.0 (compatible; SlickBot/1.0; +http://slickstream.com)"
154.18.244.252 - - [04/May/2026:01:05:04 -0500] "POST /wp-cron.php?doing_wp_cron=1777874704.1684770584106445312500 HTTP/1.1" 200 11 "-" "WordPress/6.9.4; https://easysalads.com"
57.128.189.19 - - [04/May/2026:01:05:04 -0500] "GET /?nocache=1777874641 HTTP/2.0" 200 89175 "-" "BigScootsMonitor Mozilla/5.0 (Windows NT 10.0; Win64; x64) AppleWebKit/537.36 (KHTML, like Gecko) Chrome/74.0.3729.169 Safari/537.36"
51.222.136.175 - - [04/May/2026:01:05:05 -0500] "GET /?nocache=1777874641 HTTP/2.0" 200 89175 "-" "BigScootsMonitor Mozilla/5.0 (Windows NT 10.0; Win64; x64) AppleWebKit/537.36 (KHTML, like Gecko) Chrome/74.0.3729.169 Safari/537.36"
216.109.160.225 - - [04/May/2026:01:05:27 -0500] "GET /ads.txt HTTP/1.1" 301 5 "-" "Mozilla/5.0 (Macintosh; Intel Mac OS X 10_15_7) AppleWebKit/537.36 (KHTML, like Gecko) Chrome/107.0.0.0 Safari/537.36"
174.221.121.185 - - [04/May/2026:01:06:46 -0500] "GET /wp-content/plugins/wpforms-lite/assets/js/frontend/wpforms-modern.min.js?ver=1.10.0.3 HTTP/2.0" 200 1866 "https://easysalads.com/easy-5-bean-salad/" "Mozilla/5.0 (iPhone; CPU iPhone OS 18_7 like Mac OS X) AppleWebKit/605.1.15 (KHTML, like Gecko) Version/26.3 Mobile/15E148 Safari/604.1"
174.221.121.185 - - [04/May/2026:01:06:46 -0500] "GET /wp-content/uploads/2022/09/cropped-site-icon-easy-salads-192x192.png HTTP/2.0" 200 8410 "https://easysalads.com/easy-5-bean-salad/" "Mozilla/5.0 (iPhone; CPU iPhone OS 18_7 like Mac OS X) AppleWebKit/605.1.15 (KHTML, like Gecko) Version/26.3 Mobile/15E148 Safari/604.1"
100.55.44.56 - - [04/May/2026:01:06:49 -0500] "GET /easy-5-bean-salad HTTP/1.1" 200 130909 "-" "Mozilla/5.0 (compatible; proximic; +https://www.comscore.com/Web-Crawler)"
154.18.244.252 - - [04/May/2026:01:06:50 -0500] "POST /wp-cron.php?doing_wp_cron=1777874810.6382539272308349609375 HTTP/1.1" 200 11 "-" "WordPress/6.9.4; https://easysalads.com"
44.211.163.60 - - [04/May/2026:01:06:50 -0500] "GET /ads.txt HTTP/2.0" 301 0 "-" "APS-ad-standards-bot/1.0 (fetches ads.txt, app-ads.txt, sellers.json)"
54.167.203.130 - - [04/May/2026:01:06:51 -0500] "GET /easy-5-bean-salad/ HTTP/1.1" 200 130909 "-" "Mozilla/5.0 (compatible; proximic; +https://www.comscore.com/Web-Crawler)"
154.18.244.252 - - [04/May/2026:01:07:04 -0500] "POST /wp-cron.php?doing_wp_cron=1777874824.2652840614318847656250 HTTP/1.1" 200 11 "-" "WordPress/6.9.4; https://easysalads.com"
57.128.189.19 - - [04/May/2026:01:07:04 -0500] "GET /?nocache=1777874761 HTTP/2.0" 200 89176 "-" "BigScootsMonitor Mozilla/5.0 (Windows NT 10.0; Win64; x64) AppleWebKit/537.36 (KHTML, like Gecko) Chrome/74.0.3729.169 Safari/537.36"
51.222.136.175 - - [04/May/2026:01:07:05 -0500] "GET /?nocache=1777874761 HTTP/2.0" 200 89176 "-" "BigScootsMonitor Mozilla/5.0 (Windows NT 10.0; Win64; x64) AppleWebKit/537.36 (KHTML, like Gecko) Chrome/74.0.3729.169 Safari/537.36"
154.18.244.252 - - [04/May/2026:01:09:04 -0500] "POST /wp-cron.php?doing_wp_cron=1777874944.2427060604095458984375 HTTP/1.1" 200 11 "-" "WordPress/6.9.4; https://easysalads.com"
57.128.189.19 - - [04/May/2026:01:09:04 -0500] "GET /?nocache=1777874881 HTTP/2.0" 200 89175 "-" "BigScootsMonitor Mozilla/5.0 (Windows NT 10.0; Win64; x64) AppleWebKit/537.36 (KHTML, like Gecko) Chrome/74.0.3729.169 Safari/537.36"
51.222.136.175 - - [04/May/2026:01:09:04 -0500] "GET /?nocache=1777874881 HTTP/2.0" 200 89175 "-" "BigScootsMonitor Mozilla/5.0 (Windows NT 10.0; Win64; x64) AppleWebKit/537.36 (KHTML, like Gecko) Chrome/74.0.3729.169 Safari/537.36"
154.18.244.252 - - [04/May/2026:01:09:33 -0500] "POST /wp-cron.php?doing_wp_cron=1777874973.8714919090270996093750 HTTP/1.1" 200 11 "-" "WordPress/6.9.4; https://easysalads.com"
152.53.44.20 - - [04/May/2026:01:09:33 -0500] "GET /wp-login.php HTTP/2.0" 200 1882 "-" "Mozilla/5.0 (Windows NT 6.1; Win64; x64) AppleWebKit/537.36 (KHTML, like Gecko) Chrome/66.0.3359.170 Safari/537.36 OPR/53.0.2907.99"
152.53.44.20 - - [04/May/2026:01:09:34 -0500] "POST /wp-login.php HTTP/2.0" 200 2020 "https://easysalads.com/wp-login.php" "Mozilla/5.0 (Windows NT 6.1; Win64; x64) AppleWebKit/537.36 (KHTML, like Gecko) Chrome/66.0.3359.170 Safari/537.36 OPR/53.0.2907.99"
66.249.66.44 - - [04/May/2026:01:09:41 -0500] "GET /wp-content/uploads/2024/03/bruschetta-pasta-salad-01-200x300.jpg HTTP/1.1" 200 31337 "-" "Googlebot-Image/1.0"
208.109.188.137 - - [04/May/2026:01:09:54 -0500] "GET /wp-login.php HTTP/2.0" 444 0 "-" "Mozilla/5.0 (Windows NT 10.0; WOW64; Trident/7.0; ASJB; rv:11.0) like Gecko"
154.18.244.252 - - [04/May/2026:01:09:55 -0500] "POST /wp-cron.php?doing_wp_cron=1777874995.5438880920410156250000 HTTP/1.1" 200 11 "-" "WordPress/6.9.4; https://easysalads.com"
172.86.89.164 - - [04/May/2026:01:09:55 -0500] "GET /wp-login.php HTTP/2.0" 200 1882 "-" "Mozilla/5.0 (Windows NT 6.3; Win64; x64; Trident/7.0; MALNJS; rv:11.0) like Gecko"
172.86.89.164 - - [04/May/2026:01:09:55 -0500] "POST /wp-login.php HTTP/2.0" 200 2018 "https://easysalads.com/wp-login.php" "Mozilla/5.0 (Windows NT 6.3; Win64; x64; Trident/7.0; MALNJS; rv:11.0) like Gecko"
57.141.6.25 - - [04/May/2026:01:10:17 -0500] "GET /wp-content/uploads/2022/09/cropped-site-icon-easy-salads-192x192.png HTTP/2.0" 200 8410 "-" "facebookexternalhit/1.1 (+http://www.facebook.com/externalhit_uatext.php)"
108.77.181.103 - - [04/May/2026:01:10:24 -0500] "GET /wp-content/uploads/2024/02/Blogger-Call-Out-Icons-1.png HTTP/2.0" 404 146 "https://easysalads.com/broccoli-raisin-salad-recipe/" "Mozilla/5.0 (iPhone; CPU iPhone OS 18_7 like Mac OS X) AppleWebKit/605.1.15 (KHTML, like Gecko) Version/26.3 Mobile/15E148 Safari/604.1"
154.18.244.252 - - [04/May/2026:01:11:04 -0500] "POST /wp-cron.php?doing_wp_cron=1777875064.6436889171600341796875 HTTP/1.1" 200 11 "-" "WordPress/6.9.4; https://easysalads.com"
57.128.189.19 - - [04/May/2026:01:11:04 -0500] "GET /?nocache=1777875001 HTTP/2.0" 200 89175 "-" "BigScootsMonitor Mozilla/5.0 (Windows NT 10.0; Win64; x64) AppleWebKit/537.36 (KHTML, like Gecko) Chrome/74.0.3729.169 Safari/537.36"
51.222.136.175 - - [04/May/2026:01:11:05 -0500] "GET /?nocache=1777875001 HTTP/2.0" 200 89175 "-" "BigScootsMonitor Mozilla/5.0 (Windows NT 10.0; Win64; x64) AppleWebKit/537.36 (KHTML, like Gecko) Chrome/74.0.3729.169 Safari/537.36"
213.201.139.20 - - [04/May/2026:01:11:18 -0500] "GET /taffy-apple-salad/ HTTP/2.0" 200 100998 "-" "Mozilla/5.0 (iPhone; CPU iPhone OS 11_0 like Mac OS X) AppleWebKit/537.36 (KHTML, like Gecko) Chrome/39.0.6233.1419 Mobile Safari/537.36"
213.201.139.20 - - [04/May/2026:01:11:19 -0500] "GET /wp-content/uploads/2024/10/taffy-apple-salad-05-683x1024.jpg HTTP/2.0" 206 500 "https://easysalads.com/taffy-apple-salad/" "Mozilla/5.0 (iPhone; CPU iPhone OS 11_0 like Mac OS X) AppleWebKit/537.36 (KHTML, like Gecko) Chrome/39.0.6233.1419 Mobile Safari/537.36"
213.201.139.20 - - [04/May/2026:01:11:20 -0500] "GET /wp-content/uploads/2024/10/taffy-apple-salad-05-683x1024.jpg HTTP/2.0" 304 0 "https://easysalads.com/taffy-apple-salad/" "Mozilla/5.0 (iPhone; CPU iPhone OS 11_0 like Mac OS X) AppleWebKit/537.36 (KHTML, like Gecko) Chrome/39.0.6233.1419 Mobile Safari/537.36"
213.201.139.20 - - [04/May/2026:01:11:20 -0500] "GET /wp-content/uploads/2024/10/taffy-apple-salad-05-683x1024.jpg HTTP/2.0" 206 202429 "https://easysalads.com/taffy-apple-salad/" "Mozilla/5.0 (iPhone; CPU iPhone OS 11_0 like Mac OS X) AppleWebKit/537.36 (KHTML, like Gecko) Chrome/39.0.6233.1419 Mobile Safari/537.36"
190.106.185.38 - - [04/May/2026:01:11:25 -0500] "GET /wp-content/uploads/2024/10/taffy-apple-salad-02-768x512.jpg HTTP/2.0" 206 500 "https://easysalads.com/taffy-apple-salad/" "Mozilla/5.0 (iPhone; CPU iPhone OS 11_0 like Mac OS X) AppleWebKit/537.36 (KHTML, like Gecko) Chrome/39.0.6233.1419 Mobile Safari/537.36"
190.106.185.38 - - [04/May/2026:01:11:25 -0500] "GET /wp-content/uploads/2024/10/taffy-apple-salad-00-683x1024.jpg HTTP/2.0" 206 500 "https://easysalads.com/taffy-apple-salad/" "Mozilla/5.0 (iPhone; CPU iPhone OS 11_0 like Mac OS X) AppleWebKit/537.36 (KHTML, like Gecko) Chrome/39.0.6233.1419 Mobile Safari/537.36"
190.106.185.38 - - [04/May/2026:01:11:25 -0500] "GET /wp-content/uploads/2024/10/taffy-apple-salad-02-768x512.jpg HTTP/2.0" 304 0 "https://easysalads.com/taffy-apple-salad/" "Mozilla/5.0 (iPhone; CPU iPhone OS 11_0 like Mac OS X) AppleWebKit/537.36 (KHTML, like Gecko) Chrome/39.0.6233.1419 Mobile Safari/537.36"
190.106.185.38 - - [04/May/2026:01:11:25 -0500] "GET /wp-content/uploads/2024/10/taffy-apple-salad-00-683x1024.jpg HTTP/2.0" 304 0 "https://easysalads.com/taffy-apple-salad/" "Mozilla/5.0 (iPhone; CPU iPhone OS 11_0 like Mac OS X) AppleWebKit/537.36 (KHTML, like Gecko) Chrome/39.0.6233.1419 Mobile Safari/537.36"
190.106.185.38 - - [04/May/2026:01:11:26 -0500] "GET /wp-content/uploads/2024/10/taffy-apple-salad-02-768x512.jpg HTTP/2.0" 206 139707 "https://easysalads.com/taffy-apple-salad/" "Mozilla/5.0 (iPhone; CPU iPhone OS 11_0 like Mac OS X) AppleWebKit/537.36 (KHTML, like Gecko) Chrome/39.0.6233.1419 Mobile Safari/537.36"
190.106.185.38 - - [04/May/2026:01:11:26 -0500] "GET /wp-content/uploads/2024/10/taffy-apple-salad-00-683x1024.jpg HTTP/2.0" 206 198324 "https://easysalads.com/taffy-apple-salad/" "Mozilla/5.0 (iPhone; CPU iPhone OS 11_0 like Mac OS X) AppleWebKit/537.36 (KHTML, like Gecko) Chrome/39.0.6233.1419 Mobile Safari/537.36"
47.128.115.52 - - [04/May/2026:01:11:45 -0500] "GET /taffy-apple-salad/ HTTP/2.0" 200 100970 "-" "Mozilla/5.0 (Linux; Android 5.0) AppleWebKit/537.36 (KHTML, like Gecko) Mobile Safari/537.36 (compatible; TikTokSpider; [email protected])"
47.128.115.52 - - [04/May/2026:01:11:46 -0500] "GET /wp-content/uploads/2024/10/taffy-apple-salad-05-683x1024.jpg HTTP/2.0" 206 500 "https://easysalads.com/taffy-apple-salad/" "Mozilla/5.0 (Linux; Android 5.0) AppleWebKit/537.36 (KHTML, like Gecko) Mobile Safari/537.36 (compatible; TikTokSpider; [email protected])"
47.128.115.52 - - [04/May/2026:01:11:46 -0500] "GET /wp-content/uploads/2024/10/taffy-apple-salad-02-768x512.jpg HTTP/2.0" 206 500 "https://easysalads.com/taffy-apple-salad/" "Mozilla/5.0 (Linux; Android 5.0) AppleWebKit/537.36 (KHTML, like Gecko) Mobile Safari/537.36 (compatible; TikTokSpider; [email protected])"
47.128.115.52 - - [04/May/2026:01:11:46 -0500] "GET /wp-content/uploads/2024/10/taffy-apple-salad-00-683x1024.jpg HTTP/2.0" 206 500 "https://easysalads.com/taffy-apple-salad/" "Mozilla/5.0 (Linux; Android 5.0) AppleWebKit/537.36 (KHTML, like Gecko) Mobile Safari/537.36 (compatible; TikTokSpider; [email protected])"
47.128.115.52 - - [04/May/2026:01:11:46 -0500] "GET /wp-content/uploads/2024/10/taffy-apple-salad-05-683x1024.jpg HTTP/2.0" 304 0 "https://easysalads.com/taffy-apple-salad/" "Mozilla/5.0 (Linux; Android 5.0) AppleWebKit/537.36 (KHTML, like Gecko) Mobile Safari/537.36 (compatible; TikTokSpider; [email protected])"
47.128.115.52 - - [04/May/2026:01:11:46 -0500] "GET /wp-content/uploads/2024/10/taffy-apple-salad-00.jpg HTTP/2.0" 206 500 "https://easysalads.com/taffy-apple-salad/" "Mozilla/5.0 (Linux; Android 5.0) AppleWebKit/537.36 (KHTML, like Gecko) Mobile Safari/537.36 (compatible; TikTokSpider; [email protected])"
47.128.115.52 - - [04/May/2026:01:11:46 -0500] "GET /wp-content/uploads/2024/10/taffy-apple-salad-02-768x512.jpg HTTP/2.0" 304 0 "https://easysalads.com/taffy-apple-salad/" "Mozilla/5.0 (Linux; Android 5.0) AppleWebKit/537.36 (KHTML, like Gecko) Mobile Safari/537.36 (compatible; TikTokSpider; [email protected])"
47.128.115.52 - - [04/May/2026:01:11:46 -0500] "GET /wp-content/uploads/2024/10/taffy-apple-salad-00-683x1024.jpg HTTP/2.0" 304 0 "https://easysalads.com/taffy-apple-salad/" "Mozilla/5.0 (Linux; Android 5.0) AppleWebKit/537.36 (KHTML, like Gecko) Mobile Safari/537.36 (compatible; TikTokSpider; [email protected])"
47.128.115.52 - - [04/May/2026:01:11:46 -0500] "GET /taffy-apple-salad/ HTTP/2.0" 200 100974 "https://easysalads.com/taffy-apple-salad/" "Mozilla/5.0 (Linux; Android 5.0) AppleWebKit/537.36 (KHTML, like Gecko) Mobile Safari/537.36 (compatible; TikTokSpider; [email protected])"
47.128.115.52 - - [04/May/2026:01:11:47 -0500] "GET /wp-content/uploads/2024/10/taffy-apple-salad-05-683x1024.jpg HTTP/2.0" 206 202429 "https://easysalads.com/taffy-apple-salad/" "Mozilla/5.0 (Linux; Android 5.0) AppleWebKit/537.36 (KHTML, like Gecko) Mobile Safari/537.36 (compatible; TikTokSpider; [email protected])"
47.128.115.52 - - [04/May/2026:01:11:47 -0500] "GET /wp-content/uploads/2024/10/taffy-apple-salad-00.jpg HTTP/2.0" 304 0 "https://easysalads.com/taffy-apple-salad/" "Mozilla/5.0 (Linux; Android 5.0) AppleWebKit/537.36 (KHTML, like Gecko) Mobile Safari/537.36 (compatible; TikTokSpider; [email protected])"
47.128.115.52 - - [04/May/2026:01:11:47 -0500] "GET /wp-content/uploads/2024/10/taffy-apple-salad-02-768x512.jpg HTTP/2.0" 206 139707 "https://easysalads.com/taffy-apple-salad/" "Mozilla/5.0 (Linux; Android 5.0) AppleWebKit/537.36 (KHTML, like Gecko) Mobile Safari/537.36 (compatible; TikTokSpider; [email protected])"
47.128.115.52 - - [04/May/2026:01:11:47 -0500] "GET /wp-content/uploads/2024/10/taffy-apple-salad-00-683x1024.jpg HTTP/2.0" 206 198324 "https://easysalads.com/taffy-apple-salad/" "Mozilla/5.0 (Linux; Android 5.0) AppleWebKit/537.36 (KHTML, like Gecko) Mobile Safari/537.36 (compatible; TikTokSpider; [email protected])"
47.128.115.52 - - [04/May/2026:01:11:47 -0500] "GET /wp-content/uploads/2024/10/taffy-apple-salad-02-768x512.jpg HTTP/2.0" 304 0 "https://easysalads.com/taffy-apple-salad/" "Mozilla/5.0 (Linux; Android 5.0) AppleWebKit/537.36 (KHTML, like Gecko) Mobile Safari/537.36 (compatible; TikTokSpider; [email protected])"
47.128.115.52 - - [04/May/2026:01:11:47 -0500] "GET /wp-content/uploads/2024/10/taffy-apple-salad-05-683x1024.jpg HTTP/2.0" 304 0 "https://easysalads.com/taffy-apple-salad/" "Mozilla/5.0 (Linux; Android 5.0) AppleWebKit/537.36 (KHTML, like Gecko) Mobile Safari/537.36 (compatible; TikTokSpider; [email protected])"
47.128.115.52 - - [04/May/2026:01:11:47 -0500] "GET /wp-content/uploads/2024/10/taffy-apple-salad-00-683x1024.jpg HTTP/2.0" 304 0 "https://easysalads.com/taffy-apple-salad/" "Mozilla/5.0 (Linux; Android 5.0) AppleWebKit/537.36 (KHTML, like Gecko) Mobile Safari/537.36 (compatible; TikTokSpider; [email protected])"
47.128.115.52 - - [04/May/2026:01:11:47 -0500] "GET /wp-content/uploads/2024/10/taffy-apple-salad-00.jpg HTTP/2.0" 206 500 "https://easysalads.com/taffy-apple-salad/" "Mozilla/5.0 (Linux; Android 5.0) AppleWebKit/537.36 (KHTML, like Gecko) Mobile Safari/537.36 (compatible; TikTokSpider; [email protected])"
47.128.115.52 - - [04/May/2026:01:11:47 -0500] "GET /wp-content/uploads/2024/10/taffy-apple-salad-02-768x512.jpg HTTP/2.0" 304 0 "https://easysalads.com/taffy-apple-salad/" "Mozilla/5.0 (Linux; Android 5.0) AppleWebKit/537.36 (KHTML, like Gecko) Mobile Safari/537.36 (compatible; TikTokSpider; [email protected])"
47.128.115.52 - - [04/May/2026:01:11:47 -0500] "GET /wp-content/uploads/2024/10/taffy-apple-salad-05-683x1024.jpg HTTP/2.0" 304 0 "https://easysalads.com/taffy-apple-salad/" "Mozilla/5.0 (Linux; Android 5.0) AppleWebKit/537.36 (KHTML, like Gecko) Mobile Safari/537.36 (compatible; TikTokSpider; [email protected])"
47.128.115.52 - - [04/May/2026:01:11:47 -0500] "GET /taffy-apple-salad/ HTTP/2.0" 200 100941 "https://easysalads.com/taffy-apple-salad/" "Mozilla/5.0 (Linux; Android 5.0) AppleWebKit/537.36 (KHTML, like Gecko) Mobile Safari/537.36 (compatible; TikTokSpider; [email protected])"
47.128.115.52 - - [04/May/2026:01:11:47 -0500] "GET /wp-content/uploads/2024/10/taffy-apple-salad-00-683x1024.jpg HTTP/2.0" 304 0 "https://easysalads.com/taffy-apple-salad/" "Mozilla/5.0 (Linux; Android 5.0) AppleWebKit/537.36 (KHTML, like Gecko) Mobile Safari/537.36 (compatible; TikTokSpider; [email protected])"
47.128.115.52 - - [04/May/2026:01:11:48 -0500] "GET /wp-content/uploads/2024/10/taffy-apple-salad-00.jpg HTTP/2.0" 304 0 "https://easysalads.com/taffy-apple-salad/" "Mozilla/5.0 (Linux; Android 5.0) AppleWebKit/537.36 (KHTML, like Gecko) Mobile Safari/537.36 (compatible; TikTokSpider; [email protected])"
47.128.115.52 - - [04/May/2026:01:11:48 -0500] "GET /wp-content/uploads/2024/10/taffy-apple-salad-02-768x512.jpg HTTP/2.0" 206 139707 "https://easysalads.com/taffy-apple-salad/" "Mozilla/5.0 (Linux; Android 5.0) AppleWebKit/537.36 (KHTML, like Gecko) Mobile Safari/537.36 (compatible; TikTokSpider; [email protected])"
47.128.115.52 - - [04/May/2026:01:11:48 -0500] "GET /wp-content/uploads/2024/10/taffy-apple-salad-05-683x1024.jpg HTTP/2.0" 206 202429 "https://easysalads.com/taffy-apple-salad/" "Mozilla/5.0 (Linux; Android 5.0) AppleWebKit/537.36 (KHTML, like Gecko) Mobile Safari/537.36 (compatible; TikTokSpider; [email protected])"
47.128.115.52 - - [04/May/2026:01:11:48 -0500] "GET /wp-content/uploads/2024/10/taffy-apple-salad-05-683x1024.jpg HTTP/2.0" 304 0 "https://easysalads.com/taffy-apple-salad/" "Mozilla/5.0 (Linux; Android 5.0) AppleWebKit/537.36 (KHTML, like Gecko) Mobile Safari/537.36 (compatible; TikTokSpider; [email protected])"
47.128.115.52 - - [04/May/2026:01:11:48 -0500] "GET /wp-content/uploads/2024/10/taffy-apple-salad-02-768x512.jpg HTTP/2.0" 304 0 "https://easysalads.com/taffy-apple-salad/" "Mozilla/5.0 (Linux; Android 5.0) AppleWebKit/537.36 (KHTML, like Gecko) Mobile Safari/537.36 (compatible; TikTokSpider; [email protected])"
47.128.115.52 - - [04/May/2026:01:11:48 -0500] "GET /wp-content/uploads/2024/10/taffy-apple-salad-00-683x1024.jpg HTTP/2.0" 206 500 "https://easysalads.com/taffy-apple-salad/" "Mozilla/5.0 (Linux; Android 5.0) AppleWebKit/537.36 (KHTML, like Gecko) Mobile Safari/537.36 (compatible; TikTokSpider; [email protected])"
47.128.115.52 - - [04/May/2026:01:11:48 -0500] "GET /wp-content/uploads/2024/10/taffy-apple-salad-00.jpg HTTP/2.0" 206 500 "https://easysalads.com/taffy-apple-salad/" "Mozilla/5.0 (Linux; Android 5.0) AppleWebKit/537.36 (KHTML, like Gecko) Mobile Safari/537.36 (compatible; TikTokSpider; [email protected])"
47.128.115.52 - - [04/May/2026:01:11:48 -0500] "GET /wp-content/uploads/2024/10/taffy-apple-salad-05-683x1024.jpg HTTP/2.0" 304 0 "https://easysalads.com/taffy-apple-salad/" "Mozilla/5.0 (Linux; Android 5.0) AppleWebKit/537.36 (KHTML, like Gecko) Mobile Safari/537.36 (compatible; TikTokSpider; [email protected])"
47.128.115.52 - - [04/May/2026:01:11:48 -0500] "GET /wp-content/uploads/2024/10/taffy-apple-salad-02-768x512.jpg HTTP/2.0" 304 0 "https://easysalads.com/taffy-apple-salad/" "Mozilla/5.0 (Linux; Android 5.0) AppleWebKit/537.36 (KHTML, like Gecko) Mobile Safari/537.36 (compatible; TikTokSpider; [email protected])"
47.128.115.52 - - [04/May/2026:01:11:48 -0500] "GET /wp-content/uploads/2024/10/taffy-apple-salad-00-683x1024.jpg HTTP/2.0" 304 0 "https://easysalads.com/taffy-apple-salad/" "Mozilla/5.0 (Linux; Android 5.0) AppleWebKit/537.36 (KHTML, like Gecko) Mobile Safari/537.36 (compatible; TikTokSpider; [email protected])"
47.128.115.52 - - [04/May/2026:01:11:48 -0500] "GET /taffy-apple-salad/ HTTP/2.0" 200 100999 "https://easysalads.com/taffy-apple-salad/" "Mozilla/5.0 (Linux; Android 5.0) AppleWebKit/537.36 (KHTML, like Gecko) Mobile Safari/537.36 (compatible; TikTokSpider; [email protected])"
47.128.115.52 - - [04/May/2026:01:11:48 -0500] "GET /wp-content/uploads/2024/10/taffy-apple-salad-00.jpg HTTP/2.0" 304 0 "https://easysalads.com/taffy-apple-salad/" "Mozilla/5.0 (Linux; Android 5.0) AppleWebKit/537.36 (KHTML, like Gecko) Mobile Safari/537.36 (compatible; TikTokSpider; [email protected])"
47.128.115.52 - - [04/May/2026:01:11:49 -0500] "GET /wp-content/uploads/2024/10/taffy-apple-salad-05-683x1024.jpg HTTP/2.0" 206 202429 "https://easysalads.com/taffy-apple-salad/" "Mozilla/5.0 (Linux; Android 5.0) AppleWebKit/537.36 (KHTML, like Gecko) Mobile Safari/537.36 (compatible; TikTokSpider; [email protected])"
47.128.115.52 - - [04/May/2026:01:11:49 -0500] "GET /wp-content/uploads/2024/10/taffy-apple-salad-02-768x512.jpg HTTP/2.0" 206 139707 "https://easysalads.com/taffy-apple-salad/" "Mozilla/5.0 (Linux; Android 5.0) AppleWebKit/537.36 (KHTML, like Gecko) Mobile Safari/537.36 (compatible; TikTokSpider; [email protected])"
47.128.115.52 - - [04/May/2026:01:11:49 -0500] "GET /wp-content/uploads/2024/10/taffy-apple-salad-00-683x1024.jpg HTTP/2.0" 206 198324 "https://easysalads.com/taffy-apple-salad/" "Mozilla/5.0 (Linux; Android 5.0) AppleWebKit/537.36 (KHTML, like Gecko) Mobile Safari/537.36 (compatible; TikTokSpider; [email protected])"
47.128.115.52 - - [04/May/2026:01:11:49 -0500] "GET /wp-content/uploads/2024/10/taffy-apple-salad-02-768x512.jpg HTTP/2.0" 304 0 "https://easysalads.com/taffy-apple-salad/" "Mozilla/5.0 (Linux; Android 5.0) AppleWebKit/537.36 (KHTML, like Gecko) Mobile Safari/537.36 (compatible; TikTokSpider; [email protected])"
47.128.115.52 - - [04/May/2026:01:11:49 -0500] "GET /wp-content/uploads/2024/10/taffy-apple-salad-05-683x1024.jpg HTTP/2.0" 304 0 "https://easysalads.com/taffy-apple-salad/" "Mozilla/5.0 (Linux; Android 5.0) AppleWebKit/537.36 (KHTML, like Gecko) Mobile Safari/537.36 (compatible; TikTokSpider; [email protected])"
47.128.115.52 - - [04/May/2026:01:11:49 -0500] "GET /wp-content/uploads/2024/10/taffy-apple-salad-00-683x1024.jpg HTTP/2.0" 304 0 "https://easysalads.com/taffy-apple-salad/" "Mozilla/5.0 (Linux; Android 5.0) AppleWebKit/537.36 (KHTML, like Gecko) Mobile Safari/537.36 (compatible; TikTokSpider; [email protected])"
47.128.115.52 - - [04/May/2026:01:11:49 -0500] "GET /wp-content/uploads/2024/10/taffy-apple-salad-00.jpg HTTP/2.0" 206 500 "https://easysalads.com/taffy-apple-salad/" "Mozilla/5.0 (Linux; Android 5.0) AppleWebKit/537.36 (KHTML, like Gecko) Mobile Safari/537.36 (compatible; TikTokSpider; [email protected])"
47.128.115.52 - - [04/May/2026:01:11:49 -0500] "GET /wp-content/uploads/2024/10/taffy-apple-salad-02-768x512.jpg HTTP/2.0" 304 0 "https://easysalads.com/taffy-apple-salad/" "Mozilla/5.0 (Linux; Android 5.0) AppleWebKit/537.36 (KHTML, like Gecko) Mobile Safari/537.36 (compatible; TikTokSpider; [email protected])"
47.128.115.52 - - [04/May/2026:01:11:49 -0500] "GET /wp-content/uploads/2024/10/taffy-apple-salad-00-683x1024.jpg HTTP/2.0" 304 0 "https://easysalads.com/taffy-apple-salad/" "Mozilla/5.0 (Linux; Android 5.0) AppleWebKit/537.36 (KHTML, like Gecko) Mobile Safari/537.36 (compatible; TikTokSpider; [email protected])"
47.128.115.52 - - [04/May/2026:01:11:49 -0500] "GET /wp-content/uploads/2024/10/taffy-apple-salad-05-683x1024.jpg HTTP/2.0" 304 0 "https://easysalads.com/taffy-apple-salad/" "Mozilla/5.0 (Linux; Android 5.0) AppleWebKit/537.36 (KHTML, like Gecko) Mobile Safari/537.36 (compatible; TikTokSpider; [email protected])"
47.128.115.52 - - [04/May/2026:01:11:49 -0500] "GET /taffy-apple-salad/ HTTP/2.0" 200 100951 "https://easysalads.com/taffy-apple-salad/" "Mozilla/5.0 (Linux; Android 5.0) AppleWebKit/537.36 (KHTML, like Gecko) Mobile Safari/537.36 (compatible; TikTokSpider; [email protected])"
47.128.115.52 - - [04/May/2026:01:11:49 -0500] "GET /wp-content/uploads/2024/10/taffy-apple-salad-00.jpg HTTP/2.0" 304 0 "https://easysalads.com/taffy-apple-salad/" "Mozilla/5.0 (Linux; Android 5.0) AppleWebKit/537.36 (KHTML, like Gecko) Mobile Safari/537.36 (compatible; TikTokSpider; [email protected])"
