47.128.115.254 - - [04/May/2026:02:55:00 -0500] "GET /taffy-apple-salad/ HTTP/2.0" 200 100996 "https://easysalads.com/taffy-apple-salad/" "Mozilla/5.0 (Linux; Android 5.0) AppleWebKit/537.36 (KHTML, like Gecko) Mobile Safari/537.36 (compatible; TikTokSpider; [email protected])"
47.128.115.254 - - [04/May/2026:02:55:01 -0500] "GET /wp-content/uploads/2024/10/taffy-apple-salad-00.jpg HTTP/2.0" 206 699810 "https://easysalads.com/taffy-apple-salad/" "Mozilla/5.0 (Linux; Android 5.0) AppleWebKit/537.36 (KHTML, like Gecko) Mobile Safari/537.36 (compatible; TikTokSpider; [email protected])"
47.128.115.254 - - [04/May/2026:02:55:01 -0500] "GET /wp-content/uploads/2024/10/taffy-apple-salad-00.jpg HTTP/2.0" 304 0 "https://easysalads.com/taffy-apple-salad/" "Mozilla/5.0 (Linux; Android 5.0) AppleWebKit/537.36 (KHTML, like Gecko) Mobile Safari/537.36 (compatible; TikTokSpider; [email protected])"
47.128.115.254 - - [04/May/2026:02:55:01 -0500] "GET /taffy-apple-salad/ HTTP/2.0" 200 100987 "https://easysalads.com/taffy-apple-salad/" "Mozilla/5.0 (Linux; Android 5.0) AppleWebKit/537.36 (KHTML, like Gecko) Mobile Safari/537.36 (compatible; TikTokSpider; [email protected])"
47.128.115.254 - - [04/May/2026:02:55:02 -0500] "GET /wp-content/uploads/2024/10/taffy-apple-salad-00.jpg HTTP/2.0" 304 0 "https://easysalads.com/taffy-apple-salad/" "Mozilla/5.0 (Linux; Android 5.0) AppleWebKit/537.36 (KHTML, like Gecko) Mobile Safari/537.36 (compatible; TikTokSpider; [email protected])"
47.128.115.254 - - [04/May/2026:02:55:03 -0500] "GET /taffy-apple-salad/ HTTP/2.0" 200 101037 "https://easysalads.com/taffy-apple-salad/" "Mozilla/5.0 (Linux; Android 5.0) AppleWebKit/537.36 (KHTML, like Gecko) Mobile Safari/537.36 (compatible; TikTokSpider; [email protected])"
47.128.115.254 - - [04/May/2026:02:55:03 -0500] "GET /wp-content/uploads/2024/10/taffy-apple-salad-00.jpg HTTP/2.0" 206 699810 "https://easysalads.com/taffy-apple-salad/" "Mozilla/5.0 (Linux; Android 5.0) AppleWebKit/537.36 (KHTML, like Gecko) Mobile Safari/537.36 (compatible; TikTokSpider; [email protected])"
47.128.115.254 - - [04/May/2026:02:55:03 -0500] "GET /wp-content/uploads/2024/10/taffy-apple-salad-00.jpg HTTP/2.0" 304 0 "https://easysalads.com/taffy-apple-salad/" "Mozilla/5.0 (Linux; Android 5.0) AppleWebKit/537.36 (KHTML, like Gecko) Mobile Safari/537.36 (compatible; TikTokSpider; [email protected])"
47.128.115.254 - - [04/May/2026:02:55:04 -0500] "GET /taffy-apple-salad/ HTTP/2.0" 200 100912 "https://easysalads.com/taffy-apple-salad/" "Mozilla/5.0 (Linux; Android 5.0) AppleWebKit/537.36 (KHTML, like Gecko) Mobile Safari/537.36 (compatible; TikTokSpider; [email protected])"
57.128.189.19 - - [04/May/2026:02:55:04 -0500] "GET /?nocache=1777881241 HTTP/2.0" 200 89175 "-" "BigScootsMonitor Mozilla/5.0 (Windows NT 10.0; Win64; x64) AppleWebKit/537.36 (KHTML, like Gecko) Chrome/74.0.3729.169 Safari/537.36"
47.128.115.254 - - [04/May/2026:02:55:04 -0500] "GET /wp-content/uploads/2024/10/taffy-apple-salad-00.jpg HTTP/2.0" 206 500 "https://easysalads.com/taffy-apple-salad/" "Mozilla/5.0 (Linux; Android 5.0) AppleWebKit/537.36 (KHTML, like Gecko) Mobile Safari/537.36 (compatible; TikTokSpider; [email protected])"
47.128.115.254 - - [04/May/2026:02:55:04 -0500] "GET /taffy-apple-salad/ HTTP/2.0" 200 100971 "https://easysalads.com/taffy-apple-salad/" "Mozilla/5.0 (Linux; Android 5.0) AppleWebKit/537.36 (KHTML, like Gecko) Mobile Safari/537.36 (compatible; TikTokSpider; [email protected])"
51.222.136.175 - - [04/May/2026:02:55:05 -0500] "GET /?nocache=1777881241 HTTP/2.0" 200 89175 "-" "BigScootsMonitor Mozilla/5.0 (Windows NT 10.0; Win64; x64) AppleWebKit/537.36 (KHTML, like Gecko) Chrome/74.0.3729.169 Safari/537.36"
47.128.115.254 - - [04/May/2026:02:55:05 -0500] "GET /wp-content/uploads/2024/10/taffy-apple-salad-00.jpg HTTP/2.0" 304 0 "https://easysalads.com/taffy-apple-salad/" "Mozilla/5.0 (Linux; Android 5.0) AppleWebKit/537.36 (KHTML, like Gecko) Mobile Safari/537.36 (compatible; TikTokSpider; [email protected])"
47.128.115.254 - - [04/May/2026:02:55:05 -0500] "GET /wp-content/uploads/2024/10/taffy-apple-salad-00.jpg HTTP/2.0" 206 500 "https://easysalads.com/taffy-apple-salad/" "Mozilla/5.0 (Linux; Android 5.0) AppleWebKit/537.36 (KHTML, like Gecko) Mobile Safari/537.36 (compatible; TikTokSpider; [email protected])"
47.128.115.254 - - [04/May/2026:02:55:05 -0500] "GET /wp-content/uploads/2024/10/taffy-apple-salad-00.jpg HTTP/2.0" 304 0 "https://easysalads.com/taffy-apple-salad/" "Mozilla/5.0 (Linux; Android 5.0) AppleWebKit/537.36 (KHTML, like Gecko) Mobile Safari/537.36 (compatible; TikTokSpider; [email protected])"
47.128.115.254 - - [04/May/2026:02:55:05 -0500] "GET /taffy-apple-salad/ HTTP/2.0" 200 101032 "https://easysalads.com/taffy-apple-salad/" "Mozilla/5.0 (Linux; Android 5.0) AppleWebKit/537.36 (KHTML, like Gecko) Mobile Safari/537.36 (compatible; TikTokSpider; [email protected])"
47.128.115.254 - - [04/May/2026:02:55:06 -0500] "GET /wp-content/uploads/2024/10/taffy-apple-salad-00.jpg HTTP/2.0" 206 699810 "https://easysalads.com/taffy-apple-salad/" "Mozilla/5.0 (Linux; Android 5.0) AppleWebKit/537.36 (KHTML, like Gecko) Mobile Safari/537.36 (compatible; TikTokSpider; [email protected])"
47.128.115.254 - - [04/May/2026:02:55:06 -0500] "GET /wp-content/uploads/2024/10/taffy-apple-salad-00.jpg HTTP/2.0" 304 0 "https://easysalads.com/taffy-apple-salad/" "Mozilla/5.0 (Linux; Android 5.0) AppleWebKit/537.36 (KHTML, like Gecko) Mobile Safari/537.36 (compatible; TikTokSpider; [email protected])"
47.128.115.254 - - [04/May/2026:02:55:06 -0500] "GET /taffy-apple-salad/ HTTP/2.0" 200 100958 "https://easysalads.com/taffy-apple-salad/" "Mozilla/5.0 (Linux; Android 5.0) AppleWebKit/537.36 (KHTML, like Gecko) Mobile Safari/537.36 (compatible; TikTokSpider; [email protected])"
98.86.238.45 - - [04/May/2026:02:55:45 -0500] "GET /low-carb-fruit-salad/ HTTP/1.1" 200 126274 "-" "Mozilla/5.0 (compatible; proximic; +https://www.comscore.com/Web-Crawler)"
66.249.66.77 - - [04/May/2026:02:56:11 -0500] "GET /wp-content/uploads/2024/02/southern-potato-salad-00.jpg HTTP/1.1" 200 221060 "-" "Googlebot-Image/1.0"
154.18.244.252 - - [04/May/2026:02:57:04 -0500] "POST /wp-cron.php?doing_wp_cron=1777881424.3523349761962890625000 HTTP/1.1" 200 11 "-" "WordPress/6.9.4; https://easysalads.com"
57.128.189.19 - - [04/May/2026:02:57:04 -0500] "GET /?nocache=1777881361 HTTP/2.0" 200 89175 "-" "BigScootsMonitor Mozilla/5.0 (Windows NT 10.0; Win64; x64) AppleWebKit/537.36 (KHTML, like Gecko) Chrome/74.0.3729.169 Safari/537.36"
51.222.136.175 - - [04/May/2026:02:57:04 -0500] "GET /?nocache=1777881361 HTTP/2.0" 200 89175 "-" "BigScootsMonitor Mozilla/5.0 (Windows NT 10.0; Win64; x64) AppleWebKit/537.36 (KHTML, like Gecko) Chrome/74.0.3729.169 Safari/537.36"
45.142.99.176 - - [04/May/2026:02:57:21 -0500] "GET /taffy-apple-salad/ HTTP/1.1" 200 103428 "-" "Mozilla/5.0 (compatible; TTD-Content; +https://www.thetradedesk.com/general/ttd-content)"
154.18.244.252 - - [04/May/2026:02:58:00 -0500] "POST /wp-cron.php?doing_wp_cron=1777881480.2601449489593505859375 HTTP/1.1" 200 11 "-" "WordPress/6.9.4; https://easysalads.com"
194.93.34.214 - - [04/May/2026:02:58:00 -0500] "GET /low-carb-fruit-salad/ HTTP/2.0" 200 100110 "-" "Mozilla/5.0 (iPhone; CPU iPhone OS 11_0 like Mac OS X) AppleWebKit/537.36 (KHTML, like Gecko) Chrome/50.0.3310.1501 Mobile Safari/537.36"
100.30.199.90 - - [04/May/2026:02:58:04 -0500] "GET /low-carb-fruit-salad/ HTTP/1.1" 200 126295 "-" "Mozilla/5.0 (compatible; proximic; +https://www.comscore.com/Web-Crawler)"
74.119.117.159 - - [04/May/2026:02:58:11 -0500] "GET /low-carb-fruit-salad/ HTTP/1.1" 200 126295 "-" "CriteoBot/0.1 (+https://www.criteo.com/criteo-crawler/)"
50.6.229.148 - - [04/May/2026:02:58:24 -0500] "GET /wp-login.php HTTP/2.0" 444 0 "-" "Mozilla/5.0 (Macintosh; Intel Mac OS X 10_10_5) AppleWebKit/537.36 (KHTML, like Gecko) Chrome/66.0.3359.181 Safari/537.36"
47.128.115.7 - - [04/May/2026:02:58:33 -0500] "GET /low-carb-fruit-salad/ HTTP/2.0" 200 100057 "-" "Mozilla/5.0 (Linux; Android 5.0) AppleWebKit/537.36 (KHTML, like Gecko) Mobile Safari/537.36 (compatible; TikTokSpider; [email protected])"
47.128.115.7 - - [04/May/2026:02:58:34 -0500] "GET /low-carb-fruit-salad/ HTTP/2.0" 200 100124 "https://easysalads.com/low-carb-fruit-salad/" "Mozilla/5.0 (Linux; Android 5.0) AppleWebKit/537.36 (KHTML, like Gecko) Mobile Safari/537.36 (compatible; TikTokSpider; [email protected])"
47.128.115.7 - - [04/May/2026:02:58:35 -0500] "GET /low-carb-fruit-salad/ HTTP/2.0" 200 100109 "https://easysalads.com/low-carb-fruit-salad/" "Mozilla/5.0 (Linux; Android 5.0) AppleWebKit/537.36 (KHTML, like Gecko) Mobile Safari/537.36 (compatible; TikTokSpider; [email protected])"
47.128.115.7 - - [04/May/2026:02:58:36 -0500] "GET /low-carb-fruit-salad/ HTTP/2.0" 200 100104 "https://easysalads.com/low-carb-fruit-salad/" "Mozilla/5.0 (Linux; Android 5.0) AppleWebKit/537.36 (KHTML, like Gecko) Mobile Safari/537.36 (compatible; TikTokSpider; [email protected])"
47.128.115.7 - - [04/May/2026:02:58:36 -0500] "GET /low-carb-fruit-salad/ HTTP/2.0" 200 100136 "https://easysalads.com/low-carb-fruit-salad/" "Mozilla/5.0 (Linux; Android 5.0) AppleWebKit/537.36 (KHTML, like Gecko) Mobile Safari/537.36 (compatible; TikTokSpider; [email protected])"
47.128.115.7 - - [04/May/2026:02:58:37 -0500] "GET /low-carb-fruit-salad/ HTTP/2.0" 200 100070 "https://easysalads.com/low-carb-fruit-salad/" "Mozilla/5.0 (Linux; Android 5.0) AppleWebKit/537.36 (KHTML, like Gecko) Mobile Safari/537.36 (compatible; TikTokSpider; [email protected])"
47.128.115.7 - - [04/May/2026:02:58:38 -0500] "GET /low-carb-fruit-salad/ HTTP/2.0" 200 100089 "https://easysalads.com/low-carb-fruit-salad/" "Mozilla/5.0 (Linux; Android 5.0) AppleWebKit/537.36 (KHTML, like Gecko) Mobile Safari/537.36 (compatible; TikTokSpider; [email protected])"
47.128.115.7 - - [04/May/2026:02:58:38 -0500] "GET /low-carb-fruit-salad/ HTTP/2.0" 200 100107 "https://easysalads.com/low-carb-fruit-salad/" "Mozilla/5.0 (Linux; Android 5.0) AppleWebKit/537.36 (KHTML, like Gecko) Mobile Safari/537.36 (compatible; TikTokSpider; [email protected])"
47.128.115.7 - - [04/May/2026:02:58:39 -0500] "GET /low-carb-fruit-salad/ HTTP/2.0" 200 100091 "https://easysalads.com/low-carb-fruit-salad/" "Mozilla/5.0 (Linux; Android 5.0) AppleWebKit/537.36 (KHTML, like Gecko) Mobile Safari/537.36 (compatible; TikTokSpider; [email protected])"
47.128.115.7 - - [04/May/2026:02:58:40 -0500] "GET /low-carb-fruit-salad/ HTTP/2.0" 200 100128 "https://easysalads.com/low-carb-fruit-salad/" "Mozilla/5.0 (Linux; Android 5.0) AppleWebKit/537.36 (KHTML, like Gecko) Mobile Safari/537.36 (compatible; TikTokSpider; [email protected])"
47.128.115.7 - - [04/May/2026:02:58:40 -0500] "GET /low-carb-fruit-salad/ HTTP/2.0" 200 100089 "https://easysalads.com/low-carb-fruit-salad/" "Mozilla/5.0 (Linux; Android 5.0) AppleWebKit/537.36 (KHTML, like Gecko) Mobile Safari/537.36 (compatible; TikTokSpider; [email protected])"
91.227.37.60 - - [04/May/2026:02:58:40 -0500] "GET /wp-login.php HTTP/2.0" 444 0 "-" "Mozilla/5.0 (X11; Linux x86_64) AppleWebKit/537.36 (KHTML, like Gecko) Chrome/65.0.3325.181 Safari/537.36"
47.128.115.7 - - [04/May/2026:02:58:41 -0500] "GET /low-carb-fruit-salad/ HTTP/2.0" 200 100085 "https://easysalads.com/low-carb-fruit-salad/" "Mozilla/5.0 (Linux; Android 5.0) AppleWebKit/537.36 (KHTML, like Gecko) Mobile Safari/537.36 (compatible; TikTokSpider; [email protected])"
47.128.115.7 - - [04/May/2026:02:58:42 -0500] "GET /low-carb-fruit-salad/ HTTP/2.0" 200 100182 "https://easysalads.com/low-carb-fruit-salad/" "Mozilla/5.0 (Linux; Android 5.0) AppleWebKit/537.36 (KHTML, like Gecko) Mobile Safari/537.36 (compatible; TikTokSpider; [email protected])"
47.128.115.7 - - [04/May/2026:02:58:43 -0500] "GET /low-carb-fruit-salad/ HTTP/2.0" 200 100063 "https://easysalads.com/low-carb-fruit-salad/" "Mozilla/5.0 (Linux; Android 5.0) AppleWebKit/537.36 (KHTML, like Gecko) Mobile Safari/537.36 (compatible; TikTokSpider; [email protected])"
47.128.115.7 - - [04/May/2026:02:58:43 -0500] "GET /low-carb-fruit-salad/ HTTP/2.0" 200 100084 "https://easysalads.com/low-carb-fruit-salad/" "Mozilla/5.0 (Linux; Android 5.0) AppleWebKit/537.36 (KHTML, like Gecko) Mobile Safari/537.36 (compatible; TikTokSpider; [email protected])"
47.128.115.7 - - [04/May/2026:02:58:44 -0500] "GET /low-carb-fruit-salad/ HTTP/2.0" 200 100127 "https://easysalads.com/low-carb-fruit-salad/" "Mozilla/5.0 (Linux; Android 5.0) AppleWebKit/537.36 (KHTML, like Gecko) Mobile Safari/537.36 (compatible; TikTokSpider; [email protected])"
47.128.115.7 - - [04/May/2026:02:58:45 -0500] "GET /low-carb-fruit-salad/ HTTP/2.0" 200 100184 "https://easysalads.com/low-carb-fruit-salad/" "Mozilla/5.0 (Linux; Android 5.0) AppleWebKit/537.36 (KHTML, like Gecko) Mobile Safari/537.36 (compatible; TikTokSpider; [email protected])"
47.128.115.7 - - [04/May/2026:02:58:45 -0500] "GET /low-carb-fruit-salad/ HTTP/2.0" 200 100075 "https://easysalads.com/low-carb-fruit-salad/" "Mozilla/5.0 (Linux; Android 5.0) AppleWebKit/537.36 (KHTML, like Gecko) Mobile Safari/537.36 (compatible; TikTokSpider; [email protected])"
47.128.115.7 - - [04/May/2026:02:58:46 -0500] "GET /low-carb-fruit-salad/ HTTP/2.0" 200 100076 "https://easysalads.com/low-carb-fruit-salad/" "Mozilla/5.0 (Linux; Android 5.0) AppleWebKit/537.36 (KHTML, like Gecko) Mobile Safari/537.36 (compatible; TikTokSpider; [email protected])"
47.128.115.7 - - [04/May/2026:02:58:47 -0500] "GET /low-carb-fruit-salad/ HTTP/2.0" 200 100096 "https://easysalads.com/low-carb-fruit-salad/" "Mozilla/5.0 (Linux; Android 5.0) AppleWebKit/537.36 (KHTML, like Gecko) Mobile Safari/537.36 (compatible; TikTokSpider; [email protected])"
47.128.115.7 - - [04/May/2026:02:58:47 -0500] "GET /low-carb-fruit-salad/ HTTP/2.0" 200 100106 "https://easysalads.com/low-carb-fruit-salad/" "Mozilla/5.0 (Linux; Android 5.0) AppleWebKit/537.36 (KHTML, like Gecko) Mobile Safari/537.36 (compatible; TikTokSpider; [email protected])"
47.128.115.7 - - [04/May/2026:02:58:48 -0500] "GET /low-carb-fruit-salad/ HTTP/2.0" 200 100181 "https://easysalads.com/low-carb-fruit-salad/" "Mozilla/5.0 (Linux; Android 5.0) AppleWebKit/537.36 (KHTML, like Gecko) Mobile Safari/537.36 (compatible; TikTokSpider; [email protected])"
47.128.115.7 - - [04/May/2026:02:58:49 -0500] "GET /low-carb-fruit-salad/ HTTP/2.0" 200 100141 "https://easysalads.com/low-carb-fruit-salad/" "Mozilla/5.0 (Linux; Android 5.0) AppleWebKit/537.36 (KHTML, like Gecko) Mobile Safari/537.36 (compatible; TikTokSpider; [email protected])"
47.128.115.7 - - [04/May/2026:02:58:50 -0500] "GET /low-carb-fruit-salad/ HTTP/2.0" 200 100087 "https://easysalads.com/low-carb-fruit-salad/" "Mozilla/5.0 (Linux; Android 5.0) AppleWebKit/537.36 (KHTML, like Gecko) Mobile Safari/537.36 (compatible; TikTokSpider; [email protected])"
47.128.115.7 - - [04/May/2026:02:58:50 -0500] "GET /low-carb-fruit-salad/ HTTP/2.0" 200 100177 "https://easysalads.com/low-carb-fruit-salad/" "Mozilla/5.0 (Linux; Android 5.0) AppleWebKit/537.36 (KHTML, like Gecko) Mobile Safari/537.36 (compatible; TikTokSpider; [email protected])"
47.128.115.7 - - [04/May/2026:02:58:51 -0500] "GET /low-carb-fruit-salad/ HTTP/2.0" 200 100145 "https://easysalads.com/low-carb-fruit-salad/" "Mozilla/5.0 (Linux; Android 5.0) AppleWebKit/537.36 (KHTML, like Gecko) Mobile Safari/537.36 (compatible; TikTokSpider; [email protected])"
47.128.115.7 - - [04/May/2026:02:58:52 -0500] "GET /low-carb-fruit-salad/ HTTP/2.0" 200 100066 "https://easysalads.com/low-carb-fruit-salad/" "Mozilla/5.0 (Linux; Android 5.0) AppleWebKit/537.36 (KHTML, like Gecko) Mobile Safari/537.36 (compatible; TikTokSpider; [email protected])"
47.128.115.7 - - [04/May/2026:02:58:52 -0500] "GET /low-carb-fruit-salad/ HTTP/2.0" 200 100135 "https://easysalads.com/low-carb-fruit-salad/" "Mozilla/5.0 (Linux; Android 5.0) AppleWebKit/537.36 (KHTML, like Gecko) Mobile Safari/537.36 (compatible; TikTokSpider; [email protected])"
47.128.115.7 - - [04/May/2026:02:58:53 -0500] "GET /low-carb-fruit-salad/ HTTP/2.0" 200 100139 "https://easysalads.com/low-carb-fruit-salad/" "Mozilla/5.0 (Linux; Android 5.0) AppleWebKit/537.36 (KHTML, like Gecko) Mobile Safari/537.36 (compatible; TikTokSpider; [email protected])"
47.128.115.7 - - [04/May/2026:02:58:54 -0500] "GET /low-carb-fruit-salad/ HTTP/2.0" 200 100104 "https://easysalads.com/low-carb-fruit-salad/" "Mozilla/5.0 (Linux; Android 5.0) AppleWebKit/537.36 (KHTML, like Gecko) Mobile Safari/537.36 (compatible; TikTokSpider; [email protected])"
154.18.244.252 - - [04/May/2026:02:59:04 -0500] "POST /wp-cron.php?doing_wp_cron=1777881544.4004058837890625000000 HTTP/1.1" 200 11 "-" "WordPress/6.9.4; https://easysalads.com"
57.128.189.19 - - [04/May/2026:02:59:04 -0500] "GET /?nocache=1777881481 HTTP/2.0" 200 89175 "-" "BigScootsMonitor Mozilla/5.0 (Windows NT 10.0; Win64; x64) AppleWebKit/537.36 (KHTML, like Gecko) Chrome/74.0.3729.169 Safari/537.36"
51.222.136.175 - - [04/May/2026:02:59:05 -0500] "GET /?nocache=1777881481 HTTP/2.0" 200 89175 "-" "BigScootsMonitor Mozilla/5.0 (Windows NT 10.0; Win64; x64) AppleWebKit/537.36 (KHTML, like Gecko) Chrome/74.0.3729.169 Safari/537.36"
57.141.6.64 - - [04/May/2026:02:59:50 -0500] "GET /crispy-chicken-caesar-pasta-salad/ HTTP/2.0" 200 545703 "-" "meta-webindexer/1.1 (+https://developers.facebook.com/docs/sharing/webmasters/crawler)"
154.12.124.228 - - [04/May/2026:03:00:40 -0500] "HEAD /southern-potato-salad/ HTTP/2.0" 200 0 "https://thepeasantsdaughter.net" "WPMU DEV Broken Link Checker Local Engine"
44.192.112.28 - - [04/May/2026:03:00:46 -0500] "GET /wprm_print/broccoli-raisin-salad HTTP/2.0" 200 9720 "-" "Mozilla/5.0 (Windows NT 10.0; Win64; x64) AppleWebKit/537.36 (KHTML, like Gecko) Chrome/127.0.0.0 Safari/537.36"
44.192.112.28 - - [04/May/2026:03:00:47 -0500] "GET /wp-content/plugins/wp-recipe-maker/dist/public-modern.css?ver=10.5.0 HTTP/2.0" 200 7712 "https://easysalads.com/wprm_print/broccoli-raisin-salad" "Mozilla/5.0 (Windows NT 10.0; Win64; x64) AppleWebKit/537.36 (KHTML, like Gecko) Chrome/127.0.0.0 Safari/537.36"
44.192.112.28 - - [04/May/2026:03:00:47 -0500] "GET /wp-content/plugins/wp-recipe-maker/dist/print.css?ver=10.5.0 HTTP/2.0" 200 999 "https://easysalads.com/wprm_print/broccoli-raisin-salad" "Mozilla/5.0 (Windows NT 10.0; Win64; x64) AppleWebKit/537.36 (KHTML, like Gecko) Chrome/127.0.0.0 Safari/537.36"
44.192.112.28 - - [04/May/2026:03:00:47 -0500] "GET /wp-content/plugins/wp-recipe-maker-premium/dist/public-pro.css?ver=10.5.0 HTTP/2.0" 200 6796 "https://easysalads.com/wprm_print/broccoli-raisin-salad" "Mozilla/5.0 (Windows NT 10.0; Win64; x64) AppleWebKit/537.36 (KHTML, like Gecko) Chrome/127.0.0.0 Safari/537.36"
44.192.112.28 - - [04/May/2026:03:00:47 -0500] "GET /wp-content/plugins/wp-recipe-maker-premium/dist/print.css?ver=10.5.0 HTTP/2.0" 200 1436 "https://easysalads.com/wprm_print/broccoli-raisin-salad" "Mozilla/5.0 (Windows NT 10.0; Win64; x64) AppleWebKit/537.36 (KHTML, like Gecko) Chrome/127.0.0.0 Safari/537.36"
44.192.112.28 - - [04/May/2026:03:00:47 -0500] "GET /wp-content/plugins/wp-recipe-maker/dist/print.js?ver=10.5.0 HTTP/2.0" 200 2670 "https://easysalads.com/wprm_print/broccoli-raisin-salad" "Mozilla/5.0 (Windows NT 10.0; Win64; x64) AppleWebKit/537.36 (KHTML, like Gecko) Chrome/127.0.0.0 Safari/537.36"
44.192.112.28 - - [04/May/2026:03:00:47 -0500] "GET /wp-content/plugins/wp-recipe-maker-premium/dist/print.js?ver=10.5.0 HTTP/2.0" 200 278266 "https://easysalads.com/wprm_print/broccoli-raisin-salad" "Mozilla/5.0 (Windows NT 10.0; Win64; x64) AppleWebKit/537.36 (KHTML, like Gecko) Chrome/127.0.0.0 Safari/537.36"
44.192.112.28 - - [04/May/2026:03:00:47 -0500] "GET /wp-content/uploads/2024/02/broccoli-raisin-salad-04-500x500.jpg HTTP/2.0" 200 121473 "https://easysalads.com/wprm_print/broccoli-raisin-salad" "Mozilla/5.0 (Windows NT 10.0; Win64; x64) AppleWebKit/537.36 (KHTML, like Gecko) Chrome/127.0.0.0 Safari/537.36"
44.192.112.28 - - [04/May/2026:03:00:48 -0500] "GET /wp-content/uploads/2022/09/cropped-site-icon-easy-salads-32x32.png HTTP/2.0" 200 907 "https://easysalads.com/wprm_print/broccoli-raisin-salad" "Mozilla/5.0 (Windows NT 10.0; Win64; x64) AppleWebKit/537.36 (KHTML, like Gecko) Chrome/127.0.0.0 Safari/537.36"
57.141.6.36 - - [04/May/2026:03:00:51 -0500] "GET /5-cup-salad/ HTTP/2.0" 200 529195 "-" "meta-webindexer/1.1 (+https://developers.facebook.com/docs/sharing/webmasters/crawler)"
154.18.244.252 - - [04/May/2026:03:00:53 -0500] "POST /wp-cron.php?doing_wp_cron=1777881653.1583509445190429687500 HTTP/1.1" 200 11 "-" "WordPress/6.9.4; https://easysalads.com"
149.232.129.56 - - [04/May/2026:03:00:53 -0500] "GET /wprm_print/pizza-night-salad HTTP/2.0" 200 10046 "-" "Mozilla/5.0 (Windows NT 10.0; Win64; x64) AppleWebKit/537.36 (KHTML, like Gecko) Chrome/141.0.0.0 Safari/537.36"
149.232.129.56 - - [04/May/2026:03:00:53 -0500] "GET /wp-content/plugins/wp-recipe-maker/dist/public-modern.css?ver=10.5.0 HTTP/2.0" 200 7712 "https://easysalads.com/wprm_print/pizza-night-salad" "Mozilla/5.0 (Windows NT 10.0; Win64; x64) AppleWebKit/537.36 (KHTML, like Gecko) Chrome/141.0.0.0 Safari/537.36"
149.232.129.56 - - [04/May/2026:03:00:53 -0500] "GET /wp-content/plugins/wp-recipe-maker/dist/print.css?ver=10.5.0 HTTP/2.0" 200 999 "https://easysalads.com/wprm_print/pizza-night-salad" "Mozilla/5.0 (Windows NT 10.0; Win64; x64) AppleWebKit/537.36 (KHTML, like Gecko) Chrome/141.0.0.0 Safari/537.36"
149.232.129.56 - - [04/May/2026:03:00:53 -0500] "GET /wp-content/plugins/wp-recipe-maker-premium/dist/public-pro.css?ver=10.5.0 HTTP/2.0" 200 6796 "https://easysalads.com/wprm_print/pizza-night-salad" "Mozilla/5.0 (Windows NT 10.0; Win64; x64) AppleWebKit/537.36 (KHTML, like Gecko) Chrome/141.0.0.0 Safari/537.36"
149.232.129.56 - - [04/May/2026:03:00:53 -0500] "GET /wp-content/plugins/wp-recipe-maker-premium/dist/print.css?ver=10.5.0 HTTP/2.0" 200 1436 "https://easysalads.com/wprm_print/pizza-night-salad" "Mozilla/5.0 (Windows NT 10.0; Win64; x64) AppleWebKit/537.36 (KHTML, like Gecko) Chrome/141.0.0.0 Safari/537.36"
149.232.129.56 - - [04/May/2026:03:00:53 -0500] "GET /wp-content/plugins/wp-recipe-maker/dist/print.js?ver=10.5.0 HTTP/2.0" 200 2670 "https://easysalads.com/wprm_print/pizza-night-salad" "Mozilla/5.0 (Windows NT 10.0; Win64; x64) AppleWebKit/537.36 (KHTML, like Gecko) Chrome/141.0.0.0 Safari/537.36"
149.232.129.56 - - [04/May/2026:03:00:53 -0500] "GET /wp-content/plugins/wp-recipe-maker-premium/dist/print.js?ver=10.5.0 HTTP/2.0" 200 278266 "https://easysalads.com/wprm_print/pizza-night-salad" "Mozilla/5.0 (Windows NT 10.0; Win64; x64) AppleWebKit/537.36 (KHTML, like Gecko) Chrome/141.0.0.0 Safari/537.36"
154.18.244.252 - - [04/May/2026:03:01:04 -0500] "POST /wp-cron.php?doing_wp_cron=1777881664.4527859687805175781250 HTTP/1.1" 200 11 "-" "WordPress/6.9.4; https://easysalads.com"
57.128.189.19 - - [04/May/2026:03:01:04 -0500] "GET /?nocache=1777881601 HTTP/2.0" 200 89175 "-" "BigScootsMonitor Mozilla/5.0 (Windows NT 10.0; Win64; x64) AppleWebKit/537.36 (KHTML, like Gecko) Chrome/74.0.3729.169 Safari/537.36"
51.222.136.175 - - [04/May/2026:03:01:04 -0500] "GET /?nocache=1777881601 HTTP/2.0" 200 89175 "-" "BigScootsMonitor Mozilla/5.0 (Windows NT 10.0; Win64; x64) AppleWebKit/537.36 (KHTML, like Gecko) Chrome/74.0.3729.169 Safari/537.36"
178.104.48.247 - - [04/May/2026:03:01:24 -0500] "GET /wp-login.php HTTP/2.0" 444 0 "-" "Mozilla/4.0 (compatible; MSIE 7.0; Windows NT 6.1; WOW64; Trident/7.0; SLCC2; .NET CLR 2.0.50727; .NET CLR 3.5.30729; .NET CLR 3.0.30729; .NET4.0C; .NET4.0E; InfoPath.3)"
157.32.114.13 - - [04/May/2026:03:01:27 -0500] "GET /comments/feed/ HTTP/1.1" 200 9508 "-" "Mozilla/5.0 (Windows; U; Windows NT 5.2) AppleWebKit/532.24.6 (KHTML, like Gecko) Version/5.1 Safari/532.24.6"
44.192.112.28 - - [04/May/2026:03:01:58 -0500] "GET /wprm_print/broccoli-raisin-salad HTTP/2.0" 200 9720 "-" "Mozilla/5.0 (Windows NT 10.0; Win64; x64) AppleWebKit/537.36 (KHTML, like Gecko) Chrome/127.0.0.0 Safari/537.36"
44.192.112.28 - - [04/May/2026:03:01:58 -0500] "GET /wp-content/plugins/wp-recipe-maker/dist/public-modern.css?ver=10.5.0 HTTP/2.0" 200 7712 "https://easysalads.com/wprm_print/broccoli-raisin-salad" "Mozilla/5.0 (Windows NT 10.0; Win64; x64) AppleWebKit/537.36 (KHTML, like Gecko) Chrome/127.0.0.0 Safari/537.36"
44.192.112.28 - - [04/May/2026:03:01:58 -0500] "GET /wp-content/plugins/wp-recipe-maker/dist/print.css?ver=10.5.0 HTTP/2.0" 200 999 "https://easysalads.com/wprm_print/broccoli-raisin-salad" "Mozilla/5.0 (Windows NT 10.0; Win64; x64) AppleWebKit/537.36 (KHTML, like Gecko) Chrome/127.0.0.0 Safari/537.36"
44.192.112.28 - - [04/May/2026:03:01:58 -0500] "GET /wp-content/plugins/wp-recipe-maker-premium/dist/public-pro.css?ver=10.5.0 HTTP/2.0" 200 6796 "https://easysalads.com/wprm_print/broccoli-raisin-salad" "Mozilla/5.0 (Windows NT 10.0; Win64; x64) AppleWebKit/537.36 (KHTML, like Gecko) Chrome/127.0.0.0 Safari/537.36"
44.192.112.28 - - [04/May/2026:03:01:58 -0500] "GET /wp-content/plugins/wp-recipe-maker-premium/dist/print.css?ver=10.5.0 HTTP/2.0" 200 1436 "https://easysalads.com/wprm_print/broccoli-raisin-salad" "Mozilla/5.0 (Windows NT 10.0; Win64; x64) AppleWebKit/537.36 (KHTML, like Gecko) Chrome/127.0.0.0 Safari/537.36"
44.192.112.28 - - [04/May/2026:03:01:58 -0500] "GET /wp-content/plugins/wp-recipe-maker/dist/print.js?ver=10.5.0 HTTP/2.0" 200 2670 "https://easysalads.com/wprm_print/broccoli-raisin-salad" "Mozilla/5.0 (Windows NT 10.0; Win64; x64) AppleWebKit/537.36 (KHTML, like Gecko) Chrome/127.0.0.0 Safari/537.36"
44.192.112.28 - - [04/May/2026:03:01:58 -0500] "GET /wp-content/plugins/wp-recipe-maker-premium/dist/print.js?ver=10.5.0 HTTP/2.0" 200 278266 "https://easysalads.com/wprm_print/broccoli-raisin-salad" "Mozilla/5.0 (Windows NT 10.0; Win64; x64) AppleWebKit/537.36 (KHTML, like Gecko) Chrome/127.0.0.0 Safari/537.36"
44.192.112.28 - - [04/May/2026:03:01:59 -0500] "GET /wp-content/uploads/2024/02/broccoli-raisin-salad-04-500x500.jpg HTTP/2.0" 200 121473 "https://easysalads.com/wprm_print/broccoli-raisin-salad" "Mozilla/5.0 (Windows NT 10.0; Win64; x64) AppleWebKit/537.36 (KHTML, like Gecko) Chrome/127.0.0.0 Safari/537.36"
54.225.199.17 - - [04/May/2026:03:01:59 -0500] "GET /yogurt-dill-dressing/ HTTP/1.1" 200 125554 "-" "Mozilla/5.0 AppleWebKit/537.36 (KHTML, like Gecko; compatible; Amazonbot/0.1; +https://developer.amazon.com/support/amazonbot) Chrome/119.0.6045.214 Safari/537.36"
69.171.231.28 - - [04/May/2026:03:02:00 -0500] "GET /hot-chicken-salad/ HTTP/2.0" 200 559410 "-" "meta-webindexer/1.1 (+https://developers.facebook.com/docs/sharing/webmasters/crawler)"
13.217.57.228 - - [04/May/2026:03:02:05 -0500] "GET /wprm_print/broccoli-raisin-salad HTTP/1.1" 200 10760 "-" "Mozilla/5.0 (compatible; proximic; +https://www.comscore.com/Web-Crawler)"
75.66.126.49 - - [04/May/2026:03:03:01 -0500] "GET /wp-content/uploads/2022/09/hot-chicken-salad-06.jpg HTTP/1.1" 200 1010852 "-" "Mozilla/5.0 (Windows NT 10.0; Win64; x64) AppleWebKit/537.36 (KHTML, like Gecko) Chrome/91.0.4472.124 Safari/537.36"
154.18.244.252 - - [04/May/2026:03:03:04 -0500] "POST /wp-cron.php?doing_wp_cron=1777881784.4335899353027343750000 HTTP/1.1" 200 11 "-" "WordPress/6.9.4; https://easysalads.com"
51.222.136.175 - - [04/May/2026:03:03:04 -0500] "GET /?nocache=1777881721 HTTP/2.0" 200 89175 "-" "BigScootsMonitor Mozilla/5.0 (Windows NT 10.0; Win64; x64) AppleWebKit/537.36 (KHTML, like Gecko) Chrome/74.0.3729.169 Safari/537.36"
154.18.244.252 - - [04/May/2026:03:03:04 -0500] "POST /wp-cron.php?doing_wp_cron=1777881784.6970889568328857421875 HTTP/1.1" 200 11 "-" "WordPress/6.9.4; https://easysalads.com"
57.128.189.19 - - [04/May/2026:03:03:04 -0500] "GET /?nocache=1777881721 HTTP/2.0" 200 89175 "-" "BigScootsMonitor Mozilla/5.0 (Windows NT 10.0; Win64; x64) AppleWebKit/537.36 (KHTML, like Gecko) Chrome/74.0.3729.169 Safari/537.36"
92.205.109.21 - - [04/May/2026:03:03:09 -0500] "GET /wp-login.php HTTP/2.0" 200 1882 "-" "Mozilla/5.0 (Macintosh; Intel Mac OS X 10_12_6) AppleWebKit/537.36 (KHTML, like Gecko) Chrome/66.0.3359.139 Safari/537.36"
92.205.109.21 - - [04/May/2026:03:03:10 -0500] "POST /wp-login.php HTTP/2.0" 200 2020 "https://easysalads.com/wp-login.php" "Mozilla/5.0 (Macintosh; Intel Mac OS X 10_12_6) AppleWebKit/537.36 (KHTML, like Gecko) Chrome/66.0.3359.139 Safari/537.36"
57.141.0.23 - - [04/May/2026:03:03:26 -0500] "GET /?kadence_element=dynamic-sidebar HTTP/2.0" 301 0 "-" "meta-externalagent/1.1 (+https://developers.facebook.com/docs/sharing/webmasters/crawler)"
18.201.106.75 - - [04/May/2026:03:03:38 -0500] "GET / HTTP/1.1" 301 5 "-" "python-requests/2.33.1"
18.201.106.75 - - [04/May/2026:03:03:39 -0500] "GET / HTTP/1.1" 200 114539 "-" "python-requests/2.33.1"
66.249.66.77 - - [04/May/2026:03:03:58 -0500] "GET /wp-content/uploads/2024/02/southern-potato-salad-02.jpg HTTP/1.1" 200 504740 "-" "Googlebot-Image/1.0"
154.18.244.252 - - [04/May/2026:03:05:04 -0500] "POST /wp-cron.php?doing_wp_cron=1777881904.2040910720825195312500 HTTP/1.1" 200 11 "-" "WordPress/6.9.4; https://easysalads.com"
57.128.189.19 - - [04/May/2026:03:05:04 -0500] "GET /?nocache=1777881841 HTTP/2.0" 200 89171 "-" "BigScootsMonitor Mozilla/5.0 (Windows NT 10.0; Win64; x64) AppleWebKit/537.36 (KHTML, like Gecko) Chrome/74.0.3729.169 Safari/537.36"
51.222.136.175 - - [04/May/2026:03:05:04 -0500] "GET /?nocache=1777881841 HTTP/2.0" 200 89171 "-" "BigScootsMonitor Mozilla/5.0 (Windows NT 10.0; Win64; x64) AppleWebKit/537.36 (KHTML, like Gecko) Chrome/74.0.3729.169 Safari/537.36"
154.18.244.252 - - [04/May/2026:03:07:04 -0500] "POST /wp-cron.php?doing_wp_cron=1777882024.5088469982147216796875 HTTP/1.1" 200 11 "-" "WordPress/6.9.4; https://easysalads.com"
57.128.189.19 - - [04/May/2026:03:07:04 -0500] "GET /?nocache=1777881961 HTTP/2.0" 200 89171 "-" "BigScootsMonitor Mozilla/5.0 (Windows NT 10.0; Win64; x64) AppleWebKit/537.36 (KHTML, like Gecko) Chrome/74.0.3729.169 Safari/537.36"
51.222.136.175 - - [04/May/2026:03:07:04 -0500] "GET /?nocache=1777881961 HTTP/2.0" 200 89171 "-" "BigScootsMonitor Mozilla/5.0 (Windows NT 10.0; Win64; x64) AppleWebKit/537.36 (KHTML, like Gecko) Chrome/74.0.3729.169 Safari/537.36"
35.212.58.244 - - [04/May/2026:03:07:10 -0500] "GET /ads.txt HTTP/1.1" 301 5 "-" "Mozilla/5.0 (X11; Linux x86_64) AppleWebKit/537.36 (KHTML, like Gecko) Chrome/131.0.0.0 Safari/537.36"
154.18.244.252 - - [04/May/2026:03:08:44 -0500] "POST /wp-cron.php?doing_wp_cron=1777882124.3380389213562011718750 HTTP/1.1" 200 11 "-" "WordPress/6.9.4; https://easysalads.com"
92.205.109.21 - - [04/May/2026:03:08:44 -0500] "GET /wp-login.php HTTP/2.0" 200 1882 "-" "Mozilla/5.0 (Macintosh; Intel Mac OS X 10_13_4) AppleWebKit/537.36 (KHTML, like Gecko) Chrome/66.0.3359.170 Safari/537.36"
92.205.109.21 - - [04/May/2026:03:08:44 -0500] "POST /wp-login.php HTTP/2.0" 200 2018 "https://easysalads.com/wp-login.php" "Mozilla/5.0 (Macintosh; Intel Mac OS X 10_13_4) AppleWebKit/537.36 (KHTML, like Gecko) Chrome/66.0.3359.170 Safari/537.36"
154.18.244.252 - - [04/May/2026:03:09:04 -0500] "POST /wp-cron.php?doing_wp_cron=1777882144.0788240432739257812500 HTTP/1.1" 200 11 "-" "WordPress/6.9.4; https://easysalads.com"
57.128.189.19 - - [04/May/2026:03:09:04 -0500] "GET /?nocache=1777882081 HTTP/2.0" 200 89171 "-" "BigScootsMonitor Mozilla/5.0 (Windows NT 10.0; Win64; x64) AppleWebKit/537.36 (KHTML, like Gecko) Chrome/74.0.3729.169 Safari/537.36"
51.222.136.175 - - [04/May/2026:03:09:04 -0500] "GET /?nocache=1777882081 HTTP/2.0" 200 89171 "-" "BigScootsMonitor Mozilla/5.0 (Windows NT 10.0; Win64; x64) AppleWebKit/537.36 (KHTML, like Gecko) Chrome/74.0.3729.169 Safari/537.36"
154.18.244.252 - - [04/May/2026:03:09:58 -0500] "POST /wp-cron.php?doing_wp_cron=1777882198.9797470569610595703125 HTTP/1.1" 200 11 "-" "WordPress/6.9.4; https://easysalads.com"
84.252.86.170 - - [04/May/2026:03:09:59 -0500] "GET /taffy-apple-salad/ HTTP/2.0" 200 100964 "-" "Mozilla/5.0 (Linux; Android 5.0; SM-G900P Build/LRX21T) AppleWebKit/537.36 (KHTML, like Gecko) Chrome/54.0.4884.1809 Mobile Safari/537.36"
47.128.115.50 - - [04/May/2026:03:10:46 -0500] "GET /taffy-apple-salad/ HTTP/2.0" 200 100967 "-" "Mozilla/5.0 (Linux; Android 5.0) AppleWebKit/537.36 (KHTML, like Gecko) Mobile Safari/537.36 (compatible; TikTokSpider; [email protected])"
3.237.235.72 - - [04/May/2026:03:10:46 -0500] "GET /wprm_print/broccoli-raisin-salad HTTP/2.0" 200 9720 "-" "Mozilla/5.0 (Windows NT 10.0; Win64; x64) AppleWebKit/537.36 (KHTML, like Gecko) Chrome/127.0.0.0 Safari/537.36"
47.128.115.50 - - [04/May/2026:03:10:46 -0500] "GET /wp-content/uploads/2024/10/taffy-apple-salad-05-683x1024.jpg HTTP/2.0" 206 500 "https://easysalads.com/taffy-apple-salad/" "Mozilla/5.0 (Linux; Android 5.0) AppleWebKit/537.36 (KHTML, like Gecko) Mobile Safari/537.36 (compatible; TikTokSpider; [email protected])"
3.237.235.72 - - [04/May/2026:03:10:46 -0500] "GET /wp-content/plugins/wp-recipe-maker/dist/public-modern.css?ver=10.5.0 HTTP/2.0" 200 7712 "https://easysalads.com/wprm_print/broccoli-raisin-salad" "Mozilla/5.0 (Windows NT 10.0; Win64; x64) AppleWebKit/537.36 (KHTML, like Gecko) Chrome/127.0.0.0 Safari/537.36"
3.237.235.72 - - [04/May/2026:03:10:46 -0500] "GET /wp-content/plugins/wp-recipe-maker/dist/print.css?ver=10.5.0 HTTP/2.0" 200 999 "https://easysalads.com/wprm_print/broccoli-raisin-salad" "Mozilla/5.0 (Windows NT 10.0; Win64; x64) AppleWebKit/537.36 (KHTML, like Gecko) Chrome/127.0.0.0 Safari/537.36"
3.237.235.72 - - [04/May/2026:03:10:46 -0500] "GET /wp-content/plugins/wp-recipe-maker-premium/dist/public-pro.css?ver=10.5.0 HTTP/2.0" 200 6796 "https://easysalads.com/wprm_print/broccoli-raisin-salad" "Mozilla/5.0 (Windows NT 10.0; Win64; x64) AppleWebKit/537.36 (KHTML, like Gecko) Chrome/127.0.0.0 Safari/537.36"
3.237.235.72 - - [04/May/2026:03:10:46 -0500] "GET /wp-content/plugins/wp-recipe-maker-premium/dist/print.css?ver=10.5.0 HTTP/2.0" 200 1436 "https://easysalads.com/wprm_print/broccoli-raisin-salad" "Mozilla/5.0 (Windows NT 10.0; Win64; x64) AppleWebKit/537.36 (KHTML, like Gecko) Chrome/127.0.0.0 Safari/537.36"
3.237.235.72 - - [04/May/2026:03:10:46 -0500] "GET /wp-content/plugins/wp-recipe-maker/dist/print.js?ver=10.5.0 HTTP/2.0" 200 2670 "https://easysalads.com/wprm_print/broccoli-raisin-salad" "Mozilla/5.0 (Windows NT 10.0; Win64; x64) AppleWebKit/537.36 (KHTML, like Gecko) Chrome/127.0.0.0 Safari/537.36"
3.237.235.72 - - [04/May/2026:03:10:47 -0500] "GET /wp-content/plugins/wp-recipe-maker-premium/dist/print.js?ver=10.5.0 HTTP/2.0" 200 278266 "https://easysalads.com/wprm_print/broccoli-raisin-salad" "Mozilla/5.0 (Windows NT 10.0; Win64; x64) AppleWebKit/537.36 (KHTML, like Gecko) Chrome/127.0.0.0 Safari/537.36"
47.128.115.50 - - [04/May/2026:03:10:47 -0500] "GET /wp-content/uploads/2024/10/taffy-apple-salad-02-768x512.jpg HTTP/2.0" 206 500 "https://easysalads.com/taffy-apple-salad/" "Mozilla/5.0 (Linux; Android 5.0) AppleWebKit/537.36 (KHTML, like Gecko) Mobile Safari/537.36 (compatible; TikTokSpider; [email protected])"
47.128.115.50 - - [04/May/2026:03:10:47 -0500] "GET /wp-content/uploads/2024/10/taffy-apple-salad-00-683x1024.jpg HTTP/2.0" 206 500 "https://easysalads.com/taffy-apple-salad/" "Mozilla/5.0 (Linux; Android 5.0) AppleWebKit/537.36 (KHTML, like Gecko) Mobile Safari/537.36 (compatible; TikTokSpider; [email protected])"
3.237.235.72 - - [04/May/2026:03:10:47 -0500] "GET /wp-content/uploads/2024/02/broccoli-raisin-salad-04-500x500.jpg HTTP/2.0" 200 121473 "https://easysalads.com/wprm_print/broccoli-raisin-salad" "Mozilla/5.0 (Windows NT 10.0; Win64; x64) AppleWebKit/537.36 (KHTML, like Gecko) Chrome/127.0.0.0 Safari/537.36"
47.128.115.50 - - [04/May/2026:03:10:47 -0500] "GET /wp-content/uploads/2024/10/taffy-apple-salad-05-683x1024.jpg HTTP/2.0" 304 0 "https://easysalads.com/taffy-apple-salad/" "Mozilla/5.0 (Linux; Android 5.0) AppleWebKit/537.36 (KHTML, like Gecko) Mobile Safari/537.36 (compatible; TikTokSpider; [email protected])"
47.128.115.50 - - [04/May/2026:03:10:47 -0500] "GET /wp-content/uploads/2024/10/taffy-apple-salad-00.jpg HTTP/2.0" 206 500 "https://easysalads.com/taffy-apple-salad/" "Mozilla/5.0 (Linux; Android 5.0) AppleWebKit/537.36 (KHTML, like Gecko) Mobile Safari/537.36 (compatible; TikTokSpider; [email protected])"
47.128.115.50 - - [04/May/2026:03:10:47 -0500] "GET /wp-content/uploads/2024/10/taffy-apple-salad-02-768x512.jpg HTTP/2.0" 304 0 "https://easysalads.com/taffy-apple-salad/" "Mozilla/5.0 (Linux; Android 5.0) AppleWebKit/537.36 (KHTML, like Gecko) Mobile Safari/537.36 (compatible; TikTokSpider; [email protected])"
47.128.115.50 - - [04/May/2026:03:10:47 -0500] "GET /wp-content/uploads/2024/10/taffy-apple-salad-00-683x1024.jpg HTTP/2.0" 304 0 "https://easysalads.com/taffy-apple-salad/" "Mozilla/5.0 (Linux; Android 5.0) AppleWebKit/537.36 (KHTML, like Gecko) Mobile Safari/537.36 (compatible; TikTokSpider; [email protected])"
47.128.115.50 - - [04/May/2026:03:10:47 -0500] "GET /taffy-apple-salad/ HTTP/2.0" 200 101032 "https://easysalads.com/taffy-apple-salad/" "Mozilla/5.0 (Linux; Android 5.0) AppleWebKit/537.36 (KHTML, like Gecko) Mobile Safari/537.36 (compatible; TikTokSpider; [email protected])"
47.128.115.50 - - [04/May/2026:03:10:47 -0500] "GET /wp-content/uploads/2024/10/taffy-apple-salad-05-683x1024.jpg HTTP/2.0" 206 202429 "https://easysalads.com/taffy-apple-salad/" "Mozilla/5.0 (Linux; Android 5.0) AppleWebKit/537.36 (KHTML, like Gecko) Mobile Safari/537.36 (compatible; TikTokSpider; [email protected])"
47.128.115.50 - - [04/May/2026:03:10:47 -0500] "GET /wp-content/uploads/2024/10/taffy-apple-salad-00.jpg HTTP/2.0" 304 0 "https://easysalads.com/taffy-apple-salad/" "Mozilla/5.0 (Linux; Android 5.0) AppleWebKit/537.36 (KHTML, like Gecko) Mobile Safari/537.36 (compatible; TikTokSpider; [email protected])"
47.128.115.50 - - [04/May/2026:03:10:47 -0500] "GET /wp-content/uploads/2024/10/taffy-apple-salad-02-768x512.jpg HTTP/2.0" 206 139707 "https://easysalads.com/taffy-apple-salad/" "Mozilla/5.0 (Linux; Android 5.0) AppleWebKit/537.36 (KHTML, like Gecko) Mobile Safari/537.36 (compatible; TikTokSpider; [email protected])"
47.128.115.50 - - [04/May/2026:03:10:47 -0500] "GET /wp-content/uploads/2024/10/taffy-apple-salad-00-683x1024.jpg HTTP/2.0" 206 198324 "https://easysalads.com/taffy-apple-salad/" "Mozilla/5.0 (Linux; Android 5.0) AppleWebKit/537.36 (KHTML, like Gecko) Mobile Safari/537.36 (compatible; TikTokSpider; [email protected])"
47.128.115.50 - - [04/May/2026:03:10:47 -0500] "GET /wp-content/uploads/2024/10/taffy-apple-salad-05-683x1024.jpg HTTP/2.0" 304 0 "https://easysalads.com/taffy-apple-salad/" "Mozilla/5.0 (Linux; Android 5.0) AppleWebKit/537.36 (KHTML, like Gecko) Mobile Safari/537.36 (compatible; TikTokSpider; [email protected])"
47.128.115.50 - - [04/May/2026:03:10:47 -0500] "GET /wp-content/uploads/2024/10/taffy-apple-salad-02-768x512.jpg HTTP/2.0" 304 0 "https://easysalads.com/taffy-apple-salad/" "Mozilla/5.0 (Linux; Android 5.0) AppleWebKit/537.36 (KHTML, like Gecko) Mobile Safari/537.36 (compatible; TikTokSpider; [email protected])"
47.128.115.50 - - [04/May/2026:03:10:47 -0500] "GET /wp-content/uploads/2024/10/taffy-apple-salad-00-683x1024.jpg HTTP/2.0" 304 0 "https://easysalads.com/taffy-apple-salad/" "Mozilla/5.0 (Linux; Android 5.0) AppleWebKit/537.36 (KHTML, like Gecko) Mobile Safari/537.36 (compatible; TikTokSpider; [email protected])"
47.128.115.50 - - [04/May/2026:03:10:48 -0500] "GET /wp-content/uploads/2024/10/taffy-apple-salad-00.jpg HTTP/2.0" 206 500 "https://easysalads.com/taffy-apple-salad/" "Mozilla/5.0 (Linux; Android 5.0) AppleWebKit/537.36 (KHTML, like Gecko) Mobile Safari/537.36 (compatible; TikTokSpider; [email protected])"
47.128.115.50 - - [04/May/2026:03:10:48 -0500] "GET /taffy-apple-salad/ HTTP/2.0" 200 100991 "https://easysalads.com/taffy-apple-salad/" "Mozilla/5.0 (Linux; Android 5.0) AppleWebKit/537.36 (KHTML, like Gecko) Mobile Safari/537.36 (compatible; TikTokSpider; [email protected])"
47.128.115.50 - - [04/May/2026:03:10:48 -0500] "GET /wp-content/uploads/2024/10/taffy-apple-salad-05-683x1024.jpg HTTP/2.0" 304 0 "https://easysalads.com/taffy-apple-salad/" "Mozilla/5.0 (Linux; Android 5.0) AppleWebKit/537.36 (KHTML, like Gecko) Mobile Safari/537.36 (compatible; TikTokSpider; [email protected])"
47.128.115.50 - - [04/May/2026:03:10:48 -0500] "GET /wp-content/uploads/2024/10/taffy-apple-salad-02-768x512.jpg HTTP/2.0" 304 0 "https://easysalads.com/taffy-apple-salad/" "Mozilla/5.0 (Linux; Android 5.0) AppleWebKit/537.36 (KHTML, like Gecko) Mobile Safari/537.36 (compatible; TikTokSpider; [email protected])"
47.128.115.50 - - [04/May/2026:03:10:48 -0500] "GET /wp-content/uploads/2024/10/taffy-apple-salad-00.jpg HTTP/2.0" 304 0 "https://easysalads.com/taffy-apple-salad/" "Mozilla/5.0 (Linux; Android 5.0) AppleWebKit/537.36 (KHTML, like Gecko) Mobile Safari/537.36 (compatible; TikTokSpider; [email protected])"
47.128.115.50 - - [04/May/2026:03:10:48 -0500] "GET /wp-content/uploads/2024/10/taffy-apple-salad-00-683x1024.jpg HTTP/2.0" 304 0 "https://easysalads.com/taffy-apple-salad/" "Mozilla/5.0 (Linux; Android 5.0) AppleWebKit/537.36 (KHTML, like Gecko) Mobile Safari/537.36 (compatible; TikTokSpider; [email protected])"
47.128.115.50 - - [04/May/2026:03:10:48 -0500] "GET /wp-content/uploads/2024/10/taffy-apple-salad-02-768x512.jpg HTTP/2.0" 206 500 "https://easysalads.com/taffy-apple-salad/" "Mozilla/5.0 (Linux; Android 5.0) AppleWebKit/537.36 (KHTML, like Gecko) Mobile Safari/537.36 (compatible; TikTokSpider; [email protected])"
47.128.115.50 - - [04/May/2026:03:10:48 -0500] "GET /wp-content/uploads/2024/10/taffy-apple-salad-05-683x1024.jpg HTTP/2.0" 206 500 "https://easysalads.com/taffy-apple-salad/" "Mozilla/5.0 (Linux; Android 5.0) AppleWebKit/537.36 (KHTML, like Gecko) Mobile Safari/537.36 (compatible; TikTokSpider; [email protected])"
47.128.115.50 - - [04/May/2026:03:10:48 -0500] "GET /wp-content/uploads/2024/10/taffy-apple-salad-00-683x1024.jpg HTTP/2.0" 206 500 "https://easysalads.com/taffy-apple-salad/" "Mozilla/5.0 (Linux; Android 5.0) AppleWebKit/537.36 (KHTML, like Gecko) Mobile Safari/537.36 (compatible; TikTokSpider; [email protected])"
47.128.115.50 - - [04/May/2026:03:10:49 -0500] "GET /wp-content/uploads/2024/10/taffy-apple-salad-02-768x512.jpg HTTP/2.0" 304 0 "https://easysalads.com/taffy-apple-salad/" "Mozilla/5.0 (Linux; Android 5.0) AppleWebKit/537.36 (KHTML, like Gecko) Mobile Safari/537.36 (compatible; TikTokSpider; [email protected])"
47.128.115.50 - - [04/May/2026:03:10:49 -0500] "GET /wp-content/uploads/2024/10/taffy-apple-salad-05-683x1024.jpg HTTP/2.0" 304 0 "https://easysalads.com/taffy-apple-salad/" "Mozilla/5.0 (Linux; Android 5.0) AppleWebKit/537.36 (KHTML, like Gecko) Mobile Safari/537.36 (compatible; TikTokSpider; [email protected])"
47.128.115.50 - - [04/May/2026:03:10:49 -0500] "GET /wp-content/uploads/2024/10/taffy-apple-salad-00-683x1024.jpg HTTP/2.0" 304 0 "https://easysalads.com/taffy-apple-salad/" "Mozilla/5.0 (Linux; Android 5.0) AppleWebKit/537.36 (KHTML, like Gecko) Mobile Safari/537.36 (compatible; TikTokSpider; [email protected])"
47.128.115.50 - - [04/May/2026:03:10:49 -0500] "GET /wp-content/uploads/2024/10/taffy-apple-salad-00.jpg HTTP/2.0" 206 500 "https://easysalads.com/taffy-apple-salad/" "Mozilla/5.0 (Linux; Android 5.0) AppleWebKit/537.36 (KHTML, like Gecko) Mobile Safari/537.36 (compatible; TikTokSpider; [email protected])"
3.237.235.72 - - [04/May/2026:03:10:49 -0500] "GET /wp-content/uploads/2022/09/cropped-site-icon-easy-salads-32x32.png HTTP/2.0" 200 907 "https://easysalads.com/wprm_print/broccoli-raisin-salad" "Mozilla/5.0 (Windows NT 10.0; Win64; x64) AppleWebKit/537.36 (KHTML, like Gecko) Chrome/127.0.0.0 Safari/537.36"
47.128.115.50 - - [04/May/2026:03:10:49 -0500] "GET /taffy-apple-salad/ HTTP/2.0" 200 101008 "https://easysalads.com/taffy-apple-salad/" "Mozilla/5.0 (Linux; Android 5.0) AppleWebKit/537.36 (KHTML, like Gecko) Mobile Safari/537.36 (compatible; TikTokSpider; [email protected])"
47.128.115.50 - - [04/May/2026:03:10:49 -0500] "GET /wp-content/uploads/2024/10/taffy-apple-salad-05-683x1024.jpg HTTP/2.0" 206 202429 "https://easysalads.com/taffy-apple-salad/" "Mozilla/5.0 (Linux; Android 5.0) AppleWebKit/537.36 (KHTML, like Gecko) Mobile Safari/537.36 (compatible; TikTokSpider; [email protected])"
47.128.115.50 - - [04/May/2026:03:10:49 -0500] "GET /wp-content/uploads/2024/10/taffy-apple-salad-02-768x512.jpg HTTP/2.0" 206 139707 "https://easysalads.com/taffy-apple-salad/" "Mozilla/5.0 (Linux; Android 5.0) AppleWebKit/537.36 (KHTML, like Gecko) Mobile Safari/537.36 (compatible; TikTokSpider; [email protected])"
47.128.115.50 - - [04/May/2026:03:10:49 -0500] "GET /wp-content/uploads/2024/10/taffy-apple-salad-00-683x1024.jpg HTTP/2.0" 206 198324 "https://easysalads.com/taffy-apple-salad/" "Mozilla/5.0 (Linux; Android 5.0) AppleWebKit/537.36 (KHTML, like Gecko) Mobile Safari/537.36 (compatible; TikTokSpider; [email protected])"
47.128.115.50 - - [04/May/2026:03:10:49 -0500] "GET /wp-content/uploads/2024/10/taffy-apple-salad-00.jpg HTTP/2.0" 304 0 "https://easysalads.com/taffy-apple-salad/" "Mozilla/5.0 (Linux; Android 5.0) AppleWebKit/537.36 (KHTML, like Gecko) Mobile Safari/537.36 (compatible; TikTokSpider; [email protected])"
47.128.115.50 - - [04/May/2026:03:10:49 -0500] "GET /wp-content/uploads/2024/10/taffy-apple-salad-05-683x1024.jpg HTTP/2.0" 304 0 "https://easysalads.com/taffy-apple-salad/" "Mozilla/5.0 (Linux; Android 5.0) AppleWebKit/537.36 (KHTML, like Gecko) Mobile Safari/537.36 (compatible; TikTokSpider; [email protected])"
47.128.115.50 - - [04/May/2026:03:10:49 -0500] "GET /wp-content/uploads/2024/10/taffy-apple-salad-02-768x512.jpg HTTP/2.0" 304 0 "https://easysalads.com/taffy-apple-salad/" "Mozilla/5.0 (Linux; Android 5.0) AppleWebKit/537.36 (KHTML, like Gecko) Mobile Safari/537.36 (compatible; TikTokSpider; [email protected])"
47.128.115.50 - - [04/May/2026:03:10:49 -0500] "GET /wp-content/uploads/2024/10/taffy-apple-salad-00-683x1024.jpg HTTP/2.0" 304 0 "https://easysalads.com/taffy-apple-salad/" "Mozilla/5.0 (Linux; Android 5.0) AppleWebKit/537.36 (KHTML, like Gecko) Mobile Safari/537.36 (compatible; TikTokSpider; [email protected])"
47.128.115.50 - - [04/May/2026:03:10:50 -0500] "GET /wp-content/uploads/2024/10/taffy-apple-salad-00.jpg HTTP/2.0" 206 500 "https://easysalads.com/taffy-apple-salad/" "Mozilla/5.0 (Linux; Android 5.0) AppleWebKit/537.36 (KHTML, like Gecko) Mobile Safari/537.36 (compatible; TikTokSpider; [email protected])"
47.128.115.50 - - [04/May/2026:03:10:50 -0500] "GET /taffy-apple-salad/ HTTP/2.0" 200 101019 "https://easysalads.com/taffy-apple-salad/" "Mozilla/5.0 (Linux; Android 5.0) AppleWebKit/537.36 (KHTML, like Gecko) Mobile Safari/537.36 (compatible; TikTokSpider; [email protected])"
47.128.115.50 - - [04/May/2026:03:10:51 -0500] "GET /wp-content/uploads/2024/10/taffy-apple-salad-05-683x1024.jpg HTTP/2.0" 304 0 "https://easysalads.com/taffy-apple-salad/" "Mozilla/5.0 (Linux; Android 5.0) AppleWebKit/537.36 (KHTML, like Gecko) Mobile Safari/537.36 (compatible; TikTokSpider; [email protected])"
47.128.115.50 - - [04/May/2026:03:10:51 -0500] "GET /wp-content/uploads/2024/10/taffy-apple-salad-02-768x512.jpg HTTP/2.0" 304 0 "https://easysalads.com/taffy-apple-salad/" "Mozilla/5.0 (Linux; Android 5.0) AppleWebKit/537.36 (KHTML, like Gecko) Mobile Safari/537.36 (compatible; TikTokSpider; [email protected])"
47.128.115.50 - - [04/May/2026:03:10:51 -0500] "GET /wp-content/uploads/2024/10/taffy-apple-salad-00-683x1024.jpg HTTP/2.0" 304 0 "https://easysalads.com/taffy-apple-salad/" "Mozilla/5.0 (Linux; Android 5.0) AppleWebKit/537.36 (KHTML, like Gecko) Mobile Safari/537.36 (compatible; TikTokSpider; [email protected])"
47.128.115.50 - - [04/May/2026:03:10:51 -0500] "GET /wp-content/uploads/2024/10/taffy-apple-salad-00.jpg HTTP/2.0" 304 0 "https://easysalads.com/taffy-apple-salad/" "Mozilla/5.0 (Linux; Android 5.0) AppleWebKit/537.36 (KHTML, like Gecko) Mobile Safari/537.36 (compatible; TikTokSpider; [email protected])"
47.128.115.50 - - [04/May/2026:03:10:51 -0500] "GET /wp-content/uploads/2024/10/taffy-apple-salad-05-683x1024.jpg HTTP/2.0" 206 202429 "https://easysalads.com/taffy-apple-salad/" "Mozilla/5.0 (Linux; Android 5.0) AppleWebKit/537.36 (KHTML, like Gecko) Mobile Safari/537.36 (compatible; TikTokSpider; [email protected])"
47.128.115.50 - - [04/May/2026:03:10:51 -0500] "GET /wp-content/uploads/2024/10/taffy-apple-salad-02-768x512.jpg HTTP/2.0" 206 139707 "https://easysalads.com/taffy-apple-salad/" "Mozilla/5.0 (Linux; Android 5.0) AppleWebKit/537.36 (KHTML, like Gecko) Mobile Safari/537.36 (compatible; TikTokSpider; [email protected])"
47.128.115.50 - - [04/May/2026:03:10:51 -0500] "GET /wp-content/uploads/2024/10/taffy-apple-salad-00-683x1024.jpg HTTP/2.0" 206 198324 "https://easysalads.com/taffy-apple-salad/" "Mozilla/5.0 (Linux; Android 5.0) AppleWebKit/537.36 (KHTML, like Gecko) Mobile Safari/537.36 (compatible; TikTokSpider; [email protected])"
47.128.115.50 - - [04/May/2026:03:10:51 -0500] "GET /taffy-apple-salad/ HTTP/2.0" 200 100934 "https://easysalads.com/taffy-apple-salad/" "Mozilla/5.0 (Linux; Android 5.0) AppleWebKit/537.36 (KHTML, like Gecko) Mobile Safari/537.36 (compatible; TikTokSpider; [email protected])"
47.128.115.50 - - [04/May/2026:03:10:51 -0500] "GET /wp-content/uploads/2024/10/taffy-apple-salad-00.jpg HTTP/2.0" 206 699810 "https://easysalads.com/taffy-apple-salad/" "Mozilla/5.0 (Linux; Android 5.0) AppleWebKit/537.36 (KHTML, like Gecko) Mobile Safari/537.36 (compatible; TikTokSpider; [email protected])"
47.128.115.50 - - [04/May/2026:03:10:52 -0500] "GET /wp-content/uploads/2024/10/taffy-apple-salad-00.jpg HTTP/2.0" 304 0 "https://easysalads.com/taffy-apple-salad/" "Mozilla/5.0 (Linux; Android 5.0) AppleWebKit/537.36 (KHTML, like Gecko) Mobile Safari/537.36 (compatible; TikTokSpider; [email protected])"
