159.223.89.20 - - [04/May/2026:01:16:22 -0500] "GET /.vscode/ftp-config.json HTTP/1.1" 404 146 "-" "Mozilla/5.0 (Macintosh; Intel Mac OS X 10.15; rv:77.0) Gecko/20100101 Firefox/77.0"
159.223.89.20 - - [04/May/2026:01:16:23 -0500] "GET /.vscode/ftp-sync.json HTTP/1.1" 404 146 "-" "Mozilla/5.0 (Macintosh; Intel Mac OS X 10.15; rv:77.0) Gecko/20100101 Firefox/77.0"
159.223.89.20 - - [04/May/2026:01:16:24 -0500] "GET /.sftp-config.json HTTP/1.1" 404 146 "-" "Mozilla/5.0 (Macintosh; Intel Mac OS X 10.15; rv:77.0) Gecko/20100101 Firefox/77.0"
159.223.89.20 - - [04/May/2026:01:16:26 -0500] "GET /ftp-sync.json HTTP/1.1" 404 146 "-" "Mozilla/5.0 (Macintosh; Intel Mac OS X 10.15; rv:77.0) Gecko/20100101 Firefox/77.0"
159.223.89.20 - - [04/May/2026:01:16:27 -0500] "GET /.ftp-sync.json HTTP/1.1" 404 146 "-" "Mozilla/5.0 (Macintosh; Intel Mac OS X 10.15; rv:77.0) Gecko/20100101 Firefox/77.0"
159.223.89.20 - - [04/May/2026:01:16:28 -0500] "GET /ftp-config.json HTTP/1.1" 404 146 "-" "Mozilla/5.0 (Macintosh; Intel Mac OS X 10.15; rv:77.0) Gecko/20100101 Firefox/77.0"
159.223.89.20 - - [04/May/2026:01:16:29 -0500] "GET /.ftp-config.json HTTP/1.1" 404 146 "-" "Mozilla/5.0 (Macintosh; Intel Mac OS X 10.15; rv:77.0) Gecko/20100101 Firefox/77.0"
34.7.148.205 - - [04/May/2026:01:16:46 -0500] "GET /taffy-apple-salad HTTP/1.1" 200 103428 "-" "Mozilla/5.0 (Windows NT 10.0; Win64; x64) AppleWebKit/537.36 (KHTML, like Gecko) Chrome/144.0.0.0 Whale/4.36.368.7 Safari/537.36"
98.83.163.52 - - [04/May/2026:01:16:50 -0500] "GET /michigan-salad-recipe/ HTTP/1.1" 200 129148 "-" "Mozilla/5.0 (compatible; proximic; +https://www.comscore.com/Web-Crawler)"
154.18.244.252 - - [04/May/2026:01:17:04 -0500] "POST /wp-cron.php?doing_wp_cron=1777875424.2421240806579589843750 HTTP/1.1" 200 11 "-" "WordPress/6.9.4; https://easysalads.com"
57.128.189.19 - - [04/May/2026:01:17:04 -0500] "GET /?nocache=1777875361 HTTP/2.0" 200 89176 "-" "BigScootsMonitor Mozilla/5.0 (Windows NT 10.0; Win64; x64) AppleWebKit/537.36 (KHTML, like Gecko) Chrome/74.0.3729.169 Safari/537.36"
51.222.136.175 - - [04/May/2026:01:17:04 -0500] "GET /?nocache=1777875361 HTTP/2.0" 200 89176 "-" "BigScootsMonitor Mozilla/5.0 (Windows NT 10.0; Win64; x64) AppleWebKit/537.36 (KHTML, like Gecko) Chrome/74.0.3729.169 Safari/537.36"
66.249.88.45 - - [04/May/2026:01:17:06 -0500] "GET /.well-known/traffic-advice HTTP/1.1" 404 146 "-" "Chrome Privacy Preserving Prefetch Proxy"
66.249.66.75 - - [04/May/2026:01:17:15 -0500] "GET /wp-content/uploads/2024/10/taffy-apple-salad-05-200x300.jpg HTTP/1.1" 200 29759 "-" "Googlebot-Image/1.0"
103.100.38.132 - - [04/May/2026:01:17:16 -0500] "GET /wp-login.php HTTP/2.0" 444 0 "-" "Mozilla/5.0 (Macintosh; Intel Mac OS X 10_13_3) AppleWebKit/537.36 (KHTML, like Gecko) Chrome/66.0.3359.117 Safari/537.36"
129.121.76.191 - - [04/May/2026:01:17:33 -0500] "GET /wp-login.php HTTP/2.0" 200 1882 "-" "Mozilla/5.0 (Macintosh; Intel Mac OS X 10_12_6) AppleWebKit/537.36 (KHTML, like Gecko) Chrome/65.0.3325.146 Safari/537.36"
129.121.76.191 - - [04/May/2026:01:17:34 -0500] "POST /wp-login.php HTTP/2.0" 200 2018 "https://easysalads.com/wp-login.php" "Mozilla/5.0 (Macintosh; Intel Mac OS X 10_12_6) AppleWebKit/537.36 (KHTML, like Gecko) Chrome/65.0.3325.146 Safari/537.36"
208.109.188.137 - - [04/May/2026:01:17:46 -0500] "GET /wp-login.php HTTP/2.0" 444 0 "-" "Mozilla/5.0 (Windows NT 6.3; Win64; x64; Trident/7.0; rv:11.0) like Gecko"
85.208.189.89 - - [04/May/2026:01:18:17 -0500] "GET /edamame-and-corn-salad/ HTTP/2.0" 200 130236 "-" "Mozilla/5.0 (Macintosh; Intel Mac OS X 10_15_7) AppleWebKit/605.1.15 (KHTML, like Gecko) Version/26.2 Safari/605.1.15"
154.18.244.252 - - [04/May/2026:01:19:04 -0500] "POST /wp-cron.php?doing_wp_cron=1777875544.0716331005096435546875 HTTP/1.1" 200 11 "-" "WordPress/6.9.4; https://easysalads.com"
57.128.189.19 - - [04/May/2026:01:19:04 -0500] "GET /?nocache=1777875481 HTTP/2.0" 200 89175 "-" "BigScootsMonitor Mozilla/5.0 (Windows NT 10.0; Win64; x64) AppleWebKit/537.36 (KHTML, like Gecko) Chrome/74.0.3729.169 Safari/537.36"
51.222.136.175 - - [04/May/2026:01:19:05 -0500] "GET /?nocache=1777875481 HTTP/2.0" 200 89175 "-" "BigScootsMonitor Mozilla/5.0 (Windows NT 10.0; Win64; x64) AppleWebKit/537.36 (KHTML, like Gecko) Chrome/74.0.3729.169 Safari/537.36"
47.128.119.46 - - [04/May/2026:01:19:18 -0500] "GET /low-carb-fruit-salad/ HTTP/2.0" 200 100095 "-" "Mozilla/5.0 (Linux; Android 5.0) AppleWebKit/537.36 (KHTML, like Gecko) Mobile Safari/537.36 (compatible; Bytespider; [email protected])"
47.128.115.236 - - [04/May/2026:01:19:47 -0500] "GET /low-carb-fruit-salad/ HTTP/2.0" 200 100068 "-" "Mozilla/5.0 (Linux; Android 5.0) AppleWebKit/537.36 (KHTML, like Gecko) Mobile Safari/537.36 (compatible; TikTokSpider; [email protected])"
47.128.115.236 - - [04/May/2026:01:19:48 -0500] "GET /low-carb-fruit-salad/ HTTP/2.0" 200 100100 "https://easysalads.com/low-carb-fruit-salad/" "Mozilla/5.0 (Linux; Android 5.0) AppleWebKit/537.36 (KHTML, like Gecko) Mobile Safari/537.36 (compatible; TikTokSpider; [email protected])"
47.128.115.236 - - [04/May/2026:01:19:49 -0500] "GET /low-carb-fruit-salad/ HTTP/2.0" 200 100197 "https://easysalads.com/low-carb-fruit-salad/" "Mozilla/5.0 (Linux; Android 5.0) AppleWebKit/537.36 (KHTML, like Gecko) Mobile Safari/537.36 (compatible; TikTokSpider; [email protected])"
47.128.115.236 - - [04/May/2026:01:19:49 -0500] "GET /low-carb-fruit-salad/ HTTP/2.0" 200 100067 "https://easysalads.com/low-carb-fruit-salad/" "Mozilla/5.0 (Linux; Android 5.0) AppleWebKit/537.36 (KHTML, like Gecko) Mobile Safari/537.36 (compatible; TikTokSpider; [email protected])"
47.128.115.236 - - [04/May/2026:01:19:50 -0500] "GET /low-carb-fruit-salad/ HTTP/2.0" 200 100127 "https://easysalads.com/low-carb-fruit-salad/" "Mozilla/5.0 (Linux; Android 5.0) AppleWebKit/537.36 (KHTML, like Gecko) Mobile Safari/537.36 (compatible; TikTokSpider; [email protected])"
47.128.115.236 - - [04/May/2026:01:19:51 -0500] "GET /low-carb-fruit-salad/ HTTP/2.0" 200 100097 "https://easysalads.com/low-carb-fruit-salad/" "Mozilla/5.0 (Linux; Android 5.0) AppleWebKit/537.36 (KHTML, like Gecko) Mobile Safari/537.36 (compatible; TikTokSpider; [email protected])"
47.128.115.236 - - [04/May/2026:01:19:52 -0500] "GET /low-carb-fruit-salad/ HTTP/2.0" 200 100118 "https://easysalads.com/low-carb-fruit-salad/" "Mozilla/5.0 (Linux; Android 5.0) AppleWebKit/537.36 (KHTML, like Gecko) Mobile Safari/537.36 (compatible; TikTokSpider; [email protected])"
47.128.115.236 - - [04/May/2026:01:19:52 -0500] "GET /low-carb-fruit-salad/ HTTP/2.0" 200 100128 "https://easysalads.com/low-carb-fruit-salad/" "Mozilla/5.0 (Linux; Android 5.0) AppleWebKit/537.36 (KHTML, like Gecko) Mobile Safari/537.36 (compatible; TikTokSpider; [email protected])"
47.128.115.236 - - [04/May/2026:01:19:53 -0500] "GET /low-carb-fruit-salad/ HTTP/2.0" 200 100138 "https://easysalads.com/low-carb-fruit-salad/" "Mozilla/5.0 (Linux; Android 5.0) AppleWebKit/537.36 (KHTML, like Gecko) Mobile Safari/537.36 (compatible; TikTokSpider; [email protected])"
47.128.115.236 - - [04/May/2026:01:19:54 -0500] "GET /low-carb-fruit-salad/ HTTP/2.0" 200 100085 "https://easysalads.com/low-carb-fruit-salad/" "Mozilla/5.0 (Linux; Android 5.0) AppleWebKit/537.36 (KHTML, like Gecko) Mobile Safari/537.36 (compatible; TikTokSpider; [email protected])"
47.128.115.236 - - [04/May/2026:01:19:54 -0500] "GET /low-carb-fruit-salad/ HTTP/2.0" 200 100127 "https://easysalads.com/low-carb-fruit-salad/" "Mozilla/5.0 (Linux; Android 5.0) AppleWebKit/537.36 (KHTML, like Gecko) Mobile Safari/537.36 (compatible; TikTokSpider; [email protected])"
154.18.244.252 - - [04/May/2026:01:19:55 -0500] "POST /wp-cron.php?doing_wp_cron=1777875595.6664669513702392578125 HTTP/1.1" 200 11 "-" "WordPress/6.9.4; https://easysalads.com"
47.128.115.236 - - [04/May/2026:01:19:55 -0500] "GET /low-carb-fruit-salad/ HTTP/2.0" 200 100130 "https://easysalads.com/low-carb-fruit-salad/" "Mozilla/5.0 (Linux; Android 5.0) AppleWebKit/537.36 (KHTML, like Gecko) Mobile Safari/537.36 (compatible; TikTokSpider; [email protected])"
47.128.115.236 - - [04/May/2026:01:19:56 -0500] "GET /low-carb-fruit-salad/ HTTP/2.0" 200 100085 "https://easysalads.com/low-carb-fruit-salad/" "Mozilla/5.0 (Linux; Android 5.0) AppleWebKit/537.36 (KHTML, like Gecko) Mobile Safari/537.36 (compatible; TikTokSpider; [email protected])"
47.128.115.236 - - [04/May/2026:01:19:57 -0500] "GET /low-carb-fruit-salad/ HTTP/2.0" 200 100092 "https://easysalads.com/low-carb-fruit-salad/" "Mozilla/5.0 (Linux; Android 5.0) AppleWebKit/537.36 (KHTML, like Gecko) Mobile Safari/537.36 (compatible; TikTokSpider; [email protected])"
47.128.115.236 - - [04/May/2026:01:19:57 -0500] "GET /low-carb-fruit-salad/ HTTP/2.0" 200 100126 "https://easysalads.com/low-carb-fruit-salad/" "Mozilla/5.0 (Linux; Android 5.0) AppleWebKit/537.36 (KHTML, like Gecko) Mobile Safari/537.36 (compatible; TikTokSpider; [email protected])"
47.128.115.236 - - [04/May/2026:01:19:58 -0500] "GET /low-carb-fruit-salad/ HTTP/2.0" 200 100089 "https://easysalads.com/low-carb-fruit-salad/" "Mozilla/5.0 (Linux; Android 5.0) AppleWebKit/537.36 (KHTML, like Gecko) Mobile Safari/537.36 (compatible; TikTokSpider; [email protected])"
47.128.115.236 - - [04/May/2026:01:19:59 -0500] "GET /low-carb-fruit-salad/ HTTP/2.0" 200 100160 "https://easysalads.com/low-carb-fruit-salad/" "Mozilla/5.0 (Linux; Android 5.0) AppleWebKit/537.36 (KHTML, like Gecko) Mobile Safari/537.36 (compatible; TikTokSpider; [email protected])"
47.128.115.236 - - [04/May/2026:01:20:00 -0500] "GET /low-carb-fruit-salad/ HTTP/2.0" 200 100082 "https://easysalads.com/low-carb-fruit-salad/" "Mozilla/5.0 (Linux; Android 5.0) AppleWebKit/537.36 (KHTML, like Gecko) Mobile Safari/537.36 (compatible; TikTokSpider; [email protected])"
47.128.115.236 - - [04/May/2026:01:20:00 -0500] "GET /low-carb-fruit-salad/ HTTP/2.0" 200 100117 "https://easysalads.com/low-carb-fruit-salad/" "Mozilla/5.0 (Linux; Android 5.0) AppleWebKit/537.36 (KHTML, like Gecko) Mobile Safari/537.36 (compatible; TikTokSpider; [email protected])"
47.128.115.236 - - [04/May/2026:01:20:01 -0500] "GET /low-carb-fruit-salad/ HTTP/2.0" 200 100109 "https://easysalads.com/low-carb-fruit-salad/" "Mozilla/5.0 (Linux; Android 5.0) AppleWebKit/537.36 (KHTML, like Gecko) Mobile Safari/537.36 (compatible; TikTokSpider; [email protected])"
47.128.115.236 - - [04/May/2026:01:20:02 -0500] "GET /low-carb-fruit-salad/ HTTP/2.0" 200 100202 "https://easysalads.com/low-carb-fruit-salad/" "Mozilla/5.0 (Linux; Android 5.0) AppleWebKit/537.36 (KHTML, like Gecko) Mobile Safari/537.36 (compatible; TikTokSpider; [email protected])"
47.128.115.236 - - [04/May/2026:01:20:03 -0500] "GET /low-carb-fruit-salad/ HTTP/2.0" 200 100147 "https://easysalads.com/low-carb-fruit-salad/" "Mozilla/5.0 (Linux; Android 5.0) AppleWebKit/537.36 (KHTML, like Gecko) Mobile Safari/537.36 (compatible; TikTokSpider; [email protected])"
47.128.115.236 - - [04/May/2026:01:20:04 -0500] "GET /low-carb-fruit-salad/ HTTP/2.0" 200 100171 "https://easysalads.com/low-carb-fruit-salad/" "Mozilla/5.0 (Linux; Android 5.0) AppleWebKit/537.36 (KHTML, like Gecko) Mobile Safari/537.36 (compatible; TikTokSpider; [email protected])"
47.128.115.236 - - [04/May/2026:01:20:05 -0500] "GET /low-carb-fruit-salad/ HTTP/2.0" 200 100112 "https://easysalads.com/low-carb-fruit-salad/" "Mozilla/5.0 (Linux; Android 5.0) AppleWebKit/537.36 (KHTML, like Gecko) Mobile Safari/537.36 (compatible; TikTokSpider; [email protected])"
47.128.115.236 - - [04/May/2026:01:20:06 -0500] "GET /low-carb-fruit-salad/ HTTP/2.0" 200 100131 "https://easysalads.com/low-carb-fruit-salad/" "Mozilla/5.0 (Linux; Android 5.0) AppleWebKit/537.36 (KHTML, like Gecko) Mobile Safari/537.36 (compatible; TikTokSpider; [email protected])"
47.128.115.236 - - [04/May/2026:01:20:07 -0500] "GET /low-carb-fruit-salad/ HTTP/2.0" 200 100128 "https://easysalads.com/low-carb-fruit-salad/" "Mozilla/5.0 (Linux; Android 5.0) AppleWebKit/537.36 (KHTML, like Gecko) Mobile Safari/537.36 (compatible; TikTokSpider; [email protected])"
47.128.115.236 - - [04/May/2026:01:20:08 -0500] "GET /low-carb-fruit-salad/ HTTP/2.0" 200 100134 "https://easysalads.com/low-carb-fruit-salad/" "Mozilla/5.0 (Linux; Android 5.0) AppleWebKit/537.36 (KHTML, like Gecko) Mobile Safari/537.36 (compatible; TikTokSpider; [email protected])"
47.128.115.236 - - [04/May/2026:01:20:09 -0500] "GET /low-carb-fruit-salad/ HTTP/2.0" 200 100173 "https://easysalads.com/low-carb-fruit-salad/" "Mozilla/5.0 (Linux; Android 5.0) AppleWebKit/537.36 (KHTML, like Gecko) Mobile Safari/537.36 (compatible; TikTokSpider; [email protected])"
47.128.115.236 - - [04/May/2026:01:20:10 -0500] "GET /low-carb-fruit-salad/ HTTP/2.0" 200 100194 "https://easysalads.com/low-carb-fruit-salad/" "Mozilla/5.0 (Linux; Android 5.0) AppleWebKit/537.36 (KHTML, like Gecko) Mobile Safari/537.36 (compatible; TikTokSpider; [email protected])"
47.128.115.236 - - [04/May/2026:01:20:11 -0500] "GET /low-carb-fruit-salad/ HTTP/2.0" 200 100135 "https://easysalads.com/low-carb-fruit-salad/" "Mozilla/5.0 (Linux; Android 5.0) AppleWebKit/537.36 (KHTML, like Gecko) Mobile Safari/537.36 (compatible; TikTokSpider; [email protected])"
154.18.244.252 - - [04/May/2026:01:21:04 -0500] "POST /wp-cron.php?doing_wp_cron=1777875664.3216719627380371093750 HTTP/1.1" 200 11 "-" "WordPress/6.9.4; https://easysalads.com"
57.128.189.19 - - [04/May/2026:01:21:04 -0500] "GET /?nocache=1777875601 HTTP/2.0" 200 89175 "-" "BigScootsMonitor Mozilla/5.0 (Windows NT 10.0; Win64; x64) AppleWebKit/537.36 (KHTML, like Gecko) Chrome/74.0.3729.169 Safari/537.36"
51.222.136.175 - - [04/May/2026:01:21:05 -0500] "GET /?nocache=1777875601 HTTP/2.0" 200 89175 "-" "BigScootsMonitor Mozilla/5.0 (Windows NT 10.0; Win64; x64) AppleWebKit/537.36 (KHTML, like Gecko) Chrome/74.0.3729.169 Safari/537.36"
66.249.66.13 - - [04/May/2026:01:21:32 -0500] "GET /wp-content/uploads/2024/01/tomato-onion-salad-06-480x270.jpg HTTP/1.1" 200 57991 "-" "Googlebot-Image/1.0"
100.28.194.104 - - [04/May/2026:01:22:48 -0500] "GET /wp-json/wp/v2/posts?order=asc&per_page=100&modified_after=2026-04-19T19:01:07&page=5 HTTP/2.0" 200 6 "-" "Mozilla/5.0 (Windows NT 10.0; Win64; x64)AppleWebKit/537.36 (KHTML, like Gecko)Chrome/145.0.0.0 Safari/537.36 Edg/145.0.0.0"
100.28.194.104 - - [04/May/2026:01:22:48 -0500] "GET /wp-json/wp/v2/posts?order=asc&per_page=100&modified_after=2026-04-19T19:01:07&page=3 HTTP/2.0" 200 6 "-" "Mozilla/5.0 (Windows NT 10.0; Win64; x64)AppleWebKit/537.36 (KHTML, like Gecko)Chrome/145.0.0.0 Safari/537.36 Edg/145.0.0.0"
100.28.194.104 - - [04/May/2026:01:22:48 -0500] "GET /wp-json/wp/v2/posts?order=asc&per_page=100&modified_after=2026-04-19T19:01:07&page=1 HTTP/2.0" 200 6 "-" "Mozilla/5.0 (Windows NT 10.0; Win64; x64)AppleWebKit/537.36 (KHTML, like Gecko)Chrome/145.0.0.0 Safari/537.36 Edg/145.0.0.0"
100.28.194.104 - - [04/May/2026:01:22:48 -0500] "GET /wp-json/wp/v2/posts?order=asc&per_page=100&modified_after=2026-04-19T19:01:07&page=4 HTTP/2.0" 200 6 "-" "Mozilla/5.0 (Windows NT 10.0; Win64; x64)AppleWebKit/537.36 (KHTML, like Gecko)Chrome/145.0.0.0 Safari/537.36 Edg/145.0.0.0"
154.18.244.252 - - [04/May/2026:01:22:48 -0500] "POST /wp-cron.php?doing_wp_cron=1777875768.6393499374389648437500 HTTP/1.1" 200 11 "-" "WordPress/6.9.4; https://easysalads.com"
154.18.244.252 - - [04/May/2026:01:22:48 -0500] "POST /wp-cron.php?doing_wp_cron=1777875768.6393489837646484375000 HTTP/1.1" 200 11 "-" "WordPress/6.9.4; https://easysalads.com"
100.28.194.104 - - [04/May/2026:01:22:48 -0500] "GET /wp-json/wp/v2/posts?order=asc&per_page=100&modified_after=2026-04-19T19:01:07&page=2 HTTP/2.0" 200 6 "-" "Mozilla/5.0 (Windows NT 10.0; Win64; x64)AppleWebKit/537.36 (KHTML, like Gecko)Chrome/145.0.0.0 Safari/537.36 Edg/145.0.0.0"
154.18.244.252 - - [04/May/2026:01:23:04 -0500] "POST /wp-cron.php?doing_wp_cron=1777875784.4688789844512939453125 HTTP/1.1" 200 11 "-" "WordPress/6.9.4; https://easysalads.com"
51.222.136.175 - - [04/May/2026:01:23:04 -0500] "GET /?nocache=1777875721 HTTP/2.0" 200 89175 "-" "BigScootsMonitor Mozilla/5.0 (Windows NT 10.0; Win64; x64) AppleWebKit/537.36 (KHTML, like Gecko) Chrome/74.0.3729.169 Safari/537.36"
57.128.189.19 - - [04/May/2026:01:23:09 -0500] "GET /?nocache=1777875721 HTTP/2.0" 200 89175 "-" "BigScootsMonitor Mozilla/5.0 (Windows NT 10.0; Win64; x64) AppleWebKit/537.36 (KHTML, like Gecko) Chrome/74.0.3729.169 Safari/537.36"
72.14.201.170 - - [04/May/2026:01:23:23 -0500] "GET /easy-5-bean-salad/ HTTP/2.0" 200 103157 "https://www.google.com/" "Mozilla/5.0 (Linux; Android 10; K) AppleWebKit/537.36 (KHTML, like Gecko) Chrome/141.0.0.0 Mobile Safari/537.36"
14.224.223.155 - - [04/May/2026:01:24:12 -0500] "GET /wp-content/uploads/2023/09/pulled-pork-salad-recipe00-500x500.jpg HTTP/1.1" 200 96031 "-" "Mozilla/5.0 (Windows NT 10.0; Win64; x64) AppleWebKit/537.36 (KHTML, like Gecko) Chrome/91.0.4472.124 Safari/537.36"
154.18.244.252 - - [04/May/2026:01:25:04 -0500] "POST /wp-cron.php?doing_wp_cron=1777875904.6432418823242187500000 HTTP/1.1" 200 11 "-" "WordPress/6.9.4; https://easysalads.com"
51.222.136.175 - - [04/May/2026:01:25:04 -0500] "GET /?nocache=1777875841 HTTP/2.0" 200 89175 "-" "BigScootsMonitor Mozilla/5.0 (Windows NT 10.0; Win64; x64) AppleWebKit/537.36 (KHTML, like Gecko) Chrome/74.0.3729.169 Safari/537.36"
154.18.244.252 - - [04/May/2026:01:25:04 -0500] "POST /wp-cron.php?doing_wp_cron=1777875904.8055210113525390625000 HTTP/1.1" 200 11 "-" "WordPress/6.9.4; https://easysalads.com"
57.128.189.19 - - [04/May/2026:01:25:04 -0500] "GET /?nocache=1777875841 HTTP/2.0" 200 89175 "-" "BigScootsMonitor Mozilla/5.0 (Windows NT 10.0; Win64; x64) AppleWebKit/537.36 (KHTML, like Gecko) Chrome/74.0.3729.169 Safari/537.36"
38.95.35.85 - - [04/May/2026:01:25:11 -0500] "GET /wp-login.php HTTP/2.0" 200 1882 "-" "Mozilla/5.0 (Macintosh; Intel Mac OS X 10_13_2) AppleWebKit/537.36 (KHTML, like Gecko) Chrome/65.0.3298.3 Safari/537.36"
38.95.35.85 - - [04/May/2026:01:25:11 -0500] "POST /wp-login.php HTTP/2.0" 200 2018 "https://easysalads.com/wp-login.php" "Mozilla/5.0 (Macintosh; Intel Mac OS X 10_13_2) AppleWebKit/537.36 (KHTML, like Gecko) Chrome/65.0.3298.3 Safari/537.36"
154.18.244.252 - - [04/May/2026:01:26:05 -0500] "POST /wp-cron.php?doing_wp_cron=1777875966.0720291137695312500000 HTTP/1.1" 200 11 "-" "WordPress/6.9.4; https://easysalads.com"
158.220.126.105 - - [04/May/2026:01:26:05 -0500] "GET /wp-login.php HTTP/2.0" 200 1882 "-" "Mozilla/5.0 (Windows NT 5.1; Win64; x64) AppleWebKit/537.36 (KHTML, like Gecko) Chrome/52.0.2743.116 Safari/537.36 Edge/15.15063"
158.220.126.105 - - [04/May/2026:01:26:08 -0500] "POST /wp-login.php HTTP/2.0" 200 2020 "https://easysalads.com/wp-login.php" "Mozilla/5.0 (Windows NT 5.1; Win64; x64) AppleWebKit/537.36 (KHTML, like Gecko) Chrome/52.0.2743.116 Safari/537.36 Edge/15.15063"
103.100.38.132 - - [04/May/2026:01:26:32 -0500] "GET /wp-login.php HTTP/2.0" 444 0 "-" "Mozilla/4.0 (compatible; MSIE 7.0; Windows NT 6.2; WOW64; Trident/7.0; .NET4.0C; .NET4.0E; .NET CLR 2.0.50727; .NET CLR 3.0.30729; .NET CLR 3.5.30729; Tablet PC 2.0)"
208.114.122.198 - - [04/May/2026:01:26:34 -0500] "GET /wp-content/plugins/kadence-blocks/dist/style-blocks-rowlayout.css?ver=3.6.7 HTTP/2.0" 200 1771 "-" "Mozilla/5.0 (Linux; Android 10; K) AppleWebKit/537.36 (KHTML, like Gecko) Chrome/147.0.0.0 Mobile Safari/537.36"
208.114.122.198 - - [04/May/2026:01:26:34 -0500] "GET /wp-content/plugins/kadence-blocks/dist/style-blocks-column.css?ver=3.6.7 HTTP/2.0" 200 428 "-" "Mozilla/5.0 (Linux; Android 10; K) AppleWebKit/537.36 (KHTML, like Gecko) Chrome/147.0.0.0 Mobile Safari/537.36"
208.114.122.198 - - [04/May/2026:01:26:35 -0500] "GET /tomato-onion-salad/ HTTP/2.0" 200 101537 "https://www.google.com/" "Mozilla/5.0 (Linux; Android 10; K) AppleWebKit/537.36 (KHTML, like Gecko) Chrome/147.0.0.0 Mobile Safari/537.36"
208.114.122.198 - - [04/May/2026:01:26:35 -0500] "GET /wp-content/plugins/kadence-blocks/dist/style-blocks-advancedbtn.css?ver=3.6.7 HTTP/2.0" 200 705 "https://easysalads.com/tomato-onion-salad/" "Mozilla/5.0 (Linux; Android 10; K) AppleWebKit/537.36 (KHTML, like Gecko) Chrome/147.0.0.0 Mobile Safari/537.36"
208.114.122.198 - - [04/May/2026:01:26:35 -0500] "GET /wp-content/plugins/kadence-blocks-pro/dist/style-blocks-postgrid.css?ver=2.8.13.1 HTTP/2.0" 200 2795 "https://easysalads.com/tomato-onion-salad/" "Mozilla/5.0 (Linux; Android 10; K) AppleWebKit/537.36 (KHTML, like Gecko) Chrome/147.0.0.0 Mobile Safari/537.36"
208.114.122.198 - - [04/May/2026:01:26:35 -0500] "GET /wp-content/plugins/wp-recipe-maker/dist/public-modern.css?ver=10.5.0 HTTP/2.0" 200 7712 "https://easysalads.com/tomato-onion-salad/" "Mozilla/5.0 (Linux; Android 10; K) AppleWebKit/537.36 (KHTML, like Gecko) Chrome/147.0.0.0 Mobile Safari/537.36"
208.114.122.198 - - [04/May/2026:01:26:35 -0500] "GET /wp-content/plugins/wp-recipe-maker-premium/dist/public-pro.css?ver=10.5.0 HTTP/2.0" 200 6796 "https://easysalads.com/tomato-onion-salad/" "Mozilla/5.0 (Linux; Android 10; K) AppleWebKit/537.36 (KHTML, like Gecko) Chrome/147.0.0.0 Mobile Safari/537.36"
208.114.122.198 - - [04/May/2026:01:26:35 -0500] "GET /wp-content/themes/kadence/assets/css/global.min.css?ver=1.1.22 HTTP/2.0" 200 4256 "https://easysalads.com/tomato-onion-salad/" "Mozilla/5.0 (Linux; Android 10; K) AppleWebKit/537.36 (KHTML, like Gecko) Chrome/147.0.0.0 Mobile Safari/537.36"
208.114.122.198 - - [04/May/2026:01:26:35 -0500] "GET /wp-content/themes/kadence/assets/css/header.min.css?ver=1.1.22 HTTP/2.0" 200 4295 "https://easysalads.com/tomato-onion-salad/" "Mozilla/5.0 (Linux; Android 10; K) AppleWebKit/537.36 (KHTML, like Gecko) Chrome/147.0.0.0 Mobile Safari/537.36"
208.114.122.198 - - [04/May/2026:01:26:36 -0500] "GET /wp-content/themes/kadence/assets/css/content.min.css?ver=1.1.22 HTTP/2.0" 200 5512 "https://easysalads.com/tomato-onion-salad/" "Mozilla/5.0 (Linux; Android 10; K) AppleWebKit/537.36 (KHTML, like Gecko) Chrome/147.0.0.0 Mobile Safari/537.36"
208.114.122.198 - - [04/May/2026:01:26:36 -0500] "GET /wp-content/themes/kadence/assets/css/comments.min.css?ver=1.1.22 HTTP/2.0" 200 1289 "https://easysalads.com/tomato-onion-salad/" "Mozilla/5.0 (Linux; Android 10; K) AppleWebKit/537.36 (KHTML, like Gecko) Chrome/147.0.0.0 Mobile Safari/537.36"
208.114.122.198 - - [04/May/2026:01:26:36 -0500] "GET /wp-content/themes/kadence/assets/css/sidebar.min.css?ver=1.1.22 HTTP/2.0" 200 749 "https://easysalads.com/tomato-onion-salad/" "Mozilla/5.0 (Linux; Android 10; K) AppleWebKit/537.36 (KHTML, like Gecko) Chrome/147.0.0.0 Mobile Safari/537.36"
208.114.122.198 - - [04/May/2026:01:26:36 -0500] "GET /wp-content/themes/kadence/assets/css/footer.min.css?ver=1.1.22 HTTP/2.0" 200 1580 "https://easysalads.com/tomato-onion-salad/" "Mozilla/5.0 (Linux; Android 10; K) AppleWebKit/537.36 (KHTML, like Gecko) Chrome/147.0.0.0 Mobile Safari/537.36"
208.114.122.198 - - [04/May/2026:01:26:36 -0500] "GET /wp-content/plugins/kadence-pro/dist/mega-menu/menu-addon.css?ver=1.1.19 HTTP/2.0" 200 1126 "https://easysalads.com/tomato-onion-salad/" "Mozilla/5.0 (Linux; Android 10; K) AppleWebKit/537.36 (KHTML, like Gecko) Chrome/147.0.0.0 Mobile Safari/537.36"
208.114.122.198 - - [04/May/2026:01:26:36 -0500] "GET /wp-content/plugins/social-pug/assets/dist/style-frontend-pro.css?ver=2.28.0 HTTP/2.0" 200 11454 "https://easysalads.com/tomato-onion-salad/" "Mozilla/5.0 (Linux; Android 10; K) AppleWebKit/537.36 (KHTML, like Gecko) Chrome/147.0.0.0 Mobile Safari/537.36"
208.114.122.198 - - [04/May/2026:01:26:36 -0500] "GET /wp-content/plugins/kadence-blocks/dist/style-blocks-iconlist.css?ver=3.6.7 HTTP/2.0" 200 597 "https://easysalads.com/tomato-onion-salad/" "Mozilla/5.0 (Linux; Android 10; K) AppleWebKit/537.36 (KHTML, like Gecko) Chrome/147.0.0.0 Mobile Safari/537.36"
208.114.122.198 - - [04/May/2026:01:26:36 -0500] "GET /wp-content/themes/restored316-sage/style.css?ver=1_0_1 HTTP/2.0" 200 1089 "https://easysalads.com/tomato-onion-salad/" "Mozilla/5.0 (Linux; Android 10; K) AppleWebKit/537.36 (KHTML, like Gecko) Chrome/147.0.0.0 Mobile Safari/537.36"
208.114.122.198 - - [04/May/2026:01:26:36 -0500] "GET /wp-content/plugins/wpforms-lite/assets/css/frontend/modern/wpforms-full.min.css?ver=1.10.0.4 HTTP/2.0" 200 14792 "https://easysalads.com/tomato-onion-salad/" "Mozilla/5.0 (Linux; Android 10; K) AppleWebKit/537.36 (KHTML, like Gecko) Chrome/147.0.0.0 Mobile Safari/537.36"
208.114.122.198 - - [04/May/2026:01:26:36 -0500] "GET /wp-content/plugins/kadence-blocks/dist/style-blocks-infobox.css?ver=3.6.7 HTTP/2.0" 200 1340 "-" "Mozilla/5.0 (Linux; Android 10; K) AppleWebKit/537.36 (KHTML, like Gecko) Chrome/147.0.0.0 Mobile Safari/537.36"
208.114.122.198 - - [04/May/2026:01:26:38 -0500] "GET /wp-content/uploads/2022/09/Easy-Salads-website-logo-1536x451.png HTTP/2.0" 200 71572 "https://easysalads.com/tomato-onion-salad/" "Mozilla/5.0 (Linux; Android 10; K) AppleWebKit/537.36 (KHTML, like Gecko) Chrome/147.0.0.0 Mobile Safari/537.36"
208.114.122.198 - - [04/May/2026:01:26:39 -0500] "GET /wp-content/plugins/kadence-blocks/dist/style-blocks-spacer.css?ver=3.6.7 HTTP/2.0" 200 385 "https://easysalads.com/tomato-onion-salad/" "Mozilla/5.0 (Linux; Android 10; K) AppleWebKit/537.36 (KHTML, like Gecko) Chrome/147.0.0.0 Mobile Safari/537.36"
208.114.122.198 - - [04/May/2026:01:26:42 -0500] "GET /wp-content/plugins/wp-recipe-maker/dist/public-modern.js?ver=10.5.0 HTTP/2.0" 200 23744 "https://easysalads.com/tomato-onion-salad/" "Mozilla/5.0 (Linux; Android 10; K) AppleWebKit/537.36 (KHTML, like Gecko) Chrome/147.0.0.0 Mobile Safari/537.36"
208.114.122.198 - - [04/May/2026:01:26:44 -0500] "GET /wp-content/plugins/wp-recipe-maker-premium/dist/public-pro.js?ver=10.5.0 HTTP/2.0" 200 20140 "https://easysalads.com/tomato-onion-salad/" "Mozilla/5.0 (Linux; Android 10; K) AppleWebKit/537.36 (KHTML, like Gecko) Chrome/147.0.0.0 Mobile Safari/537.36"
208.114.122.198 - - [04/May/2026:01:26:44 -0500] "GET /wp-content/plugins/kadence-pro/dist/mega-menu/kadence-mega-menu.min.js?ver=1.1.19 HTTP/2.0" 200 457 "https://easysalads.com/tomato-onion-salad/" "Mozilla/5.0 (Linux; Android 10; K) AppleWebKit/537.36 (KHTML, like Gecko) Chrome/147.0.0.0 Mobile Safari/537.36"
208.114.122.198 - - [04/May/2026:01:26:45 -0500] "GET /wp-includes/js/jquery/jquery.min.js?ver=3.7.1 HTTP/2.0" 200 29769 "https://easysalads.com/tomato-onion-salad/" "Mozilla/5.0 (Linux; Android 10; K) AppleWebKit/537.36 (KHTML, like Gecko) Chrome/147.0.0.0 Mobile Safari/537.36"
208.114.122.198 - - [04/May/2026:01:26:45 -0500] "GET /wp-content/plugins/wpforms-lite/assets/lib/jquery.validate.min.js?ver=1.21.0 HTTP/2.0" 200 7807 "https://easysalads.com/tomato-onion-salad/" "Mozilla/5.0 (Linux; Android 10; K) AppleWebKit/537.36 (KHTML, like Gecko) Chrome/147.0.0.0 Mobile Safari/537.36"
208.114.122.198 - - [04/May/2026:01:26:45 -0500] "GET /wp-content/plugins/wpforms-lite/assets/lib/mailcheck.min.js?ver=1.1.2 HTTP/2.0" 200 1616 "https://easysalads.com/tomato-onion-salad/" "Mozilla/5.0 (Linux; Android 10; K) AppleWebKit/537.36 (KHTML, like Gecko) Chrome/147.0.0.0 Mobile Safari/537.36"
208.114.122.198 - - [04/May/2026:01:26:45 -0500] "GET /wp-includes/js/jquery/jquery-migrate.min.js?ver=3.4.1 HTTP/2.0" 200 4679 "https://easysalads.com/tomato-onion-salad/" "Mozilla/5.0 (Linux; Android 10; K) AppleWebKit/537.36 (KHTML, like Gecko) Chrome/147.0.0.0 Mobile Safari/537.36"
208.114.122.198 - - [04/May/2026:01:26:45 -0500] "GET /wp-content/plugins/wpforms-lite/assets/lib/punycode.min.js?ver=1.0.0 HTTP/2.0" 200 834 "https://easysalads.com/tomato-onion-salad/" "Mozilla/5.0 (Linux; Android 10; K) AppleWebKit/537.36 (KHTML, like Gecko) Chrome/147.0.0.0 Mobile Safari/537.36"
208.114.122.198 - - [04/May/2026:01:26:45 -0500] "GET /wp-content/plugins/wpforms-lite/assets/js/share/utils.min.js?ver=1.10.0.4 HTTP/2.0" 200 727 "https://easysalads.com/tomato-onion-salad/" "Mozilla/5.0 (Linux; Android 10; K) AppleWebKit/537.36 (KHTML, like Gecko) Chrome/147.0.0.0 Mobile Safari/537.36"
208.114.122.198 - - [04/May/2026:01:26:45 -0500] "GET /wp-content/plugins/wpforms-lite/assets/js/frontend/wpforms.min.js?ver=1.10.0.4 HTTP/2.0" 200 14614 "https://easysalads.com/tomato-onion-salad/" "Mozilla/5.0 (Linux; Android 10; K) AppleWebKit/537.36 (KHTML, like Gecko) Chrome/147.0.0.0 Mobile Safari/537.36"
208.114.122.198 - - [04/May/2026:01:26:45 -0500] "GET /wp-content/plugins/wpforms-lite/assets/js/frontend/wpforms-modern.min.js?ver=1.10.0.4 HTTP/2.0" 200 1866 "https://easysalads.com/tomato-onion-salad/" "Mozilla/5.0 (Linux; Android 10; K) AppleWebKit/537.36 (KHTML, like Gecko) Chrome/147.0.0.0 Mobile Safari/537.36"
208.114.122.198 - - [04/May/2026:01:26:46 -0500] "GET /wp-content/uploads/2024/01/tomato-onion-salad-06.jpg HTTP/2.0" 200 1661522 "https://easysalads.com/tomato-onion-salad/" "Mozilla/5.0 (Linux; Android 10; K) AppleWebKit/537.36 (KHTML, like Gecko) Chrome/147.0.0.0 Mobile Safari/537.36"
208.114.122.198 - - [04/May/2026:01:26:46 -0500] "GET /wp-content/uploads/2024/01/tomato-onion-salad-04.jpg HTTP/2.0" 200 712014 "https://easysalads.com/tomato-onion-salad/" "Mozilla/5.0 (Linux; Android 10; K) AppleWebKit/537.36 (KHTML, like Gecko) Chrome/147.0.0.0 Mobile Safari/537.36"
208.114.122.198 - - [04/May/2026:01:26:46 -0500] "GET /wp-content/plugins/wpforms-lite/assets/js/frontend/fields/address.min.js?ver=1.10.0.4 HTTP/2.0" 200 673 "https://easysalads.com/tomato-onion-salad/" "Mozilla/5.0 (Linux; Android 10; K) AppleWebKit/537.36 (KHTML, like Gecko) Chrome/147.0.0.0 Mobile Safari/537.36"
208.114.122.198 - - [04/May/2026:01:26:46 -0500] "GET /wp-content/plugins/wpforms-lite/assets/images/submit-spin.svg HTTP/2.0" 200 509 "https://easysalads.com/tomato-onion-salad/" "Mozilla/5.0 (Linux; Android 10; K) AppleWebKit/537.36 (KHTML, like Gecko) Chrome/147.0.0.0 Mobile Safari/537.36"
208.114.122.198 - - [04/May/2026:01:26:49 -0500] "GET /wp-includes/js/comment-reply.min.js?ver=6.9.4 HTTP/2.0" 200 1248 "https://easysalads.com/tomato-onion-salad/" "Mozilla/5.0 (Linux; Android 10; K) AppleWebKit/537.36 (KHTML, like Gecko) Chrome/147.0.0.0 Mobile Safari/537.36"
208.114.122.198 - - [04/May/2026:01:26:49 -0500] "GET /wp-content/themes/kadence/assets/js/navigation-lite.min.js?ver=1.1.21 HTTP/2.0" 200 2083 "https://easysalads.com/tomato-onion-salad/" "Mozilla/5.0 (Linux; Android 10; K) AppleWebKit/537.36 (KHTML, like Gecko) Chrome/147.0.0.0 Mobile Safari/537.36"
208.114.122.198 - - [04/May/2026:01:26:49 -0500] "GET /wp-content/plugins/social-pug/assets/dist/front-end-pro.js?ver=2.28.0 HTTP/2.0" 200 9339 "https://easysalads.com/tomato-onion-salad/" "Mozilla/5.0 (Linux; Android 10; K) AppleWebKit/537.36 (KHTML, like Gecko) Chrome/147.0.0.0 Mobile Safari/537.36"
208.114.122.198 - - [04/May/2026:01:26:49 -0500] "GET /wp-content/plugins/akismet/_inc/akismet-frontend.js?ver=1764724306 HTTP/2.0" 200 3016 "https://easysalads.com/tomato-onion-salad/" "Mozilla/5.0 (Linux; Android 10; K) AppleWebKit/537.36 (KHTML, like Gecko) Chrome/147.0.0.0 Mobile Safari/537.36"
208.114.122.198 - - [04/May/2026:01:26:50 -0500] "GET /wp-content/uploads/2024/01/tomato-onion-salad-03-1024x1024.jpg HTTP/2.0" 200 268432 "https://easysalads.com/tomato-onion-salad/" "Mozilla/5.0 (Linux; Android 10; K) AppleWebKit/537.36 (KHTML, like Gecko) Chrome/147.0.0.0 Mobile Safari/537.36"
66.249.66.77 - - [04/May/2026:01:26:50 -0500] "GET /wp-content/uploads/2022/11/5-Bean-Salad-00.jpg HTTP/1.1" 200 626193 "-" "Googlebot-Image/1.0"
34.227.95.250 - - [04/May/2026:01:26:54 -0500] "GET /tomato-onion-salad/ HTTP/1.1" 200 128781 "-" "Mozilla/5.0 (compatible; proximic; +https://www.comscore.com/Web-Crawler)"
173.252.79.2 - - [04/May/2026:01:26:57 -0500] "GET / HTTP/2.0" 200 536589 "-" "meta-webindexer/1.1 (+https://developers.facebook.com/docs/sharing/webmasters/crawler)"
154.18.244.252 - - [04/May/2026:01:27:04 -0500] "POST /wp-cron.php?doing_wp_cron=1777876024.1510059833526611328125 HTTP/1.1" 200 11 "-" "WordPress/6.9.4; https://easysalads.com"
57.128.189.19 - - [04/May/2026:01:27:04 -0500] "GET /?nocache=1777875961 HTTP/2.0" 200 89176 "-" "BigScootsMonitor Mozilla/5.0 (Windows NT 10.0; Win64; x64) AppleWebKit/537.36 (KHTML, like Gecko) Chrome/74.0.3729.169 Safari/537.36"
51.222.136.175 - - [04/May/2026:01:27:05 -0500] "GET /?nocache=1777875961 HTTP/2.0" 200 89176 "-" "BigScootsMonitor Mozilla/5.0 (Windows NT 10.0; Win64; x64) AppleWebKit/537.36 (KHTML, like Gecko) Chrome/74.0.3729.169 Safari/537.36"
205.169.39.45 - - [04/May/2026:01:27:07 -0500] "GET / HTTP/1.1" 200 114539 "-" "Mozilla/5.0 (Windows NT 10.0) AppleWebKit/537.36 (KHTML, like Gecko) Chrome/106.0.0.0 Safari/537.36"
190.242.107.22 - - [04/May/2026:01:27:18 -0500] "GET /wprm_print/82783 HTTP/2.0" 302 0 "-" "Mozilla/5.0 (Linux; Android 6.0; Nexus 5 Build/MRA58N) AppleWebKit/537.36 (KHTML, like Gecko) Chrome/42.0.9435.1275 Mobile Safari/537.36"
190.242.107.22 - - [04/May/2026:01:27:19 -0500] "GET / HTTP/2.0" 200 89176 "-" "Mozilla/5.0 (Linux; Android 6.0; Nexus 5 Build/MRA58N) AppleWebKit/537.36 (KHTML, like Gecko) Chrome/42.0.9435.1275 Mobile Safari/537.36"
190.242.107.22 - - [04/May/2026:01:27:19 -0500] "GET /wp-content/plugins/kadence-blocks/includes/assets/css/kadence-splide.min.css?ver=3.6.7 HTTP/2.0" 200 1701 "https://easysalads.com/" "Mozilla/5.0 (Linux; Android 6.0; Nexus 5 Build/MRA58N) AppleWebKit/537.36 (KHTML, like Gecko) Chrome/42.0.9435.1275 Mobile Safari/537.36"
190.242.107.22 - - [04/May/2026:01:27:19 -0500] "GET /wp-content/plugins/kadence-blocks/includes/assets/css/kb-blocks-splide.min.css?ver=3.6.7 HTTP/2.0" 200 327 "https://easysalads.com/" "Mozilla/5.0 (Linux; Android 6.0; Nexus 5 Build/MRA58N) AppleWebKit/537.36 (KHTML, like Gecko) Chrome/42.0.9435.1275 Mobile Safari/537.36"
190.242.107.22 - - [04/May/2026:01:27:20 -0500] "GET /wp-content/plugins/kadence-blocks/dist/style-blocks-advancedgallery.css?ver=3.6.7 HTTP/2.0" 200 3523 "https://easysalads.com/" "Mozilla/5.0 (Linux; Android 6.0; Nexus 5 Build/MRA58N) AppleWebKit/537.36 (KHTML, like Gecko) Chrome/42.0.9435.1275 Mobile Safari/537.36"
190.242.107.22 - - [04/May/2026:01:27:20 -0500] "GET /wp-content/plugins/kadence-blocks/dist/style-blocks-icon.css?ver=3.6.7 HTTP/2.0" 200 1043 "https://easysalads.com/" "Mozilla/5.0 (Linux; Android 6.0; Nexus 5 Build/MRA58N) AppleWebKit/537.36 (KHTML, like Gecko) Chrome/42.0.9435.1275 Mobile Safari/537.36"
190.242.107.22 - - [04/May/2026:01:27:20 -0500] "GET /wp-content/plugins/kadence-blocks/dist/style-blocks-posts.css?ver=3.6.7 HTTP/2.0" 200 1365 "https://easysalads.com/" "Mozilla/5.0 (Linux; Android 6.0; Nexus 5 Build/MRA58N) AppleWebKit/537.36 (KHTML, like Gecko) Chrome/42.0.9435.1275 Mobile Safari/537.36"
190.242.107.22 - - [04/May/2026:01:27:20 -0500] "GET /wp-content/plugins/kadence-blocks-pro/dist/style-blocks-portfoliogrid.css?ver=2.8.13.1 HTTP/2.0" 200 2131 "https://easysalads.com/" "Mozilla/5.0 (Linux; Android 6.0; Nexus 5 Build/MRA58N) AppleWebKit/537.36 (KHTML, like Gecko) Chrome/42.0.9435.1275 Mobile Safari/537.36"
190.242.107.22 - - [04/May/2026:01:27:20 -0500] "GET /wp-content/uploads/2024/07/Classic-Chicken-Salad05-683x1024.jpg HTTP/2.0" 206 500 "https://easysalads.com/" "Mozilla/5.0 (Linux; Android 6.0; Nexus 5 Build/MRA58N) AppleWebKit/537.36 (KHTML, like Gecko) Chrome/42.0.9435.1275 Mobile Safari/537.36"
190.242.107.22 - - [04/May/2026:01:27:20 -0500] "GET /wp-content/uploads/2024/03/yogurt-dill-dressing-00-683x1024.jpg HTTP/2.0" 206 500 "https://easysalads.com/" "Mozilla/5.0 (Linux; Android 6.0; Nexus 5 Build/MRA58N) AppleWebKit/537.36 (KHTML, like Gecko) Chrome/42.0.9435.1275 Mobile Safari/537.36"
190.242.107.22 - - [04/May/2026:01:27:21 -0500] "GET /wp-content/uploads/2024/07/Classic-Chicken-Salad05-683x1024.jpg HTTP/2.0" 304 0 "https://easysalads.com/" "Mozilla/5.0 (Linux; Android 6.0; Nexus 5 Build/MRA58N) AppleWebKit/537.36 (KHTML, like Gecko) Chrome/42.0.9435.1275 Mobile Safari/537.36"
190.242.107.22 - - [04/May/2026:01:27:21 -0500] "GET /wp-content/uploads/2024/03/yogurt-dill-dressing-00-683x1024.jpg HTTP/2.0" 304 0 "https://easysalads.com/" "Mozilla/5.0 (Linux; Android 6.0; Nexus 5 Build/MRA58N) AppleWebKit/537.36 (KHTML, like Gecko) Chrome/42.0.9435.1275 Mobile Safari/537.36"
190.242.107.22 - - [04/May/2026:01:27:21 -0500] "GET /wp-content/plugins/kadence-blocks/includes/assets/js/kb-splide-init.min.js?ver=3.6.7 HTTP/2.0" 200 2334 "https://easysalads.com/" "Mozilla/5.0 (Linux; Android 6.0; Nexus 5 Build/MRA58N) AppleWebKit/537.36 (KHTML, like Gecko) Chrome/42.0.9435.1275 Mobile Safari/537.36"
190.242.107.22 - - [04/May/2026:01:27:21 -0500] "GET /wp-content/plugins/kadence-blocks/includes/assets/js/splide.min.js?ver=3.6.7 HTTP/2.0" 200 12823 "https://easysalads.com/" "Mozilla/5.0 (Linux; Android 6.0; Nexus 5 Build/MRA58N) AppleWebKit/537.36 (KHTML, like Gecko) Chrome/42.0.9435.1275 Mobile Safari/537.36"
190.242.107.22 - - [04/May/2026:01:27:21 -0500] "GET /wp-content/uploads/2022/10/easy-salads-201b-scaled.jpg HTTP/2.0" 206 500 "https://easysalads.com/" "Mozilla/5.0 (Linux; Android 6.0; Nexus 5 Build/MRA58N) AppleWebKit/537.36 (KHTML, like Gecko) Chrome/42.0.9435.1275 Mobile Safari/537.36"
190.242.107.22 - - [04/May/2026:01:27:22 -0500] "GET /wp-content/uploads/2024/07/Classic-Chicken-Salad05-683x1024.jpg HTTP/2.0" 206 189610 "https://easysalads.com/" "Mozilla/5.0 (Linux; Android 6.0; Nexus 5 Build/MRA58N) AppleWebKit/537.36 (KHTML, like Gecko) Chrome/42.0.9435.1275 Mobile Safari/537.36"
190.242.107.22 - - [04/May/2026:01:27:22 -0500] "GET /wp-content/uploads/2024/03/yogurt-dill-dressing-00-683x1024.jpg HTTP/2.0" 206 117204 "https://easysalads.com/" "Mozilla/5.0 (Linux; Android 6.0; Nexus 5 Build/MRA58N) AppleWebKit/537.36 (KHTML, like Gecko) Chrome/42.0.9435.1275 Mobile Safari/537.36"
190.242.107.22 - - [04/May/2026:01:27:22 -0500] "GET /wp-content/plugins/kadence-blocks-pro/includes/assets/js/kb-splide-init.min.js?ver=2.8.13.1 HTTP/2.0" 200 1504 "https://easysalads.com/" "Mozilla/5.0 (Linux; Android 6.0; Nexus 5 Build/MRA58N) AppleWebKit/537.36 (KHTML, like Gecko) Chrome/42.0.9435.1275 Mobile Safari/537.36"
190.242.107.22 - - [04/May/2026:01:27:23 -0500] "GET /wp-content/uploads/2022/11/5-Bean-Salad-04-150x225.jpg HTTP/2.0" 206 500 "https://easysalads.com/" "Mozilla/5.0 (Linux; Android 6.0; Nexus 5 Build/MRA58N) AppleWebKit/537.36 (KHTML, like Gecko) Chrome/42.0.9435.1275 Mobile Safari/537.36"
190.242.107.22 - - [04/May/2026:01:27:23 -0500] "GET /wp-content/uploads/2022/02/white-pattern.png HTTP/2.0" 206 500 "https://easysalads.com/" "Mozilla/5.0 (Linux; Android 6.0; Nexus 5 Build/MRA58N) AppleWebKit/537.36 (KHTML, like Gecko) Chrome/42.0.9435.1275 Mobile Safari/537.36"
190.242.107.22 - - [04/May/2026:01:27:23 -0500] "GET /wp-content/uploads/2022/10/Christmas-Salad-02-150x225.jpg HTTP/2.0" 206 500 "https://easysalads.com/" "Mozilla/5.0 (Linux; Android 6.0; Nexus 5 Build/MRA58N) AppleWebKit/537.36 (KHTML, like Gecko) Chrome/42.0.9435.1275 Mobile Safari/537.36"
190.242.107.22 - - [04/May/2026:01:27:23 -0500] "GET /wp-content/uploads/2022/11/apple-pecan-blue-cheese-salad-03-150x100.jpg HTTP/2.0" 206 500 "https://easysalads.com/" "Mozilla/5.0 (Linux; Android 6.0; Nexus 5 Build/MRA58N) AppleWebKit/537.36 (KHTML, like Gecko) Chrome/42.0.9435.1275 Mobile Safari/537.36"
190.242.107.22 - - [04/May/2026:01:27:23 -0500] "GET /wp-content/uploads/2022/11/low-carb-fruit-salad-00-150x225.jpg HTTP/2.0" 206 500 "https://easysalads.com/" "Mozilla/5.0 (Linux; Android 6.0; Nexus 5 Build/MRA58N) AppleWebKit/537.36 (KHTML, like Gecko) Chrome/42.0.9435.1275 Mobile Safari/537.36"
3.234.232.33 - - [04/May/2026:01:27:33 -0500] "GET / HTTP/1.1" 301 5 "-" "Verity/1.1 (https://gumgum.com/verity; [email protected])"
3.234.232.79 - - [04/May/2026:01:27:33 -0500] "GET / HTTP/1.1" 200 91583 "-" "Verity/1.1 (https://gumgum.com/verity; [email protected])"
3.234.232.79 - - [04/May/2026:01:27:33 -0500] "GET /wp-content/uploads/2022/08/black-and-blue-steak-salad00.jpg HTTP/1.1" 200 713530 "-" "Verity/1.1 (https://gumgum.com/verity; [email protected])"
1.145.92.87 - - [04/May/2026:01:27:51 -0500] "GET /wp-content/uploads/2023/09/pulled-pork-salad-recipe00.jpg HTTP/2.0" 200 799908 "https://www.google.com/" "Mozilla/5.0 (iPhone; CPU iPhone OS 18_7 like Mac OS X) AppleWebKit/605.1.15 (KHTML, like Gecko) Version/26.4 Mobile/15E148 Safari/604.1"
206.204.4.200 - - [04/May/2026:01:28:14 -0500] "GET /tomato-onion-salad/ HTTP/1.1" 200 104265 "-" "Mozilla/5.0 (compatible; TTD-Content; +https://www.thetradedesk.com/general/ttd-content)"
154.18.244.252 - - [04/May/2026:01:28:59 -0500] "POST /wp-cron.php?doing_wp_cron=1777876139.3188560009002685546875 HTTP/1.1" 200 11 "-" "WordPress/6.9.4; https://easysalads.com"
198.175.24.218 - - [04/May/2026:01:28:59 -0500] "GET /?v=nocache-1739936881 HTTP/2.0" 200 89175 "-" "BigScoots Monitoring"
57.128.189.19 - - [04/May/2026:01:29:04 -0500] "GET /?nocache=1777876081 HTTP/2.0" 200 89175 "-" "BigScootsMonitor Mozilla/5.0 (Windows NT 10.0; Win64; x64) AppleWebKit/537.36 (KHTML, like Gecko) Chrome/74.0.3729.169 Safari/537.36"
51.222.136.175 - - [04/May/2026:01:29:04 -0500] "GET /?nocache=1777876081 HTTP/2.0" 200 89175 "-" "BigScootsMonitor Mozilla/5.0 (Windows NT 10.0; Win64; x64) AppleWebKit/537.36 (KHTML, like Gecko) Chrome/74.0.3729.169 Safari/537.36"
69.63.189.29 - - [04/May/2026:01:29:12 -0500] "GET / HTTP/2.0" 200 536589 "-" "meta-webindexer/1.1 (+https://developers.facebook.com/docs/sharing/webmasters/crawler)"
95.108.213.232 - - [04/May/2026:01:29:24 -0500] "GET /yogurt-dill-dressing/ HTTP/1.1" 200 125554 "-" "Mozilla/5.0 (compatible; YandexBot/3.0; +http://yandex.com/bots)"
154.18.244.252 - - [04/May/2026:01:29:56 -0500] "POST /wp-cron.php?doing_wp_cron=1777876197.0130970478057861328125 HTTP/1.1" 200 11 "-" "WordPress/6.9.4; https://easysalads.com"
66.249.66.75 - - [04/May/2026:01:29:56 -0500] "GET / HTTP/1.1" 200 89189 "-" "Mozilla/5.0 (Linux; Android 6.0.1; Nexus 5X Build/MMB29P) AppleWebKit/537.36 (KHTML, like Gecko) Chrome/147.0.7727.137 Mobile Safari/537.36 (compatible; Googlebot/2.1; +http://www.google.com/bot.html)"
66.249.66.75 - - [04/May/2026:01:29:58 -0500] "GET /wp-content/plugins/kadence-blocks/dist/style-blocks-icon.css?ver=3.6.7 HTTP/1.1" 200 1043 "https://easysalads.com/" "Mozilla/5.0 (Linux; Android 6.0.1; Nexus 5X Build/MMB29P) AppleWebKit/537.36 (KHTML, like Gecko) Chrome/147.0.7727.137 Mobile Safari/537.36 (compatible; Googlebot/2.1; +http://www.google.com/bot.html)"
66.249.66.75 - - [04/May/2026:01:29:58 -0500] "GET /wp-content/plugins/kadence-blocks/includes/assets/js/splide.min.js?ver=3.6.7 HTTP/1.1" 200 12836 "https://easysalads.com/" "Mozilla/5.0 (Linux; Android 6.0.1; Nexus 5X Build/MMB29P) AppleWebKit/537.36 (KHTML, like Gecko) Chrome/147.0.7727.137 Mobile Safari/537.36 (compatible; Googlebot/2.1; +http://www.google.com/bot.html)"
66.249.66.77 - - [04/May/2026:01:29:59 -0500] "GET /wp-content/plugins/kadence-blocks-pro/includes/assets/js/kb-splide-init.min.js?ver=2.8.13.1 HTTP/1.1" 200 1516 "https://easysalads.com/" "Mozilla/5.0 (Linux; Android 6.0.1; Nexus 5X Build/MMB29P) AppleWebKit/537.36 (KHTML, like Gecko) Chrome/147.0.7727.137 Mobile Safari/537.36 (compatible; Googlebot/2.1; +http://www.google.com/bot.html)"
66.249.66.76 - - [04/May/2026:01:30:07 -0500] "GET /wp-content/uploads/2024/01/southern-georgia-cracker-salad-200x300.jpg HTTP/1.1" 200 25001 "-" "Googlebot-Image/1.0"
13.217.150.145 - - [04/May/2026:01:30:20 -0500] "GET /tomato-onion-salad/ HTTP/1.1" 200 128781 "-" "Mozilla/5.0 (compatible; proximic; +https://www.comscore.com/Web-Crawler)"
154.18.244.252 - - [04/May/2026:01:31:04 -0500] "POST /wp-cron.php?doing_wp_cron=1777876264.4636330604553222656250 HTTP/1.1" 200 11 "-" "WordPress/6.9.4; https://easysalads.com"
57.128.189.19 - - [04/May/2026:01:31:04 -0500] "GET /?nocache=1777876201 HTTP/2.0" 200 89175 "-" "BigScootsMonitor Mozilla/5.0 (Windows NT 10.0; Win64; x64) AppleWebKit/537.36 (KHTML, like Gecko) Chrome/74.0.3729.169 Safari/537.36"
154.18.244.252 - - [04/May/2026:01:31:04 -0500] "POST /wp-cron.php?doing_wp_cron=1777876264.7410418987274169921875 HTTP/1.1" 200 11 "-" "WordPress/6.9.4; https://easysalads.com"
51.222.136.175 - - [04/May/2026:01:31:04 -0500] "GET /?nocache=1777876201 HTTP/2.0" 200 89175 "-" "BigScootsMonitor Mozilla/5.0 (Windows NT 10.0; Win64; x64) AppleWebKit/537.36 (KHTML, like Gecko) Chrome/74.0.3729.169 Safari/537.36"
64.144.210.221 - - [04/May/2026:01:31:16 -0500] "GET /easy-5-bean-salad/ HTTP/2.0" 200 103063 "-" "Mozilla/5.0 (Linux; Android 5.0; SM-G900P Build/LRX21T) AppleWebKit/537.36 (KHTML, like Gecko) Chrome/49.0.3253.1917 Mobile Safari/537.36"
47.128.115.232 - - [04/May/2026:01:31:46 -0500] "GET /easy-5-bean-salad/ HTTP/2.0" 200 103195 "-" "Mozilla/5.0 (Linux; Android 5.0) AppleWebKit/537.36 (KHTML, like Gecko) Mobile Safari/537.36 (compatible; TikTokSpider; [email protected])"
47.128.115.232 - - [04/May/2026:01:31:47 -0500] "GET /wp-content/plugins/wp-recipe-maker/assets/icons/rating/stars-alt-5.svg HTTP/2.0" 206 500 "https://easysalads.com/easy-5-bean-salad/" "Mozilla/5.0 (Linux; Android 5.0) AppleWebKit/537.36 (KHTML, like Gecko) Mobile Safari/537.36 (compatible; TikTokSpider; [email protected])"
47.128.115.232 - - [04/May/2026:01:31:47 -0500] "GET /easy-5-bean-salad/ HTTP/2.0" 200 103155 "https://easysalads.com/easy-5-bean-salad/" "Mozilla/5.0 (Linux; Android 5.0) AppleWebKit/537.36 (KHTML, like Gecko) Mobile Safari/537.36 (compatible; TikTokSpider; [email protected])"
47.128.115.232 - - [04/May/2026:01:31:47 -0500] "GET /wp-content/plugins/wp-recipe-maker/assets/icons/rating/stars-alt-5.svg HTTP/2.0" 304 0 "https://easysalads.com/easy-5-bean-salad/" "Mozilla/5.0 (Linux; Android 5.0) AppleWebKit/537.36 (KHTML, like Gecko) Mobile Safari/537.36 (compatible; TikTokSpider; [email protected])"
47.128.115.232 - - [04/May/2026:01:31:48 -0500] "GET /wp-content/plugins/wp-recipe-maker/assets/icons/rating/stars-alt-5.svg HTTP/2.0" 206 500 "https://easysalads.com/easy-5-bean-salad/" "Mozilla/5.0 (Linux; Android 5.0) AppleWebKit/537.36 (KHTML, like Gecko) Mobile Safari/537.36 (compatible; TikTokSpider; [email protected])"
47.128.115.232 - - [04/May/2026:01:31:48 -0500] "GET /wp-content/plugins/wp-recipe-maker/assets/icons/rating/stars-alt-5.svg HTTP/2.0" 304 0 "https://easysalads.com/easy-5-bean-salad/" "Mozilla/5.0 (Linux; Android 5.0) AppleWebKit/537.36 (KHTML, like Gecko) Mobile Safari/537.36 (compatible; TikTokSpider; [email protected])"
47.128.115.232 - - [04/May/2026:01:31:48 -0500] "GET /easy-5-bean-salad/ HTTP/2.0" 200 103070 "https://easysalads.com/easy-5-bean-salad/" "Mozilla/5.0 (Linux; Android 5.0) AppleWebKit/537.36 (KHTML, like Gecko) Mobile Safari/537.36 (compatible; TikTokSpider; [email protected])"
47.128.115.232 - - [04/May/2026:01:31:48 -0500] "GET /wp-content/plugins/wp-recipe-maker/assets/icons/rating/stars-alt-5.svg HTTP/2.0" 206 476 "https://easysalads.com/easy-5-bean-salad/" "Mozilla/5.0 (Linux; Android 5.0) AppleWebKit/537.36 (KHTML, like Gecko) Mobile Safari/537.36 (compatible; TikTokSpider; [email protected])"
47.128.115.232 - - [04/May/2026:01:31:48 -0500] "GET /wp-content/plugins/wp-recipe-maker/assets/icons/rating/stars-alt-5.svg HTTP/2.0" 304 0 "https://easysalads.com/easy-5-bean-salad/" "Mozilla/5.0 (Linux; Android 5.0) AppleWebKit/537.36 (KHTML, like Gecko) Mobile Safari/537.36 (compatible; TikTokSpider; [email protected])"
47.128.115.232 - - [04/May/2026:01:31:49 -0500] "GET /easy-5-bean-salad/ HTTP/2.0" 200 103153 "https://easysalads.com/easy-5-bean-salad/" "Mozilla/5.0 (Linux; Android 5.0) AppleWebKit/537.36 (KHTML, like Gecko) Mobile Safari/537.36 (compatible; TikTokSpider; [email protected])"
47.128.115.232 - - [04/May/2026:01:31:49 -0500] "GET /wp-content/plugins/wp-recipe-maker/assets/icons/rating/stars-alt-5.svg HTTP/2.0" 304 0 "https://easysalads.com/easy-5-bean-salad/" "Mozilla/5.0 (Linux; Android 5.0) AppleWebKit/537.36 (KHTML, like Gecko) Mobile Safari/537.36 (compatible; TikTokSpider; [email protected])"
47.128.115.232 - - [04/May/2026:01:31:49 -0500] "GET /wp-content/plugins/wp-recipe-maker/assets/icons/rating/stars-alt-5.svg HTTP/2.0" 206 500 "https://easysalads.com/easy-5-bean-salad/" "Mozilla/5.0 (Linux; Android 5.0) AppleWebKit/537.36 (KHTML, like Gecko) Mobile Safari/537.36 (compatible; TikTokSpider; [email protected])"
47.128.115.232 - - [04/May/2026:01:31:50 -0500] "GET /wp-content/plugins/wp-recipe-maker/assets/icons/rating/stars-alt-5.svg HTTP/2.0" 304 0 "https://easysalads.com/easy-5-bean-salad/" "Mozilla/5.0 (Linux; Android 5.0) AppleWebKit/537.36 (KHTML, like Gecko) Mobile Safari/537.36 (compatible; TikTokSpider; [email protected])"
47.128.115.232 - - [04/May/2026:01:31:50 -0500] "GET /easy-5-bean-salad/ HTTP/2.0" 200 103030 "https://easysalads.com/easy-5-bean-salad/" "Mozilla/5.0 (Linux; Android 5.0) AppleWebKit/537.36 (KHTML, like Gecko) Mobile Safari/537.36 (compatible; TikTokSpider; [email protected])"
47.128.115.232 - - [04/May/2026:01:31:50 -0500] "GET /wp-content/plugins/wp-recipe-maker/assets/icons/rating/stars-alt-5.svg HTTP/2.0" 206 476 "https://easysalads.com/easy-5-bean-salad/" "Mozilla/5.0 (Linux; Android 5.0) AppleWebKit/537.36 (KHTML, like Gecko) Mobile Safari/537.36 (compatible; TikTokSpider; [email protected])"
47.128.115.232 - - [04/May/2026:01:31:50 -0500] "GET /wp-content/plugins/wp-recipe-maker/assets/icons/rating/stars-alt-5.svg HTTP/2.0" 304 0 "https://easysalads.com/easy-5-bean-salad/" "Mozilla/5.0 (Linux; Android 5.0) AppleWebKit/537.36 (KHTML, like Gecko) Mobile Safari/537.36 (compatible; TikTokSpider; [email protected])"
47.128.115.232 - - [04/May/2026:01:31:51 -0500] "GET /easy-5-bean-salad/ HTTP/2.0" 200 103051 "https://easysalads.com/easy-5-bean-salad/" "Mozilla/5.0 (Linux; Android 5.0) AppleWebKit/537.36 (KHTML, like Gecko) Mobile Safari/537.36 (compatible; TikTokSpider; [email protected])"
