34.124.186.247 - - [04/May/2026:04:15:31 -0500] "GET /tomato-onion-salad/ HTTP/1.1" 200 546317 "-" "Mozilla/5.0 (Windows; U; Windows NT 5.1; en-US; rv:x.x.x) Gecko/20041107 Firefox/x.x"
154.18.244.252 - - [04/May/2026:04:17:04 -0500] "POST /wp-cron.php?doing_wp_cron=1777886224.3380320072174072265625 HTTP/1.1" 200 11 "-" "WordPress/6.9.4; https://easysalads.com"
57.128.189.19 - - [04/May/2026:04:17:04 -0500] "GET /?nocache=1777886161 HTTP/2.0" 200 89176 "-" "BigScootsMonitor Mozilla/5.0 (Windows NT 10.0; Win64; x64) AppleWebKit/537.36 (KHTML, like Gecko) Chrome/74.0.3729.169 Safari/537.36"
51.222.136.175 - - [04/May/2026:04:17:05 -0500] "GET /?nocache=1777886161 HTTP/2.0" 200 89176 "-" "BigScootsMonitor Mozilla/5.0 (Windows NT 10.0; Win64; x64) AppleWebKit/537.36 (KHTML, like Gecko) Chrome/74.0.3729.169 Safari/537.36"
57.141.6.10 - - [04/May/2026:04:17:13 -0500] "GET /hot-chicken-salad/ HTTP/2.0" 200 559400 "-" "meta-webindexer/1.1 (+https://developers.facebook.com/docs/sharing/webmasters/crawler)"
66.249.66.76 - - [04/May/2026:04:18:12 -0500] "GET /wp-content/uploads/2024/02/broccoli-raisin-salad-03.jpg HTTP/1.1" 200 693556 "-" "Googlebot-Image/1.0"
154.18.244.252 - - [04/May/2026:04:19:04 -0500] "POST /wp-cron.php?doing_wp_cron=1777886344.2151520252227783203125 HTTP/1.1" 200 11 "-" "WordPress/6.9.4; https://easysalads.com"
57.128.189.19 - - [04/May/2026:04:19:04 -0500] "GET /?nocache=1777886281 HTTP/2.0" 200 89176 "-" "BigScootsMonitor Mozilla/5.0 (Windows NT 10.0; Win64; x64) AppleWebKit/537.36 (KHTML, like Gecko) Chrome/74.0.3729.169 Safari/537.36"
51.222.136.175 - - [04/May/2026:04:19:05 -0500] "GET /?nocache=1777886281 HTTP/2.0" 200 89176 "-" "BigScootsMonitor Mozilla/5.0 (Windows NT 10.0; Win64; x64) AppleWebKit/537.36 (KHTML, like Gecko) Chrome/74.0.3729.169 Safari/537.36"
92.205.109.21 - - [04/May/2026:04:19:49 -0500] "GET /wp-login.php HTTP/2.0" 200 1882 "-" "Mozilla/5.0 (Windows NT 6.3; WOW64; Trident/7.0; Touch; MDDCJS; rv:11.0) like Gecko"
92.205.109.21 - - [04/May/2026:04:19:50 -0500] "POST /wp-login.php HTTP/2.0" 200 2018 "https://easysalads.com/wp-login.php" "Mozilla/5.0 (Windows NT 6.3; WOW64; Trident/7.0; Touch; MDDCJS; rv:11.0) like Gecko"
154.18.244.252 - - [04/May/2026:04:21:04 -0500] "POST /wp-cron.php?doing_wp_cron=1777886464.8828380107879638671875 HTTP/1.1" 200 11 "-" "WordPress/6.9.4; https://easysalads.com"
51.222.136.175 - - [04/May/2026:04:21:04 -0500] "GET /?nocache=1777886401 HTTP/2.0" 200 89176 "-" "BigScootsMonitor Mozilla/5.0 (Windows NT 10.0; Win64; x64) AppleWebKit/537.36 (KHTML, like Gecko) Chrome/74.0.3729.169 Safari/537.36"
57.128.189.19 - - [04/May/2026:04:21:04 -0500] "GET /?nocache=1777886401 HTTP/2.0" 200 89176 "-" "BigScootsMonitor Mozilla/5.0 (Windows NT 10.0; Win64; x64) AppleWebKit/537.36 (KHTML, like Gecko) Chrome/74.0.3729.169 Safari/537.36"
131.103.4.192 - - [04/May/2026:04:21:16 -0500] "GET /michigan-salad-recipe/ HTTP/2.0" 200 101717 "-" "Mozilla/5.0 (Linux; Android 6.0; Nexus 5 Build/MRA58N) AppleWebKit/537.36 (KHTML, like Gecko) Chrome/43.0.1660.1062 Mobile Safari/537.36"
47.128.115.27 - - [04/May/2026:04:21:52 -0500] "GET /michigan-salad-recipe/ HTTP/2.0" 200 101791 "-" "Mozilla/5.0 (Linux; Android 5.0) AppleWebKit/537.36 (KHTML, like Gecko) Mobile Safari/537.36 (compatible; TikTokSpider; [email protected])"
47.128.115.27 - - [04/May/2026:04:21:53 -0500] "GET /wp-content/uploads/2023/04/Michigan-Salad-02.jpg HTTP/2.0" 206 500 "https://easysalads.com/michigan-salad-recipe/" "Mozilla/5.0 (Linux; Android 5.0) AppleWebKit/537.36 (KHTML, like Gecko) Mobile Safari/537.36 (compatible; TikTokSpider; [email protected])"
47.128.115.27 - - [04/May/2026:04:21:53 -0500] "GET /michigan-salad-recipe/ HTTP/2.0" 200 101669 "https://easysalads.com/michigan-salad-recipe/" "Mozilla/5.0 (Linux; Android 5.0) AppleWebKit/537.36 (KHTML, like Gecko) Mobile Safari/537.36 (compatible; TikTokSpider; [email protected])"
47.128.115.27 - - [04/May/2026:04:21:54 -0500] "GET /michigan-salad-recipe/ HTTP/2.0" 200 101744 "https://easysalads.com/michigan-salad-recipe/" "Mozilla/5.0 (Linux; Android 5.0) AppleWebKit/537.36 (KHTML, like Gecko) Mobile Safari/537.36 (compatible; TikTokSpider; [email protected])"
154.18.244.252 - - [04/May/2026:04:21:55 -0500] "POST /wp-cron.php?doing_wp_cron=1777886515.1669499874114990234375 HTTP/1.1" 200 11 "-" "WordPress/6.9.4; https://easysalads.com"
47.128.115.27 - - [04/May/2026:04:21:55 -0500] "GET /michigan-salad-recipe/ HTTP/2.0" 200 101790 "https://easysalads.com/michigan-salad-recipe/" "Mozilla/5.0 (Linux; Android 5.0) AppleWebKit/537.36 (KHTML, like Gecko) Mobile Safari/537.36 (compatible; TikTokSpider; [email protected])"
47.128.115.27 - - [04/May/2026:04:21:55 -0500] "GET /michigan-salad-recipe/ HTTP/2.0" 200 101708 "https://easysalads.com/michigan-salad-recipe/" "Mozilla/5.0 (Linux; Android 5.0) AppleWebKit/537.36 (KHTML, like Gecko) Mobile Safari/537.36 (compatible; TikTokSpider; [email protected])"
47.128.115.27 - - [04/May/2026:04:21:56 -0500] "GET /michigan-salad-recipe/ HTTP/2.0" 200 101734 "https://easysalads.com/michigan-salad-recipe/" "Mozilla/5.0 (Linux; Android 5.0) AppleWebKit/537.36 (KHTML, like Gecko) Mobile Safari/537.36 (compatible; TikTokSpider; [email protected])"
47.128.115.27 - - [04/May/2026:04:21:57 -0500] "GET /michigan-salad-recipe/ HTTP/2.0" 200 101740 "https://easysalads.com/michigan-salad-recipe/" "Mozilla/5.0 (Linux; Android 5.0) AppleWebKit/537.36 (KHTML, like Gecko) Mobile Safari/537.36 (compatible; TikTokSpider; [email protected])"
47.128.115.27 - - [04/May/2026:04:21:58 -0500] "GET /michigan-salad-recipe/ HTTP/2.0" 200 101713 "https://easysalads.com/michigan-salad-recipe/" "Mozilla/5.0 (Linux; Android 5.0) AppleWebKit/537.36 (KHTML, like Gecko) Mobile Safari/537.36 (compatible; TikTokSpider; [email protected])"
47.128.115.27 - - [04/May/2026:04:21:58 -0500] "GET /michigan-salad-recipe/ HTTP/2.0" 200 101741 "https://easysalads.com/michigan-salad-recipe/" "Mozilla/5.0 (Linux; Android 5.0) AppleWebKit/537.36 (KHTML, like Gecko) Mobile Safari/537.36 (compatible; TikTokSpider; [email protected])"
47.128.115.27 - - [04/May/2026:04:21:59 -0500] "GET /michigan-salad-recipe/ HTTP/2.0" 200 101688 "https://easysalads.com/michigan-salad-recipe/" "Mozilla/5.0 (Linux; Android 5.0) AppleWebKit/537.36 (KHTML, like Gecko) Mobile Safari/537.36 (compatible; TikTokSpider; [email protected])"
47.128.115.27 - - [04/May/2026:04:22:00 -0500] "GET /michigan-salad-recipe/ HTTP/2.0" 200 101698 "https://easysalads.com/michigan-salad-recipe/" "Mozilla/5.0 (Linux; Android 5.0) AppleWebKit/537.36 (KHTML, like Gecko) Mobile Safari/537.36 (compatible; TikTokSpider; [email protected])"
47.128.115.27 - - [04/May/2026:04:22:01 -0500] "GET /michigan-salad-recipe/ HTTP/2.0" 200 101676 "https://easysalads.com/michigan-salad-recipe/" "Mozilla/5.0 (Linux; Android 5.0) AppleWebKit/537.36 (KHTML, like Gecko) Mobile Safari/537.36 (compatible; TikTokSpider; [email protected])"
47.128.115.27 - - [04/May/2026:04:22:02 -0500] "GET /michigan-salad-recipe/ HTTP/2.0" 200 101695 "https://easysalads.com/michigan-salad-recipe/" "Mozilla/5.0 (Linux; Android 5.0) AppleWebKit/537.36 (KHTML, like Gecko) Mobile Safari/537.36 (compatible; TikTokSpider; [email protected])"
47.128.115.27 - - [04/May/2026:04:22:03 -0500] "GET /michigan-salad-recipe/ HTTP/2.0" 200 101752 "https://easysalads.com/michigan-salad-recipe/" "Mozilla/5.0 (Linux; Android 5.0) AppleWebKit/537.36 (KHTML, like Gecko) Mobile Safari/537.36 (compatible; TikTokSpider; [email protected])"
109.49.23.233 - - [04/May/2026:04:22:04 -0500] "GET /wp-content/uploads/2024/09/crispy-chicken-caesar-pasta-salad02.jpg HTTP/2.0" 200 147456 "https://www.google.com/" "Mozilla/5.0 (iPhone; CPU iPhone OS 26_3_1 like Mac OS X) AppleWebKit/605.1.15 (KHTML, like Gecko) CriOS/147.0.7727.99 Mobile/15E148 Safari/604.1"
47.128.115.27 - - [04/May/2026:04:22:04 -0500] "GET /michigan-salad-recipe/ HTTP/2.0" 200 101712 "https://easysalads.com/michigan-salad-recipe/" "Mozilla/5.0 (Linux; Android 5.0) AppleWebKit/537.36 (KHTML, like Gecko) Mobile Safari/537.36 (compatible; TikTokSpider; [email protected])"
109.49.23.233 - - [04/May/2026:04:22:04 -0500] "GET /crispy-chicken-caesar-pasta-salad/ HTTP/2.0" 200 101713 "https://www.google.com/" "Mozilla/5.0 (iPhone; CPU iPhone OS 26_3_1 like Mac OS X) AppleWebKit/605.1.15 (KHTML, like Gecko) CriOS/147.0.7727.99 Mobile/15E148 Safari/604.1"
109.49.23.233 - - [04/May/2026:04:22:04 -0500] "GET /wp-content/plugins/kadence-blocks/dist/style-blocks-rowlayout.css?ver=3.6.7 HTTP/2.0" 200 1771 "https://easysalads.com/crispy-chicken-caesar-pasta-salad/" "Mozilla/5.0 (iPhone; CPU iPhone OS 26_3_1 like Mac OS X) AppleWebKit/605.1.15 (KHTML, like Gecko) CriOS/147.0.7727.99 Mobile/15E148 Safari/604.1"
109.49.23.233 - - [04/May/2026:04:22:04 -0500] "GET /wp-content/plugins/kadence-blocks/dist/style-blocks-column.css?ver=3.6.7 HTTP/2.0" 200 428 "https://easysalads.com/crispy-chicken-caesar-pasta-salad/" "Mozilla/5.0 (iPhone; CPU iPhone OS 26_3_1 like Mac OS X) AppleWebKit/605.1.15 (KHTML, like Gecko) CriOS/147.0.7727.99 Mobile/15E148 Safari/604.1"
109.49.23.233 - - [04/May/2026:04:22:04 -0500] "GET /wp-content/plugins/kadence-blocks/dist/style-blocks-infobox.css?ver=3.6.7 HTTP/2.0" 200 1340 "https://easysalads.com/crispy-chicken-caesar-pasta-salad/" "Mozilla/5.0 (iPhone; CPU iPhone OS 26_3_1 like Mac OS X) AppleWebKit/605.1.15 (KHTML, like Gecko) CriOS/147.0.7727.99 Mobile/15E148 Safari/604.1"
109.49.23.233 - - [04/May/2026:04:22:04 -0500] "GET /wp-content/plugins/kadence-blocks/dist/style-blocks-advancedbtn.css?ver=3.6.7 HTTP/2.0" 200 705 "https://easysalads.com/crispy-chicken-caesar-pasta-salad/" "Mozilla/5.0 (iPhone; CPU iPhone OS 26_3_1 like Mac OS X) AppleWebKit/605.1.15 (KHTML, like Gecko) CriOS/147.0.7727.99 Mobile/15E148 Safari/604.1"
109.49.23.233 - - [04/May/2026:04:22:04 -0500] "GET /wp-content/plugins/kadence-blocks-pro/dist/style-blocks-postgrid.css?ver=2.8.13.1 HTTP/2.0" 200 2795 "https://easysalads.com/crispy-chicken-caesar-pasta-salad/" "Mozilla/5.0 (iPhone; CPU iPhone OS 26_3_1 like Mac OS X) AppleWebKit/605.1.15 (KHTML, like Gecko) CriOS/147.0.7727.99 Mobile/15E148 Safari/604.1"
109.49.23.233 - - [04/May/2026:04:22:04 -0500] "GET /wp-content/plugins/wp-recipe-maker/dist/public-modern.css?ver=10.5.0 HTTP/2.0" 200 7712 "https://easysalads.com/crispy-chicken-caesar-pasta-salad/" "Mozilla/5.0 (iPhone; CPU iPhone OS 26_3_1 like Mac OS X) AppleWebKit/605.1.15 (KHTML, like Gecko) CriOS/147.0.7727.99 Mobile/15E148 Safari/604.1"
109.49.23.233 - - [04/May/2026:04:22:04 -0500] "GET /wp-content/plugins/wp-recipe-maker-premium/dist/public-pro.css?ver=10.5.0 HTTP/2.0" 200 6796 "https://easysalads.com/crispy-chicken-caesar-pasta-salad/" "Mozilla/5.0 (iPhone; CPU iPhone OS 26_3_1 like Mac OS X) AppleWebKit/605.1.15 (KHTML, like Gecko) CriOS/147.0.7727.99 Mobile/15E148 Safari/604.1"
109.49.23.233 - - [04/May/2026:04:22:04 -0500] "GET /wp-content/themes/kadence/assets/css/global.min.css?ver=1.1.22 HTTP/2.0" 200 4256 "https://easysalads.com/crispy-chicken-caesar-pasta-salad/" "Mozilla/5.0 (iPhone; CPU iPhone OS 26_3_1 like Mac OS X) AppleWebKit/605.1.15 (KHTML, like Gecko) CriOS/147.0.7727.99 Mobile/15E148 Safari/604.1"
109.49.23.233 - - [04/May/2026:04:22:04 -0500] "GET /wp-content/themes/kadence/assets/css/header.min.css?ver=1.1.22 HTTP/2.0" 200 4295 "https://easysalads.com/crispy-chicken-caesar-pasta-salad/" "Mozilla/5.0 (iPhone; CPU iPhone OS 26_3_1 like Mac OS X) AppleWebKit/605.1.15 (KHTML, like Gecko) CriOS/147.0.7727.99 Mobile/15E148 Safari/604.1"
109.49.23.233 - - [04/May/2026:04:22:04 -0500] "GET /wp-content/themes/kadence/assets/css/content.min.css?ver=1.1.22 HTTP/2.0" 200 5512 "https://easysalads.com/crispy-chicken-caesar-pasta-salad/" "Mozilla/5.0 (iPhone; CPU iPhone OS 26_3_1 like Mac OS X) AppleWebKit/605.1.15 (KHTML, like Gecko) CriOS/147.0.7727.99 Mobile/15E148 Safari/604.1"
109.49.23.233 - - [04/May/2026:04:22:04 -0500] "GET /wp-content/themes/kadence/assets/css/comments.min.css?ver=1.1.22 HTTP/2.0" 200 1289 "https://easysalads.com/crispy-chicken-caesar-pasta-salad/" "Mozilla/5.0 (iPhone; CPU iPhone OS 26_3_1 like Mac OS X) AppleWebKit/605.1.15 (KHTML, like Gecko) CriOS/147.0.7727.99 Mobile/15E148 Safari/604.1"
109.49.23.233 - - [04/May/2026:04:22:04 -0500] "GET /wp-content/themes/kadence/assets/css/sidebar.min.css?ver=1.1.22 HTTP/2.0" 200 749 "https://easysalads.com/crispy-chicken-caesar-pasta-salad/" "Mozilla/5.0 (iPhone; CPU iPhone OS 26_3_1 like Mac OS X) AppleWebKit/605.1.15 (KHTML, like Gecko) CriOS/147.0.7727.99 Mobile/15E148 Safari/604.1"
109.49.23.233 - - [04/May/2026:04:22:04 -0500] "GET /wp-content/themes/kadence/assets/css/footer.min.css?ver=1.1.22 HTTP/2.0" 200 1580 "https://easysalads.com/crispy-chicken-caesar-pasta-salad/" "Mozilla/5.0 (iPhone; CPU iPhone OS 26_3_1 like Mac OS X) AppleWebKit/605.1.15 (KHTML, like Gecko) CriOS/147.0.7727.99 Mobile/15E148 Safari/604.1"
109.49.23.233 - - [04/May/2026:04:22:04 -0500] "GET /wp-content/plugins/kadence-pro/dist/mega-menu/menu-addon.css?ver=1.1.19 HTTP/2.0" 200 1126 "https://easysalads.com/crispy-chicken-caesar-pasta-salad/" "Mozilla/5.0 (iPhone; CPU iPhone OS 26_3_1 like Mac OS X) AppleWebKit/605.1.15 (KHTML, like Gecko) CriOS/147.0.7727.99 Mobile/15E148 Safari/604.1"
109.49.23.233 - - [04/May/2026:04:22:04 -0500] "GET /wp-content/plugins/social-pug/assets/dist/style-frontend-pro.css?ver=2.28.0 HTTP/2.0" 200 11454 "https://easysalads.com/crispy-chicken-caesar-pasta-salad/" "Mozilla/5.0 (iPhone; CPU iPhone OS 26_3_1 like Mac OS X) AppleWebKit/605.1.15 (KHTML, like Gecko) CriOS/147.0.7727.99 Mobile/15E148 Safari/604.1"
109.49.23.233 - - [04/May/2026:04:22:04 -0500] "GET /wp-content/plugins/kadence-blocks/dist/style-blocks-iconlist.css?ver=3.6.7 HTTP/2.0" 200 597 "https://easysalads.com/crispy-chicken-caesar-pasta-salad/" "Mozilla/5.0 (iPhone; CPU iPhone OS 26_3_1 like Mac OS X) AppleWebKit/605.1.15 (KHTML, like Gecko) CriOS/147.0.7727.99 Mobile/15E148 Safari/604.1"
109.49.23.233 - - [04/May/2026:04:22:04 -0500] "GET /wp-content/themes/restored316-sage/style.css?ver=1_0_1 HTTP/2.0" 200 1089 "https://easysalads.com/crispy-chicken-caesar-pasta-salad/" "Mozilla/5.0 (iPhone; CPU iPhone OS 26_3_1 like Mac OS X) AppleWebKit/605.1.15 (KHTML, like Gecko) CriOS/147.0.7727.99 Mobile/15E148 Safari/604.1"
109.49.23.233 - - [04/May/2026:04:22:05 -0500] "GET /wp-content/plugins/wpforms-lite/assets/css/frontend/modern/wpforms-full.min.css?ver=1.10.0.4 HTTP/2.0" 200 14792 "https://easysalads.com/crispy-chicken-caesar-pasta-salad/" "Mozilla/5.0 (iPhone; CPU iPhone OS 26_3_1 like Mac OS X) AppleWebKit/605.1.15 (KHTML, like Gecko) CriOS/147.0.7727.99 Mobile/15E148 Safari/604.1"
109.49.23.233 - - [04/May/2026:04:22:05 -0500] "GET /wp-content/uploads/2022/09/Easy-Salads-website-logo-1536x451.png HTTP/2.0" 200 71572 "https://easysalads.com/crispy-chicken-caesar-pasta-salad/" "Mozilla/5.0 (iPhone; CPU iPhone OS 26_3_1 like Mac OS X) AppleWebKit/605.1.15 (KHTML, like Gecko) CriOS/147.0.7727.99 Mobile/15E148 Safari/604.1"
109.49.23.233 - - [04/May/2026:04:22:05 -0500] "GET /wp-content/plugins/kadence-blocks/dist/style-blocks-spacer.css?ver=3.6.7 HTTP/2.0" 200 385 "https://easysalads.com/crispy-chicken-caesar-pasta-salad/" "Mozilla/5.0 (iPhone; CPU iPhone OS 26_3_1 like Mac OS X) AppleWebKit/605.1.15 (KHTML, like Gecko) CriOS/147.0.7727.99 Mobile/15E148 Safari/604.1"
109.49.23.233 - - [04/May/2026:04:22:05 -0500] "GET /wp-content/plugins/wp-recipe-maker/dist/public-modern.js?ver=10.5.0 HTTP/2.0" 200 23744 "https://easysalads.com/crispy-chicken-caesar-pasta-salad/" "Mozilla/5.0 (iPhone; CPU iPhone OS 26_3_1 like Mac OS X) AppleWebKit/605.1.15 (KHTML, like Gecko) CriOS/147.0.7727.99 Mobile/15E148 Safari/604.1"
109.49.23.233 - - [04/May/2026:04:22:05 -0500] "GET /wp-content/plugins/wp-recipe-maker-premium/dist/public-pro.js?ver=10.5.0 HTTP/2.0" 200 20140 "https://easysalads.com/crispy-chicken-caesar-pasta-salad/" "Mozilla/5.0 (iPhone; CPU iPhone OS 26_3_1 like Mac OS X) AppleWebKit/605.1.15 (KHTML, like Gecko) CriOS/147.0.7727.99 Mobile/15E148 Safari/604.1"
109.49.23.233 - - [04/May/2026:04:22:05 -0500] "GET /wp-content/themes/kadence/assets/js/navigation-lite.min.js?ver=1.1.21 HTTP/2.0" 200 2083 "https://easysalads.com/crispy-chicken-caesar-pasta-salad/" "Mozilla/5.0 (iPhone; CPU iPhone OS 26_3_1 like Mac OS X) AppleWebKit/605.1.15 (KHTML, like Gecko) CriOS/147.0.7727.99 Mobile/15E148 Safari/604.1"
109.49.23.233 - - [04/May/2026:04:22:05 -0500] "GET /wp-content/plugins/social-pug/assets/dist/front-end-pro.js?ver=2.28.0 HTTP/2.0" 200 9339 "https://easysalads.com/crispy-chicken-caesar-pasta-salad/" "Mozilla/5.0 (iPhone; CPU iPhone OS 26_3_1 like Mac OS X) AppleWebKit/605.1.15 (KHTML, like Gecko) CriOS/147.0.7727.99 Mobile/15E148 Safari/604.1"
109.49.23.233 - - [04/May/2026:04:22:05 -0500] "GET /wp-content/plugins/kadence-pro/dist/mega-menu/kadence-mega-menu.min.js?ver=1.1.19 HTTP/2.0" 200 457 "https://easysalads.com/crispy-chicken-caesar-pasta-salad/" "Mozilla/5.0 (iPhone; CPU iPhone OS 26_3_1 like Mac OS X) AppleWebKit/605.1.15 (KHTML, like Gecko) CriOS/147.0.7727.99 Mobile/15E148 Safari/604.1"
109.49.23.233 - - [04/May/2026:04:22:05 -0500] "GET /wp-content/plugins/akismet/_inc/akismet-frontend.js?ver=1764724306 HTTP/2.0" 200 3016 "https://easysalads.com/crispy-chicken-caesar-pasta-salad/" "Mozilla/5.0 (iPhone; CPU iPhone OS 26_3_1 like Mac OS X) AppleWebKit/605.1.15 (KHTML, like Gecko) CriOS/147.0.7727.99 Mobile/15E148 Safari/604.1"
109.49.23.233 - - [04/May/2026:04:22:05 -0500] "GET /wp-includes/js/jquery/jquery.min.js?ver=3.7.1 HTTP/2.0" 200 29769 "https://easysalads.com/crispy-chicken-caesar-pasta-salad/" "Mozilla/5.0 (iPhone; CPU iPhone OS 26_3_1 like Mac OS X) AppleWebKit/605.1.15 (KHTML, like Gecko) CriOS/147.0.7727.99 Mobile/15E148 Safari/604.1"
109.49.23.233 - - [04/May/2026:04:22:05 -0500] "GET /wp-includes/js/jquery/jquery-migrate.min.js?ver=3.4.1 HTTP/2.0" 200 4679 "https://easysalads.com/crispy-chicken-caesar-pasta-salad/" "Mozilla/5.0 (iPhone; CPU iPhone OS 26_3_1 like Mac OS X) AppleWebKit/605.1.15 (KHTML, like Gecko) CriOS/147.0.7727.99 Mobile/15E148 Safari/604.1"
109.49.23.233 - - [04/May/2026:04:22:05 -0500] "GET /wp-content/plugins/wpforms-lite/assets/lib/jquery.validate.min.js?ver=1.21.0 HTTP/2.0" 200 7807 "https://easysalads.com/crispy-chicken-caesar-pasta-salad/" "Mozilla/5.0 (iPhone; CPU iPhone OS 26_3_1 like Mac OS X) AppleWebKit/605.1.15 (KHTML, like Gecko) CriOS/147.0.7727.99 Mobile/15E148 Safari/604.1"
109.49.23.233 - - [04/May/2026:04:22:05 -0500] "GET /wp-content/plugins/wpforms-lite/assets/lib/mailcheck.min.js?ver=1.1.2 HTTP/2.0" 200 1616 "https://easysalads.com/crispy-chicken-caesar-pasta-salad/" "Mozilla/5.0 (iPhone; CPU iPhone OS 26_3_1 like Mac OS X) AppleWebKit/605.1.15 (KHTML, like Gecko) CriOS/147.0.7727.99 Mobile/15E148 Safari/604.1"
109.49.23.233 - - [04/May/2026:04:22:05 -0500] "GET /wp-content/plugins/wpforms-lite/assets/lib/punycode.min.js?ver=1.0.0 HTTP/2.0" 200 834 "https://easysalads.com/crispy-chicken-caesar-pasta-salad/" "Mozilla/5.0 (iPhone; CPU iPhone OS 26_3_1 like Mac OS X) AppleWebKit/605.1.15 (KHTML, like Gecko) CriOS/147.0.7727.99 Mobile/15E148 Safari/604.1"
109.49.23.233 - - [04/May/2026:04:22:05 -0500] "GET /wp-content/plugins/wpforms-lite/assets/js/share/utils.min.js?ver=1.10.0.4 HTTP/2.0" 200 727 "https://easysalads.com/crispy-chicken-caesar-pasta-salad/" "Mozilla/5.0 (iPhone; CPU iPhone OS 26_3_1 like Mac OS X) AppleWebKit/605.1.15 (KHTML, like Gecko) CriOS/147.0.7727.99 Mobile/15E148 Safari/604.1"
109.49.23.233 - - [04/May/2026:04:22:05 -0500] "GET /wp-content/plugins/wpforms-lite/assets/js/frontend/wpforms.min.js?ver=1.10.0.4 HTTP/2.0" 200 14614 "https://easysalads.com/crispy-chicken-caesar-pasta-salad/" "Mozilla/5.0 (iPhone; CPU iPhone OS 26_3_1 like Mac OS X) AppleWebKit/605.1.15 (KHTML, like Gecko) CriOS/147.0.7727.99 Mobile/15E148 Safari/604.1"
109.49.23.233 - - [04/May/2026:04:22:05 -0500] "GET /wp-content/plugins/wpforms-lite/assets/js/frontend/wpforms-modern.min.js?ver=1.10.0.4 HTTP/2.0" 200 1866 "https://easysalads.com/crispy-chicken-caesar-pasta-salad/" "Mozilla/5.0 (iPhone; CPU iPhone OS 26_3_1 like Mac OS X) AppleWebKit/605.1.15 (KHTML, like Gecko) CriOS/147.0.7727.99 Mobile/15E148 Safari/604.1"
109.49.23.233 - - [04/May/2026:04:22:05 -0500] "GET /wp-content/plugins/wpforms-lite/assets/js/frontend/fields/address.min.js?ver=1.10.0.4 HTTP/2.0" 200 673 "https://easysalads.com/crispy-chicken-caesar-pasta-salad/" "Mozilla/5.0 (iPhone; CPU iPhone OS 26_3_1 like Mac OS X) AppleWebKit/605.1.15 (KHTML, like Gecko) CriOS/147.0.7727.99 Mobile/15E148 Safari/604.1"
47.128.115.27 - - [04/May/2026:04:22:05 -0500] "GET /michigan-salad-recipe/ HTTP/2.0" 200 101713 "https://easysalads.com/michigan-salad-recipe/" "Mozilla/5.0 (Linux; Android 5.0) AppleWebKit/537.36 (KHTML, like Gecko) Mobile Safari/537.36 (compatible; TikTokSpider; [email protected])"
109.49.23.233 - - [04/May/2026:04:22:05 -0500] "GET /wp-content/uploads/2024/09/crispy-chicken-caesar-pasta-salad02.jpg HTTP/2.0" 200 912771 "https://easysalads.com/crispy-chicken-caesar-pasta-salad/" "Mozilla/5.0 (iPhone; CPU iPhone OS 26_3_1 like Mac OS X) AppleWebKit/605.1.15 (KHTML, like Gecko) CriOS/147.0.7727.99 Mobile/15E148 Safari/604.1"
109.49.23.233 - - [04/May/2026:04:22:05 -0500] "GET /wp-content/plugins/wpforms-lite/assets/images/submit-spin.svg HTTP/2.0" 200 509 "https://easysalads.com/crispy-chicken-caesar-pasta-salad/" "Mozilla/5.0 (iPhone; CPU iPhone OS 26_3_1 like Mac OS X) AppleWebKit/605.1.15 (KHTML, like Gecko) CriOS/147.0.7727.99 Mobile/15E148 Safari/604.1"
109.49.23.233 - - [04/May/2026:04:22:05 -0500] "GET /wp-content/uploads/2024/09/crispy-chicken-caesar-pasta-salad01.jpg HTTP/2.0" 200 859660 "https://easysalads.com/crispy-chicken-caesar-pasta-salad/" "Mozilla/5.0 (iPhone; CPU iPhone OS 26_3_1 like Mac OS X) AppleWebKit/605.1.15 (KHTML, like Gecko) CriOS/147.0.7727.99 Mobile/15E148 Safari/604.1"
109.49.23.233 - - [04/May/2026:04:22:05 -0500] "GET /wp-includes/js/comment-reply.min.js?ver=6.9.4 HTTP/2.0" 200 1248 "https://easysalads.com/crispy-chicken-caesar-pasta-salad/" "Mozilla/5.0 (iPhone; CPU iPhone OS 26_3_1 like Mac OS X) AppleWebKit/605.1.15 (KHTML, like Gecko) CriOS/147.0.7727.99 Mobile/15E148 Safari/604.1"
109.49.23.233 - - [04/May/2026:04:22:05 -0500] "GET /wp-content/uploads/2022/09/cropped-site-icon-easy-salads-192x192.png HTTP/2.0" 200 8410 "-" "Mozilla/5.0 (iPhone; CPU iPhone OS 26_3_1 like Mac OS X) AppleWebKit/605.1.15 (KHTML, like Gecko) CriOS/147.0.7727.99 Mobile/15E148 Safari/604.1"
109.49.23.233 - - [04/May/2026:04:22:05 -0500] "GET /wp-content/uploads/2022/09/cropped-site-icon-easy-salads-180x180.png HTTP/2.0" 200 7710 "-" "Mozilla/5.0 (iPhone; CPU iPhone OS 26_3_1 like Mac OS X) AppleWebKit/605.1.15 (KHTML, like Gecko) CriOS/147.0.7727.99 Mobile/15E148 Safari/604.1"
47.128.115.27 - - [04/May/2026:04:22:06 -0500] "GET /michigan-salad-recipe/ HTTP/2.0" 200 101705 "https://easysalads.com/michigan-salad-recipe/" "Mozilla/5.0 (Linux; Android 5.0) AppleWebKit/537.36 (KHTML, like Gecko) Mobile Safari/537.36 (compatible; TikTokSpider; [email protected])"
47.128.115.27 - - [04/May/2026:04:22:06 -0500] "GET /michigan-salad-recipe/ HTTP/2.0" 200 101706 "https://easysalads.com/michigan-salad-recipe/" "Mozilla/5.0 (Linux; Android 5.0) AppleWebKit/537.36 (KHTML, like Gecko) Mobile Safari/537.36 (compatible; TikTokSpider; [email protected])"
18.234.228.254 - - [04/May/2026:04:22:07 -0500] "GET /crispy-chicken-caesar-pasta-salad/ HTTP/1.1" 200 128758 "-" "Mozilla/5.0 (compatible; proximic; +https://www.comscore.com/Web-Crawler)"
47.128.115.27 - - [04/May/2026:04:22:07 -0500] "GET /michigan-salad-recipe/ HTTP/2.0" 200 101739 "https://easysalads.com/michigan-salad-recipe/" "Mozilla/5.0 (Linux; Android 5.0) AppleWebKit/537.36 (KHTML, like Gecko) Mobile Safari/537.36 (compatible; TikTokSpider; [email protected])"
47.128.115.27 - - [04/May/2026:04:22:08 -0500] "GET /michigan-salad-recipe/ HTTP/2.0" 200 101729 "https://easysalads.com/michigan-salad-recipe/" "Mozilla/5.0 (Linux; Android 5.0) AppleWebKit/537.36 (KHTML, like Gecko) Mobile Safari/537.36 (compatible; TikTokSpider; [email protected])"
47.128.115.27 - - [04/May/2026:04:22:09 -0500] "GET /michigan-salad-recipe/ HTTP/2.0" 200 101697 "https://easysalads.com/michigan-salad-recipe/" "Mozilla/5.0 (Linux; Android 5.0) AppleWebKit/537.36 (KHTML, like Gecko) Mobile Safari/537.36 (compatible; TikTokSpider; [email protected])"
47.128.115.27 - - [04/May/2026:04:22:10 -0500] "GET /michigan-salad-recipe/ HTTP/2.0" 200 101723 "https://easysalads.com/michigan-salad-recipe/" "Mozilla/5.0 (Linux; Android 5.0) AppleWebKit/537.36 (KHTML, like Gecko) Mobile Safari/537.36 (compatible; TikTokSpider; [email protected])"
47.128.115.27 - - [04/May/2026:04:22:10 -0500] "GET /michigan-salad-recipe/ HTTP/2.0" 200 101779 "https://easysalads.com/michigan-salad-recipe/" "Mozilla/5.0 (Linux; Android 5.0) AppleWebKit/537.36 (KHTML, like Gecko) Mobile Safari/537.36 (compatible; TikTokSpider; [email protected])"
47.128.115.27 - - [04/May/2026:04:22:11 -0500] "GET /michigan-salad-recipe/ HTTP/2.0" 200 101817 "https://easysalads.com/michigan-salad-recipe/" "Mozilla/5.0 (Linux; Android 5.0) AppleWebKit/537.36 (KHTML, like Gecko) Mobile Safari/537.36 (compatible; TikTokSpider; [email protected])"
47.128.115.27 - - [04/May/2026:04:22:12 -0500] "GET /michigan-salad-recipe/ HTTP/2.0" 200 101710 "https://easysalads.com/michigan-salad-recipe/" "Mozilla/5.0 (Linux; Android 5.0) AppleWebKit/537.36 (KHTML, like Gecko) Mobile Safari/537.36 (compatible; TikTokSpider; [email protected])"
47.128.115.27 - - [04/May/2026:04:22:13 -0500] "GET /michigan-salad-recipe/ HTTP/2.0" 200 101715 "https://easysalads.com/michigan-salad-recipe/" "Mozilla/5.0 (Linux; Android 5.0) AppleWebKit/537.36 (KHTML, like Gecko) Mobile Safari/537.36 (compatible; TikTokSpider; [email protected])"
47.128.115.27 - - [04/May/2026:04:22:14 -0500] "GET /michigan-salad-recipe/ HTTP/2.0" 200 101689 "https://easysalads.com/michigan-salad-recipe/" "Mozilla/5.0 (Linux; Android 5.0) AppleWebKit/537.36 (KHTML, like Gecko) Mobile Safari/537.36 (compatible; TikTokSpider; [email protected])"
47.128.115.27 - - [04/May/2026:04:22:14 -0500] "GET /michigan-salad-recipe/ HTTP/2.0" 200 101745 "https://easysalads.com/michigan-salad-recipe/" "Mozilla/5.0 (Linux; Android 5.0) AppleWebKit/537.36 (KHTML, like Gecko) Mobile Safari/537.36 (compatible; TikTokSpider; [email protected])"
47.128.115.27 - - [04/May/2026:04:22:15 -0500] "GET /michigan-salad-recipe/ HTTP/2.0" 200 101786 "https://easysalads.com/michigan-salad-recipe/" "Mozilla/5.0 (Linux; Android 5.0) AppleWebKit/537.36 (KHTML, like Gecko) Mobile Safari/537.36 (compatible; TikTokSpider; [email protected])"
47.128.115.27 - - [04/May/2026:04:22:16 -0500] "GET /michigan-salad-recipe/ HTTP/2.0" 200 101676 "https://easysalads.com/michigan-salad-recipe/" "Mozilla/5.0 (Linux; Android 5.0) AppleWebKit/537.36 (KHTML, like Gecko) Mobile Safari/537.36 (compatible; TikTokSpider; [email protected])"
100.24.41.131 - - [04/May/2026:04:22:17 -0500] "GET /crispy-chicken-caesar-pasta-salad HTTP/1.1" 200 128758 "-" "Mozilla/5.0 (compatible; proximic; +https://www.comscore.com/Web-Crawler)"
98.80.253.216 - - [04/May/2026:04:22:31 -0500] "GET /michigan-salad-recipe/ HTTP/1.1" 200 129178 "-" "Mozilla/5.0 (compatible; proximic; +https://www.comscore.com/Web-Crawler)"
69.63.184.17 - - [04/May/2026:04:23:02 -0500] "GET / HTTP/2.0" 200 536589 "-" "meta-webindexer/1.1 (+https://developers.facebook.com/docs/sharing/webmasters/crawler)"
154.18.244.252 - - [04/May/2026:04:23:04 -0500] "POST /wp-cron.php?doing_wp_cron=1777886584.0778861045837402343750 HTTP/1.1" 200 11 "-" "WordPress/6.9.4; https://easysalads.com"
57.128.189.19 - - [04/May/2026:04:23:04 -0500] "GET /?nocache=1777886521 HTTP/2.0" 200 89176 "-" "BigScootsMonitor Mozilla/5.0 (Windows NT 10.0; Win64; x64) AppleWebKit/537.36 (KHTML, like Gecko) Chrome/74.0.3729.169 Safari/537.36"
51.222.136.175 - - [04/May/2026:04:23:04 -0500] "GET /?nocache=1777886521 HTTP/2.0" 200 89176 "-" "BigScootsMonitor Mozilla/5.0 (Windows NT 10.0; Win64; x64) AppleWebKit/537.36 (KHTML, like Gecko) Chrome/74.0.3729.169 Safari/537.36"
66.249.66.75 - - [04/May/2026:04:23:08 -0500] "GET /wp-content/uploads/2024/01/tomato-onion-salad-03.jpg HTTP/1.1" 200 1115482 "-" "Googlebot-Image/1.0"
103.216.117.42 - - [04/May/2026:04:23:36 -0500] "GET /wp-login.php HTTP/2.0" 444 0 "-" "Mozilla/5.0 (Windows NT 6.3; WOW64; Trident/7.0; MASAJS; rv:11.0) like Gecko"
103.252.200.67 - - [04/May/2026:04:24:19 -0500] "GET /wp-content/uploads/2022/02/Lightbulb-Icon.gif HTTP/1.1" 200 1239632 "-" "Mozilla/5.0 (Windows NT 10.0; Win64; x64) AppleWebKit/537.36 (KHTML, like Gecko) Chrome/91.0.4472.124 Safari/537.36"
154.18.244.252 - - [04/May/2026:04:25:04 -0500] "POST /wp-cron.php?doing_wp_cron=1777886704.5484769344329833984375 HTTP/1.1" 200 11 "-" "WordPress/6.9.4; https://easysalads.com"
57.128.189.19 - - [04/May/2026:04:25:04 -0500] "GET /?nocache=1777886641 HTTP/2.0" 200 89176 "-" "BigScootsMonitor Mozilla/5.0 (Windows NT 10.0; Win64; x64) AppleWebKit/537.36 (KHTML, like Gecko) Chrome/74.0.3729.169 Safari/537.36"
51.222.136.175 - - [04/May/2026:04:25:05 -0500] "GET /?nocache=1777886641 HTTP/2.0" 200 89176 "-" "BigScootsMonitor Mozilla/5.0 (Windows NT 10.0; Win64; x64) AppleWebKit/537.36 (KHTML, like Gecko) Chrome/74.0.3729.169 Safari/537.36"
24.45.36.228 - - [04/May/2026:04:25:19 -0500] "GET /wp-content/uploads/2024/07/Classic-Chicken-Salad05.jpg HTTP/2.0" 200 617755 "https://images.search.yahoo.com/" "Mozilla/5.0 (iPhone; CPU iPhone OS 18_7 like Mac OS X) AppleWebKit/605.1.15 (KHTML, like Gecko) Version/18.7.5 Mobile/15E148 Safari/604.1"
154.18.244.252 - - [04/May/2026:04:27:04 -0500] "POST /wp-cron.php?doing_wp_cron=1777886824.6635069847106933593750 HTTP/1.1" 200 11 "-" "WordPress/6.9.4; https://easysalads.com"
57.128.189.19 - - [04/May/2026:04:27:04 -0500] "GET /?nocache=1777886761 HTTP/2.0" 200 89176 "-" "BigScootsMonitor Mozilla/5.0 (Windows NT 10.0; Win64; x64) AppleWebKit/537.36 (KHTML, like Gecko) Chrome/74.0.3729.169 Safari/537.36"
51.222.136.175 - - [04/May/2026:04:27:05 -0500] "GET /?nocache=1777886761 HTTP/2.0" 200 89176 "-" "BigScootsMonitor Mozilla/5.0 (Windows NT 10.0; Win64; x64) AppleWebKit/537.36 (KHTML, like Gecko) Chrome/74.0.3729.169 Safari/537.36"
66.249.66.76 - - [04/May/2026:04:27:05 -0500] "GET /wp-content/uploads/2024/11/sweet-potato-feta-salad-00-200x300.jpg HTTP/1.1" 200 32977 "-" "Googlebot-Image/1.0"
185.194.117.151 - - [04/May/2026:04:27:32 -0500] "GET /mediterranean-cucumber-salad HTTP/1.1" 301 5 "https://www.google.com" "Mozilla/5.0 (X11; Linux x86_64; rv:78.0) Gecko/20100101 Firefox/78.0"
185.194.117.151 - - [04/May/2026:04:27:35 -0500] "GET /mediterranean-cucumber-salad/ HTTP/1.1" 200 128662 "https://www.google.com" "Mozilla/5.0 (X11; Linux x86_64; rv:78.0) Gecko/20100101 Firefox/78.0"
216.73.217.60 - - [04/May/2026:04:28:00 -0500] "GET /xmlrpc.php HTTP/2.0" 403 146 "-" "Mozilla/5.0 AppleWebKit/537.36 (KHTML, like Gecko; compatible; ClaudeBot/1.0; [email protected])"
154.18.244.252 - - [04/May/2026:04:29:03 -0500] "POST /wp-cron.php?doing_wp_cron=1777886943.9749450683593750000000 HTTP/1.1" 200 11 "-" "WordPress/6.9.4; https://easysalads.com"
57.128.189.19 - - [04/May/2026:04:29:04 -0500] "GET /?nocache=1777886881 HTTP/2.0" 200 89176 "-" "BigScootsMonitor Mozilla/5.0 (Windows NT 10.0; Win64; x64) AppleWebKit/537.36 (KHTML, like Gecko) Chrome/74.0.3729.169 Safari/537.36"
51.222.136.175 - - [04/May/2026:04:29:04 -0500] "GET /?nocache=1777886881 HTTP/2.0" 200 89176 "-" "BigScootsMonitor Mozilla/5.0 (Windows NT 10.0; Win64; x64) AppleWebKit/537.36 (KHTML, like Gecko) Chrome/74.0.3729.169 Safari/537.36"
185.194.117.156 - - [04/May/2026:04:29:30 -0500] "GET /georgia-cracker-salad-southern-favorite HTTP/1.1" 301 5 "https://www.google.com" "Mozilla/5.0 (X11; Linux x86_64; rv:78.0) Gecko/20100101 Firefox/78.0"
185.194.117.156 - - [04/May/2026:04:29:31 -0500] "GET /georgia-cracker-salad-southern-favorite/ HTTP/1.1" 200 127392 "https://www.google.com" "Mozilla/5.0 (X11; Linux x86_64; rv:78.0) Gecko/20100101 Firefox/78.0"
149.28.15.61 - - [04/May/2026:04:30:01 -0500] "GET /yogurt-dill-dressing/ HTTP/1.1" 200 125561 "-" "Mozilla/5.0 (Macintosh; Intel Mac OS X 10_15_7) AppleWebKit/537.36 (KHTML, like Gecko) Chrome/133.0.0.0 Safari/537.36"
35.234.131.58 - - [04/May/2026:04:30:02 -0500] "GET /wp-content/uploads/2024/03/yogurt-dill-dressing-00.jpg HTTP/1.1" 200 408090 "-" "Mozilla/5.0 (X11; Linux x86_64; CentOS 8) AppleWebKit/537.36 (KHTML, like Gecko) Chrome/118.0.5981.0 Safari/537.36"
66.249.66.76 - - [04/May/2026:04:30:02 -0500] "GET /wp-content/uploads/2024/01/tomato-onion-salad-06-500x375.jpg HTTP/1.1" 200 78623 "-" "Googlebot-Image/1.0"
34.39.54.29 - - [04/May/2026:04:30:02 -0500] "GET /wp-content/uploads/2022/09/cropped-site-icon-easy-salads-180x180.png HTTP/1.1" 200 7710 "-" "Mozilla/5.0 (X11; Linux x86_64; CentOS Ubuntu 21.10) AppleWebKit/537.36 (KHTML, like Gecko) Chrome/122.0.6231.0 Safari/537.36"
50.6.229.148 - - [04/May/2026:04:31:01 -0500] "GET /wp-login.php HTTP/2.0" 444 0 "-" "Mozilla/5.0 (Windows NT 10.0; WOW64; Trident/7.0; ASJB; rv:11.0) like Gecko"
154.18.244.252 - - [04/May/2026:04:31:03 -0500] "POST /wp-cron.php?doing_wp_cron=1777887064.0079240798950195312500 HTTP/1.1" 200 11 "-" "WordPress/6.9.4; https://easysalads.com"
57.128.189.19 - - [04/May/2026:04:31:04 -0500] "GET /?nocache=1777887001 HTTP/2.0" 200 89176 "-" "BigScootsMonitor Mozilla/5.0 (Windows NT 10.0; Win64; x64) AppleWebKit/537.36 (KHTML, like Gecko) Chrome/74.0.3729.169 Safari/537.36"
51.222.136.175 - - [04/May/2026:04:31:04 -0500] "GET /?nocache=1777887001 HTTP/2.0" 200 89176 "-" "BigScootsMonitor Mozilla/5.0 (Windows NT 10.0; Win64; x64) AppleWebKit/537.36 (KHTML, like Gecko) Chrome/74.0.3729.169 Safari/537.36"
24.45.36.228 - - [04/May/2026:04:31:57 -0500] "GET /wp-content/uploads/2024/01/shrimp-salad-with-old-bay.jpg HTTP/2.0" 200 1606814 "https://images.search.yahoo.com/" "Mozilla/5.0 (iPhone; CPU iPhone OS 18_7 like Mac OS X) AppleWebKit/605.1.15 (KHTML, like Gecko) Version/18.7.5 Mobile/15E148 Safari/604.1"
154.18.244.252 - - [04/May/2026:04:32:30 -0500] "POST /wp-cron.php?doing_wp_cron=1777887150.2270689010620117187500 HTTP/1.1" 200 11 "-" "WordPress/6.9.4; https://easysalads.com"
18.234.224.211 - - [04/May/2026:04:32:30 -0500] "GET /ads.txt HTTP/2.0" 301 0 "-" "Mozilla/5.0 (Windows NT 10.0; Win64; x64) AppleWebKit/537.36 (KHTML, like Gecko) Chrome/90.0.4430.212 Safari/537.36"
154.18.244.252 - - [04/May/2026:04:33:04 -0500] "POST /wp-cron.php?doing_wp_cron=1777887184.1909899711608886718750 HTTP/1.1" 200 11 "-" "WordPress/6.9.4; https://easysalads.com"
57.128.189.19 - - [04/May/2026:04:33:04 -0500] "GET /?nocache=1777887121 HTTP/2.0" 200 89176 "-" "BigScootsMonitor Mozilla/5.0 (Windows NT 10.0; Win64; x64) AppleWebKit/537.36 (KHTML, like Gecko) Chrome/74.0.3729.169 Safari/537.36"
51.222.136.175 - - [04/May/2026:04:33:05 -0500] "GET /?nocache=1777887121 HTTP/2.0" 200 89176 "-" "BigScootsMonitor Mozilla/5.0 (Windows NT 10.0; Win64; x64) AppleWebKit/537.36 (KHTML, like Gecko) Chrome/74.0.3729.169 Safari/537.36"
34.226.198.122 - - [04/May/2026:04:33:25 -0500] "GET /sweet-potato-feta-salad HTTP/1.1" 200 126322 "-" "Mozilla/5.0 (compatible; proximic; +https://www.comscore.com/Web-Crawler)"
121.200.217.27 - - [04/May/2026:04:33:27 -0500] "GET /wp-login.php HTTP/2.0" 444 0 "-" "Mozilla/4.0 (compatible; MSIE 7.0; Windows NT 6.2; Trident/7.0; .NET4.0C; .NET4.0E; .NET CLR 2.0.50727; .NET CLR 3.0.30729; .NET CLR 3.5.30729)"
66.249.66.75 - - [04/May/2026:04:33:58 -0500] "GET /wp-content/uploads/2024/07/shrimp-corn-salad-00-200x300.jpg HTTP/1.1" 200 27445 "-" "Googlebot-Image/1.0"
57.141.6.39 - - [04/May/2026:04:34:41 -0500] "GET /taffy-apple-salad/ HTTP/2.0" 200 538542 "-" "meta-webindexer/1.1 (+https://developers.facebook.com/docs/sharing/webmasters/crawler)"
154.18.244.252 - - [04/May/2026:04:35:04 -0500] "POST /wp-cron.php?doing_wp_cron=1777887304.5485510826110839843750 HTTP/1.1" 200 11 "-" "WordPress/6.9.4; https://easysalads.com"
57.128.189.19 - - [04/May/2026:04:35:04 -0500] "GET /?nocache=1777887241 HTTP/2.0" 200 89176 "-" "BigScootsMonitor Mozilla/5.0 (Windows NT 10.0; Win64; x64) AppleWebKit/537.36 (KHTML, like Gecko) Chrome/74.0.3729.169 Safari/537.36"
51.222.136.175 - - [04/May/2026:04:35:04 -0500] "GET /?nocache=1777887241 HTTP/2.0" 200 89176 "-" "BigScootsMonitor Mozilla/5.0 (Windows NT 10.0; Win64; x64) AppleWebKit/537.36 (KHTML, like Gecko) Chrome/74.0.3729.169 Safari/537.36"
157.245.109.51 - - [04/May/2026:04:35:20 -0500] "GET /wp-login.php HTTP/2.0" 200 1882 "-" "Mozilla/4.0 (compatible; MSIE 7.0; Windows NT 6.1; Win64; x64; Trident/7.0; .NET CLR 2.0.50727; SLCC2; .NET CLR 3.5.30729; .NET CLR 3.0.30729; Media Center PC 6.0; .NET4.0C; .NET4.0E; InfoPath.3)"
157.245.109.51 - - [04/May/2026:04:35:21 -0500] "POST /wp-login.php HTTP/2.0" 200 2018 "https://easysalads.com/wp-login.php" "Mozilla/4.0 (compatible; MSIE 7.0; Windows NT 6.1; Win64; x64; Trident/7.0; .NET CLR 2.0.50727; SLCC2; .NET CLR 3.5.30729; .NET CLR 3.0.30729; Media Center PC 6.0; .NET4.0C; .NET4.0E; InfoPath.3)"
154.18.244.252 - - [04/May/2026:04:36:12 -0500] "POST /wp-cron.php?doing_wp_cron=1777887372.9086329936981201171875 HTTP/1.1" 200 11 "-" "WordPress/6.9.4; https://easysalads.com"
24.190.13.74 - - [04/May/2026:04:36:12 -0500] "GET /crispy-chicken-caesar-pasta-salad/ HTTP/2.0" 200 101674 "https://www.google.com/" "Mozilla/5.0 (iPhone; CPU iPhone OS 18_7 like Mac OS X) AppleWebKit/605.1.15 (KHTML, like Gecko) Version/26.3 Mobile/15E148 Safari/604.1"
24.190.13.74 - - [04/May/2026:04:36:12 -0500] "GET /wp-content/plugins/kadence-blocks/dist/style-blocks-rowlayout.css?ver=3.6.7 HTTP/2.0" 200 1771 "https://easysalads.com/crispy-chicken-caesar-pasta-salad/" "Mozilla/5.0 (iPhone; CPU iPhone OS 18_7 like Mac OS X) AppleWebKit/605.1.15 (KHTML, like Gecko) Version/26.3 Mobile/15E148 Safari/604.1"
24.190.13.74 - - [04/May/2026:04:36:12 -0500] "GET /wp-content/plugins/kadence-blocks/dist/style-blocks-column.css?ver=3.6.7 HTTP/2.0" 200 428 "https://easysalads.com/crispy-chicken-caesar-pasta-salad/" "Mozilla/5.0 (iPhone; CPU iPhone OS 18_7 like Mac OS X) AppleWebKit/605.1.15 (KHTML, like Gecko) Version/26.3 Mobile/15E148 Safari/604.1"
24.190.13.74 - - [04/May/2026:04:36:12 -0500] "GET /wp-content/plugins/kadence-blocks/dist/style-blocks-infobox.css?ver=3.6.7 HTTP/2.0" 200 1340 "https://easysalads.com/crispy-chicken-caesar-pasta-salad/" "Mozilla/5.0 (iPhone; CPU iPhone OS 18_7 like Mac OS X) AppleWebKit/605.1.15 (KHTML, like Gecko) Version/26.3 Mobile/15E148 Safari/604.1"
24.190.13.74 - - [04/May/2026:04:36:12 -0500] "GET /wp-content/plugins/kadence-blocks/dist/style-blocks-advancedbtn.css?ver=3.6.7 HTTP/2.0" 200 705 "https://easysalads.com/crispy-chicken-caesar-pasta-salad/" "Mozilla/5.0 (iPhone; CPU iPhone OS 18_7 like Mac OS X) AppleWebKit/605.1.15 (KHTML, like Gecko) Version/26.3 Mobile/15E148 Safari/604.1"
24.190.13.74 - - [04/May/2026:04:36:12 -0500] "GET /wp-content/plugins/kadence-blocks-pro/dist/style-blocks-postgrid.css?ver=2.8.13.1 HTTP/2.0" 200 2795 "https://easysalads.com/crispy-chicken-caesar-pasta-salad/" "Mozilla/5.0 (iPhone; CPU iPhone OS 18_7 like Mac OS X) AppleWebKit/605.1.15 (KHTML, like Gecko) Version/26.3 Mobile/15E148 Safari/604.1"
24.190.13.74 - - [04/May/2026:04:36:12 -0500] "GET /wp-content/plugins/wp-recipe-maker/dist/public-modern.css?ver=10.5.0 HTTP/2.0" 200 7712 "https://easysalads.com/crispy-chicken-caesar-pasta-salad/" "Mozilla/5.0 (iPhone; CPU iPhone OS 18_7 like Mac OS X) AppleWebKit/605.1.15 (KHTML, like Gecko) Version/26.3 Mobile/15E148 Safari/604.1"
24.190.13.74 - - [04/May/2026:04:36:12 -0500] "GET /wp-content/plugins/wp-recipe-maker-premium/dist/public-pro.css?ver=10.5.0 HTTP/2.0" 200 6796 "https://easysalads.com/crispy-chicken-caesar-pasta-salad/" "Mozilla/5.0 (iPhone; CPU iPhone OS 18_7 like Mac OS X) AppleWebKit/605.1.15 (KHTML, like Gecko) Version/26.3 Mobile/15E148 Safari/604.1"
24.190.13.74 - - [04/May/2026:04:36:12 -0500] "GET /wp-content/themes/kadence/assets/css/global.min.css?ver=1.1.22 HTTP/2.0" 200 4256 "https://easysalads.com/crispy-chicken-caesar-pasta-salad/" "Mozilla/5.0 (iPhone; CPU iPhone OS 18_7 like Mac OS X) AppleWebKit/605.1.15 (KHTML, like Gecko) Version/26.3 Mobile/15E148 Safari/604.1"
24.190.13.74 - - [04/May/2026:04:36:12 -0500] "GET /wp-content/themes/kadence/assets/css/header.min.css?ver=1.1.22 HTTP/2.0" 200 4295 "https://easysalads.com/crispy-chicken-caesar-pasta-salad/" "Mozilla/5.0 (iPhone; CPU iPhone OS 18_7 like Mac OS X) AppleWebKit/605.1.15 (KHTML, like Gecko) Version/26.3 Mobile/15E148 Safari/604.1"
24.190.13.74 - - [04/May/2026:04:36:12 -0500] "GET /wp-content/themes/kadence/assets/css/content.min.css?ver=1.1.22 HTTP/2.0" 200 5512 "https://easysalads.com/crispy-chicken-caesar-pasta-salad/" "Mozilla/5.0 (iPhone; CPU iPhone OS 18_7 like Mac OS X) AppleWebKit/605.1.15 (KHTML, like Gecko) Version/26.3 Mobile/15E148 Safari/604.1"
24.190.13.74 - - [04/May/2026:04:36:12 -0500] "GET /wp-content/themes/kadence/assets/css/comments.min.css?ver=1.1.22 HTTP/2.0" 200 1289 "https://easysalads.com/crispy-chicken-caesar-pasta-salad/" "Mozilla/5.0 (iPhone; CPU iPhone OS 18_7 like Mac OS X) AppleWebKit/605.1.15 (KHTML, like Gecko) Version/26.3 Mobile/15E148 Safari/604.1"
24.190.13.74 - - [04/May/2026:04:36:12 -0500] "GET /wp-content/themes/kadence/assets/css/sidebar.min.css?ver=1.1.22 HTTP/2.0" 200 749 "https://easysalads.com/crispy-chicken-caesar-pasta-salad/" "Mozilla/5.0 (iPhone; CPU iPhone OS 18_7 like Mac OS X) AppleWebKit/605.1.15 (KHTML, like Gecko) Version/26.3 Mobile/15E148 Safari/604.1"
24.190.13.74 - - [04/May/2026:04:36:12 -0500] "GET /wp-content/themes/kadence/assets/css/footer.min.css?ver=1.1.22 HTTP/2.0" 200 1580 "https://easysalads.com/crispy-chicken-caesar-pasta-salad/" "Mozilla/5.0 (iPhone; CPU iPhone OS 18_7 like Mac OS X) AppleWebKit/605.1.15 (KHTML, like Gecko) Version/26.3 Mobile/15E148 Safari/604.1"
24.190.13.74 - - [04/May/2026:04:36:12 -0500] "GET /wp-content/plugins/kadence-pro/dist/mega-menu/menu-addon.css?ver=1.1.19 HTTP/2.0" 200 1126 "https://easysalads.com/crispy-chicken-caesar-pasta-salad/" "Mozilla/5.0 (iPhone; CPU iPhone OS 18_7 like Mac OS X) AppleWebKit/605.1.15 (KHTML, like Gecko) Version/26.3 Mobile/15E148 Safari/604.1"
24.190.13.74 - - [04/May/2026:04:36:12 -0500] "GET /wp-content/plugins/social-pug/assets/dist/style-frontend-pro.css?ver=2.28.0 HTTP/2.0" 200 11454 "https://easysalads.com/crispy-chicken-caesar-pasta-salad/" "Mozilla/5.0 (iPhone; CPU iPhone OS 18_7 like Mac OS X) AppleWebKit/605.1.15 (KHTML, like Gecko) Version/26.3 Mobile/15E148 Safari/604.1"
24.190.13.74 - - [04/May/2026:04:36:12 -0500] "GET /wp-content/plugins/kadence-blocks/dist/style-blocks-iconlist.css?ver=3.6.7 HTTP/2.0" 200 597 "https://easysalads.com/crispy-chicken-caesar-pasta-salad/" "Mozilla/5.0 (iPhone; CPU iPhone OS 18_7 like Mac OS X) AppleWebKit/605.1.15 (KHTML, like Gecko) Version/26.3 Mobile/15E148 Safari/604.1"
24.190.13.74 - - [04/May/2026:04:36:12 -0500] "GET /wp-content/themes/restored316-sage/style.css?ver=1_0_1 HTTP/2.0" 200 1089 "https://easysalads.com/crispy-chicken-caesar-pasta-salad/" "Mozilla/5.0 (iPhone; CPU iPhone OS 18_7 like Mac OS X) AppleWebKit/605.1.15 (KHTML, like Gecko) Version/26.3 Mobile/15E148 Safari/604.1"
24.190.13.74 - - [04/May/2026:04:36:12 -0500] "GET /wp-content/plugins/wpforms-lite/assets/css/frontend/modern/wpforms-full.min.css?ver=1.10.0.4 HTTP/2.0" 200 14792 "https://easysalads.com/crispy-chicken-caesar-pasta-salad/" "Mozilla/5.0 (iPhone; CPU iPhone OS 18_7 like Mac OS X) AppleWebKit/605.1.15 (KHTML, like Gecko) Version/26.3 Mobile/15E148 Safari/604.1"
24.190.13.74 - - [04/May/2026:04:36:12 -0500] "GET /wp-content/uploads/2022/09/Easy-Salads-website-logo-1536x451.png HTTP/2.0" 200 71572 "https://easysalads.com/crispy-chicken-caesar-pasta-salad/" "Mozilla/5.0 (iPhone; CPU iPhone OS 18_7 like Mac OS X) AppleWebKit/605.1.15 (KHTML, like Gecko) Version/26.3 Mobile/15E148 Safari/604.1"
24.190.13.74 - - [04/May/2026:04:36:12 -0500] "GET /wp-content/plugins/kadence-blocks/dist/style-blocks-spacer.css?ver=3.6.7 HTTP/2.0" 200 385 "https://easysalads.com/crispy-chicken-caesar-pasta-salad/" "Mozilla/5.0 (iPhone; CPU iPhone OS 18_7 like Mac OS X) AppleWebKit/605.1.15 (KHTML, like Gecko) Version/26.3 Mobile/15E148 Safari/604.1"
24.190.13.74 - - [04/May/2026:04:36:12 -0500] "GET /wp-content/plugins/wp-recipe-maker/dist/public-modern.js?ver=10.5.0 HTTP/2.0" 200 23744 "https://easysalads.com/crispy-chicken-caesar-pasta-salad/" "Mozilla/5.0 (iPhone; CPU iPhone OS 18_7 like Mac OS X) AppleWebKit/605.1.15 (KHTML, like Gecko) Version/26.3 Mobile/15E148 Safari/604.1"
24.190.13.74 - - [04/May/2026:04:36:12 -0500] "GET /wp-content/plugins/wp-recipe-maker-premium/dist/public-pro.js?ver=10.5.0 HTTP/2.0" 200 20140 "https://easysalads.com/crispy-chicken-caesar-pasta-salad/" "Mozilla/5.0 (iPhone; CPU iPhone OS 18_7 like Mac OS X) AppleWebKit/605.1.15 (KHTML, like Gecko) Version/26.3 Mobile/15E148 Safari/604.1"
24.190.13.74 - - [04/May/2026:04:36:12 -0500] "GET /wp-content/themes/kadence/assets/js/navigation-lite.min.js?ver=1.1.21 HTTP/2.0" 200 2083 "https://easysalads.com/crispy-chicken-caesar-pasta-salad/" "Mozilla/5.0 (iPhone; CPU iPhone OS 18_7 like Mac OS X) AppleWebKit/605.1.15 (KHTML, like Gecko) Version/26.3 Mobile/15E148 Safari/604.1"
24.190.13.74 - - [04/May/2026:04:36:12 -0500] "GET /wp-content/plugins/social-pug/assets/dist/front-end-pro.js?ver=2.28.0 HTTP/2.0" 200 9339 "https://easysalads.com/crispy-chicken-caesar-pasta-salad/" "Mozilla/5.0 (iPhone; CPU iPhone OS 18_7 like Mac OS X) AppleWebKit/605.1.15 (KHTML, like Gecko) Version/26.3 Mobile/15E148 Safari/604.1"
24.190.13.74 - - [04/May/2026:04:36:12 -0500] "GET /wp-content/plugins/kadence-pro/dist/mega-menu/kadence-mega-menu.min.js?ver=1.1.19 HTTP/2.0" 200 457 "https://easysalads.com/crispy-chicken-caesar-pasta-salad/" "Mozilla/5.0 (iPhone; CPU iPhone OS 18_7 like Mac OS X) AppleWebKit/605.1.15 (KHTML, like Gecko) Version/26.3 Mobile/15E148 Safari/604.1"
24.190.13.74 - - [04/May/2026:04:36:12 -0500] "GET /wp-content/plugins/akismet/_inc/akismet-frontend.js?ver=1764724306 HTTP/2.0" 200 3016 "https://easysalads.com/crispy-chicken-caesar-pasta-salad/" "Mozilla/5.0 (iPhone; CPU iPhone OS 18_7 like Mac OS X) AppleWebKit/605.1.15 (KHTML, like Gecko) Version/26.3 Mobile/15E148 Safari/604.1"
24.190.13.74 - - [04/May/2026:04:36:12 -0500] "GET /wp-includes/js/jquery/jquery.min.js?ver=3.7.1 HTTP/2.0" 200 29769 "https://easysalads.com/crispy-chicken-caesar-pasta-salad/" "Mozilla/5.0 (iPhone; CPU iPhone OS 18_7 like Mac OS X) AppleWebKit/605.1.15 (KHTML, like Gecko) Version/26.3 Mobile/15E148 Safari/604.1"
24.190.13.74 - - [04/May/2026:04:36:12 -0500] "GET /wp-includes/js/jquery/jquery-migrate.min.js?ver=3.4.1 HTTP/2.0" 200 4679 "https://easysalads.com/crispy-chicken-caesar-pasta-salad/" "Mozilla/5.0 (iPhone; CPU iPhone OS 18_7 like Mac OS X) AppleWebKit/605.1.15 (KHTML, like Gecko) Version/26.3 Mobile/15E148 Safari/604.1"
24.190.13.74 - - [04/May/2026:04:36:12 -0500] "GET /wp-content/plugins/wpforms-lite/assets/lib/jquery.validate.min.js?ver=1.21.0 HTTP/2.0" 200 7807 "https://easysalads.com/crispy-chicken-caesar-pasta-salad/" "Mozilla/5.0 (iPhone; CPU iPhone OS 18_7 like Mac OS X) AppleWebKit/605.1.15 (KHTML, like Gecko) Version/26.3 Mobile/15E148 Safari/604.1"
24.190.13.74 - - [04/May/2026:04:36:12 -0500] "GET /wp-content/plugins/wpforms-lite/assets/lib/mailcheck.min.js?ver=1.1.2 HTTP/2.0" 200 1616 "https://easysalads.com/crispy-chicken-caesar-pasta-salad/" "Mozilla/5.0 (iPhone; CPU iPhone OS 18_7 like Mac OS X) AppleWebKit/605.1.15 (KHTML, like Gecko) Version/26.3 Mobile/15E148 Safari/604.1"
24.190.13.74 - - [04/May/2026:04:36:12 -0500] "GET /wp-content/plugins/wpforms-lite/assets/lib/punycode.min.js?ver=1.0.0 HTTP/2.0" 200 834 "https://easysalads.com/crispy-chicken-caesar-pasta-salad/" "Mozilla/5.0 (iPhone; CPU iPhone OS 18_7 like Mac OS X) AppleWebKit/605.1.15 (KHTML, like Gecko) Version/26.3 Mobile/15E148 Safari/604.1"
24.190.13.74 - - [04/May/2026:04:36:12 -0500] "GET /wp-content/plugins/wpforms-lite/assets/js/share/utils.min.js?ver=1.10.0.4 HTTP/2.0" 200 727 "https://easysalads.com/crispy-chicken-caesar-pasta-salad/" "Mozilla/5.0 (iPhone; CPU iPhone OS 18_7 like Mac OS X) AppleWebKit/605.1.15 (KHTML, like Gecko) Version/26.3 Mobile/15E148 Safari/604.1"
24.190.13.74 - - [04/May/2026:04:36:12 -0500] "GET /wp-content/plugins/wpforms-lite/assets/js/frontend/wpforms.min.js?ver=1.10.0.4 HTTP/2.0" 200 14614 "https://easysalads.com/crispy-chicken-caesar-pasta-salad/" "Mozilla/5.0 (iPhone; CPU iPhone OS 18_7 like Mac OS X) AppleWebKit/605.1.15 (KHTML, like Gecko) Version/26.3 Mobile/15E148 Safari/604.1"
24.190.13.74 - - [04/May/2026:04:36:12 -0500] "GET /wp-content/plugins/wpforms-lite/assets/js/frontend/wpforms-modern.min.js?ver=1.10.0.4 HTTP/2.0" 200 1866 "https://easysalads.com/crispy-chicken-caesar-pasta-salad/" "Mozilla/5.0 (iPhone; CPU iPhone OS 18_7 like Mac OS X) AppleWebKit/605.1.15 (KHTML, like Gecko) Version/26.3 Mobile/15E148 Safari/604.1"
24.190.13.74 - - [04/May/2026:04:36:12 -0500] "GET /wp-content/plugins/wpforms-lite/assets/js/frontend/fields/address.min.js?ver=1.10.0.4 HTTP/2.0" 200 673 "https://easysalads.com/crispy-chicken-caesar-pasta-salad/" "Mozilla/5.0 (iPhone; CPU iPhone OS 18_7 like Mac OS X) AppleWebKit/605.1.15 (KHTML, like Gecko) Version/26.3 Mobile/15E148 Safari/604.1"
24.190.13.74 - - [04/May/2026:04:36:13 -0500] "GET /wp-content/uploads/2024/09/crispy-chicken-caesar-pasta-salad02.jpg HTTP/2.0" 200 912771 "https://easysalads.com/crispy-chicken-caesar-pasta-salad/" "Mozilla/5.0 (iPhone; CPU iPhone OS 18_7 like Mac OS X) AppleWebKit/605.1.15 (KHTML, like Gecko) Version/26.3 Mobile/15E148 Safari/604.1"
