47.128.115.5 - - [04/May/2026:03:50:17 -0500] "GET /wp-content/uploads/2024/03/bruschetta-pasta-salad-01-683x1024.jpg HTTP/2.0" 206 210588 "https://easysalads.com/bruschetta-pasta-salad/" "Mozilla/5.0 (Linux; Android 5.0) AppleWebKit/537.36 (KHTML, like Gecko) Mobile Safari/537.36 (compatible; TikTokSpider; [email protected])"
47.128.115.5 - - [04/May/2026:03:50:17 -0500] "GET /wp-content/uploads/2024/03/bruschetta-pasta-salad-00-683x1024.jpg HTTP/2.0" 206 500 "https://easysalads.com/bruschetta-pasta-salad/" "Mozilla/5.0 (Linux; Android 5.0) AppleWebKit/537.36 (KHTML, like Gecko) Mobile Safari/537.36 (compatible; TikTokSpider; [email protected])"
47.128.115.5 - - [04/May/2026:03:50:17 -0500] "GET /wp-content/uploads/2024/03/bruschetta-pasta-salad-01-683x1024.jpg HTTP/2.0" 304 0 "https://easysalads.com/bruschetta-pasta-salad/" "Mozilla/5.0 (Linux; Android 5.0) AppleWebKit/537.36 (KHTML, like Gecko) Mobile Safari/537.36 (compatible; TikTokSpider; [email protected])"
47.128.115.5 - - [04/May/2026:03:50:17 -0500] "GET /bruschetta-pasta-salad/ HTTP/2.0" 200 100496 "https://easysalads.com/bruschetta-pasta-salad/" "Mozilla/5.0 (Linux; Android 5.0) AppleWebKit/537.36 (KHTML, like Gecko) Mobile Safari/537.36 (compatible; TikTokSpider; [email protected])"
47.128.115.5 - - [04/May/2026:03:50:17 -0500] "GET /wp-content/uploads/2024/03/bruschetta-pasta-salad-00-683x1024.jpg HTTP/2.0" 304 0 "https://easysalads.com/bruschetta-pasta-salad/" "Mozilla/5.0 (Linux; Android 5.0) AppleWebKit/537.36 (KHTML, like Gecko) Mobile Safari/537.36 (compatible; TikTokSpider; [email protected])"
47.128.115.5 - - [04/May/2026:03:50:17 -0500] "GET /wp-content/uploads/2024/03/bruschetta-pasta-salad-01-683x1024.jpg HTTP/2.0" 304 0 "https://easysalads.com/bruschetta-pasta-salad/" "Mozilla/5.0 (Linux; Android 5.0) AppleWebKit/537.36 (KHTML, like Gecko) Mobile Safari/537.36 (compatible; TikTokSpider; [email protected])"
96.47.20.4 - - [04/May/2026:03:50:17 -0500] "GET /wp-content/themes/restored316-sage/style.css?ver=1_0_1 HTTP/1.1" 200 3292 "https://easysalads.com/creamy-chickpea-salad" "Mozilla/5.0 (Windows NT 10.0; http://temnos.com; rv:110.0) Gecko/20100101 Firefox/110.0"
96.47.20.4 - - [04/May/2026:03:50:18 -0500] "GET /wp-content/plugins/wpforms-lite/assets/css/frontend/modern/wpforms-full.min.css?ver=1.10.0.4 HTTP/1.1" 200 167377 "https://easysalads.com/creamy-chickpea-salad" "Mozilla/5.0 (Windows NT 10.0; http://temnos.com; rv:110.0) Gecko/20100101 Firefox/110.0"
47.128.115.5 - - [04/May/2026:03:50:18 -0500] "GET /wp-content/uploads/2024/03/bruschetta-pasta-salad-00-683x1024.jpg HTTP/2.0" 304 0 "https://easysalads.com/bruschetta-pasta-salad/" "Mozilla/5.0 (Linux; Android 5.0) AppleWebKit/537.36 (KHTML, like Gecko) Mobile Safari/537.36 (compatible; TikTokSpider; [email protected])"
47.128.115.5 - - [04/May/2026:03:50:18 -0500] "GET /wp-content/uploads/2024/03/bruschetta-pasta-salad-01-683x1024.jpg HTTP/2.0" 304 0 "https://easysalads.com/bruschetta-pasta-salad/" "Mozilla/5.0 (Linux; Android 5.0) AppleWebKit/537.36 (KHTML, like Gecko) Mobile Safari/537.36 (compatible; TikTokSpider; [email protected])"
96.47.20.4 - - [04/May/2026:03:50:18 -0500] "GET /wp-content/plugins/kadence-blocks/dist/style-blocks-iconlist.css?ver=3.6.7 HTTP/1.1" 200 3593 "https://easysalads.com/creamy-chickpea-salad" "Mozilla/5.0 (Windows NT 10.0; http://temnos.com; rv:110.0) Gecko/20100101 Firefox/110.0"
96.47.20.4 - - [04/May/2026:03:50:19 -0500] "GET /wp-content/plugins/kadence-blocks/dist/style-blocks-spacer.css?ver=3.6.7 HTTP/1.1" 200 2302 "https://easysalads.com/creamy-chickpea-salad" "Mozilla/5.0 (Windows NT 10.0; http://temnos.com; rv:110.0) Gecko/20100101 Firefox/110.0"
96.47.20.4 - - [04/May/2026:03:50:20 -0500] "GET /wp-content/uploads/2024/02/creamy-chickpea-salad02.jpg HTTP/1.1" 200 317503 "https://easysalads.com/creamy-chickpea-salad" "Mozilla/5.0 (Windows NT 10.0; http://temnos.com; rv:110.0) Gecko/20100101 Firefox/110.0"
178.250.7.110 - - [04/May/2026:03:50:24 -0500] "GET /bruschetta-pasta-salad/ HTTP/1.1" 200 127074 "-" "CriteoBot/0.1 (+https://www.criteo.com/criteo-crawler/)"
204.15.208.28 - - [04/May/2026:03:50:28 -0500] "GET /panera-tomato-basil-cucumber-salad HTTP/1.1" 200 131645 "-" "peer39_crawler/1.0"
101.112.219.41 - - [04/May/2026:03:50:33 -0500] "GET /tomato-onion-salad/ HTTP/2.0" 200 101595 "https://www.google.com/url?q=https://easysalads.com/tomato-onion-salad/&sa=U&sqi=2&ved=2ahUKEwi16M6toJ-UAxX7ZfUHHWlvGKsQrbMEKAF6BAgYECg&usg=AOvVaw3_ISKePY_Jq3zdX56C6LOI" "Mozilla/5.0 (iPhone; CPU iPhone OS 26_3_1 like Mac OS X) AppleWebKit/605.1.15 (KHTML, like Gecko) GSA/418.3.902016201 Mobile/15E148 Safari/604.1"
3.92.30.100 - - [04/May/2026:03:50:35 -0500] "GET /tomato-onion-salad/ HTTP/1.1" 200 128781 "-" "Mozilla/5.0 (compatible; proximic; +https://www.comscore.com/Web-Crawler)"
101.112.219.41 - - [04/May/2026:03:50:37 -0500] "GET /wp-content/uploads/2022/03/TTRamillas-ExtraLight.woff2 HTTP/2.0" 200 55736 "https://easysalads.com/tomato-onion-salad/" "Mozilla/5.0 (iPhone; CPU iPhone OS 26_3_1 like Mac OS X) AppleWebKit/605.1.15 (KHTML, like Gecko) GSA/418.3.902016201 Mobile/15E148 Safari/604.1"
101.112.219.41 - - [04/May/2026:03:50:37 -0500] "GET /wp-content/uploads/2022/03/TTRamillas-ExtraLightItalic.woff2 HTTP/2.0" 200 59480 "https://easysalads.com/tomato-onion-salad/" "Mozilla/5.0 (iPhone; CPU iPhone OS 26_3_1 like Mac OS X) AppleWebKit/605.1.15 (KHTML, like Gecko) GSA/418.3.902016201 Mobile/15E148 Safari/604.1"
154.18.244.252 - - [04/May/2026:03:51:03 -0500] "POST /wp-cron.php?doing_wp_cron=1777884663.8631010055541992187500 HTTP/1.1" 200 11 "-" "WordPress/6.9.4; https://easysalads.com"
57.128.189.19 - - [04/May/2026:03:51:03 -0500] "GET /?nocache=1777884601 HTTP/2.0" 200 89171 "-" "BigScootsMonitor Mozilla/5.0 (Windows NT 10.0; Win64; x64) AppleWebKit/537.36 (KHTML, like Gecko) Chrome/74.0.3729.169 Safari/537.36"
51.222.136.175 - - [04/May/2026:03:51:04 -0500] "GET /?nocache=1777884601 HTTP/2.0" 200 89171 "-" "BigScootsMonitor Mozilla/5.0 (Windows NT 10.0; Win64; x64) AppleWebKit/537.36 (KHTML, like Gecko) Chrome/74.0.3729.169 Safari/537.36"
91.227.37.60 - - [04/May/2026:03:51:13 -0500] "GET /wp-login.php HTTP/2.0" 444 0 "-" "Mozilla/5.0 (Windows NT 10.0; WOW64) AppleWebKit/537.36 (KHTML, like Gecko) Chrome/65.0.3325.181 Safari/537.36 OPR/52.0.2871.40"
66.249.66.76 - - [04/May/2026:03:51:40 -0500] "GET /wp-content/uploads/2024/02/creamy-chickpea-salad02.jpg HTTP/1.1" 200 317503 "-" "Googlebot-Image/1.0"
154.18.244.252 - - [04/May/2026:03:53:03 -0500] "POST /wp-cron.php?doing_wp_cron=1777884783.9404668807983398437500 HTTP/1.1" 200 11 "-" "WordPress/6.9.4; https://easysalads.com"
57.128.189.19 - - [04/May/2026:03:53:03 -0500] "GET /?nocache=1777884721 HTTP/2.0" 200 89171 "-" "BigScootsMonitor Mozilla/5.0 (Windows NT 10.0; Win64; x64) AppleWebKit/537.36 (KHTML, like Gecko) Chrome/74.0.3729.169 Safari/537.36"
51.222.136.175 - - [04/May/2026:03:53:04 -0500] "GET /?nocache=1777884721 HTTP/2.0" 200 89171 "-" "BigScootsMonitor Mozilla/5.0 (Windows NT 10.0; Win64; x64) AppleWebKit/537.36 (KHTML, like Gecko) Chrome/74.0.3729.169 Safari/537.36"
84.37.36.84 - - [04/May/2026:03:53:19 -0500] "GET /michigan-salad-recipe/ HTTP/2.0" 200 101717 "-" "Mozilla/5.0 (iPhone; CPU iPhone OS 11_0 like Mac OS X) AppleWebKit/537.36 (KHTML, like Gecko) Chrome/42.0.9826.1486 Mobile Safari/537.36"
216.183.117.65 - - [04/May/2026:03:53:46 -0500] "GET /rosa-marina-salad/ HTTP/1.1" 200 129156 "-" "uipbot/1.0 ([email protected])"
216.183.117.65 - - [04/May/2026:03:53:47 -0500] "GET /rosa-marina-salad HTTP/1.1" 200 129156 "-" "uipbot/1.0 ([email protected])"
216.183.117.65 - - [04/May/2026:03:53:48 -0500] "GET /creamy-parmesan-pasta-salad/ HTTP/1.1" 200 127880 "-" "uipbot/1.0 ([email protected])"
216.183.117.65 - - [04/May/2026:03:53:49 -0500] "GET /wprm_print/rosa-marina-salad HTTP/1.1" 200 11141 "-" "uipbot/1.0 ([email protected])"
47.128.115.226 - - [04/May/2026:03:53:53 -0500] "GET /michigan-salad-recipe/ HTTP/2.0" 200 101761 "-" "Mozilla/5.0 (Linux; Android 5.0) AppleWebKit/537.36 (KHTML, like Gecko) Mobile Safari/537.36 (compatible; TikTokSpider; [email protected])"
47.128.115.226 - - [04/May/2026:03:53:53 -0500] "GET /wp-content/uploads/2023/04/Michigan-Salad-02-683x1024.jpg HTTP/2.0" 206 500 "https://easysalads.com/michigan-salad-recipe/" "Mozilla/5.0 (Linux; Android 5.0) AppleWebKit/537.36 (KHTML, like Gecko) Mobile Safari/537.36 (compatible; TikTokSpider; [email protected])"
47.128.115.226 - - [04/May/2026:03:53:54 -0500] "GET /wp-content/uploads/2023/04/Michigan-Salad-02.jpg HTTP/2.0" 206 500 "https://easysalads.com/michigan-salad-recipe/" "Mozilla/5.0 (Linux; Android 5.0) AppleWebKit/537.36 (KHTML, like Gecko) Mobile Safari/537.36 (compatible; TikTokSpider; [email protected])"
47.128.115.226 - - [04/May/2026:03:53:54 -0500] "GET /michigan-salad-recipe/ HTTP/2.0" 200 101774 "https://easysalads.com/michigan-salad-recipe/" "Mozilla/5.0 (Linux; Android 5.0) AppleWebKit/537.36 (KHTML, like Gecko) Mobile Safari/537.36 (compatible; TikTokSpider; [email protected])"
47.128.115.226 - - [04/May/2026:03:53:54 -0500] "GET /michigan-salad-recipe/ HTTP/2.0" 200 101719 "https://easysalads.com/michigan-salad-recipe/" "Mozilla/5.0 (Linux; Android 5.0) AppleWebKit/537.36 (KHTML, like Gecko) Mobile Safari/537.36 (compatible; TikTokSpider; [email protected])"
154.18.244.252 - - [04/May/2026:03:53:55 -0500] "POST /wp-cron.php?doing_wp_cron=1777884835.6764969825744628906250 HTTP/1.1" 200 11 "-" "WordPress/6.9.4; https://easysalads.com"
47.128.115.226 - - [04/May/2026:03:53:55 -0500] "GET /michigan-salad-recipe/ HTTP/2.0" 200 101666 "https://easysalads.com/michigan-salad-recipe/" "Mozilla/5.0 (Linux; Android 5.0) AppleWebKit/537.36 (KHTML, like Gecko) Mobile Safari/537.36 (compatible; TikTokSpider; [email protected])"
47.128.115.226 - - [04/May/2026:03:53:56 -0500] "GET /michigan-salad-recipe/ HTTP/2.0" 200 101726 "https://easysalads.com/michigan-salad-recipe/" "Mozilla/5.0 (Linux; Android 5.0) AppleWebKit/537.36 (KHTML, like Gecko) Mobile Safari/537.36 (compatible; TikTokSpider; [email protected])"
47.128.115.226 - - [04/May/2026:03:53:57 -0500] "GET /michigan-salad-recipe/ HTTP/2.0" 200 101751 "https://easysalads.com/michigan-salad-recipe/" "Mozilla/5.0 (Linux; Android 5.0) AppleWebKit/537.36 (KHTML, like Gecko) Mobile Safari/537.36 (compatible; TikTokSpider; [email protected])"
47.128.115.226 - - [04/May/2026:03:53:57 -0500] "GET /michigan-salad-recipe/ HTTP/2.0" 200 101805 "https://easysalads.com/michigan-salad-recipe/" "Mozilla/5.0 (Linux; Android 5.0) AppleWebKit/537.36 (KHTML, like Gecko) Mobile Safari/537.36 (compatible; TikTokSpider; [email protected])"
47.128.115.226 - - [04/May/2026:03:53:58 -0500] "GET /michigan-salad-recipe/ HTTP/2.0" 200 101749 "https://easysalads.com/michigan-salad-recipe/" "Mozilla/5.0 (Linux; Android 5.0) AppleWebKit/537.36 (KHTML, like Gecko) Mobile Safari/537.36 (compatible; TikTokSpider; [email protected])"
47.128.115.226 - - [04/May/2026:03:53:59 -0500] "GET /michigan-salad-recipe/ HTTP/2.0" 200 101694 "https://easysalads.com/michigan-salad-recipe/" "Mozilla/5.0 (Linux; Android 5.0) AppleWebKit/537.36 (KHTML, like Gecko) Mobile Safari/537.36 (compatible; TikTokSpider; [email protected])"
47.128.115.226 - - [04/May/2026:03:54:00 -0500] "GET /michigan-salad-recipe/ HTTP/2.0" 200 101681 "https://easysalads.com/michigan-salad-recipe/" "Mozilla/5.0 (Linux; Android 5.0) AppleWebKit/537.36 (KHTML, like Gecko) Mobile Safari/537.36 (compatible; TikTokSpider; [email protected])"
47.128.115.226 - - [04/May/2026:03:54:01 -0500] "GET /michigan-salad-recipe/ HTTP/2.0" 200 101718 "https://easysalads.com/michigan-salad-recipe/" "Mozilla/5.0 (Linux; Android 5.0) AppleWebKit/537.36 (KHTML, like Gecko) Mobile Safari/537.36 (compatible; TikTokSpider; [email protected])"
47.128.115.226 - - [04/May/2026:03:54:01 -0500] "GET /michigan-salad-recipe/ HTTP/2.0" 200 101678 "https://easysalads.com/michigan-salad-recipe/" "Mozilla/5.0 (Linux; Android 5.0) AppleWebKit/537.36 (KHTML, like Gecko) Mobile Safari/537.36 (compatible; TikTokSpider; [email protected])"
47.128.115.226 - - [04/May/2026:03:54:02 -0500] "GET /michigan-salad-recipe/ HTTP/2.0" 200 101753 "https://easysalads.com/michigan-salad-recipe/" "Mozilla/5.0 (Linux; Android 5.0) AppleWebKit/537.36 (KHTML, like Gecko) Mobile Safari/537.36 (compatible; TikTokSpider; [email protected])"
47.128.115.226 - - [04/May/2026:03:54:03 -0500] "GET /michigan-salad-recipe/ HTTP/2.0" 200 101682 "https://easysalads.com/michigan-salad-recipe/" "Mozilla/5.0 (Linux; Android 5.0) AppleWebKit/537.36 (KHTML, like Gecko) Mobile Safari/537.36 (compatible; TikTokSpider; [email protected])"
47.128.115.226 - - [04/May/2026:03:54:04 -0500] "GET /michigan-salad-recipe/ HTTP/2.0" 200 101749 "https://easysalads.com/michigan-salad-recipe/" "Mozilla/5.0 (Linux; Android 5.0) AppleWebKit/537.36 (KHTML, like Gecko) Mobile Safari/537.36 (compatible; TikTokSpider; [email protected])"
47.128.115.226 - - [04/May/2026:03:54:05 -0500] "GET /michigan-salad-recipe/ HTTP/2.0" 200 101695 "https://easysalads.com/michigan-salad-recipe/" "Mozilla/5.0 (Linux; Android 5.0) AppleWebKit/537.36 (KHTML, like Gecko) Mobile Safari/537.36 (compatible; TikTokSpider; [email protected])"
47.128.115.226 - - [04/May/2026:03:54:05 -0500] "GET /michigan-salad-recipe/ HTTP/2.0" 200 101655 "https://easysalads.com/michigan-salad-recipe/" "Mozilla/5.0 (Linux; Android 5.0) AppleWebKit/537.36 (KHTML, like Gecko) Mobile Safari/537.36 (compatible; TikTokSpider; [email protected])"
47.128.115.226 - - [04/May/2026:03:54:06 -0500] "GET /michigan-salad-recipe/ HTTP/2.0" 200 101661 "https://easysalads.com/michigan-salad-recipe/" "Mozilla/5.0 (Linux; Android 5.0) AppleWebKit/537.36 (KHTML, like Gecko) Mobile Safari/537.36 (compatible; TikTokSpider; [email protected])"
47.128.115.226 - - [04/May/2026:03:54:07 -0500] "GET /michigan-salad-recipe/ HTTP/2.0" 200 101720 "https://easysalads.com/michigan-salad-recipe/" "Mozilla/5.0 (Linux; Android 5.0) AppleWebKit/537.36 (KHTML, like Gecko) Mobile Safari/537.36 (compatible; TikTokSpider; [email protected])"
47.128.115.226 - - [04/May/2026:03:54:08 -0500] "GET /michigan-salad-recipe/ HTTP/2.0" 200 101643 "https://easysalads.com/michigan-salad-recipe/" "Mozilla/5.0 (Linux; Android 5.0) AppleWebKit/537.36 (KHTML, like Gecko) Mobile Safari/537.36 (compatible; TikTokSpider; [email protected])"
47.128.115.226 - - [04/May/2026:03:54:08 -0500] "GET /michigan-salad-recipe/ HTTP/2.0" 200 101804 "https://easysalads.com/michigan-salad-recipe/" "Mozilla/5.0 (Linux; Android 5.0) AppleWebKit/537.36 (KHTML, like Gecko) Mobile Safari/537.36 (compatible; TikTokSpider; [email protected])"
47.128.115.226 - - [04/May/2026:03:54:09 -0500] "GET /michigan-salad-recipe/ HTTP/2.0" 200 101687 "https://easysalads.com/michigan-salad-recipe/" "Mozilla/5.0 (Linux; Android 5.0) AppleWebKit/537.36 (KHTML, like Gecko) Mobile Safari/537.36 (compatible; TikTokSpider; [email protected])"
47.128.115.226 - - [04/May/2026:03:54:10 -0500] "GET /michigan-salad-recipe/ HTTP/2.0" 200 101695 "https://easysalads.com/michigan-salad-recipe/" "Mozilla/5.0 (Linux; Android 5.0) AppleWebKit/537.36 (KHTML, like Gecko) Mobile Safari/537.36 (compatible; TikTokSpider; [email protected])"
47.128.115.226 - - [04/May/2026:03:54:11 -0500] "GET /michigan-salad-recipe/ HTTP/2.0" 200 101732 "https://easysalads.com/michigan-salad-recipe/" "Mozilla/5.0 (Linux; Android 5.0) AppleWebKit/537.36 (KHTML, like Gecko) Mobile Safari/537.36 (compatible; TikTokSpider; [email protected])"
47.128.115.226 - - [04/May/2026:03:54:12 -0500] "GET /michigan-salad-recipe/ HTTP/2.0" 200 101657 "https://easysalads.com/michigan-salad-recipe/" "Mozilla/5.0 (Linux; Android 5.0) AppleWebKit/537.36 (KHTML, like Gecko) Mobile Safari/537.36 (compatible; TikTokSpider; [email protected])"
47.128.115.226 - - [04/May/2026:03:54:12 -0500] "GET /michigan-salad-recipe/ HTTP/2.0" 200 101669 "https://easysalads.com/michigan-salad-recipe/" "Mozilla/5.0 (Linux; Android 5.0) AppleWebKit/537.36 (KHTML, like Gecko) Mobile Safari/537.36 (compatible; TikTokSpider; [email protected])"
47.128.115.226 - - [04/May/2026:03:54:13 -0500] "GET /michigan-salad-recipe/ HTTP/2.0" 200 101703 "https://easysalads.com/michigan-salad-recipe/" "Mozilla/5.0 (Linux; Android 5.0) AppleWebKit/537.36 (KHTML, like Gecko) Mobile Safari/537.36 (compatible; TikTokSpider; [email protected])"
47.128.115.226 - - [04/May/2026:03:54:14 -0500] "GET /michigan-salad-recipe/ HTTP/2.0" 200 101750 "https://easysalads.com/michigan-salad-recipe/" "Mozilla/5.0 (Linux; Android 5.0) AppleWebKit/537.36 (KHTML, like Gecko) Mobile Safari/537.36 (compatible; TikTokSpider; [email protected])"
47.128.115.226 - - [04/May/2026:03:54:14 -0500] "GET /michigan-salad-recipe/ HTTP/2.0" 200 101743 "https://easysalads.com/michigan-salad-recipe/" "Mozilla/5.0 (Linux; Android 5.0) AppleWebKit/537.36 (KHTML, like Gecko) Mobile Safari/537.36 (compatible; TikTokSpider; [email protected])"
47.128.115.226 - - [04/May/2026:03:54:15 -0500] "GET /michigan-salad-recipe/ HTTP/2.0" 200 101755 "https://easysalads.com/michigan-salad-recipe/" "Mozilla/5.0 (Linux; Android 5.0) AppleWebKit/537.36 (KHTML, like Gecko) Mobile Safari/537.36 (compatible; TikTokSpider; [email protected])"
38.95.35.85 - - [04/May/2026:03:54:38 -0500] "GET /wp-login.php HTTP/2.0" 200 1882 "-" "Mozilla/5.0 (Windows NT 10.0) AppleWebKit/537.36 (KHTML, like Gecko) Chrome/66.0.3359.117 Safari/537.36"
38.95.35.85 - - [04/May/2026:03:54:38 -0500] "POST /wp-login.php HTTP/2.0" 200 2018 "https://easysalads.com/wp-login.php" "Mozilla/5.0 (Windows NT 10.0) AppleWebKit/537.36 (KHTML, like Gecko) Chrome/66.0.3359.117 Safari/537.36"
154.18.244.252 - - [04/May/2026:03:55:04 -0500] "POST /wp-cron.php?doing_wp_cron=1777884904.6572010517120361328125 HTTP/1.1" 200 11 "-" "WordPress/6.9.4; https://easysalads.com"
57.128.189.19 - - [04/May/2026:03:55:04 -0500] "GET /?nocache=1777884841 HTTP/2.0" 200 89171 "-" "BigScootsMonitor Mozilla/5.0 (Windows NT 10.0; Win64; x64) AppleWebKit/537.36 (KHTML, like Gecko) Chrome/74.0.3729.169 Safari/537.36"
51.222.136.175 - - [04/May/2026:03:55:05 -0500] "GET /?nocache=1777884841 HTTP/2.0" 200 89171 "-" "BigScootsMonitor Mozilla/5.0 (Windows NT 10.0; Win64; x64) AppleWebKit/537.36 (KHTML, like Gecko) Chrome/74.0.3729.169 Safari/537.36"
211.21.61.225 - - [04/May/2026:03:55:09 -0500] "POST /wp-login.php HTTP/1.1" 444 0 "-" "Mozilla/5.0 (Windows NT 10.0; WOW64) AppleWebKit/537.36 (KHTML, like Gecko) Chrome/141.0.0.0 Safari/537.36 Edg/141.0.0.0"
154.18.244.252 - - [04/May/2026:03:57:04 -0500] "POST /wp-cron.php?doing_wp_cron=1777885024.2201390266418457031250 HTTP/1.1" 200 11 "-" "WordPress/6.9.4; https://easysalads.com"
57.128.189.19 - - [04/May/2026:03:57:04 -0500] "GET /?nocache=1777884961 HTTP/2.0" 200 89171 "-" "BigScootsMonitor Mozilla/5.0 (Windows NT 10.0; Win64; x64) AppleWebKit/537.36 (KHTML, like Gecko) Chrome/74.0.3729.169 Safari/537.36"
51.222.136.175 - - [04/May/2026:03:57:05 -0500] "GET /?nocache=1777884961 HTTP/2.0" 200 89171 "-" "BigScootsMonitor Mozilla/5.0 (Windows NT 10.0; Win64; x64) AppleWebKit/537.36 (KHTML, like Gecko) Chrome/74.0.3729.169 Safari/537.36"
37.104.149.92 - - [04/May/2026:03:57:19 -0500] "GET /jasons-deli-pasta-salad-recipe/ HTTP/2.0" 200 101909 "-" "Mozilla/5.0 (Linux; Android 5.0; SM-G900P Build/LRX21T) AppleWebKit/537.36 (KHTML, like Gecko) Chrome/41.0.2113.1788 Mobile Safari/537.36"
37.104.149.92 - - [04/May/2026:03:57:22 -0500] "GET /wp-content/uploads/2024/02/jasons-deli-pasta-salad-05-768x976.jpg HTTP/2.0" 206 500 "https://easysalads.com/jasons-deli-pasta-salad-recipe/" "Mozilla/5.0 (Linux; Android 5.0; SM-G900P Build/LRX21T) AppleWebKit/537.36 (KHTML, like Gecko) Chrome/41.0.2113.1788 Mobile Safari/537.36"
37.104.149.92 - - [04/May/2026:03:57:22 -0500] "GET /wp-content/uploads/2024/02/jasons-deli-pasta-salad-00-683x1024.jpg HTTP/2.0" 206 500 "https://easysalads.com/jasons-deli-pasta-salad-recipe/" "Mozilla/5.0 (Linux; Android 5.0; SM-G900P Build/LRX21T) AppleWebKit/537.36 (KHTML, like Gecko) Chrome/41.0.2113.1788 Mobile Safari/537.36"
37.104.149.92 - - [04/May/2026:03:57:22 -0500] "GET /wp-content/uploads/2024/02/jasons-deli-pasta-salad-02-768x512.jpg HTTP/2.0" 206 500 "https://easysalads.com/jasons-deli-pasta-salad-recipe/" "Mozilla/5.0 (Linux; Android 5.0; SM-G900P Build/LRX21T) AppleWebKit/537.36 (KHTML, like Gecko) Chrome/41.0.2113.1788 Mobile Safari/537.36"
18.206.191.81 - - [04/May/2026:03:57:25 -0500] "GET /jasons-deli-pasta-salad-recipe/ HTTP/1.1" 200 127720 "-" "Mozilla/5.0 (compatible; proximic; +https://www.comscore.com/Web-Crawler)"
71.194.75.213 - - [04/May/2026:03:57:32 -0500] "GET /wp-content/uploads/2024/02/cucumber-strawberry-salad-06.jpg HTTP/2.0" 200 1402483 "https://www.google.com/" "Mozilla/5.0 (iPhone; CPU iPhone OS 18_7 like Mac OS X) AppleWebKit/605.1.15 (KHTML, like Gecko) Version/26.3 Mobile/15E148 Safari/604.1"
47.128.115.59 - - [04/May/2026:03:57:53 -0500] "GET /jasons-deli-pasta-salad-recipe/ HTTP/2.0" 200 101834 "-" "Mozilla/5.0 (Linux; Android 5.0) AppleWebKit/537.36 (KHTML, like Gecko) Mobile Safari/537.36 (compatible; TikTokSpider; [email protected])"
47.128.115.59 - - [04/May/2026:03:57:53 -0500] "GET /wp-content/uploads/2024/02/jasons-deli-pasta-salad-05-768x976.jpg HTTP/2.0" 206 500 "https://easysalads.com/jasons-deli-pasta-salad-recipe/" "Mozilla/5.0 (Linux; Android 5.0) AppleWebKit/537.36 (KHTML, like Gecko) Mobile Safari/537.36 (compatible; TikTokSpider; [email protected])"
47.128.115.59 - - [04/May/2026:03:57:54 -0500] "GET /wp-content/uploads/2024/02/jasons-deli-pasta-salad-00-683x1024.jpg HTTP/2.0" 206 500 "https://easysalads.com/jasons-deli-pasta-salad-recipe/" "Mozilla/5.0 (Linux; Android 5.0) AppleWebKit/537.36 (KHTML, like Gecko) Mobile Safari/537.36 (compatible; TikTokSpider; [email protected])"
47.128.115.59 - - [04/May/2026:03:57:54 -0500] "GET /wp-content/uploads/2024/02/jasons-deli-pasta-salad-02-768x512.jpg HTTP/2.0" 206 500 "https://easysalads.com/jasons-deli-pasta-salad-recipe/" "Mozilla/5.0 (Linux; Android 5.0) AppleWebKit/537.36 (KHTML, like Gecko) Mobile Safari/537.36 (compatible; TikTokSpider; [email protected])"
47.128.115.59 - - [04/May/2026:03:57:54 -0500] "GET /wp-content/uploads/2024/02/jasons-deli-pasta-salad-02.jpg HTTP/2.0" 206 500 "https://easysalads.com/jasons-deli-pasta-salad-recipe/" "Mozilla/5.0 (Linux; Android 5.0) AppleWebKit/537.36 (KHTML, like Gecko) Mobile Safari/537.36 (compatible; TikTokSpider; [email protected])"
47.128.115.59 - - [04/May/2026:03:57:54 -0500] "GET /jasons-deli-pasta-salad-recipe/ HTTP/2.0" 200 101854 "https://easysalads.com/jasons-deli-pasta-salad-recipe/" "Mozilla/5.0 (Linux; Android 5.0) AppleWebKit/537.36 (KHTML, like Gecko) Mobile Safari/537.36 (compatible; TikTokSpider; [email protected])"
154.18.244.252 - - [04/May/2026:03:57:55 -0500] "POST /wp-cron.php?doing_wp_cron=1777885075.5723259449005126953125 HTTP/1.1" 200 11 "-" "WordPress/6.9.4; https://easysalads.com"
47.128.115.59 - - [04/May/2026:03:57:55 -0500] "GET /jasons-deli-pasta-salad-recipe/ HTTP/2.0" 200 101831 "https://easysalads.com/jasons-deli-pasta-salad-recipe/" "Mozilla/5.0 (Linux; Android 5.0) AppleWebKit/537.36 (KHTML, like Gecko) Mobile Safari/537.36 (compatible; TikTokSpider; [email protected])"
47.128.115.59 - - [04/May/2026:03:57:56 -0500] "GET /jasons-deli-pasta-salad-recipe/ HTTP/2.0" 200 101821 "https://easysalads.com/jasons-deli-pasta-salad-recipe/" "Mozilla/5.0 (Linux; Android 5.0) AppleWebKit/537.36 (KHTML, like Gecko) Mobile Safari/537.36 (compatible; TikTokSpider; [email protected])"
47.128.115.59 - - [04/May/2026:03:57:57 -0500] "GET /jasons-deli-pasta-salad-recipe/ HTTP/2.0" 200 101984 "https://easysalads.com/jasons-deli-pasta-salad-recipe/" "Mozilla/5.0 (Linux; Android 5.0) AppleWebKit/537.36 (KHTML, like Gecko) Mobile Safari/537.36 (compatible; TikTokSpider; [email protected])"
47.128.115.59 - - [04/May/2026:03:57:57 -0500] "GET /jasons-deli-pasta-salad-recipe/ HTTP/2.0" 200 101795 "https://easysalads.com/jasons-deli-pasta-salad-recipe/" "Mozilla/5.0 (Linux; Android 5.0) AppleWebKit/537.36 (KHTML, like Gecko) Mobile Safari/537.36 (compatible; TikTokSpider; [email protected])"
47.128.115.59 - - [04/May/2026:03:57:58 -0500] "GET /jasons-deli-pasta-salad-recipe/ HTTP/2.0" 200 101830 "https://easysalads.com/jasons-deli-pasta-salad-recipe/" "Mozilla/5.0 (Linux; Android 5.0) AppleWebKit/537.36 (KHTML, like Gecko) Mobile Safari/537.36 (compatible; TikTokSpider; [email protected])"
47.128.115.59 - - [04/May/2026:03:57:59 -0500] "GET /jasons-deli-pasta-salad-recipe/ HTTP/2.0" 200 101949 "https://easysalads.com/jasons-deli-pasta-salad-recipe/" "Mozilla/5.0 (Linux; Android 5.0) AppleWebKit/537.36 (KHTML, like Gecko) Mobile Safari/537.36 (compatible; TikTokSpider; [email protected])"
47.128.115.59 - - [04/May/2026:03:58:00 -0500] "GET /jasons-deli-pasta-salad-recipe/ HTTP/2.0" 200 101759 "https://easysalads.com/jasons-deli-pasta-salad-recipe/" "Mozilla/5.0 (Linux; Android 5.0) AppleWebKit/537.36 (KHTML, like Gecko) Mobile Safari/537.36 (compatible; TikTokSpider; [email protected])"
47.128.115.59 - - [04/May/2026:03:58:00 -0500] "GET /jasons-deli-pasta-salad-recipe/ HTTP/2.0" 200 101818 "https://easysalads.com/jasons-deli-pasta-salad-recipe/" "Mozilla/5.0 (Linux; Android 5.0) AppleWebKit/537.36 (KHTML, like Gecko) Mobile Safari/537.36 (compatible; TikTokSpider; [email protected])"
47.128.115.59 - - [04/May/2026:03:58:01 -0500] "GET /jasons-deli-pasta-salad-recipe/ HTTP/2.0" 200 101831 "https://easysalads.com/jasons-deli-pasta-salad-recipe/" "Mozilla/5.0 (Linux; Android 5.0) AppleWebKit/537.36 (KHTML, like Gecko) Mobile Safari/537.36 (compatible; TikTokSpider; [email protected])"
47.128.115.59 - - [04/May/2026:03:58:02 -0500] "GET /jasons-deli-pasta-salad-recipe/ HTTP/2.0" 200 101867 "https://easysalads.com/jasons-deli-pasta-salad-recipe/" "Mozilla/5.0 (Linux; Android 5.0) AppleWebKit/537.36 (KHTML, like Gecko) Mobile Safari/537.36 (compatible; TikTokSpider; [email protected])"
47.128.115.59 - - [04/May/2026:03:58:03 -0500] "GET /jasons-deli-pasta-salad-recipe/ HTTP/2.0" 200 101896 "https://easysalads.com/jasons-deli-pasta-salad-recipe/" "Mozilla/5.0 (Linux; Android 5.0) AppleWebKit/537.36 (KHTML, like Gecko) Mobile Safari/537.36 (compatible; TikTokSpider; [email protected])"
47.128.115.59 - - [04/May/2026:03:58:04 -0500] "GET /jasons-deli-pasta-salad-recipe/ HTTP/2.0" 200 101880 "https://easysalads.com/jasons-deli-pasta-salad-recipe/" "Mozilla/5.0 (Linux; Android 5.0) AppleWebKit/537.36 (KHTML, like Gecko) Mobile Safari/537.36 (compatible; TikTokSpider; [email protected])"
47.128.115.59 - - [04/May/2026:03:58:05 -0500] "GET /jasons-deli-pasta-salad-recipe/ HTTP/2.0" 200 101818 "https://easysalads.com/jasons-deli-pasta-salad-recipe/" "Mozilla/5.0 (Linux; Android 5.0) AppleWebKit/537.36 (KHTML, like Gecko) Mobile Safari/537.36 (compatible; TikTokSpider; [email protected])"
47.128.115.59 - - [04/May/2026:03:58:06 -0500] "GET /jasons-deli-pasta-salad-recipe/ HTTP/2.0" 200 101820 "https://easysalads.com/jasons-deli-pasta-salad-recipe/" "Mozilla/5.0 (Linux; Android 5.0) AppleWebKit/537.36 (KHTML, like Gecko) Mobile Safari/537.36 (compatible; TikTokSpider; [email protected])"
47.128.115.59 - - [04/May/2026:03:58:07 -0500] "GET /jasons-deli-pasta-salad-recipe/ HTTP/2.0" 200 101844 "https://easysalads.com/jasons-deli-pasta-salad-recipe/" "Mozilla/5.0 (Linux; Android 5.0) AppleWebKit/537.36 (KHTML, like Gecko) Mobile Safari/537.36 (compatible; TikTokSpider; [email protected])"
47.128.115.59 - - [04/May/2026:03:58:07 -0500] "GET /jasons-deli-pasta-salad-recipe/ HTTP/2.0" 200 101840 "https://easysalads.com/jasons-deli-pasta-salad-recipe/" "Mozilla/5.0 (Linux; Android 5.0) AppleWebKit/537.36 (KHTML, like Gecko) Mobile Safari/537.36 (compatible; TikTokSpider; [email protected])"
47.128.115.59 - - [04/May/2026:03:58:08 -0500] "GET /jasons-deli-pasta-salad-recipe/ HTTP/2.0" 200 101800 "https://easysalads.com/jasons-deli-pasta-salad-recipe/" "Mozilla/5.0 (Linux; Android 5.0) AppleWebKit/537.36 (KHTML, like Gecko) Mobile Safari/537.36 (compatible; TikTokSpider; [email protected])"
47.128.115.59 - - [04/May/2026:03:58:09 -0500] "GET /jasons-deli-pasta-salad-recipe/ HTTP/2.0" 200 101813 "https://easysalads.com/jasons-deli-pasta-salad-recipe/" "Mozilla/5.0 (Linux; Android 5.0) AppleWebKit/537.36 (KHTML, like Gecko) Mobile Safari/537.36 (compatible; TikTokSpider; [email protected])"
47.128.115.59 - - [04/May/2026:03:58:10 -0500] "GET /jasons-deli-pasta-salad-recipe/ HTTP/2.0" 200 101866 "https://easysalads.com/jasons-deli-pasta-salad-recipe/" "Mozilla/5.0 (Linux; Android 5.0) AppleWebKit/537.36 (KHTML, like Gecko) Mobile Safari/537.36 (compatible; TikTokSpider; [email protected])"
47.128.115.59 - - [04/May/2026:03:58:10 -0500] "GET /jasons-deli-pasta-salad-recipe/ HTTP/2.0" 200 101830 "https://easysalads.com/jasons-deli-pasta-salad-recipe/" "Mozilla/5.0 (Linux; Android 5.0) AppleWebKit/537.36 (KHTML, like Gecko) Mobile Safari/537.36 (compatible; TikTokSpider; [email protected])"
47.128.115.59 - - [04/May/2026:03:58:11 -0500] "GET /jasons-deli-pasta-salad-recipe/ HTTP/2.0" 200 101830 "https://easysalads.com/jasons-deli-pasta-salad-recipe/" "Mozilla/5.0 (Linux; Android 5.0) AppleWebKit/537.36 (KHTML, like Gecko) Mobile Safari/537.36 (compatible; TikTokSpider; [email protected])"
47.128.115.59 - - [04/May/2026:03:58:12 -0500] "GET /jasons-deli-pasta-salad-recipe/ HTTP/2.0" 200 101893 "https://easysalads.com/jasons-deli-pasta-salad-recipe/" "Mozilla/5.0 (Linux; Android 5.0) AppleWebKit/537.36 (KHTML, like Gecko) Mobile Safari/537.36 (compatible; TikTokSpider; [email protected])"
47.128.115.59 - - [04/May/2026:03:58:13 -0500] "GET /jasons-deli-pasta-salad-recipe/ HTTP/2.0" 200 101919 "https://easysalads.com/jasons-deli-pasta-salad-recipe/" "Mozilla/5.0 (Linux; Android 5.0) AppleWebKit/537.36 (KHTML, like Gecko) Mobile Safari/537.36 (compatible; TikTokSpider; [email protected])"
47.128.115.59 - - [04/May/2026:03:58:14 -0500] "GET /jasons-deli-pasta-salad-recipe/ HTTP/2.0" 200 101810 "https://easysalads.com/jasons-deli-pasta-salad-recipe/" "Mozilla/5.0 (Linux; Android 5.0) AppleWebKit/537.36 (KHTML, like Gecko) Mobile Safari/537.36 (compatible; TikTokSpider; [email protected])"
47.128.115.59 - - [04/May/2026:03:58:14 -0500] "GET /jasons-deli-pasta-salad-recipe/ HTTP/2.0" 200 101836 "https://easysalads.com/jasons-deli-pasta-salad-recipe/" "Mozilla/5.0 (Linux; Android 5.0) AppleWebKit/537.36 (KHTML, like Gecko) Mobile Safari/537.36 (compatible; TikTokSpider; [email protected])"
74.91.224.220 - - [04/May/2026:03:58:15 -0500] "GET /wp-login.php HTTP/2.0" 444 0 "-" "Mozilla/4.0 (compatible; MSIE 7.0; Windows NT 6.1; WOW64; Trident/7.0; SLCC2; .NET CLR 2.0.50727; .NET CLR 3.5.30729; .NET CLR 3.0.30729; Media Center PC 6.0; .NET4.0C; .NET4.0E; GWX:RESERVED)"
47.128.115.59 - - [04/May/2026:03:58:15 -0500] "GET /jasons-deli-pasta-salad-recipe/ HTTP/2.0" 200 101849 "https://easysalads.com/jasons-deli-pasta-salad-recipe/" "Mozilla/5.0 (Linux; Android 5.0) AppleWebKit/537.36 (KHTML, like Gecko) Mobile Safari/537.36 (compatible; TikTokSpider; [email protected])"
47.128.115.59 - - [04/May/2026:03:58:16 -0500] "GET /jasons-deli-pasta-salad-recipe/ HTTP/2.0" 200 101809 "https://easysalads.com/jasons-deli-pasta-salad-recipe/" "Mozilla/5.0 (Linux; Android 5.0) AppleWebKit/537.36 (KHTML, like Gecko) Mobile Safari/537.36 (compatible; TikTokSpider; [email protected])"
47.128.115.59 - - [04/May/2026:03:58:16 -0500] "GET /jasons-deli-pasta-salad-recipe/ HTTP/2.0" 200 101830 "https://easysalads.com/jasons-deli-pasta-salad-recipe/" "Mozilla/5.0 (Linux; Android 5.0) AppleWebKit/537.36 (KHTML, like Gecko) Mobile Safari/537.36 (compatible; TikTokSpider; [email protected])"
182.161.73.65 - - [04/May/2026:03:58:24 -0500] "GET /jasons-deli-pasta-salad-recipe/ HTTP/1.1" 200 127720 "-" "CriteoBot/0.1 (+https://www.criteo.com/criteo-crawler/)"
182.161.73.69 - - [04/May/2026:03:58:24 -0500] "GET /jasons-deli-pasta-salad-recipe/ HTTP/1.1" 444 0 "-" "CriteoBot/0.1 (+https://www.criteo.com/criteo-crawler/)"
66.249.66.76 - - [04/May/2026:03:58:27 -0500] "GET /wp-content/uploads/2024/03/yogurt-dill-dressing-00-683x1024.jpg HTTP/1.1" 200 117704 "-" "Googlebot-Image/1.0"
34.146.21.199 - - [04/May/2026:03:58:30 -0500] "GET /tomato-onion-salad/ HTTP/1.1" 200 128781 "-" "Mozilla/5.0 (Macintosh; Intel Mac OS X 10_14_5) AppleWebKit/537.36 (KHTML, like Gecko) Chrome/75.0.3770.142 Safari/537.36"
91.227.37.60 - - [04/May/2026:03:58:36 -0500] "GET /wp-login.php HTTP/2.0" 444 0 "-" "Mozilla/5.0 (Windows NT 6.3; Win64; x64) AppleWebKit/537.36 (KHTML, like Gecko) Chrome/52.0.2743.116 Safari/537.36 Edge/15.15063"
12.216.111.82 - - [04/May/2026:03:58:50 -0500] "GET /wp-content/uploads/2024/07/Classic-Chicken-Salad03.jpg HTTP/2.0" 200 630871 "https://www.google.com/" "Mozilla/5.0 (Linux; Android 16; SM-S936U Build/BP2A.250605.031.A3; wv) AppleWebKit/537.36 (KHTML, like Gecko) Version/4.0 Chrome/147.0.7727.111 Mobile Safari/537.36 GoogleApp/17.18.24.ve.arm64"
154.18.244.252 - - [04/May/2026:03:59:04 -0500] "POST /wp-cron.php?doing_wp_cron=1777885144.2333281040191650390625 HTTP/1.1" 200 11 "-" "WordPress/6.9.4; https://easysalads.com"
57.128.189.19 - - [04/May/2026:03:59:04 -0500] "GET /?nocache=1777885081 HTTP/2.0" 200 89171 "-" "BigScootsMonitor Mozilla/5.0 (Windows NT 10.0; Win64; x64) AppleWebKit/537.36 (KHTML, like Gecko) Chrome/74.0.3729.169 Safari/537.36"
51.222.136.175 - - [04/May/2026:03:59:04 -0500] "GET /?nocache=1777885081 HTTP/2.0" 200 89171 "-" "BigScootsMonitor Mozilla/5.0 (Windows NT 10.0; Win64; x64) AppleWebKit/537.36 (KHTML, like Gecko) Chrome/74.0.3729.169 Safari/537.36"
154.18.244.252 - - [04/May/2026:04:00:11 -0500] "POST /wp-cron.php?doing_wp_cron=1777885211.1375930309295654296875 HTTP/1.1" 200 11 "-" "WordPress/6.9.4; https://easysalads.com"
100.55.44.56 - - [04/May/2026:04:00:11 -0500] "GET /hot-chicken-salad HTTP/1.1" 301 5 "-" "Mozilla/5.0 (compatible; proximic; +https://www.comscore.com/Web-Crawler)"
100.55.44.56 - - [04/May/2026:04:00:11 -0500] "GET /hot-chicken-salad/ HTTP/1.1" 200 131331 "-" "Mozilla/5.0 (compatible; proximic; +https://www.comscore.com/Web-Crawler)"
154.18.244.252 - - [04/May/2026:04:01:04 -0500] "POST /wp-cron.php?doing_wp_cron=1777885264.6438939571380615234375 HTTP/1.1" 200 11 "-" "WordPress/6.9.4; https://easysalads.com"
57.128.189.19 - - [04/May/2026:04:01:04 -0500] "GET /?nocache=1777885201 HTTP/2.0" 200 89171 "-" "BigScootsMonitor Mozilla/5.0 (Windows NT 10.0; Win64; x64) AppleWebKit/537.36 (KHTML, like Gecko) Chrome/74.0.3729.169 Safari/537.36"
51.222.136.175 - - [04/May/2026:04:01:04 -0500] "GET /?nocache=1777885201 HTTP/2.0" 200 89171 "-" "BigScootsMonitor Mozilla/5.0 (Windows NT 10.0; Win64; x64) AppleWebKit/537.36 (KHTML, like Gecko) Chrome/74.0.3729.169 Safari/537.36"
154.18.244.252 - - [04/May/2026:04:02:28 -0500] "POST /wp-cron.php?doing_wp_cron=1777885348.5161340236663818359375 HTTP/1.1" 200 11 "-" "WordPress/6.9.4; https://easysalads.com"
66.116.235.214 - - [04/May/2026:04:02:28 -0500] "GET /wp-login.php HTTP/2.0" 200 1882 "-" "Mozilla/5.0 (Macintosh; Intel Mac OS X 10_12) AppleWebKit/602.1.40 (KHTML, like Gecko) Version/10.0 Safari/602.1.40"
66.116.235.214 - - [04/May/2026:04:02:29 -0500] "POST /wp-login.php HTTP/2.0" 200 2018 "https://easysalads.com/wp-login.php" "Mozilla/5.0 (Macintosh; Intel Mac OS X 10_12) AppleWebKit/602.1.40 (KHTML, like Gecko) Version/10.0 Safari/602.1.40"
154.18.244.252 - - [04/May/2026:04:02:58 -0500] "POST /wp-cron.php?doing_wp_cron=1777885378.7466540336608886718750 HTTP/1.1" 200 11 "-" "WordPress/6.9.4; https://easysalads.com"
66.249.66.75 - - [04/May/2026:04:02:58 -0500] "GET /wprm_print/strawberry-jello-salad HTTP/1.1" 200 9897 "-" "Mozilla/5.0 (Linux; Android 6.0.1; Nexus 5X Build/MMB29P) AppleWebKit/537.36 (KHTML, like Gecko) Chrome/147.0.7727.137 Mobile Safari/537.36 (compatible; Googlebot/2.1; +http://www.google.com/bot.html)"
57.128.189.19 - - [04/May/2026:04:03:03 -0500] "GET /?nocache=1777885321 HTTP/2.0" 200 89171 "-" "BigScootsMonitor Mozilla/5.0 (Windows NT 10.0; Win64; x64) AppleWebKit/537.36 (KHTML, like Gecko) Chrome/74.0.3729.169 Safari/537.36"
51.222.136.175 - - [04/May/2026:04:03:04 -0500] "GET /?nocache=1777885321 HTTP/2.0" 200 89171 "-" "BigScootsMonitor Mozilla/5.0 (Windows NT 10.0; Win64; x64) AppleWebKit/537.36 (KHTML, like Gecko) Chrome/74.0.3729.169 Safari/537.36"
57.141.6.18 - - [04/May/2026:04:03:58 -0500] "GET /wp-content/uploads/2022/09/cropped-site-icon-easy-salads-192x192.png HTTP/2.0" 200 8410 "-" "facebookexternalhit/1.1 (+http://www.facebook.com/externalhit_uatext.php)"
154.18.244.252 - - [04/May/2026:04:05:04 -0500] "POST /wp-cron.php?doing_wp_cron=1777885504.1211850643157958984375 HTTP/1.1" 200 11 "-" "WordPress/6.9.4; https://easysalads.com"
57.128.189.19 - - [04/May/2026:04:05:04 -0500] "GET /?nocache=1777885441 HTTP/2.0" 200 89171 "-" "BigScootsMonitor Mozilla/5.0 (Windows NT 10.0; Win64; x64) AppleWebKit/537.36 (KHTML, like Gecko) Chrome/74.0.3729.169 Safari/537.36"
51.222.136.175 - - [04/May/2026:04:05:04 -0500] "GET /?nocache=1777885441 HTTP/2.0" 200 89171 "-" "BigScootsMonitor Mozilla/5.0 (Windows NT 10.0; Win64; x64) AppleWebKit/537.36 (KHTML, like Gecko) Chrome/74.0.3729.169 Safari/537.36"
68.46.170.57 - - [04/May/2026:04:05:06 -0500] "GET /broccoli-raisin-salad-recipe/ HTTP/2.0" 200 127557 "-" "GoogleMessages/20.2 facebookexternalhit/1.1 Facebot Twitterbot/1.0"
68.46.170.57 - - [04/May/2026:04:05:06 -0500] "GET /wp-content/uploads/2024/02/broccoli-raisin-salad-04.jpg HTTP/2.0" 200 663552 "-" "GoogleMessages/20.2 facebookexternalhit/1.1 Facebot Twitterbot/1.0"
68.46.170.57 - - [04/May/2026:04:05:07 -0500] "GET /wp-content/uploads/2024/02/broccoli-raisin-salad-04.jpg HTTP/1.1" 200 838646 "-" "Dalvik/2.1.0 (Linux; U; Android 16; SM-S938U Build/BP2A.250605.031.A3)"
151.244.195.229 - - [04/May/2026:04:05:17 -0500] "GET /bruschetta-pasta-salad/ HTTP/2.0" 200 100496 "-" "Mozilla/5.0 (Linux; Android 8.0; Pixel 2 Build/OPD3.170816.012) AppleWebKit/537.36 (KHTML, like Gecko) Chrome/55.0.5230.1414 Mobile Safari/537.36"
32.192.206.77 - - [04/May/2026:04:05:22 -0500] "GET /bruschetta-pasta-salad/ HTTP/1.1" 200 127074 "-" "Mozilla/5.0 (compatible; proximic; +https://www.comscore.com/Web-Crawler)"
66.249.66.77 - - [04/May/2026:04:05:27 -0500] "GET /wp-content/uploads/2024/07/summer-orzo-salad-03-207x300.jpg HTTP/1.1" 200 31481 "-" "Googlebot-Image/1.0"
47.128.115.229 - - [04/May/2026:04:05:46 -0500] "GET /bruschetta-pasta-salad/ HTTP/2.0" 200 100511 "-" "Mozilla/5.0 (Linux; Android 5.0) AppleWebKit/537.36 (KHTML, like Gecko) Mobile Safari/537.36 (compatible; TikTokSpider; [email protected])"
47.128.115.229 - - [04/May/2026:04:05:47 -0500] "GET /wp-content/uploads/2024/03/bruschetta-pasta-salad-00-683x1024.jpg HTTP/2.0" 206 500 "https://easysalads.com/bruschetta-pasta-salad/" "Mozilla/5.0 (Linux; Android 5.0) AppleWebKit/537.36 (KHTML, like Gecko) Mobile Safari/537.36 (compatible; TikTokSpider; [email protected])"
47.128.115.229 - - [04/May/2026:04:05:47 -0500] "GET /wp-content/uploads/2024/03/bruschetta-pasta-salad-01-683x1024.jpg HTTP/2.0" 206 500 "https://easysalads.com/bruschetta-pasta-salad/" "Mozilla/5.0 (Linux; Android 5.0) AppleWebKit/537.36 (KHTML, like Gecko) Mobile Safari/537.36 (compatible; TikTokSpider; [email protected])"
47.128.115.229 - - [04/May/2026:04:05:47 -0500] "GET /wp-content/uploads/2024/03/bruschetta-pasta-salad-00-683x1024.jpg HTTP/2.0" 304 0 "https://easysalads.com/bruschetta-pasta-salad/" "Mozilla/5.0 (Linux; Android 5.0) AppleWebKit/537.36 (KHTML, like Gecko) Mobile Safari/537.36 (compatible; TikTokSpider; [email protected])"
47.128.115.229 - - [04/May/2026:04:05:47 -0500] "GET /wp-content/uploads/2024/03/bruschetta-pasta-salad-01-683x1024.jpg HTTP/2.0" 304 0 "https://easysalads.com/bruschetta-pasta-salad/" "Mozilla/5.0 (Linux; Android 5.0) AppleWebKit/537.36 (KHTML, like Gecko) Mobile Safari/537.36 (compatible; TikTokSpider; [email protected])"
47.128.115.229 - - [04/May/2026:04:05:47 -0500] "GET /bruschetta-pasta-salad/ HTTP/2.0" 200 100493 "https://easysalads.com/bruschetta-pasta-salad/" "Mozilla/5.0 (Linux; Android 5.0) AppleWebKit/537.36 (KHTML, like Gecko) Mobile Safari/537.36 (compatible; TikTokSpider; [email protected])"
47.128.115.229 - - [04/May/2026:04:05:48 -0500] "GET /wp-content/uploads/2024/03/bruschetta-pasta-salad-00-683x1024.jpg HTTP/2.0" 206 241409 "https://easysalads.com/bruschetta-pasta-salad/" "Mozilla/5.0 (Linux; Android 5.0) AppleWebKit/537.36 (KHTML, like Gecko) Mobile Safari/537.36 (compatible; TikTokSpider; [email protected])"
47.128.115.229 - - [04/May/2026:04:05:48 -0500] "GET /wp-content/uploads/2024/03/bruschetta-pasta-salad-01-683x1024.jpg HTTP/2.0" 206 210588 "https://easysalads.com/bruschetta-pasta-salad/" "Mozilla/5.0 (Linux; Android 5.0) AppleWebKit/537.36 (KHTML, like Gecko) Mobile Safari/537.36 (compatible; TikTokSpider; [email protected])"
47.128.115.229 - - [04/May/2026:04:05:48 -0500] "GET /wp-content/uploads/2024/03/bruschetta-pasta-salad-00-683x1024.jpg HTTP/2.0" 304 0 "https://easysalads.com/bruschetta-pasta-salad/" "Mozilla/5.0 (Linux; Android 5.0) AppleWebKit/537.36 (KHTML, like Gecko) Mobile Safari/537.36 (compatible; TikTokSpider; [email protected])"
47.128.115.229 - - [04/May/2026:04:05:48 -0500] "GET /wp-content/uploads/2024/03/bruschetta-pasta-salad-01-683x1024.jpg HTTP/2.0" 304 0 "https://easysalads.com/bruschetta-pasta-salad/" "Mozilla/5.0 (Linux; Android 5.0) AppleWebKit/537.36 (KHTML, like Gecko) Mobile Safari/537.36 (compatible; TikTokSpider; [email protected])"
47.128.115.229 - - [04/May/2026:04:05:48 -0500] "GET /wp-content/uploads/2024/03/bruschetta-pasta-salad-00-683x1024.jpg HTTP/2.0" 304 0 "https://easysalads.com/bruschetta-pasta-salad/" "Mozilla/5.0 (Linux; Android 5.0) AppleWebKit/537.36 (KHTML, like Gecko) Mobile Safari/537.36 (compatible; TikTokSpider; [email protected])"
47.128.115.229 - - [04/May/2026:04:05:48 -0500] "GET /wp-content/uploads/2024/03/bruschetta-pasta-salad-01-683x1024.jpg HTTP/2.0" 304 0 "https://easysalads.com/bruschetta-pasta-salad/" "Mozilla/5.0 (Linux; Android 5.0) AppleWebKit/537.36 (KHTML, like Gecko) Mobile Safari/537.36 (compatible; TikTokSpider; [email protected])"
47.128.115.229 - - [04/May/2026:04:05:48 -0500] "GET /bruschetta-pasta-salad/ HTTP/2.0" 200 100534 "https://easysalads.com/bruschetta-pasta-salad/" "Mozilla/5.0 (Linux; Android 5.0) AppleWebKit/537.36 (KHTML, like Gecko) Mobile Safari/537.36 (compatible; TikTokSpider; [email protected])"
47.128.115.229 - - [04/May/2026:04:05:49 -0500] "GET /wp-content/uploads/2024/03/bruschetta-pasta-salad-00-683x1024.jpg HTTP/2.0" 206 241409 "https://easysalads.com/bruschetta-pasta-salad/" "Mozilla/5.0 (Linux; Android 5.0) AppleWebKit/537.36 (KHTML, like Gecko) Mobile Safari/537.36 (compatible; TikTokSpider; [email protected])"
47.128.115.229 - - [04/May/2026:04:05:49 -0500] "GET /wp-content/uploads/2024/03/bruschetta-pasta-salad-01-683x1024.jpg HTTP/2.0" 206 210588 "https://easysalads.com/bruschetta-pasta-salad/" "Mozilla/5.0 (Linux; Android 5.0) AppleWebKit/537.36 (KHTML, like Gecko) Mobile Safari/537.36 (compatible; TikTokSpider; [email protected])"
47.128.115.229 - - [04/May/2026:04:05:49 -0500] "GET /wp-content/uploads/2024/03/bruschetta-pasta-salad-00-683x1024.jpg HTTP/2.0" 304 0 "https://easysalads.com/bruschetta-pasta-salad/" "Mozilla/5.0 (Linux; Android 5.0) AppleWebKit/537.36 (KHTML, like Gecko) Mobile Safari/537.36 (compatible; TikTokSpider; [email protected])"
47.128.115.229 - - [04/May/2026:04:05:49 -0500] "GET /wp-content/uploads/2024/03/bruschetta-pasta-salad-01-683x1024.jpg HTTP/2.0" 304 0 "https://easysalads.com/bruschetta-pasta-salad/" "Mozilla/5.0 (Linux; Android 5.0) AppleWebKit/537.36 (KHTML, like Gecko) Mobile Safari/537.36 (compatible; TikTokSpider; [email protected])"
47.128.115.229 - - [04/May/2026:04:05:49 -0500] "GET /bruschetta-pasta-salad/ HTTP/2.0" 200 100492 "https://easysalads.com/bruschetta-pasta-salad/" "Mozilla/5.0 (Linux; Android 5.0) AppleWebKit/537.36 (KHTML, like Gecko) Mobile Safari/537.36 (compatible; TikTokSpider; [email protected])"
47.128.115.229 - - [04/May/2026:04:05:49 -0500] "GET /wp-content/uploads/2024/03/bruschetta-pasta-salad-01-683x1024.jpg HTTP/2.0" 304 0 "https://easysalads.com/bruschetta-pasta-salad/" "Mozilla/5.0 (Linux; Android 5.0) AppleWebKit/537.36 (KHTML, like Gecko) Mobile Safari/537.36 (compatible; TikTokSpider; [email protected])"
47.128.115.229 - - [04/May/2026:04:05:49 -0500] "GET /wp-content/uploads/2024/03/bruschetta-pasta-salad-00-683x1024.jpg HTTP/2.0" 304 0 "https://easysalads.com/bruschetta-pasta-salad/" "Mozilla/5.0 (Linux; Android 5.0) AppleWebKit/537.36 (KHTML, like Gecko) Mobile Safari/537.36 (compatible; TikTokSpider; [email protected])"
47.128.115.229 - - [04/May/2026:04:05:50 -0500] "GET /wp-content/uploads/2024/03/bruschetta-pasta-salad-00-683x1024.jpg HTTP/2.0" 206 500 "https://easysalads.com/bruschetta-pasta-salad/" "Mozilla/5.0 (Linux; Android 5.0) AppleWebKit/537.36 (KHTML, like Gecko) Mobile Safari/537.36 (compatible; TikTokSpider; [email protected])"
47.128.115.229 - - [04/May/2026:04:05:50 -0500] "GET /wp-content/uploads/2024/03/bruschetta-pasta-salad-01-683x1024.jpg HTTP/2.0" 206 500 "https://easysalads.com/bruschetta-pasta-salad/" "Mozilla/5.0 (Linux; Android 5.0) AppleWebKit/537.36 (KHTML, like Gecko) Mobile Safari/537.36 (compatible; TikTokSpider; [email protected])"
47.128.115.229 - - [04/May/2026:04:05:50 -0500] "GET /wp-content/uploads/2024/03/bruschetta-pasta-salad-00-683x1024.jpg HTTP/2.0" 304 0 "https://easysalads.com/bruschetta-pasta-salad/" "Mozilla/5.0 (Linux; Android 5.0) AppleWebKit/537.36 (KHTML, like Gecko) Mobile Safari/537.36 (compatible; TikTokSpider; [email protected])"
47.128.115.229 - - [04/May/2026:04:05:50 -0500] "GET /bruschetta-pasta-salad/ HTTP/2.0" 200 100481 "https://easysalads.com/bruschetta-pasta-salad/" "Mozilla/5.0 (Linux; Android 5.0) AppleWebKit/537.36 (KHTML, like Gecko) Mobile Safari/537.36 (compatible; TikTokSpider; [email protected])"
47.128.115.229 - - [04/May/2026:04:05:50 -0500] "GET /wp-content/uploads/2024/03/bruschetta-pasta-salad-01-683x1024.jpg HTTP/2.0" 304 0 "https://easysalads.com/bruschetta-pasta-salad/" "Mozilla/5.0 (Linux; Android 5.0) AppleWebKit/537.36 (KHTML, like Gecko) Mobile Safari/537.36 (compatible; TikTokSpider; [email protected])"
47.128.115.229 - - [04/May/2026:04:05:51 -0500] "GET /wp-content/uploads/2024/03/bruschetta-pasta-salad-00-683x1024.jpg HTTP/2.0" 206 241409 "https://easysalads.com/bruschetta-pasta-salad/" "Mozilla/5.0 (Linux; Android 5.0) AppleWebKit/537.36 (KHTML, like Gecko) Mobile Safari/537.36 (compatible; TikTokSpider; [email protected])"
47.128.115.229 - - [04/May/2026:04:05:51 -0500] "GET /wp-content/uploads/2024/03/bruschetta-pasta-salad-01-683x1024.jpg HTTP/2.0" 206 500 "https://easysalads.com/bruschetta-pasta-salad/" "Mozilla/5.0 (Linux; Android 5.0) AppleWebKit/537.36 (KHTML, like Gecko) Mobile Safari/537.36 (compatible; TikTokSpider; [email protected])"
47.128.115.229 - - [04/May/2026:04:05:51 -0500] "GET /wp-content/uploads/2024/03/bruschetta-pasta-salad-00-683x1024.jpg HTTP/2.0" 304 0 "https://easysalads.com/bruschetta-pasta-salad/" "Mozilla/5.0 (Linux; Android 5.0) AppleWebKit/537.36 (KHTML, like Gecko) Mobile Safari/537.36 (compatible; TikTokSpider; [email protected])"
47.128.115.229 - - [04/May/2026:04:05:51 -0500] "GET /bruschetta-pasta-salad/ HTTP/2.0" 200 100565 "https://easysalads.com/bruschetta-pasta-salad/" "Mozilla/5.0 (Linux; Android 5.0) AppleWebKit/537.36 (KHTML, like Gecko) Mobile Safari/537.36 (compatible; TikTokSpider; [email protected])"
47.128.115.229 - - [04/May/2026:04:05:51 -0500] "GET /wp-content/uploads/2024/03/bruschetta-pasta-salad-01-683x1024.jpg HTTP/2.0" 304 0 "https://easysalads.com/bruschetta-pasta-salad/" "Mozilla/5.0 (Linux; Android 5.0) AppleWebKit/537.36 (KHTML, like Gecko) Mobile Safari/537.36 (compatible; TikTokSpider; [email protected])"
47.128.115.229 - - [04/May/2026:04:05:51 -0500] "GET /wp-content/uploads/2024/03/bruschetta-pasta-salad-00-683x1024.jpg HTTP/2.0" 304 0 "https://easysalads.com/bruschetta-pasta-salad/" "Mozilla/5.0 (Linux; Android 5.0) AppleWebKit/537.36 (KHTML, like Gecko) Mobile Safari/537.36 (compatible; TikTokSpider; [email protected])"
47.128.115.229 - - [04/May/2026:04:05:52 -0500] "GET /wp-content/uploads/2024/03/bruschetta-pasta-salad-01-683x1024.jpg HTTP/2.0" 206 500 "https://easysalads.com/bruschetta-pasta-salad/" "Mozilla/5.0 (Linux; Android 5.0) AppleWebKit/537.36 (KHTML, like Gecko) Mobile Safari/537.36 (compatible; TikTokSpider; [email protected])"
47.128.115.229 - - [04/May/2026:04:05:52 -0500] "GET /wp-content/uploads/2024/03/bruschetta-pasta-salad-00-683x1024.jpg HTTP/2.0" 206 500 "https://easysalads.com/bruschetta-pasta-salad/" "Mozilla/5.0 (Linux; Android 5.0) AppleWebKit/537.36 (KHTML, like Gecko) Mobile Safari/537.36 (compatible; TikTokSpider; [email protected])"
47.128.115.229 - - [04/May/2026:04:05:52 -0500] "GET /wp-content/uploads/2024/03/bruschetta-pasta-salad-01-683x1024.jpg HTTP/2.0" 304 0 "https://easysalads.com/bruschetta-pasta-salad/" "Mozilla/5.0 (Linux; Android 5.0) AppleWebKit/537.36 (KHTML, like Gecko) Mobile Safari/537.36 (compatible; TikTokSpider; [email protected])"
47.128.115.229 - - [04/May/2026:04:05:52 -0500] "GET /bruschetta-pasta-salad/ HTTP/2.0" 200 100542 "https://easysalads.com/bruschetta-pasta-salad/" "Mozilla/5.0 (Linux; Android 5.0) AppleWebKit/537.36 (KHTML, like Gecko) Mobile Safari/537.36 (compatible; TikTokSpider; [email protected])"
47.128.115.229 - - [04/May/2026:04:05:52 -0500] "GET /wp-content/uploads/2024/03/bruschetta-pasta-salad-00-683x1024.jpg HTTP/2.0" 304 0 "https://easysalads.com/bruschetta-pasta-salad/" "Mozilla/5.0 (Linux; Android 5.0) AppleWebKit/537.36 (KHTML, like Gecko) Mobile Safari/537.36 (compatible; TikTokSpider; [email protected])"
