47.128.115.5 - - [04/May/2026:03:49:55 -0500] "GET /wp-content/uploads/2024/03/bruschetta-pasta-salad-01-683x1024.jpg HTTP/2.0" 206 500 "https://easysalads.com/bruschetta-pasta-salad/" "Mozilla/5.0 (Linux; Android 5.0) AppleWebKit/537.36 (KHTML, like Gecko) Mobile Safari/537.36 (compatible; TikTokSpider; [email protected])"
154.18.244.252 - - [04/May/2026:03:49:55 -0500] "POST /wp-cron.php?doing_wp_cron=1777884595.7697560787200927734375 HTTP/1.1" 200 11 "-" "WordPress/6.9.4; https://easysalads.com"
47.128.115.5 - - [04/May/2026:03:49:55 -0500] "GET /bruschetta-pasta-salad/ HTTP/2.0" 200 100473 "https://easysalads.com/bruschetta-pasta-salad/" "Mozilla/5.0 (Linux; Android 5.0) AppleWebKit/537.36 (KHTML, like Gecko) Mobile Safari/537.36 (compatible; TikTokSpider; [email protected])"
47.128.115.5 - - [04/May/2026:03:49:55 -0500] "GET /wp-content/uploads/2024/03/bruschetta-pasta-salad-00-683x1024.jpg HTTP/2.0" 304 0 "https://easysalads.com/bruschetta-pasta-salad/" "Mozilla/5.0 (Linux; Android 5.0) AppleWebKit/537.36 (KHTML, like Gecko) Mobile Safari/537.36 (compatible; TikTokSpider; [email protected])"
47.128.115.5 - - [04/May/2026:03:49:55 -0500] "GET /wp-content/uploads/2024/03/bruschetta-pasta-salad-01-683x1024.jpg HTTP/2.0" 304 0 "https://easysalads.com/bruschetta-pasta-salad/" "Mozilla/5.0 (Linux; Android 5.0) AppleWebKit/537.36 (KHTML, like Gecko) Mobile Safari/537.36 (compatible; TikTokSpider; [email protected])"
47.128.115.5 - - [04/May/2026:03:49:56 -0500] "GET /wp-content/uploads/2024/03/bruschetta-pasta-salad-00-683x1024.jpg HTTP/2.0" 304 0 "https://easysalads.com/bruschetta-pasta-salad/" "Mozilla/5.0 (Linux; Android 5.0) AppleWebKit/537.36 (KHTML, like Gecko) Mobile Safari/537.36 (compatible; TikTokSpider; [email protected])"
47.128.115.5 - - [04/May/2026:03:49:56 -0500] "GET /wp-content/uploads/2024/03/bruschetta-pasta-salad-01-683x1024.jpg HTTP/2.0" 304 0 "https://easysalads.com/bruschetta-pasta-salad/" "Mozilla/5.0 (Linux; Android 5.0) AppleWebKit/537.36 (KHTML, like Gecko) Mobile Safari/537.36 (compatible; TikTokSpider; [email protected])"
47.128.115.5 - - [04/May/2026:03:49:56 -0500] "GET /bruschetta-pasta-salad/ HTTP/2.0" 200 100661 "https://easysalads.com/bruschetta-pasta-salad/" "Mozilla/5.0 (Linux; Android 5.0) AppleWebKit/537.36 (KHTML, like Gecko) Mobile Safari/537.36 (compatible; TikTokSpider; [email protected])"
47.128.115.5 - - [04/May/2026:03:49:56 -0500] "GET /wp-content/uploads/2024/03/bruschetta-pasta-salad-00-683x1024.jpg HTTP/2.0" 304 0 "https://easysalads.com/bruschetta-pasta-salad/" "Mozilla/5.0 (Linux; Android 5.0) AppleWebKit/537.36 (KHTML, like Gecko) Mobile Safari/537.36 (compatible; TikTokSpider; [email protected])"
47.128.115.5 - - [04/May/2026:03:49:56 -0500] "GET /wp-content/uploads/2024/03/bruschetta-pasta-salad-01-683x1024.jpg HTTP/2.0" 304 0 "https://easysalads.com/bruschetta-pasta-salad/" "Mozilla/5.0 (Linux; Android 5.0) AppleWebKit/537.36 (KHTML, like Gecko) Mobile Safari/537.36 (compatible; TikTokSpider; [email protected])"
47.128.115.5 - - [04/May/2026:03:49:56 -0500] "GET /wp-content/uploads/2024/03/bruschetta-pasta-salad-00-683x1024.jpg HTTP/2.0" 206 500 "https://easysalads.com/bruschetta-pasta-salad/" "Mozilla/5.0 (Linux; Android 5.0) AppleWebKit/537.36 (KHTML, like Gecko) Mobile Safari/537.36 (compatible; TikTokSpider; [email protected])"
47.128.115.5 - - [04/May/2026:03:49:56 -0500] "GET /wp-content/uploads/2024/03/bruschetta-pasta-salad-01-683x1024.jpg HTTP/2.0" 206 500 "https://easysalads.com/bruschetta-pasta-salad/" "Mozilla/5.0 (Linux; Android 5.0) AppleWebKit/537.36 (KHTML, like Gecko) Mobile Safari/537.36 (compatible; TikTokSpider; [email protected])"
47.128.115.5 - - [04/May/2026:03:49:57 -0500] "GET /bruschetta-pasta-salad/ HTTP/2.0" 200 100561 "https://easysalads.com/bruschetta-pasta-salad/" "Mozilla/5.0 (Linux; Android 5.0) AppleWebKit/537.36 (KHTML, like Gecko) Mobile Safari/537.36 (compatible; TikTokSpider; [email protected])"
47.128.115.5 - - [04/May/2026:03:49:57 -0500] "GET /wp-content/uploads/2024/03/bruschetta-pasta-salad-00-683x1024.jpg HTTP/2.0" 304 0 "https://easysalads.com/bruschetta-pasta-salad/" "Mozilla/5.0 (Linux; Android 5.0) AppleWebKit/537.36 (KHTML, like Gecko) Mobile Safari/537.36 (compatible; TikTokSpider; [email protected])"
47.128.115.5 - - [04/May/2026:03:49:57 -0500] "GET /wp-content/uploads/2024/03/bruschetta-pasta-salad-01-683x1024.jpg HTTP/2.0" 304 0 "https://easysalads.com/bruschetta-pasta-salad/" "Mozilla/5.0 (Linux; Android 5.0) AppleWebKit/537.36 (KHTML, like Gecko) Mobile Safari/537.36 (compatible; TikTokSpider; [email protected])"
47.128.115.5 - - [04/May/2026:03:49:57 -0500] "GET /wp-content/uploads/2024/03/bruschetta-pasta-salad-01-683x1024.jpg HTTP/2.0" 206 500 "https://easysalads.com/bruschetta-pasta-salad/" "Mozilla/5.0 (Linux; Android 5.0) AppleWebKit/537.36 (KHTML, like Gecko) Mobile Safari/537.36 (compatible; TikTokSpider; [email protected])"
47.128.115.5 - - [04/May/2026:03:49:57 -0500] "GET /wp-content/uploads/2024/03/bruschetta-pasta-salad-00-683x1024.jpg HTTP/2.0" 206 500 "https://easysalads.com/bruschetta-pasta-salad/" "Mozilla/5.0 (Linux; Android 5.0) AppleWebKit/537.36 (KHTML, like Gecko) Mobile Safari/537.36 (compatible; TikTokSpider; [email protected])"
47.128.115.5 - - [04/May/2026:03:49:58 -0500] "GET /wp-content/uploads/2024/03/bruschetta-pasta-salad-01-683x1024.jpg HTTP/2.0" 304 0 "https://easysalads.com/bruschetta-pasta-salad/" "Mozilla/5.0 (Linux; Android 5.0) AppleWebKit/537.36 (KHTML, like Gecko) Mobile Safari/537.36 (compatible; TikTokSpider; [email protected])"
47.128.115.5 - - [04/May/2026:03:49:58 -0500] "GET /bruschetta-pasta-salad/ HTTP/2.0" 200 100449 "https://easysalads.com/bruschetta-pasta-salad/" "Mozilla/5.0 (Linux; Android 5.0) AppleWebKit/537.36 (KHTML, like Gecko) Mobile Safari/537.36 (compatible; TikTokSpider; [email protected])"
47.128.115.5 - - [04/May/2026:03:49:58 -0500] "GET /wp-content/uploads/2024/03/bruschetta-pasta-salad-00-683x1024.jpg HTTP/2.0" 304 0 "https://easysalads.com/bruschetta-pasta-salad/" "Mozilla/5.0 (Linux; Android 5.0) AppleWebKit/537.36 (KHTML, like Gecko) Mobile Safari/537.36 (compatible; TikTokSpider; [email protected])"
47.128.115.5 - - [04/May/2026:03:49:58 -0500] "GET /wp-content/uploads/2024/03/bruschetta-pasta-salad-01-683x1024.jpg HTTP/2.0" 206 210588 "https://easysalads.com/bruschetta-pasta-salad/" "Mozilla/5.0 (Linux; Android 5.0) AppleWebKit/537.36 (KHTML, like Gecko) Mobile Safari/537.36 (compatible; TikTokSpider; [email protected])"
47.128.115.5 - - [04/May/2026:03:49:58 -0500] "GET /wp-content/uploads/2024/03/bruschetta-pasta-salad-00-683x1024.jpg HTTP/2.0" 206 500 "https://easysalads.com/bruschetta-pasta-salad/" "Mozilla/5.0 (Linux; Android 5.0) AppleWebKit/537.36 (KHTML, like Gecko) Mobile Safari/537.36 (compatible; TikTokSpider; [email protected])"
47.128.115.5 - - [04/May/2026:03:49:58 -0500] "GET /wp-content/uploads/2024/03/bruschetta-pasta-salad-01-683x1024.jpg HTTP/2.0" 304 0 "https://easysalads.com/bruschetta-pasta-salad/" "Mozilla/5.0 (Linux; Android 5.0) AppleWebKit/537.36 (KHTML, like Gecko) Mobile Safari/537.36 (compatible; TikTokSpider; [email protected])"
47.128.115.5 - - [04/May/2026:03:49:59 -0500] "GET /wp-content/uploads/2024/03/bruschetta-pasta-salad-00-683x1024.jpg HTTP/2.0" 304 0 "https://easysalads.com/bruschetta-pasta-salad/" "Mozilla/5.0 (Linux; Android 5.0) AppleWebKit/537.36 (KHTML, like Gecko) Mobile Safari/537.36 (compatible; TikTokSpider; [email protected])"
47.128.115.5 - - [04/May/2026:03:49:59 -0500] "GET /wp-content/uploads/2024/03/bruschetta-pasta-salad-01-683x1024.jpg HTTP/2.0" 304 0 "https://easysalads.com/bruschetta-pasta-salad/" "Mozilla/5.0 (Linux; Android 5.0) AppleWebKit/537.36 (KHTML, like Gecko) Mobile Safari/537.36 (compatible; TikTokSpider; [email protected])"
47.128.115.5 - - [04/May/2026:03:49:59 -0500] "GET /bruschetta-pasta-salad/ HTTP/2.0" 200 100499 "https://easysalads.com/bruschetta-pasta-salad/" "Mozilla/5.0 (Linux; Android 5.0) AppleWebKit/537.36 (KHTML, like Gecko) Mobile Safari/537.36 (compatible; TikTokSpider; [email protected])"
47.128.115.5 - - [04/May/2026:03:49:59 -0500] "GET /wp-content/uploads/2024/03/bruschetta-pasta-salad-00-683x1024.jpg HTTP/2.0" 206 241409 "https://easysalads.com/bruschetta-pasta-salad/" "Mozilla/5.0 (Linux; Android 5.0) AppleWebKit/537.36 (KHTML, like Gecko) Mobile Safari/537.36 (compatible; TikTokSpider; [email protected])"
47.128.115.5 - - [04/May/2026:03:49:59 -0500] "GET /wp-content/uploads/2024/03/bruschetta-pasta-salad-01-683x1024.jpg HTTP/2.0" 206 210588 "https://easysalads.com/bruschetta-pasta-salad/" "Mozilla/5.0 (Linux; Android 5.0) AppleWebKit/537.36 (KHTML, like Gecko) Mobile Safari/537.36 (compatible; TikTokSpider; [email protected])"
47.128.115.5 - - [04/May/2026:03:49:59 -0500] "GET /wp-content/uploads/2024/03/bruschetta-pasta-salad-01-683x1024.jpg HTTP/2.0" 304 0 "https://easysalads.com/bruschetta-pasta-salad/" "Mozilla/5.0 (Linux; Android 5.0) AppleWebKit/537.36 (KHTML, like Gecko) Mobile Safari/537.36 (compatible; TikTokSpider; [email protected])"
47.128.115.5 - - [04/May/2026:03:49:59 -0500] "GET /wp-content/uploads/2024/03/bruschetta-pasta-salad-00-683x1024.jpg HTTP/2.0" 304 0 "https://easysalads.com/bruschetta-pasta-salad/" "Mozilla/5.0 (Linux; Android 5.0) AppleWebKit/537.36 (KHTML, like Gecko) Mobile Safari/537.36 (compatible; TikTokSpider; [email protected])"
47.128.115.5 - - [04/May/2026:03:50:00 -0500] "GET /wp-content/uploads/2024/03/bruschetta-pasta-salad-01-683x1024.jpg HTTP/2.0" 304 0 "https://easysalads.com/bruschetta-pasta-salad/" "Mozilla/5.0 (Linux; Android 5.0) AppleWebKit/537.36 (KHTML, like Gecko) Mobile Safari/537.36 (compatible; TikTokSpider; [email protected])"
47.128.115.5 - - [04/May/2026:03:50:00 -0500] "GET /wp-content/uploads/2024/03/bruschetta-pasta-salad-00-683x1024.jpg HTTP/2.0" 304 0 "https://easysalads.com/bruschetta-pasta-salad/" "Mozilla/5.0 (Linux; Android 5.0) AppleWebKit/537.36 (KHTML, like Gecko) Mobile Safari/537.36 (compatible; TikTokSpider; [email protected])"
47.128.115.5 - - [04/May/2026:03:50:00 -0500] "GET /bruschetta-pasta-salad/ HTTP/2.0" 200 100498 "https://easysalads.com/bruschetta-pasta-salad/" "Mozilla/5.0 (Linux; Android 5.0) AppleWebKit/537.36 (KHTML, like Gecko) Mobile Safari/537.36 (compatible; TikTokSpider; [email protected])"
47.128.115.5 - - [04/May/2026:03:50:00 -0500] "GET /wp-content/uploads/2024/03/bruschetta-pasta-salad-01-683x1024.jpg HTTP/2.0" 206 210588 "https://easysalads.com/bruschetta-pasta-salad/" "Mozilla/5.0 (Linux; Android 5.0) AppleWebKit/537.36 (KHTML, like Gecko) Mobile Safari/537.36 (compatible; TikTokSpider; [email protected])"
47.128.115.5 - - [04/May/2026:03:50:00 -0500] "GET /wp-content/uploads/2024/03/bruschetta-pasta-salad-00-683x1024.jpg HTTP/2.0" 206 241409 "https://easysalads.com/bruschetta-pasta-salad/" "Mozilla/5.0 (Linux; Android 5.0) AppleWebKit/537.36 (KHTML, like Gecko) Mobile Safari/537.36 (compatible; TikTokSpider; [email protected])"
47.128.115.5 - - [04/May/2026:03:50:00 -0500] "GET /wp-content/uploads/2024/03/bruschetta-pasta-salad-00-683x1024.jpg HTTP/2.0" 304 0 "https://easysalads.com/bruschetta-pasta-salad/" "Mozilla/5.0 (Linux; Android 5.0) AppleWebKit/537.36 (KHTML, like Gecko) Mobile Safari/537.36 (compatible; TikTokSpider; [email protected])"
47.128.115.5 - - [04/May/2026:03:50:00 -0500] "GET /wp-content/uploads/2024/03/bruschetta-pasta-salad-01-683x1024.jpg HTTP/2.0" 304 0 "https://easysalads.com/bruschetta-pasta-salad/" "Mozilla/5.0 (Linux; Android 5.0) AppleWebKit/537.36 (KHTML, like Gecko) Mobile Safari/537.36 (compatible; TikTokSpider; [email protected])"
47.128.115.5 - - [04/May/2026:03:50:00 -0500] "GET /bruschetta-pasta-salad/ HTTP/2.0" 200 100546 "https://easysalads.com/bruschetta-pasta-salad/" "Mozilla/5.0 (Linux; Android 5.0) AppleWebKit/537.36 (KHTML, like Gecko) Mobile Safari/537.36 (compatible; TikTokSpider; [email protected])"
47.128.115.5 - - [04/May/2026:03:50:01 -0500] "GET /wp-content/uploads/2024/03/bruschetta-pasta-salad-00-683x1024.jpg HTTP/2.0" 304 0 "https://easysalads.com/bruschetta-pasta-salad/" "Mozilla/5.0 (Linux; Android 5.0) AppleWebKit/537.36 (KHTML, like Gecko) Mobile Safari/537.36 (compatible; TikTokSpider; [email protected])"
47.128.115.5 - - [04/May/2026:03:50:01 -0500] "GET /wp-content/uploads/2024/03/bruschetta-pasta-salad-01-683x1024.jpg HTTP/2.0" 304 0 "https://easysalads.com/bruschetta-pasta-salad/" "Mozilla/5.0 (Linux; Android 5.0) AppleWebKit/537.36 (KHTML, like Gecko) Mobile Safari/537.36 (compatible; TikTokSpider; [email protected])"
47.128.115.5 - - [04/May/2026:03:50:01 -0500] "GET /wp-content/uploads/2024/03/bruschetta-pasta-salad-00-683x1024.jpg HTTP/2.0" 304 0 "https://easysalads.com/bruschetta-pasta-salad/" "Mozilla/5.0 (Linux; Android 5.0) AppleWebKit/537.36 (KHTML, like Gecko) Mobile Safari/537.36 (compatible; TikTokSpider; [email protected])"
47.128.115.5 - - [04/May/2026:03:50:01 -0500] "GET /wp-content/uploads/2024/03/bruschetta-pasta-salad-01-683x1024.jpg HTTP/2.0" 304 0 "https://easysalads.com/bruschetta-pasta-salad/" "Mozilla/5.0 (Linux; Android 5.0) AppleWebKit/537.36 (KHTML, like Gecko) Mobile Safari/537.36 (compatible; TikTokSpider; [email protected])"
47.128.115.5 - - [04/May/2026:03:50:01 -0500] "GET /wp-content/uploads/2024/03/bruschetta-pasta-salad-00-683x1024.jpg HTTP/2.0" 304 0 "https://easysalads.com/bruschetta-pasta-salad/" "Mozilla/5.0 (Linux; Android 5.0) AppleWebKit/537.36 (KHTML, like Gecko) Mobile Safari/537.36 (compatible; TikTokSpider; [email protected])"
47.128.115.5 - - [04/May/2026:03:50:01 -0500] "GET /wp-content/uploads/2024/03/bruschetta-pasta-salad-01-683x1024.jpg HTTP/2.0" 304 0 "https://easysalads.com/bruschetta-pasta-salad/" "Mozilla/5.0 (Linux; Android 5.0) AppleWebKit/537.36 (KHTML, like Gecko) Mobile Safari/537.36 (compatible; TikTokSpider; [email protected])"
47.128.115.5 - - [04/May/2026:03:50:02 -0500] "GET /bruschetta-pasta-salad/ HTTP/2.0" 200 100533 "https://easysalads.com/bruschetta-pasta-salad/" "Mozilla/5.0 (Linux; Android 5.0) AppleWebKit/537.36 (KHTML, like Gecko) Mobile Safari/537.36 (compatible; TikTokSpider; [email protected])"
47.128.115.5 - - [04/May/2026:03:50:02 -0500] "GET /wp-content/uploads/2024/03/bruschetta-pasta-salad-00-683x1024.jpg HTTP/2.0" 206 241409 "https://easysalads.com/bruschetta-pasta-salad/" "Mozilla/5.0 (Linux; Android 5.0) AppleWebKit/537.36 (KHTML, like Gecko) Mobile Safari/537.36 (compatible; TikTokSpider; [email protected])"
47.128.115.5 - - [04/May/2026:03:50:02 -0500] "GET /wp-content/uploads/2024/03/bruschetta-pasta-salad-01-683x1024.jpg HTTP/2.0" 206 210588 "https://easysalads.com/bruschetta-pasta-salad/" "Mozilla/5.0 (Linux; Android 5.0) AppleWebKit/537.36 (KHTML, like Gecko) Mobile Safari/537.36 (compatible; TikTokSpider; [email protected])"
47.128.115.5 - - [04/May/2026:03:50:02 -0500] "GET /wp-content/uploads/2024/03/bruschetta-pasta-salad-01-683x1024.jpg HTTP/2.0" 304 0 "https://easysalads.com/bruschetta-pasta-salad/" "Mozilla/5.0 (Linux; Android 5.0) AppleWebKit/537.36 (KHTML, like Gecko) Mobile Safari/537.36 (compatible; TikTokSpider; [email protected])"
47.128.115.5 - - [04/May/2026:03:50:02 -0500] "GET /wp-content/uploads/2024/03/bruschetta-pasta-salad-00-683x1024.jpg HTTP/2.0" 304 0 "https://easysalads.com/bruschetta-pasta-salad/" "Mozilla/5.0 (Linux; Android 5.0) AppleWebKit/537.36 (KHTML, like Gecko) Mobile Safari/537.36 (compatible; TikTokSpider; [email protected])"
47.128.115.5 - - [04/May/2026:03:50:02 -0500] "GET /wp-content/uploads/2024/03/bruschetta-pasta-salad-01-683x1024.jpg HTTP/2.0" 304 0 "https://easysalads.com/bruschetta-pasta-salad/" "Mozilla/5.0 (Linux; Android 5.0) AppleWebKit/537.36 (KHTML, like Gecko) Mobile Safari/537.36 (compatible; TikTokSpider; [email protected])"
47.128.115.5 - - [04/May/2026:03:50:02 -0500] "GET /wp-content/uploads/2024/03/bruschetta-pasta-salad-00-683x1024.jpg HTTP/2.0" 304 0 "https://easysalads.com/bruschetta-pasta-salad/" "Mozilla/5.0 (Linux; Android 5.0) AppleWebKit/537.36 (KHTML, like Gecko) Mobile Safari/537.36 (compatible; TikTokSpider; [email protected])"
47.128.115.5 - - [04/May/2026:03:50:03 -0500] "GET /bruschetta-pasta-salad/ HTTP/2.0" 200 100543 "https://easysalads.com/bruschetta-pasta-salad/" "Mozilla/5.0 (Linux; Android 5.0) AppleWebKit/537.36 (KHTML, like Gecko) Mobile Safari/537.36 (compatible; TikTokSpider; [email protected])"
66.249.66.75 - - [04/May/2026:03:50:03 -0500] "GET /favicon.ico HTTP/1.1" 404 146 "-" "Googlebot-Image/1.0"
47.128.115.5 - - [04/May/2026:03:50:03 -0500] "GET /wp-content/uploads/2024/03/bruschetta-pasta-salad-01-683x1024.jpg HTTP/2.0" 206 210588 "https://easysalads.com/bruschetta-pasta-salad/" "Mozilla/5.0 (Linux; Android 5.0) AppleWebKit/537.36 (KHTML, like Gecko) Mobile Safari/537.36 (compatible; TikTokSpider; [email protected])"
47.128.115.5 - - [04/May/2026:03:50:03 -0500] "GET /wp-content/uploads/2024/03/bruschetta-pasta-salad-00-683x1024.jpg HTTP/2.0" 206 241409 "https://easysalads.com/bruschetta-pasta-salad/" "Mozilla/5.0 (Linux; Android 5.0) AppleWebKit/537.36 (KHTML, like Gecko) Mobile Safari/537.36 (compatible; TikTokSpider; [email protected])"
47.128.115.5 - - [04/May/2026:03:50:03 -0500] "GET /wp-content/uploads/2024/03/bruschetta-pasta-salad-01-683x1024.jpg HTTP/2.0" 304 0 "https://easysalads.com/bruschetta-pasta-salad/" "Mozilla/5.0 (Linux; Android 5.0) AppleWebKit/537.36 (KHTML, like Gecko) Mobile Safari/537.36 (compatible; TikTokSpider; [email protected])"
47.128.115.5 - - [04/May/2026:03:50:03 -0500] "GET /wp-content/uploads/2024/03/bruschetta-pasta-salad-00-683x1024.jpg HTTP/2.0" 304 0 "https://easysalads.com/bruschetta-pasta-salad/" "Mozilla/5.0 (Linux; Android 5.0) AppleWebKit/537.36 (KHTML, like Gecko) Mobile Safari/537.36 (compatible; TikTokSpider; [email protected])"
47.128.115.5 - - [04/May/2026:03:50:03 -0500] "GET /wp-content/uploads/2024/03/bruschetta-pasta-salad-01-683x1024.jpg HTTP/2.0" 304 0 "https://easysalads.com/bruschetta-pasta-salad/" "Mozilla/5.0 (Linux; Android 5.0) AppleWebKit/537.36 (KHTML, like Gecko) Mobile Safari/537.36 (compatible; TikTokSpider; [email protected])"
47.128.115.5 - - [04/May/2026:03:50:03 -0500] "GET /wp-content/uploads/2024/03/bruschetta-pasta-salad-00-683x1024.jpg HTTP/2.0" 304 0 "https://easysalads.com/bruschetta-pasta-salad/" "Mozilla/5.0 (Linux; Android 5.0) AppleWebKit/537.36 (KHTML, like Gecko) Mobile Safari/537.36 (compatible; TikTokSpider; [email protected])"
47.128.115.5 - - [04/May/2026:03:50:03 -0500] "GET /bruschetta-pasta-salad/ HTTP/2.0" 200 100537 "https://easysalads.com/bruschetta-pasta-salad/" "Mozilla/5.0 (Linux; Android 5.0) AppleWebKit/537.36 (KHTML, like Gecko) Mobile Safari/537.36 (compatible; TikTokSpider; [email protected])"
47.128.115.5 - - [04/May/2026:03:50:04 -0500] "GET /wp-content/uploads/2024/03/bruschetta-pasta-salad-01-683x1024.jpg HTTP/2.0" 206 210588 "https://easysalads.com/bruschetta-pasta-salad/" "Mozilla/5.0 (Linux; Android 5.0) AppleWebKit/537.36 (KHTML, like Gecko) Mobile Safari/537.36 (compatible; TikTokSpider; [email protected])"
47.128.115.5 - - [04/May/2026:03:50:04 -0500] "GET /wp-content/uploads/2024/03/bruschetta-pasta-salad-00-683x1024.jpg HTTP/2.0" 206 241409 "https://easysalads.com/bruschetta-pasta-salad/" "Mozilla/5.0 (Linux; Android 5.0) AppleWebKit/537.36 (KHTML, like Gecko) Mobile Safari/537.36 (compatible; TikTokSpider; [email protected])"
47.128.115.5 - - [04/May/2026:03:50:04 -0500] "GET /wp-content/uploads/2024/03/bruschetta-pasta-salad-00-683x1024.jpg HTTP/2.0" 304 0 "https://easysalads.com/bruschetta-pasta-salad/" "Mozilla/5.0 (Linux; Android 5.0) AppleWebKit/537.36 (KHTML, like Gecko) Mobile Safari/537.36 (compatible; TikTokSpider; [email protected])"
47.128.115.5 - - [04/May/2026:03:50:04 -0500] "GET /wp-content/uploads/2024/03/bruschetta-pasta-salad-01-683x1024.jpg HTTP/2.0" 304 0 "https://easysalads.com/bruschetta-pasta-salad/" "Mozilla/5.0 (Linux; Android 5.0) AppleWebKit/537.36 (KHTML, like Gecko) Mobile Safari/537.36 (compatible; TikTokSpider; [email protected])"
47.128.115.5 - - [04/May/2026:03:50:04 -0500] "GET /wp-content/uploads/2024/03/bruschetta-pasta-salad-00-683x1024.jpg HTTP/2.0" 304 0 "https://easysalads.com/bruschetta-pasta-salad/" "Mozilla/5.0 (Linux; Android 5.0) AppleWebKit/537.36 (KHTML, like Gecko) Mobile Safari/537.36 (compatible; TikTokSpider; [email protected])"
47.128.115.5 - - [04/May/2026:03:50:04 -0500] "GET /wp-content/uploads/2024/03/bruschetta-pasta-salad-01-683x1024.jpg HTTP/2.0" 304 0 "https://easysalads.com/bruschetta-pasta-salad/" "Mozilla/5.0 (Linux; Android 5.0) AppleWebKit/537.36 (KHTML, like Gecko) Mobile Safari/537.36 (compatible; TikTokSpider; [email protected])"
47.128.115.5 - - [04/May/2026:03:50:05 -0500] "GET /bruschetta-pasta-salad/ HTTP/2.0" 200 100489 "https://easysalads.com/bruschetta-pasta-salad/" "Mozilla/5.0 (Linux; Android 5.0) AppleWebKit/537.36 (KHTML, like Gecko) Mobile Safari/537.36 (compatible; TikTokSpider; [email protected])"
47.128.115.5 - - [04/May/2026:03:50:05 -0500] "GET /wp-content/uploads/2024/03/bruschetta-pasta-salad-00-683x1024.jpg HTTP/2.0" 206 241409 "https://easysalads.com/bruschetta-pasta-salad/" "Mozilla/5.0 (Linux; Android 5.0) AppleWebKit/537.36 (KHTML, like Gecko) Mobile Safari/537.36 (compatible; TikTokSpider; [email protected])"
47.128.115.5 - - [04/May/2026:03:50:05 -0500] "GET /wp-content/uploads/2024/03/bruschetta-pasta-salad-01-683x1024.jpg HTTP/2.0" 206 210588 "https://easysalads.com/bruschetta-pasta-salad/" "Mozilla/5.0 (Linux; Android 5.0) AppleWebKit/537.36 (KHTML, like Gecko) Mobile Safari/537.36 (compatible; TikTokSpider; [email protected])"
47.128.115.5 - - [04/May/2026:03:50:05 -0500] "GET /wp-content/uploads/2024/03/bruschetta-pasta-salad-00-683x1024.jpg HTTP/2.0" 304 0 "https://easysalads.com/bruschetta-pasta-salad/" "Mozilla/5.0 (Linux; Android 5.0) AppleWebKit/537.36 (KHTML, like Gecko) Mobile Safari/537.36 (compatible; TikTokSpider; [email protected])"
47.128.115.5 - - [04/May/2026:03:50:05 -0500] "GET /wp-content/uploads/2024/03/bruschetta-pasta-salad-01-683x1024.jpg HTTP/2.0" 304 0 "https://easysalads.com/bruschetta-pasta-salad/" "Mozilla/5.0 (Linux; Android 5.0) AppleWebKit/537.36 (KHTML, like Gecko) Mobile Safari/537.36 (compatible; TikTokSpider; [email protected])"
47.128.115.5 - - [04/May/2026:03:50:05 -0500] "GET /wp-content/uploads/2024/03/bruschetta-pasta-salad-00-683x1024.jpg HTTP/2.0" 304 0 "https://easysalads.com/bruschetta-pasta-salad/" "Mozilla/5.0 (Linux; Android 5.0) AppleWebKit/537.36 (KHTML, like Gecko) Mobile Safari/537.36 (compatible; TikTokSpider; [email protected])"
47.128.115.5 - - [04/May/2026:03:50:05 -0500] "GET /wp-content/uploads/2024/03/bruschetta-pasta-salad-01-683x1024.jpg HTTP/2.0" 304 0 "https://easysalads.com/bruschetta-pasta-salad/" "Mozilla/5.0 (Linux; Android 5.0) AppleWebKit/537.36 (KHTML, like Gecko) Mobile Safari/537.36 (compatible; TikTokSpider; [email protected])"
47.128.115.5 - - [04/May/2026:03:50:05 -0500] "GET /bruschetta-pasta-salad/ HTTP/2.0" 200 100504 "https://easysalads.com/bruschetta-pasta-salad/" "Mozilla/5.0 (Linux; Android 5.0) AppleWebKit/537.36 (KHTML, like Gecko) Mobile Safari/537.36 (compatible; TikTokSpider; [email protected])"
47.128.115.5 - - [04/May/2026:03:50:06 -0500] "GET /wp-content/uploads/2024/03/bruschetta-pasta-salad-00-683x1024.jpg HTTP/2.0" 206 241409 "https://easysalads.com/bruschetta-pasta-salad/" "Mozilla/5.0 (Linux; Android 5.0) AppleWebKit/537.36 (KHTML, like Gecko) Mobile Safari/537.36 (compatible; TikTokSpider; [email protected])"
47.128.115.5 - - [04/May/2026:03:50:06 -0500] "GET /wp-content/uploads/2024/03/bruschetta-pasta-salad-01-683x1024.jpg HTTP/2.0" 206 210588 "https://easysalads.com/bruschetta-pasta-salad/" "Mozilla/5.0 (Linux; Android 5.0) AppleWebKit/537.36 (KHTML, like Gecko) Mobile Safari/537.36 (compatible; TikTokSpider; [email protected])"
47.128.115.5 - - [04/May/2026:03:50:06 -0500] "GET /wp-content/uploads/2024/03/bruschetta-pasta-salad-00-683x1024.jpg HTTP/2.0" 304 0 "https://easysalads.com/bruschetta-pasta-salad/" "Mozilla/5.0 (Linux; Android 5.0) AppleWebKit/537.36 (KHTML, like Gecko) Mobile Safari/537.36 (compatible; TikTokSpider; [email protected])"
47.128.115.5 - - [04/May/2026:03:50:06 -0500] "GET /wp-content/uploads/2024/03/bruschetta-pasta-salad-01-683x1024.jpg HTTP/2.0" 304 0 "https://easysalads.com/bruschetta-pasta-salad/" "Mozilla/5.0 (Linux; Android 5.0) AppleWebKit/537.36 (KHTML, like Gecko) Mobile Safari/537.36 (compatible; TikTokSpider; [email protected])"
47.128.115.5 - - [04/May/2026:03:50:06 -0500] "GET /bruschetta-pasta-salad/ HTTP/2.0" 200 100479 "https://easysalads.com/bruschetta-pasta-salad/" "Mozilla/5.0 (Linux; Android 5.0) AppleWebKit/537.36 (KHTML, like Gecko) Mobile Safari/537.36 (compatible; TikTokSpider; [email protected])"
47.128.115.5 - - [04/May/2026:03:50:06 -0500] "GET /wp-content/uploads/2024/03/bruschetta-pasta-salad-00-683x1024.jpg HTTP/2.0" 304 0 "https://easysalads.com/bruschetta-pasta-salad/" "Mozilla/5.0 (Linux; Android 5.0) AppleWebKit/537.36 (KHTML, like Gecko) Mobile Safari/537.36 (compatible; TikTokSpider; [email protected])"
47.128.115.5 - - [04/May/2026:03:50:06 -0500] "GET /wp-content/uploads/2024/03/bruschetta-pasta-salad-01-683x1024.jpg HTTP/2.0" 304 0 "https://easysalads.com/bruschetta-pasta-salad/" "Mozilla/5.0 (Linux; Android 5.0) AppleWebKit/537.36 (KHTML, like Gecko) Mobile Safari/537.36 (compatible; TikTokSpider; [email protected])"
47.128.115.5 - - [04/May/2026:03:50:07 -0500] "GET /wp-content/uploads/2024/03/bruschetta-pasta-salad-00-683x1024.jpg HTTP/2.0" 206 500 "https://easysalads.com/bruschetta-pasta-salad/" "Mozilla/5.0 (Linux; Android 5.0) AppleWebKit/537.36 (KHTML, like Gecko) Mobile Safari/537.36 (compatible; TikTokSpider; [email protected])"
47.128.115.5 - - [04/May/2026:03:50:07 -0500] "GET /wp-content/uploads/2024/03/bruschetta-pasta-salad-01-683x1024.jpg HTTP/2.0" 206 500 "https://easysalads.com/bruschetta-pasta-salad/" "Mozilla/5.0 (Linux; Android 5.0) AppleWebKit/537.36 (KHTML, like Gecko) Mobile Safari/537.36 (compatible; TikTokSpider; [email protected])"
47.128.115.5 - - [04/May/2026:03:50:07 -0500] "GET /bruschetta-pasta-salad/ HTTP/2.0" 200 100499 "https://easysalads.com/bruschetta-pasta-salad/" "Mozilla/5.0 (Linux; Android 5.0) AppleWebKit/537.36 (KHTML, like Gecko) Mobile Safari/537.36 (compatible; TikTokSpider; [email protected])"
47.128.115.5 - - [04/May/2026:03:50:07 -0500] "GET /wp-content/uploads/2024/03/bruschetta-pasta-salad-00-683x1024.jpg HTTP/2.0" 304 0 "https://easysalads.com/bruschetta-pasta-salad/" "Mozilla/5.0 (Linux; Android 5.0) AppleWebKit/537.36 (KHTML, like Gecko) Mobile Safari/537.36 (compatible; TikTokSpider; [email protected])"
47.128.115.5 - - [04/May/2026:03:50:07 -0500] "GET /wp-content/uploads/2024/03/bruschetta-pasta-salad-01-683x1024.jpg HTTP/2.0" 304 0 "https://easysalads.com/bruschetta-pasta-salad/" "Mozilla/5.0 (Linux; Android 5.0) AppleWebKit/537.36 (KHTML, like Gecko) Mobile Safari/537.36 (compatible; TikTokSpider; [email protected])"
47.128.115.5 - - [04/May/2026:03:50:08 -0500] "GET /wp-content/uploads/2024/03/bruschetta-pasta-salad-00-683x1024.jpg HTTP/2.0" 206 500 "https://easysalads.com/bruschetta-pasta-salad/" "Mozilla/5.0 (Linux; Android 5.0) AppleWebKit/537.36 (KHTML, like Gecko) Mobile Safari/537.36 (compatible; TikTokSpider; [email protected])"
47.128.115.5 - - [04/May/2026:03:50:08 -0500] "GET /wp-content/uploads/2024/03/bruschetta-pasta-salad-01-683x1024.jpg HTTP/2.0" 206 500 "https://easysalads.com/bruschetta-pasta-salad/" "Mozilla/5.0 (Linux; Android 5.0) AppleWebKit/537.36 (KHTML, like Gecko) Mobile Safari/537.36 (compatible; TikTokSpider; [email protected])"
47.128.115.5 - - [04/May/2026:03:50:08 -0500] "GET /bruschetta-pasta-salad/ HTTP/2.0" 200 100470 "https://easysalads.com/bruschetta-pasta-salad/" "Mozilla/5.0 (Linux; Android 5.0) AppleWebKit/537.36 (KHTML, like Gecko) Mobile Safari/537.36 (compatible; TikTokSpider; [email protected])"
47.128.115.5 - - [04/May/2026:03:50:08 -0500] "GET /wp-content/uploads/2024/03/bruschetta-pasta-salad-00-683x1024.jpg HTTP/2.0" 304 0 "https://easysalads.com/bruschetta-pasta-salad/" "Mozilla/5.0 (Linux; Android 5.0) AppleWebKit/537.36 (KHTML, like Gecko) Mobile Safari/537.36 (compatible; TikTokSpider; [email protected])"
47.128.115.5 - - [04/May/2026:03:50:08 -0500] "GET /wp-content/uploads/2024/03/bruschetta-pasta-salad-01-683x1024.jpg HTTP/2.0" 304 0 "https://easysalads.com/bruschetta-pasta-salad/" "Mozilla/5.0 (Linux; Android 5.0) AppleWebKit/537.36 (KHTML, like Gecko) Mobile Safari/537.36 (compatible; TikTokSpider; [email protected])"
47.128.115.5 - - [04/May/2026:03:50:09 -0500] "GET /wp-content/uploads/2024/03/bruschetta-pasta-salad-01-683x1024.jpg HTTP/2.0" 304 0 "https://easysalads.com/bruschetta-pasta-salad/" "Mozilla/5.0 (Linux; Android 5.0) AppleWebKit/537.36 (KHTML, like Gecko) Mobile Safari/537.36 (compatible; TikTokSpider; [email protected])"
47.128.115.5 - - [04/May/2026:03:50:09 -0500] "GET /wp-content/uploads/2024/03/bruschetta-pasta-salad-00-683x1024.jpg HTTP/2.0" 304 0 "https://easysalads.com/bruschetta-pasta-salad/" "Mozilla/5.0 (Linux; Android 5.0) AppleWebKit/537.36 (KHTML, like Gecko) Mobile Safari/537.36 (compatible; TikTokSpider; [email protected])"
47.128.115.5 - - [04/May/2026:03:50:09 -0500] "GET /bruschetta-pasta-salad/ HTTP/2.0" 200 100488 "https://easysalads.com/bruschetta-pasta-salad/" "Mozilla/5.0 (Linux; Android 5.0) AppleWebKit/537.36 (KHTML, like Gecko) Mobile Safari/537.36 (compatible; TikTokSpider; [email protected])"
47.128.115.5 - - [04/May/2026:03:50:09 -0500] "GET /wp-content/uploads/2024/03/bruschetta-pasta-salad-01-683x1024.jpg HTTP/2.0" 304 0 "https://easysalads.com/bruschetta-pasta-salad/" "Mozilla/5.0 (Linux; Android 5.0) AppleWebKit/537.36 (KHTML, like Gecko) Mobile Safari/537.36 (compatible; TikTokSpider; [email protected])"
47.128.115.5 - - [04/May/2026:03:50:09 -0500] "GET /wp-content/uploads/2024/03/bruschetta-pasta-salad-00-683x1024.jpg HTTP/2.0" 304 0 "https://easysalads.com/bruschetta-pasta-salad/" "Mozilla/5.0 (Linux; Android 5.0) AppleWebKit/537.36 (KHTML, like Gecko) Mobile Safari/537.36 (compatible; TikTokSpider; [email protected])"
47.128.115.5 - - [04/May/2026:03:50:09 -0500] "GET /wp-content/uploads/2024/03/bruschetta-pasta-salad-00-683x1024.jpg HTTP/2.0" 206 500 "https://easysalads.com/bruschetta-pasta-salad/" "Mozilla/5.0 (Linux; Android 5.0) AppleWebKit/537.36 (KHTML, like Gecko) Mobile Safari/537.36 (compatible; TikTokSpider; [email protected])"
47.128.115.5 - - [04/May/2026:03:50:09 -0500] "GET /wp-content/uploads/2024/03/bruschetta-pasta-salad-01-683x1024.jpg HTTP/2.0" 206 500 "https://easysalads.com/bruschetta-pasta-salad/" "Mozilla/5.0 (Linux; Android 5.0) AppleWebKit/537.36 (KHTML, like Gecko) Mobile Safari/537.36 (compatible; TikTokSpider; [email protected])"
47.128.115.5 - - [04/May/2026:03:50:10 -0500] "GET /bruschetta-pasta-salad/ HTTP/2.0" 200 100459 "https://easysalads.com/bruschetta-pasta-salad/" "Mozilla/5.0 (Linux; Android 5.0) AppleWebKit/537.36 (KHTML, like Gecko) Mobile Safari/537.36 (compatible; TikTokSpider; [email protected])"
47.128.115.5 - - [04/May/2026:03:50:10 -0500] "GET /wp-content/uploads/2024/03/bruschetta-pasta-salad-00-683x1024.jpg HTTP/2.0" 304 0 "https://easysalads.com/bruschetta-pasta-salad/" "Mozilla/5.0 (Linux; Android 5.0) AppleWebKit/537.36 (KHTML, like Gecko) Mobile Safari/537.36 (compatible; TikTokSpider; [email protected])"
47.128.115.5 - - [04/May/2026:03:50:10 -0500] "GET /wp-content/uploads/2024/03/bruschetta-pasta-salad-01-683x1024.jpg HTTP/2.0" 304 0 "https://easysalads.com/bruschetta-pasta-salad/" "Mozilla/5.0 (Linux; Android 5.0) AppleWebKit/537.36 (KHTML, like Gecko) Mobile Safari/537.36 (compatible; TikTokSpider; [email protected])"
47.128.115.5 - - [04/May/2026:03:50:10 -0500] "GET /wp-content/uploads/2024/03/bruschetta-pasta-salad-01-683x1024.jpg HTTP/2.0" 304 0 "https://easysalads.com/bruschetta-pasta-salad/" "Mozilla/5.0 (Linux; Android 5.0) AppleWebKit/537.36 (KHTML, like Gecko) Mobile Safari/537.36 (compatible; TikTokSpider; [email protected])"
47.128.115.5 - - [04/May/2026:03:50:10 -0500] "GET /wp-content/uploads/2024/03/bruschetta-pasta-salad-00-683x1024.jpg HTTP/2.0" 304 0 "https://easysalads.com/bruschetta-pasta-salad/" "Mozilla/5.0 (Linux; Android 5.0) AppleWebKit/537.36 (KHTML, like Gecko) Mobile Safari/537.36 (compatible; TikTokSpider; [email protected])"
47.128.115.5 - - [04/May/2026:03:50:10 -0500] "GET /bruschetta-pasta-salad/ HTTP/2.0" 200 100538 "https://easysalads.com/bruschetta-pasta-salad/" "Mozilla/5.0 (Linux; Android 5.0) AppleWebKit/537.36 (KHTML, like Gecko) Mobile Safari/537.36 (compatible; TikTokSpider; [email protected])"
47.128.115.5 - - [04/May/2026:03:50:11 -0500] "GET /wp-content/uploads/2024/03/bruschetta-pasta-salad-01-683x1024.jpg HTTP/2.0" 304 0 "https://easysalads.com/bruschetta-pasta-salad/" "Mozilla/5.0 (Linux; Android 5.0) AppleWebKit/537.36 (KHTML, like Gecko) Mobile Safari/537.36 (compatible; TikTokSpider; [email protected])"
47.128.115.5 - - [04/May/2026:03:50:11 -0500] "GET /wp-content/uploads/2024/03/bruschetta-pasta-salad-00-683x1024.jpg HTTP/2.0" 304 0 "https://easysalads.com/bruschetta-pasta-salad/" "Mozilla/5.0 (Linux; Android 5.0) AppleWebKit/537.36 (KHTML, like Gecko) Mobile Safari/537.36 (compatible; TikTokSpider; [email protected])"
47.128.115.5 - - [04/May/2026:03:50:11 -0500] "GET /wp-content/uploads/2024/03/bruschetta-pasta-salad-00-683x1024.jpg HTTP/2.0" 206 500 "https://easysalads.com/bruschetta-pasta-salad/" "Mozilla/5.0 (Linux; Android 5.0) AppleWebKit/537.36 (KHTML, like Gecko) Mobile Safari/537.36 (compatible; TikTokSpider; [email protected])"
47.128.115.5 - - [04/May/2026:03:50:11 -0500] "GET /wp-content/uploads/2024/03/bruschetta-pasta-salad-01-683x1024.jpg HTTP/2.0" 206 500 "https://easysalads.com/bruschetta-pasta-salad/" "Mozilla/5.0 (Linux; Android 5.0) AppleWebKit/537.36 (KHTML, like Gecko) Mobile Safari/537.36 (compatible; TikTokSpider; [email protected])"
96.47.20.4 - - [04/May/2026:03:50:11 -0500] "GET /creamy-chickpea-salad HTTP/1.1" 200 128585 "-" "Mozilla/5.0 (Windows NT 10.0; http://temnos.com; rv:110.0) Gecko/20100101 Firefox/110.0"
47.128.115.5 - - [04/May/2026:03:50:11 -0500] "GET /bruschetta-pasta-salad/ HTTP/2.0" 200 100484 "https://easysalads.com/bruschetta-pasta-salad/" "Mozilla/5.0 (Linux; Android 5.0) AppleWebKit/537.36 (KHTML, like Gecko) Mobile Safari/537.36 (compatible; TikTokSpider; [email protected])"
47.128.115.5 - - [04/May/2026:03:50:11 -0500] "GET /wp-content/uploads/2024/03/bruschetta-pasta-salad-00-683x1024.jpg HTTP/2.0" 304 0 "https://easysalads.com/bruschetta-pasta-salad/" "Mozilla/5.0 (Linux; Android 5.0) AppleWebKit/537.36 (KHTML, like Gecko) Mobile Safari/537.36 (compatible; TikTokSpider; [email protected])"
47.128.115.5 - - [04/May/2026:03:50:11 -0500] "GET /wp-content/uploads/2024/03/bruschetta-pasta-salad-01-683x1024.jpg HTTP/2.0" 304 0 "https://easysalads.com/bruschetta-pasta-salad/" "Mozilla/5.0 (Linux; Android 5.0) AppleWebKit/537.36 (KHTML, like Gecko) Mobile Safari/537.36 (compatible; TikTokSpider; [email protected])"
96.47.20.4 - - [04/May/2026:03:50:12 -0500] "GET /wp-content/plugins/kadence-blocks/dist/style-blocks-rowlayout.css?ver=3.6.7 HTTP/1.1" 200 10200 "https://easysalads.com/creamy-chickpea-salad" "Mozilla/5.0 (Windows NT 10.0; http://temnos.com; rv:110.0) Gecko/20100101 Firefox/110.0"
47.128.115.5 - - [04/May/2026:03:50:12 -0500] "GET /wp-content/uploads/2024/03/bruschetta-pasta-salad-00-683x1024.jpg HTTP/2.0" 206 500 "https://easysalads.com/bruschetta-pasta-salad/" "Mozilla/5.0 (Linux; Android 5.0) AppleWebKit/537.36 (KHTML, like Gecko) Mobile Safari/537.36 (compatible; TikTokSpider; [email protected])"
47.128.115.5 - - [04/May/2026:03:50:12 -0500] "GET /wp-content/uploads/2024/03/bruschetta-pasta-salad-01-683x1024.jpg HTTP/2.0" 206 500 "https://easysalads.com/bruschetta-pasta-salad/" "Mozilla/5.0 (Linux; Android 5.0) AppleWebKit/537.36 (KHTML, like Gecko) Mobile Safari/537.36 (compatible; TikTokSpider; [email protected])"
96.47.20.4 - - [04/May/2026:03:50:12 -0500] "GET /wp-content/plugins/kadence-blocks/dist/style-blocks-column.css?ver=3.6.7 HTTP/1.1" 200 1477 "https://easysalads.com/creamy-chickpea-salad" "Mozilla/5.0 (Windows NT 10.0; http://temnos.com; rv:110.0) Gecko/20100101 Firefox/110.0"
47.128.115.5 - - [04/May/2026:03:50:12 -0500] "GET /bruschetta-pasta-salad/ HTTP/2.0" 200 100536 "https://easysalads.com/bruschetta-pasta-salad/" "Mozilla/5.0 (Linux; Android 5.0) AppleWebKit/537.36 (KHTML, like Gecko) Mobile Safari/537.36 (compatible; TikTokSpider; [email protected])"
96.47.20.4 - - [04/May/2026:03:50:12 -0500] "GET /wp-content/plugins/kadence-blocks/dist/style-blocks-infobox.css?ver=3.6.7 HTTP/1.1" 200 7718 "https://easysalads.com/creamy-chickpea-salad" "Mozilla/5.0 (Windows NT 10.0; http://temnos.com; rv:110.0) Gecko/20100101 Firefox/110.0"
47.128.115.5 - - [04/May/2026:03:50:12 -0500] "GET /wp-content/uploads/2024/03/bruschetta-pasta-salad-00-683x1024.jpg HTTP/2.0" 304 0 "https://easysalads.com/bruschetta-pasta-salad/" "Mozilla/5.0 (Linux; Android 5.0) AppleWebKit/537.36 (KHTML, like Gecko) Mobile Safari/537.36 (compatible; TikTokSpider; [email protected])"
47.128.115.5 - - [04/May/2026:03:50:12 -0500] "GET /wp-content/uploads/2024/03/bruschetta-pasta-salad-01-683x1024.jpg HTTP/2.0" 304 0 "https://easysalads.com/bruschetta-pasta-salad/" "Mozilla/5.0 (Linux; Android 5.0) AppleWebKit/537.36 (KHTML, like Gecko) Mobile Safari/537.36 (compatible; TikTokSpider; [email protected])"
96.47.20.4 - - [04/May/2026:03:50:13 -0500] "GET /wp-content/plugins/kadence-blocks/dist/style-blocks-advancedbtn.css?ver=3.6.7 HTTP/1.1" 200 2974 "https://easysalads.com/creamy-chickpea-salad" "Mozilla/5.0 (Windows NT 10.0; http://temnos.com; rv:110.0) Gecko/20100101 Firefox/110.0"
47.128.115.5 - - [04/May/2026:03:50:13 -0500] "GET /wp-content/uploads/2024/03/bruschetta-pasta-salad-01-683x1024.jpg HTTP/2.0" 206 500 "https://easysalads.com/bruschetta-pasta-salad/" "Mozilla/5.0 (Linux; Android 5.0) AppleWebKit/537.36 (KHTML, like Gecko) Mobile Safari/537.36 (compatible; TikTokSpider; [email protected])"
47.128.115.5 - - [04/May/2026:03:50:13 -0500] "GET /wp-content/uploads/2024/03/bruschetta-pasta-salad-00-683x1024.jpg HTTP/2.0" 206 500 "https://easysalads.com/bruschetta-pasta-salad/" "Mozilla/5.0 (Linux; Android 5.0) AppleWebKit/537.36 (KHTML, like Gecko) Mobile Safari/537.36 (compatible; TikTokSpider; [email protected])"
96.47.20.4 - - [04/May/2026:03:50:13 -0500] "GET /wp-content/plugins/kadence-blocks-pro/dist/style-blocks-postgrid.css?ver=2.8.13.1 HTTP/1.1" 200 22003 "https://easysalads.com/creamy-chickpea-salad" "Mozilla/5.0 (Windows NT 10.0; http://temnos.com; rv:110.0) Gecko/20100101 Firefox/110.0"
47.128.115.5 - - [04/May/2026:03:50:13 -0500] "GET /wp-content/uploads/2024/03/bruschetta-pasta-salad-01-683x1024.jpg HTTP/2.0" 304 0 "https://easysalads.com/bruschetta-pasta-salad/" "Mozilla/5.0 (Linux; Android 5.0) AppleWebKit/537.36 (KHTML, like Gecko) Mobile Safari/537.36 (compatible; TikTokSpider; [email protected])"
47.128.115.5 - - [04/May/2026:03:50:13 -0500] "GET /wp-content/uploads/2024/03/bruschetta-pasta-salad-00-683x1024.jpg HTTP/2.0" 304 0 "https://easysalads.com/bruschetta-pasta-salad/" "Mozilla/5.0 (Linux; Android 5.0) AppleWebKit/537.36 (KHTML, like Gecko) Mobile Safari/537.36 (compatible; TikTokSpider; [email protected])"
47.128.115.5 - - [04/May/2026:03:50:13 -0500] "GET /bruschetta-pasta-salad/ HTTP/2.0" 200 100490 "https://easysalads.com/bruschetta-pasta-salad/" "Mozilla/5.0 (Linux; Android 5.0) AppleWebKit/537.36 (KHTML, like Gecko) Mobile Safari/537.36 (compatible; TikTokSpider; [email protected])"
96.47.20.4 - - [04/May/2026:03:50:13 -0500] "GET /wp-content/plugins/wp-recipe-maker/dist/public-modern.css?ver=10.5.0 HTTP/1.1" 200 54048 "https://easysalads.com/creamy-chickpea-salad" "Mozilla/5.0 (Windows NT 10.0; http://temnos.com; rv:110.0) Gecko/20100101 Firefox/110.0"
47.128.115.5 - - [04/May/2026:03:50:14 -0500] "GET /wp-content/uploads/2024/03/bruschetta-pasta-salad-01-683x1024.jpg HTTP/2.0" 206 210588 "https://easysalads.com/bruschetta-pasta-salad/" "Mozilla/5.0 (Linux; Android 5.0) AppleWebKit/537.36 (KHTML, like Gecko) Mobile Safari/537.36 (compatible; TikTokSpider; [email protected])"
47.128.115.5 - - [04/May/2026:03:50:14 -0500] "GET /wp-content/uploads/2024/03/bruschetta-pasta-salad-00-683x1024.jpg HTTP/2.0" 206 241409 "https://easysalads.com/bruschetta-pasta-salad/" "Mozilla/5.0 (Linux; Android 5.0) AppleWebKit/537.36 (KHTML, like Gecko) Mobile Safari/537.36 (compatible; TikTokSpider; [email protected])"
47.128.115.5 - - [04/May/2026:03:50:14 -0500] "GET /wp-content/uploads/2024/03/bruschetta-pasta-salad-01-683x1024.jpg HTTP/2.0" 304 0 "https://easysalads.com/bruschetta-pasta-salad/" "Mozilla/5.0 (Linux; Android 5.0) AppleWebKit/537.36 (KHTML, like Gecko) Mobile Safari/537.36 (compatible; TikTokSpider; [email protected])"
47.128.115.5 - - [04/May/2026:03:50:14 -0500] "GET /wp-content/uploads/2024/03/bruschetta-pasta-salad-00-683x1024.jpg HTTP/2.0" 304 0 "https://easysalads.com/bruschetta-pasta-salad/" "Mozilla/5.0 (Linux; Android 5.0) AppleWebKit/537.36 (KHTML, like Gecko) Mobile Safari/537.36 (compatible; TikTokSpider; [email protected])"
96.47.20.4 - - [04/May/2026:03:50:14 -0500] "GET /wp-content/plugins/wp-recipe-maker-premium/dist/public-pro.css?ver=10.5.0 HTTP/1.1" 200 59909 "https://easysalads.com/creamy-chickpea-salad" "Mozilla/5.0 (Windows NT 10.0; http://temnos.com; rv:110.0) Gecko/20100101 Firefox/110.0"
47.128.115.5 - - [04/May/2026:03:50:14 -0500] "GET /bruschetta-pasta-salad/ HTTP/2.0" 200 100489 "https://easysalads.com/bruschetta-pasta-salad/" "Mozilla/5.0 (Linux; Android 5.0) AppleWebKit/537.36 (KHTML, like Gecko) Mobile Safari/537.36 (compatible; TikTokSpider; [email protected])"
47.128.115.5 - - [04/May/2026:03:50:14 -0500] "GET /wp-content/uploads/2024/03/bruschetta-pasta-salad-00-683x1024.jpg HTTP/2.0" 304 0 "https://easysalads.com/bruschetta-pasta-salad/" "Mozilla/5.0 (Linux; Android 5.0) AppleWebKit/537.36 (KHTML, like Gecko) Mobile Safari/537.36 (compatible; TikTokSpider; [email protected])"
47.128.115.5 - - [04/May/2026:03:50:14 -0500] "GET /wp-content/uploads/2024/03/bruschetta-pasta-salad-01-683x1024.jpg HTTP/2.0" 304 0 "https://easysalads.com/bruschetta-pasta-salad/" "Mozilla/5.0 (Linux; Android 5.0) AppleWebKit/537.36 (KHTML, like Gecko) Mobile Safari/537.36 (compatible; TikTokSpider; [email protected])"
96.47.20.4 - - [04/May/2026:03:50:14 -0500] "GET /wp-content/themes/kadence/assets/css/global.min.css?ver=1.1.22 HTTP/1.1" 200 19367 "https://easysalads.com/creamy-chickpea-salad" "Mozilla/5.0 (Windows NT 10.0; http://temnos.com; rv:110.0) Gecko/20100101 Firefox/110.0"
47.128.115.5 - - [04/May/2026:03:50:15 -0500] "GET /wp-content/uploads/2024/03/bruschetta-pasta-salad-00-683x1024.jpg HTTP/2.0" 206 500 "https://easysalads.com/bruschetta-pasta-salad/" "Mozilla/5.0 (Linux; Android 5.0) AppleWebKit/537.36 (KHTML, like Gecko) Mobile Safari/537.36 (compatible; TikTokSpider; [email protected])"
47.128.115.5 - - [04/May/2026:03:50:15 -0500] "GET /wp-content/uploads/2024/03/bruschetta-pasta-salad-01-683x1024.jpg HTTP/2.0" 206 500 "https://easysalads.com/bruschetta-pasta-salad/" "Mozilla/5.0 (Linux; Android 5.0) AppleWebKit/537.36 (KHTML, like Gecko) Mobile Safari/537.36 (compatible; TikTokSpider; [email protected])"
96.47.20.4 - - [04/May/2026:03:50:15 -0500] "GET /wp-content/themes/kadence/assets/css/header.min.css?ver=1.1.22 HTTP/1.1" 200 27729 "https://easysalads.com/creamy-chickpea-salad" "Mozilla/5.0 (Windows NT 10.0; http://temnos.com; rv:110.0) Gecko/20100101 Firefox/110.0"
47.128.115.5 - - [04/May/2026:03:50:15 -0500] "GET /wp-content/uploads/2024/03/bruschetta-pasta-salad-00-683x1024.jpg HTTP/2.0" 304 0 "https://easysalads.com/bruschetta-pasta-salad/" "Mozilla/5.0 (Linux; Android 5.0) AppleWebKit/537.36 (KHTML, like Gecko) Mobile Safari/537.36 (compatible; TikTokSpider; [email protected])"
47.128.115.5 - - [04/May/2026:03:50:15 -0500] "GET /bruschetta-pasta-salad/ HTTP/2.0" 200 100454 "https://easysalads.com/bruschetta-pasta-salad/" "Mozilla/5.0 (Linux; Android 5.0) AppleWebKit/537.36 (KHTML, like Gecko) Mobile Safari/537.36 (compatible; TikTokSpider; [email protected])"
47.128.115.5 - - [04/May/2026:03:50:15 -0500] "GET /wp-content/uploads/2024/03/bruschetta-pasta-salad-01-683x1024.jpg HTTP/2.0" 304 0 "https://easysalads.com/bruschetta-pasta-salad/" "Mozilla/5.0 (Linux; Android 5.0) AppleWebKit/537.36 (KHTML, like Gecko) Mobile Safari/537.36 (compatible; TikTokSpider; [email protected])"
96.47.20.4 - - [04/May/2026:03:50:15 -0500] "GET /wp-content/themes/kadence/assets/css/content.min.css?ver=1.1.22 HTTP/1.1" 200 32250 "https://easysalads.com/creamy-chickpea-salad" "Mozilla/5.0 (Windows NT 10.0; http://temnos.com; rv:110.0) Gecko/20100101 Firefox/110.0"
47.128.115.5 - - [04/May/2026:03:50:15 -0500] "GET /wp-content/uploads/2024/03/bruschetta-pasta-salad-00-683x1024.jpg HTTP/2.0" 206 241409 "https://easysalads.com/bruschetta-pasta-salad/" "Mozilla/5.0 (Linux; Android 5.0) AppleWebKit/537.36 (KHTML, like Gecko) Mobile Safari/537.36 (compatible; TikTokSpider; [email protected])"
47.128.115.5 - - [04/May/2026:03:50:15 -0500] "GET /wp-content/uploads/2024/03/bruschetta-pasta-salad-01-683x1024.jpg HTTP/2.0" 206 500 "https://easysalads.com/bruschetta-pasta-salad/" "Mozilla/5.0 (Linux; Android 5.0) AppleWebKit/537.36 (KHTML, like Gecko) Mobile Safari/537.36 (compatible; TikTokSpider; [email protected])"
47.128.115.5 - - [04/May/2026:03:50:15 -0500] "GET /wp-content/uploads/2024/03/bruschetta-pasta-salad-00-683x1024.jpg HTTP/2.0" 304 0 "https://easysalads.com/bruschetta-pasta-salad/" "Mozilla/5.0 (Linux; Android 5.0) AppleWebKit/537.36 (KHTML, like Gecko) Mobile Safari/537.36 (compatible; TikTokSpider; [email protected])"
96.47.20.4 - - [04/May/2026:03:50:15 -0500] "GET /wp-content/themes/kadence/assets/css/comments.min.css?ver=1.1.22 HTTP/1.1" 200 6446 "https://easysalads.com/creamy-chickpea-salad" "Mozilla/5.0 (Windows NT 10.0; http://temnos.com; rv:110.0) Gecko/20100101 Firefox/110.0"
47.128.115.5 - - [04/May/2026:03:50:16 -0500] "GET /bruschetta-pasta-salad/ HTTP/2.0" 200 100661 "https://easysalads.com/bruschetta-pasta-salad/" "Mozilla/5.0 (Linux; Android 5.0) AppleWebKit/537.36 (KHTML, like Gecko) Mobile Safari/537.36 (compatible; TikTokSpider; [email protected])"
47.128.115.5 - - [04/May/2026:03:50:16 -0500] "GET /wp-content/uploads/2024/03/bruschetta-pasta-salad-01-683x1024.jpg HTTP/2.0" 304 0 "https://easysalads.com/bruschetta-pasta-salad/" "Mozilla/5.0 (Linux; Android 5.0) AppleWebKit/537.36 (KHTML, like Gecko) Mobile Safari/537.36 (compatible; TikTokSpider; [email protected])"
47.128.115.5 - - [04/May/2026:03:50:16 -0500] "GET /wp-content/uploads/2024/03/bruschetta-pasta-salad-00-683x1024.jpg HTTP/2.0" 304 0 "https://easysalads.com/bruschetta-pasta-salad/" "Mozilla/5.0 (Linux; Android 5.0) AppleWebKit/537.36 (KHTML, like Gecko) Mobile Safari/537.36 (compatible; TikTokSpider; [email protected])"
96.47.20.4 - - [04/May/2026:03:50:16 -0500] "GET /wp-content/themes/kadence/assets/css/sidebar.min.css?ver=1.1.22 HTTP/1.1" 200 749 "https://easysalads.com/creamy-chickpea-salad" "Mozilla/5.0 (Windows NT 10.0; http://temnos.com; rv:110.0) Gecko/20100101 Firefox/110.0"
96.47.20.4 - - [04/May/2026:03:50:16 -0500] "GET /wp-content/themes/kadence/assets/css/footer.min.css?ver=1.1.22 HTTP/1.1" 200 17930 "https://easysalads.com/creamy-chickpea-salad" "Mozilla/5.0 (Windows NT 10.0; http://temnos.com; rv:110.0) Gecko/20100101 Firefox/110.0"
47.128.115.5 - - [04/May/2026:03:50:16 -0500] "GET /wp-content/uploads/2024/03/bruschetta-pasta-salad-01-683x1024.jpg HTTP/2.0" 206 500 "https://easysalads.com/bruschetta-pasta-salad/" "Mozilla/5.0 (Linux; Android 5.0) AppleWebKit/537.36 (KHTML, like Gecko) Mobile Safari/537.36 (compatible; TikTokSpider; [email protected])"
47.128.115.5 - - [04/May/2026:03:50:16 -0500] "GET /wp-content/uploads/2024/03/bruschetta-pasta-salad-00-683x1024.jpg HTTP/2.0" 206 500 "https://easysalads.com/bruschetta-pasta-salad/" "Mozilla/5.0 (Linux; Android 5.0) AppleWebKit/537.36 (KHTML, like Gecko) Mobile Safari/537.36 (compatible; TikTokSpider; [email protected])"
47.128.115.5 - - [04/May/2026:03:50:16 -0500] "GET /wp-content/uploads/2024/03/bruschetta-pasta-salad-01-683x1024.jpg HTTP/2.0" 304 0 "https://easysalads.com/bruschetta-pasta-salad/" "Mozilla/5.0 (Linux; Android 5.0) AppleWebKit/537.36 (KHTML, like Gecko) Mobile Safari/537.36 (compatible; TikTokSpider; [email protected])"
47.128.115.5 - - [04/May/2026:03:50:16 -0500] "GET /bruschetta-pasta-salad/ HTTP/2.0" 200 100503 "https://easysalads.com/bruschetta-pasta-salad/" "Mozilla/5.0 (Linux; Android 5.0) AppleWebKit/537.36 (KHTML, like Gecko) Mobile Safari/537.36 (compatible; TikTokSpider; [email protected])"
96.47.20.4 - - [04/May/2026:03:50:16 -0500] "GET /wp-content/plugins/kadence-pro/dist/mega-menu/menu-addon.css?ver=1.1.19 HTTP/1.1" 200 6953 "https://easysalads.com/creamy-chickpea-salad" "Mozilla/5.0 (Windows NT 10.0; http://temnos.com; rv:110.0) Gecko/20100101 Firefox/110.0"
47.128.115.5 - - [04/May/2026:03:50:17 -0500] "GET /wp-content/uploads/2024/03/bruschetta-pasta-salad-00-683x1024.jpg HTTP/2.0" 304 0 "https://easysalads.com/bruschetta-pasta-salad/" "Mozilla/5.0 (Linux; Android 5.0) AppleWebKit/537.36 (KHTML, like Gecko) Mobile Safari/537.36 (compatible; TikTokSpider; [email protected])"
96.47.20.4 - - [04/May/2026:03:50:17 -0500] "GET /wp-content/plugins/social-pug/assets/dist/style-frontend-pro.css?ver=2.28.0 HTTP/1.1" 200 136909 "https://easysalads.com/creamy-chickpea-salad" "Mozilla/5.0 (Windows NT 10.0; http://temnos.com; rv:110.0) Gecko/20100101 Firefox/110.0"
