65.108.108.29 - - [04/May/2026:04:48:12 -0500] "GET /wp-content/uploads/2022/09/panera-tomato-basil-cucumber-salad-00-683x1024.jpg HTTP/2.0" 200 141224 "https://easysalads.com/" "Mozilla/5.0 (Windows NT 10.0; Win64; x64) AppleWebKit/537.36 (KHTML, like Gecko) Chrome/146.0.0.0 Safari/537.36"
65.108.108.29 - - [04/May/2026:04:48:12 -0500] "GET /wp-content/uploads/2022/11/low-carb-fruit-salad-00-683x1024.jpg HTTP/2.0" 200 156068 "https://easysalads.com/" "Mozilla/5.0 (Windows NT 10.0; Win64; x64) AppleWebKit/537.36 (KHTML, like Gecko) Chrome/146.0.0.0 Safari/537.36"
65.108.108.29 - - [04/May/2026:04:48:12 -0500] "GET /wp-content/uploads/2026/04/strawberry-jello-salad03-1-300x300.jpg HTTP/2.0" 200 29275 "https://easysalads.com/" "Mozilla/5.0 (Windows NT 10.0; Win64; x64) AppleWebKit/537.36 (KHTML, like Gecko) Chrome/146.0.0.0 Safari/537.36"
65.108.108.29 - - [04/May/2026:04:48:12 -0500] "GET /wp-content/uploads/2026/04/creamy-cucumber-salad-03-300x300.jpg HTTP/2.0" 200 37473 "https://easysalads.com/" "Mozilla/5.0 (Windows NT 10.0; Win64; x64) AppleWebKit/537.36 (KHTML, like Gecko) Chrome/146.0.0.0 Safari/537.36"
65.108.108.29 - - [04/May/2026:04:48:12 -0500] "GET /wp-content/uploads/2026/01/peruvian-chopped-salad-07-683x1024.jpg HTTP/2.0" 200 263035 "https://easysalads.com/" "Mozilla/5.0 (Windows NT 10.0; Win64; x64) AppleWebKit/537.36 (KHTML, like Gecko) Chrome/146.0.0.0 Safari/537.36"
65.108.108.29 - - [04/May/2026:04:48:12 -0500] "GET /wp-content/uploads/2024/11/sweet-potato-feta-salad-00-683x1024.jpg HTTP/2.0" 200 252938 "https://easysalads.com/" "Mozilla/5.0 (Windows NT 10.0; Win64; x64) AppleWebKit/537.36 (KHTML, like Gecko) Chrome/146.0.0.0 Safari/537.36"
65.108.108.29 - - [04/May/2026:04:48:16 -0500] "GET /wp-content/uploads/2022/09/cropped-site-icon-easy-salads-32x32.png HTTP/2.0" 200 907 "https://easysalads.com/" "Mozilla/5.0 (Windows NT 10.0; Win64; x64) AppleWebKit/537.36 (KHTML, like Gecko) Chrome/146.0.0.0 Safari/537.36"
65.108.108.29 - - [04/May/2026:04:48:17 -0500] "GET /wp-content/plugins/wp-recipe-maker/dist/public-modern.js?ver=10.5.0 HTTP/2.0" 200 23744 "https://easysalads.com/" "Mozilla/5.0 (Windows NT 10.0; Win64; x64) AppleWebKit/537.36 (KHTML, like Gecko) Chrome/146.0.0.0 Safari/537.36"
65.108.108.29 - - [04/May/2026:04:48:17 -0500] "GET /wp-content/plugins/wp-recipe-maker-premium/dist/public-pro.js?ver=10.5.0 HTTP/2.0" 200 20140 "https://easysalads.com/" "Mozilla/5.0 (Windows NT 10.0; Win64; x64) AppleWebKit/537.36 (KHTML, like Gecko) Chrome/146.0.0.0 Safari/537.36"
65.108.108.29 - - [04/May/2026:04:48:17 -0500] "GET /wp-content/plugins/kadence-blocks/includes/assets/js/splide.min.js?ver=3.6.7 HTTP/2.0" 200 12823 "https://easysalads.com/" "Mozilla/5.0 (Windows NT 10.0; Win64; x64) AppleWebKit/537.36 (KHTML, like Gecko) Chrome/146.0.0.0 Safari/537.36"
65.108.108.29 - - [04/May/2026:04:48:17 -0500] "GET /wp-content/plugins/kadence-blocks/includes/assets/js/kb-splide-init.min.js?ver=3.6.7 HTTP/2.0" 200 2334 "https://easysalads.com/" "Mozilla/5.0 (Windows NT 10.0; Win64; x64) AppleWebKit/537.36 (KHTML, like Gecko) Chrome/146.0.0.0 Safari/537.36"
65.108.108.29 - - [04/May/2026:04:48:17 -0500] "GET /wp-content/plugins/kadence-pro/dist/mega-menu/kadence-mega-menu.min.js?ver=1.1.19 HTTP/2.0" 200 457 "https://easysalads.com/" "Mozilla/5.0 (Windows NT 10.0; Win64; x64) AppleWebKit/537.36 (KHTML, like Gecko) Chrome/146.0.0.0 Safari/537.36"
65.108.108.29 - - [04/May/2026:04:48:17 -0500] "GET /wp-content/plugins/kadence-blocks-pro/includes/assets/js/kb-splide-init.min.js?ver=2.8.13.1 HTTP/2.0" 200 1504 "https://easysalads.com/" "Mozilla/5.0 (Windows NT 10.0; Win64; x64) AppleWebKit/537.36 (KHTML, like Gecko) Chrome/146.0.0.0 Safari/537.36"
65.108.108.29 - - [04/May/2026:04:48:17 -0500] "GET /wp-content/themes/kadence/assets/js/navigation-lite.min.js?ver=1.1.21 HTTP/2.0" 200 2083 "https://easysalads.com/" "Mozilla/5.0 (Windows NT 10.0; Win64; x64) AppleWebKit/537.36 (KHTML, like Gecko) Chrome/146.0.0.0 Safari/537.36"
18.206.191.81 - - [04/May/2026:04:48:19 -0500] "GET / HTTP/1.1" 200 114540 "-" "Mozilla/5.0 (compatible; proximic; +https://www.comscore.com/Web-Crawler)"
65.108.108.29 - - [04/May/2026:04:48:25 -0500] "GET /wp-content/uploads/2022/09/hot-chicken-salad-05sq-300x300.jpg HTTP/2.0" 200 45384 "https://easysalads.com/" "Mozilla/5.0 (Windows NT 10.0; Win64; x64) AppleWebKit/537.36 (KHTML, like Gecko) Chrome/146.0.0.0 Safari/537.36"
65.108.108.29 - - [04/May/2026:04:48:25 -0500] "GET /wp-content/uploads/2022/09/panera-tomato-basil-cucumber-salad-sq02-300x300.jpg HTTP/2.0" 200 33089 "https://easysalads.com/" "Mozilla/5.0 (Windows NT 10.0; Win64; x64) AppleWebKit/537.36 (KHTML, like Gecko) Chrome/146.0.0.0 Safari/537.36"
65.108.108.29 - - [04/May/2026:04:48:25 -0500] "GET /wp-content/uploads/2022/11/apple-pecan-blue-cheese-salad-01-683x1024.jpg HTTP/2.0" 200 184343 "https://easysalads.com/" "Mozilla/5.0 (Windows NT 10.0; Win64; x64) AppleWebKit/537.36 (KHTML, like Gecko) Chrome/146.0.0.0 Safari/537.36"
65.108.108.29 - - [04/May/2026:04:48:25 -0500] "GET /wp-content/uploads/2022/11/5-Bean-Salad-00-683x1024.jpg HTTP/2.0" 200 202622 "https://easysalads.com/" "Mozilla/5.0 (Windows NT 10.0; Win64; x64) AppleWebKit/537.36 (KHTML, like Gecko) Chrome/146.0.0.0 Safari/537.36"
154.18.244.252 - - [04/May/2026:04:48:25 -0500] "POST /wp-cron.php?doing_wp_cron=1777888105.7852170467376708984375 HTTP/1.1" 200 11 "-" "WordPress/6.9.4; https://easysalads.com"
3.234.232.97 - - [04/May/2026:04:48:25 -0500] "GET / HTTP/1.1" 301 5 "-" "Verity/1.1 (https://gumgum.com/verity; [email protected])"
3.234.232.95 - - [04/May/2026:04:48:25 -0500] "GET / HTTP/1.1" 200 91505 "-" "Verity/1.1 (https://gumgum.com/verity; [email protected])"
3.234.232.95 - - [04/May/2026:04:48:26 -0500] "GET /wp-content/uploads/2022/08/black-and-blue-steak-salad00.jpg HTTP/1.1" 200 713530 "-" "Verity/1.1 (https://gumgum.com/verity; [email protected])"
65.108.108.29 - - [04/May/2026:04:48:28 -0500] "GET /wp-content/uploads/2026/04/strawberry-jello-salad03-1-1024x1024.jpg HTTP/2.0" 200 186604 "https://easysalads.com/" "Mozilla/5.0 (Windows NT 10.0; Win64; x64) AppleWebKit/537.36 (KHTML, like Gecko) Chrome/146.0.0.0 Safari/537.36"
65.108.108.29 - - [04/May/2026:04:48:28 -0500] "GET /wp-content/uploads/2026/04/creamy-cucumber-salad-03-500x500.jpg HTTP/2.0" 200 82782 "https://easysalads.com/" "Mozilla/5.0 (Windows NT 10.0; Win64; x64) AppleWebKit/537.36 (KHTML, like Gecko) Chrome/146.0.0.0 Safari/537.36"
65.108.108.29 - - [04/May/2026:04:48:28 -0500] "GET /wp-content/uploads/2022/10/Christmas-Salad-03-683x1024.jpg HTTP/2.0" 200 159899 "https://easysalads.com/" "Mozilla/5.0 (Windows NT 10.0; Win64; x64) AppleWebKit/537.36 (KHTML, like Gecko) Chrome/146.0.0.0 Safari/537.36"
65.108.108.29 - - [04/May/2026:04:48:28 -0500] "GET /wp-content/uploads/2022/11/apple-pecan-blue-cheese-salad-02-200x300.jpg HTTP/2.0" 200 22813 "https://easysalads.com/" "Mozilla/5.0 (Windows NT 10.0; Win64; x64) AppleWebKit/537.36 (KHTML, like Gecko) Chrome/146.0.0.0 Safari/537.36"
65.108.108.29 - - [04/May/2026:04:48:28 -0500] "GET /wp-content/uploads/2022/09/panera-tomato-basil-cucumber-salad-00-200x300.jpg HTTP/2.0" 200 18531 "https://easysalads.com/" "Mozilla/5.0 (Windows NT 10.0; Win64; x64) AppleWebKit/537.36 (KHTML, like Gecko) Chrome/146.0.0.0 Safari/537.36"
57.141.6.49 - - [04/May/2026:04:48:32 -0500] "GET / HTTP/2.0" 200 536589 "-" "meta-webindexer/1.1 (+https://developers.facebook.com/docs/sharing/webmasters/crawler)"
194.26.196.210 - - [04/May/2026:04:48:48 -0500] "GET /wp-content/uploads/2026/04/strawberry-jello-salad03-1-768x768.jpg HTTP/1.1" 200 119111 "-" "Mozilla/5.0 (Windows NT 10.0; Win64; x64) AppleWebKit/537.36 (KHTML, like Gecko) Chrome/115.0.0.0 Safari/537.36"
194.26.196.210 - - [04/May/2026:04:48:48 -0500] "GET /wp-content/uploads/2024/03/yogurt-dill-dressing-00-683x1024.jpg HTTP/1.1" 200 117704 "-" "Mozilla/5.0 (Windows NT 10.0; Win64; x64) AppleWebKit/537.36 (KHTML, like Gecko) Chrome/115.0.0.0 Safari/537.36"
194.26.196.210 - - [04/May/2026:04:48:48 -0500] "GET /wp-content/uploads/2022/11/5-Bean-Salad-04-683x1024.jpg HTTP/1.1" 200 182362 "-" "Mozilla/5.0 (Windows NT 10.0; Win64; x64) AppleWebKit/537.36 (KHTML, like Gecko) Chrome/115.0.0.0 Safari/537.36"
194.26.196.210 - - [04/May/2026:04:48:48 -0500] "GET /wp-content/uploads/2026/04/creamy-cucumber-salad-03-1024x1024.jpg HTTP/1.1" 200 256380 "-" "Mozilla/5.0 (Windows NT 10.0; Win64; x64) AppleWebKit/537.36 (KHTML, like Gecko) Chrome/115.0.0.0 Safari/537.36"
194.26.196.210 - - [04/May/2026:04:48:48 -0500] "GET /wp-content/uploads/2024/07/Classic-Chicken-Salad05-683x1024.jpg HTTP/1.1" 200 190110 "-" "Mozilla/5.0 (Windows NT 10.0; Win64; x64) AppleWebKit/537.36 (KHTML, like Gecko) Chrome/115.0.0.0 Safari/537.36"
194.26.196.210 - - [04/May/2026:04:48:48 -0500] "GET /wp-content/uploads/2024/11/sweet-potato-feta-salad-00-768x1152.jpg HTTP/1.1" 200 307177 "-" "Mozilla/5.0 (Windows NT 10.0; Win64; x64) AppleWebKit/537.36 (KHTML, like Gecko) Chrome/115.0.0.0 Safari/537.36"
194.26.196.210 - - [04/May/2026:04:48:48 -0500] "GET /wp-content/uploads/2026/01/peruvian-chopped-salad-07-768x1152.jpg HTTP/1.1" 200 317311 "-" "Mozilla/5.0 (Windows NT 10.0; Win64; x64) AppleWebKit/537.36 (KHTML, like Gecko) Chrome/115.0.0.0 Safari/537.36"
38.95.35.85 - - [04/May/2026:04:48:49 -0500] "GET /wp-login.php HTTP/2.0" 200 1882 "-" "Mozilla/5.0 (Macintosh; Intel Mac OS X 10.13; rv:60.0) Gecko/20100101 Firefox/60.0"
38.95.35.85 - - [04/May/2026:04:48:50 -0500] "POST /wp-login.php HTTP/2.0" 200 2018 "https://easysalads.com/wp-login.php" "Mozilla/5.0 (Macintosh; Intel Mac OS X 10.13; rv:60.0) Gecko/20100101 Firefox/60.0"
193.186.4.158 - - [04/May/2026:04:48:54 -0500] "GET /broccoli-raisin-salad-recipe/ HTTP/2.0" 200 102903 "https://www.google.com/" "Mozilla/5.0 (Linux; Android 10; K) AppleWebKit/537.36 (KHTML, like Gecko) Chrome/147.0.0.0 Mobile Safari/537.36"
154.18.244.252 - - [04/May/2026:04:48:56 -0500] "POST /wp-cron.php?doing_wp_cron=1777888136.7477390766143798828125 HTTP/1.1" 200 11 "-" "WordPress/6.9.4; https://easysalads.com"
23.230.91.198 - - [04/May/2026:04:48:56 -0500] "GET /grilled-peach-and-burrata-salad/ HTTP/2.0" 200 102027 "-" "Mozilla/5.0 (Linux; Android 8.0; Pixel 2 Build/OPD3.170816.012) AppleWebKit/537.36 (KHTML, like Gecko) Chrome/44.0.5420.1486 Mobile Safari/537.36"
23.230.91.198 - - [04/May/2026:04:48:58 -0500] "GET /wp-content/uploads/2023/07/grilled-peach-burrata-salad04-683x1024.jpg HTTP/2.0" 206 500 "https://easysalads.com/grilled-peach-and-burrata-salad/" "Mozilla/5.0 (Linux; Android 8.0; Pixel 2 Build/OPD3.170816.012) AppleWebKit/537.36 (KHTML, like Gecko) Chrome/44.0.5420.1486 Mobile Safari/537.36"
57.128.189.19 - - [04/May/2026:04:49:04 -0500] "GET /?nocache=1777888081 HTTP/2.0" 200 89176 "-" "BigScootsMonitor Mozilla/5.0 (Windows NT 10.0; Win64; x64) AppleWebKit/537.36 (KHTML, like Gecko) Chrome/74.0.3729.169 Safari/537.36"
51.222.136.175 - - [04/May/2026:04:49:04 -0500] "GET /?nocache=1777888081 HTTP/2.0" 200 89176 "-" "BigScootsMonitor Mozilla/5.0 (Windows NT 10.0; Win64; x64) AppleWebKit/537.36 (KHTML, like Gecko) Chrome/74.0.3729.169 Safari/537.36"
47.128.115.238 - - [04/May/2026:04:49:20 -0500] "GET /grilled-peach-and-burrata-salad/ HTTP/2.0" 200 102095 "-" "Mozilla/5.0 (Linux; Android 5.0) AppleWebKit/537.36 (KHTML, like Gecko) Mobile Safari/537.36 (compatible; TikTokSpider; [email protected])"
47.128.115.238 - - [04/May/2026:04:49:20 -0500] "GET /wp-content/uploads/2023/07/grilled-peach-burrata-salad02-683x1024.jpg HTTP/2.0" 206 500 "https://easysalads.com/grilled-peach-and-burrata-salad/" "Mozilla/5.0 (Linux; Android 5.0) AppleWebKit/537.36 (KHTML, like Gecko) Mobile Safari/537.36 (compatible; TikTokSpider; [email protected])"
47.128.115.238 - - [04/May/2026:04:49:20 -0500] "GET /wp-content/uploads/2023/07/grilled-peach-burrata-salad04-683x1024.jpg HTTP/2.0" 206 500 "https://easysalads.com/grilled-peach-and-burrata-salad/" "Mozilla/5.0 (Linux; Android 5.0) AppleWebKit/537.36 (KHTML, like Gecko) Mobile Safari/537.36 (compatible; TikTokSpider; [email protected])"
47.128.115.238 - - [04/May/2026:04:49:21 -0500] "GET /wp-content/uploads/2023/07/grilled-peach-burrata-salad04.jpg HTTP/2.0" 206 500 "https://easysalads.com/grilled-peach-and-burrata-salad/" "Mozilla/5.0 (Linux; Android 5.0) AppleWebKit/537.36 (KHTML, like Gecko) Mobile Safari/537.36 (compatible; TikTokSpider; [email protected])"
47.128.115.238 - - [04/May/2026:04:49:21 -0500] "GET /grilled-peach-and-burrata-salad/ HTTP/2.0" 200 102080 "https://easysalads.com/grilled-peach-and-burrata-salad/" "Mozilla/5.0 (Linux; Android 5.0) AppleWebKit/537.36 (KHTML, like Gecko) Mobile Safari/537.36 (compatible; TikTokSpider; [email protected])"
47.128.115.238 - - [04/May/2026:04:49:22 -0500] "GET /grilled-peach-and-burrata-salad/ HTTP/2.0" 200 102115 "https://easysalads.com/grilled-peach-and-burrata-salad/" "Mozilla/5.0 (Linux; Android 5.0) AppleWebKit/537.36 (KHTML, like Gecko) Mobile Safari/537.36 (compatible; TikTokSpider; [email protected])"
47.128.115.238 - - [04/May/2026:04:49:22 -0500] "GET /grilled-peach-and-burrata-salad/ HTTP/2.0" 200 102083 "https://easysalads.com/grilled-peach-and-burrata-salad/" "Mozilla/5.0 (Linux; Android 5.0) AppleWebKit/537.36 (KHTML, like Gecko) Mobile Safari/537.36 (compatible; TikTokSpider; [email protected])"
47.128.115.238 - - [04/May/2026:04:49:24 -0500] "GET /grilled-peach-and-burrata-salad/ HTTP/2.0" 200 102029 "https://easysalads.com/grilled-peach-and-burrata-salad/" "Mozilla/5.0 (Linux; Android 5.0) AppleWebKit/537.36 (KHTML, like Gecko) Mobile Safari/537.36 (compatible; TikTokSpider; [email protected])"
47.128.115.238 - - [04/May/2026:04:49:24 -0500] "GET /grilled-peach-and-burrata-salad/ HTTP/2.0" 200 102057 "https://easysalads.com/grilled-peach-and-burrata-salad/" "Mozilla/5.0 (Linux; Android 5.0) AppleWebKit/537.36 (KHTML, like Gecko) Mobile Safari/537.36 (compatible; TikTokSpider; [email protected])"
47.128.115.238 - - [04/May/2026:04:49:25 -0500] "GET /grilled-peach-and-burrata-salad/ HTTP/2.0" 200 102085 "https://easysalads.com/grilled-peach-and-burrata-salad/" "Mozilla/5.0 (Linux; Android 5.0) AppleWebKit/537.36 (KHTML, like Gecko) Mobile Safari/537.36 (compatible; TikTokSpider; [email protected])"
47.128.115.238 - - [04/May/2026:04:49:26 -0500] "GET /grilled-peach-and-burrata-salad/ HTTP/2.0" 200 102005 "https://easysalads.com/grilled-peach-and-burrata-salad/" "Mozilla/5.0 (Linux; Android 5.0) AppleWebKit/537.36 (KHTML, like Gecko) Mobile Safari/537.36 (compatible; TikTokSpider; [email protected])"
47.128.115.238 - - [04/May/2026:04:49:27 -0500] "GET /grilled-peach-and-burrata-salad/ HTTP/2.0" 200 102078 "https://easysalads.com/grilled-peach-and-burrata-salad/" "Mozilla/5.0 (Linux; Android 5.0) AppleWebKit/537.36 (KHTML, like Gecko) Mobile Safari/537.36 (compatible; TikTokSpider; [email protected])"
47.128.115.238 - - [04/May/2026:04:49:27 -0500] "GET /grilled-peach-and-burrata-salad/ HTTP/2.0" 200 102030 "https://easysalads.com/grilled-peach-and-burrata-salad/" "Mozilla/5.0 (Linux; Android 5.0) AppleWebKit/537.36 (KHTML, like Gecko) Mobile Safari/537.36 (compatible; TikTokSpider; [email protected])"
47.128.115.238 - - [04/May/2026:04:49:28 -0500] "GET /grilled-peach-and-burrata-salad/ HTTP/2.0" 200 102068 "https://easysalads.com/grilled-peach-and-burrata-salad/" "Mozilla/5.0 (Linux; Android 5.0) AppleWebKit/537.36 (KHTML, like Gecko) Mobile Safari/537.36 (compatible; TikTokSpider; [email protected])"
47.128.115.238 - - [04/May/2026:04:49:29 -0500] "GET /grilled-peach-and-burrata-salad/ HTTP/2.0" 200 102107 "https://easysalads.com/grilled-peach-and-burrata-salad/" "Mozilla/5.0 (Linux; Android 5.0) AppleWebKit/537.36 (KHTML, like Gecko) Mobile Safari/537.36 (compatible; TikTokSpider; [email protected])"
47.128.115.238 - - [04/May/2026:04:49:30 -0500] "GET /grilled-peach-and-burrata-salad/ HTTP/2.0" 200 102224 "https://easysalads.com/grilled-peach-and-burrata-salad/" "Mozilla/5.0 (Linux; Android 5.0) AppleWebKit/537.36 (KHTML, like Gecko) Mobile Safari/537.36 (compatible; TikTokSpider; [email protected])"
47.128.115.238 - - [04/May/2026:04:49:31 -0500] "GET /grilled-peach-and-burrata-salad/ HTTP/2.0" 200 102063 "https://easysalads.com/grilled-peach-and-burrata-salad/" "Mozilla/5.0 (Linux; Android 5.0) AppleWebKit/537.36 (KHTML, like Gecko) Mobile Safari/537.36 (compatible; TikTokSpider; [email protected])"
47.128.115.238 - - [04/May/2026:04:49:31 -0500] "GET /grilled-peach-and-burrata-salad/ HTTP/2.0" 200 102083 "https://easysalads.com/grilled-peach-and-burrata-salad/" "Mozilla/5.0 (Linux; Android 5.0) AppleWebKit/537.36 (KHTML, like Gecko) Mobile Safari/537.36 (compatible; TikTokSpider; [email protected])"
47.128.115.238 - - [04/May/2026:04:49:32 -0500] "GET /grilled-peach-and-burrata-salad/ HTTP/2.0" 200 102021 "https://easysalads.com/grilled-peach-and-burrata-salad/" "Mozilla/5.0 (Linux; Android 5.0) AppleWebKit/537.36 (KHTML, like Gecko) Mobile Safari/537.36 (compatible; TikTokSpider; [email protected])"
47.128.115.238 - - [04/May/2026:04:49:33 -0500] "GET /grilled-peach-and-burrata-salad/ HTTP/2.0" 200 102121 "https://easysalads.com/grilled-peach-and-burrata-salad/" "Mozilla/5.0 (Linux; Android 5.0) AppleWebKit/537.36 (KHTML, like Gecko) Mobile Safari/537.36 (compatible; TikTokSpider; [email protected])"
47.128.115.238 - - [04/May/2026:04:49:34 -0500] "GET /grilled-peach-and-burrata-salad/ HTTP/2.0" 200 102060 "https://easysalads.com/grilled-peach-and-burrata-salad/" "Mozilla/5.0 (Linux; Android 5.0) AppleWebKit/537.36 (KHTML, like Gecko) Mobile Safari/537.36 (compatible; TikTokSpider; [email protected])"
47.128.115.238 - - [04/May/2026:04:49:35 -0500] "GET /grilled-peach-and-burrata-salad/ HTTP/2.0" 200 102168 "https://easysalads.com/grilled-peach-and-burrata-salad/" "Mozilla/5.0 (Linux; Android 5.0) AppleWebKit/537.36 (KHTML, like Gecko) Mobile Safari/537.36 (compatible; TikTokSpider; [email protected])"
47.128.115.238 - - [04/May/2026:04:49:35 -0500] "GET /grilled-peach-and-burrata-salad/ HTTP/2.0" 200 102084 "https://easysalads.com/grilled-peach-and-burrata-salad/" "Mozilla/5.0 (Linux; Android 5.0) AppleWebKit/537.36 (KHTML, like Gecko) Mobile Safari/537.36 (compatible; TikTokSpider; [email protected])"
47.128.115.238 - - [04/May/2026:04:49:36 -0500] "GET /grilled-peach-and-burrata-salad/ HTTP/2.0" 200 102120 "https://easysalads.com/grilled-peach-and-burrata-salad/" "Mozilla/5.0 (Linux; Android 5.0) AppleWebKit/537.36 (KHTML, like Gecko) Mobile Safari/537.36 (compatible; TikTokSpider; [email protected])"
47.128.115.238 - - [04/May/2026:04:49:37 -0500] "GET /grilled-peach-and-burrata-salad/ HTTP/2.0" 200 102087 "https://easysalads.com/grilled-peach-and-burrata-salad/" "Mozilla/5.0 (Linux; Android 5.0) AppleWebKit/537.36 (KHTML, like Gecko) Mobile Safari/537.36 (compatible; TikTokSpider; [email protected])"
47.128.115.238 - - [04/May/2026:04:49:38 -0500] "GET /grilled-peach-and-burrata-salad/ HTTP/2.0" 200 102064 "https://easysalads.com/grilled-peach-and-burrata-salad/" "Mozilla/5.0 (Linux; Android 5.0) AppleWebKit/537.36 (KHTML, like Gecko) Mobile Safari/537.36 (compatible; TikTokSpider; [email protected])"
47.128.115.238 - - [04/May/2026:04:49:38 -0500] "GET /grilled-peach-and-burrata-salad/ HTTP/2.0" 200 102077 "https://easysalads.com/grilled-peach-and-burrata-salad/" "Mozilla/5.0 (Linux; Android 5.0) AppleWebKit/537.36 (KHTML, like Gecko) Mobile Safari/537.36 (compatible; TikTokSpider; [email protected])"
47.128.115.238 - - [04/May/2026:04:49:39 -0500] "GET /grilled-peach-and-burrata-salad/ HTTP/2.0" 200 102085 "https://easysalads.com/grilled-peach-and-burrata-salad/" "Mozilla/5.0 (Linux; Android 5.0) AppleWebKit/537.36 (KHTML, like Gecko) Mobile Safari/537.36 (compatible; TikTokSpider; [email protected])"
47.128.115.238 - - [04/May/2026:04:49:40 -0500] "GET /grilled-peach-and-burrata-salad/ HTTP/2.0" 200 102092 "https://easysalads.com/grilled-peach-and-burrata-salad/" "Mozilla/5.0 (Linux; Android 5.0) AppleWebKit/537.36 (KHTML, like Gecko) Mobile Safari/537.36 (compatible; TikTokSpider; [email protected])"
47.128.115.238 - - [04/May/2026:04:49:41 -0500] "GET /grilled-peach-and-burrata-salad/ HTTP/2.0" 200 102092 "https://easysalads.com/grilled-peach-and-burrata-salad/" "Mozilla/5.0 (Linux; Android 5.0) AppleWebKit/537.36 (KHTML, like Gecko) Mobile Safari/537.36 (compatible; TikTokSpider; [email protected])"
47.128.115.238 - - [04/May/2026:04:49:42 -0500] "GET /grilled-peach-and-burrata-salad/ HTTP/2.0" 200 102074 "https://easysalads.com/grilled-peach-and-burrata-salad/" "Mozilla/5.0 (Linux; Android 5.0) AppleWebKit/537.36 (KHTML, like Gecko) Mobile Safari/537.36 (compatible; TikTokSpider; [email protected])"
47.128.115.238 - - [04/May/2026:04:49:42 -0500] "GET /grilled-peach-and-burrata-salad/ HTTP/2.0" 200 102086 "https://easysalads.com/grilled-peach-and-burrata-salad/" "Mozilla/5.0 (Linux; Android 5.0) AppleWebKit/537.36 (KHTML, like Gecko) Mobile Safari/537.36 (compatible; TikTokSpider; [email protected])"
47.128.115.238 - - [04/May/2026:04:49:43 -0500] "GET /grilled-peach-and-burrata-salad/ HTTP/2.0" 200 102078 "https://easysalads.com/grilled-peach-and-burrata-salad/" "Mozilla/5.0 (Linux; Android 5.0) AppleWebKit/537.36 (KHTML, like Gecko) Mobile Safari/537.36 (compatible; TikTokSpider; [email protected])"
43.130.101.151 - - [04/May/2026:04:50:30 -0500] "GET /wp-json/oembed/1.0/embed?url=https%3A%2F%2Feasysalads.com%2F HTTP/1.1" 444 0 "-" "Mozilla/5.0 (iPhone; CPU iPhone OS 13_2_3 like Mac OS X) AppleWebKit/605.1.15 (KHTML, like Gecko) Version/13.0.3 Mobile/15E148 Safari/604.1"
36.255.47.179 - - [04/May/2026:04:50:31 -0500] "GET /wp-content/uploads/2022/12/Grinder-Salad-00.jpg HTTP/2.0" 200 700229 "https://www.google.com/" "Mozilla/5.0 (Linux; Android 16; SM-S928U1 Build/BP2A.250605.031.A3; wv) AppleWebKit/537.36 (KHTML, like Gecko) Version/4.0 Chrome/147.0.7727.111 Mobile Safari/537.36 GoogleApp/17.18.29.ve.arm64"
98.83.120.14 - - [04/May/2026:04:50:33 -0500] "GET / HTTP/1.1" 200 114540 "-" "Mozilla/5.0 (compatible; proximic; +https://www.comscore.com/Web-Crawler)"
66.249.66.75 - - [04/May/2026:04:50:46 -0500] "GET /wp-content/uploads/2024/07/Classic-Chicken-Salad03-500x375.jpg HTTP/1.1" 200 64914 "-" "Googlebot-Image/1.0"
154.18.244.252 - - [04/May/2026:04:51:03 -0500] "POST /wp-cron.php?doing_wp_cron=1777888263.9994769096374511718750 HTTP/1.1" 200 11 "-" "WordPress/6.9.4; https://easysalads.com"
57.128.189.19 - - [04/May/2026:04:51:04 -0500] "GET /?nocache=1777888201 HTTP/2.0" 200 89176 "-" "BigScootsMonitor Mozilla/5.0 (Windows NT 10.0; Win64; x64) AppleWebKit/537.36 (KHTML, like Gecko) Chrome/74.0.3729.169 Safari/537.36"
51.222.136.175 - - [04/May/2026:04:51:04 -0500] "GET /?nocache=1777888261 HTTP/2.0" 200 89176 "-" "BigScootsMonitor Mozilla/5.0 (Windows NT 10.0; Win64; x64) AppleWebKit/537.36 (KHTML, like Gecko) Chrome/74.0.3729.169 Safari/537.36"
154.18.244.252 - - [04/May/2026:04:52:00 -0500] "POST /wp-cron.php?doing_wp_cron=1777888320.9294779300689697265625 HTTP/1.1" 200 11 "-" "WordPress/6.9.4; https://easysalads.com"
57.141.0.9 - - [04/May/2026:04:52:00 -0500] "GET /category-sitemap.xml HTTP/2.0" 200 1958 "-" "meta-externalagent/1.1 (+https://developers.facebook.com/docs/sharing/webmasters/crawler)"
69.171.249.116 - - [04/May/2026:04:52:58 -0500] "GET / HTTP/2.0" 200 536589 "-" "meta-webindexer/1.1 (+https://developers.facebook.com/docs/sharing/webmasters/crawler)"
154.18.244.252 - - [04/May/2026:04:53:03 -0500] "POST /wp-cron.php?doing_wp_cron=1777888383.8780179023742675781250 HTTP/1.1" 200 11 "-" "WordPress/6.9.4; https://easysalads.com"
57.128.189.19 - - [04/May/2026:04:53:03 -0500] "GET /?nocache=1777888321 HTTP/2.0" 200 89176 "-" "BigScootsMonitor Mozilla/5.0 (Windows NT 10.0; Win64; x64) AppleWebKit/537.36 (KHTML, like Gecko) Chrome/74.0.3729.169 Safari/537.36"
51.222.136.175 - - [04/May/2026:04:53:04 -0500] "GET /?nocache=1777888321 HTTP/2.0" 200 89176 "-" "BigScootsMonitor Mozilla/5.0 (Windows NT 10.0; Win64; x64) AppleWebKit/537.36 (KHTML, like Gecko) Chrome/74.0.3729.169 Safari/537.36"
66.249.66.77 - - [04/May/2026:04:53:16 -0500] "GET /category/seafood-salads/ HTTP/1.1" 200 74072 "-" "Mozilla/5.0 (Linux; Android 6.0.1; Nexus 5X Build/MMB29P) AppleWebKit/537.36 (KHTML, like Gecko) Chrome/147.0.7727.137 Mobile Safari/537.36 (compatible; Googlebot/2.1; +http://www.google.com/bot.html)"
66.249.66.77 - - [04/May/2026:04:53:18 -0500] "GET /wp-content/themes/kadence/assets/css/header.min.css?ver=1.1.22 HTTP/1.1" 200 4308 "https://easysalads.com/category/seafood-salads/" "Mozilla/5.0 (Linux; Android 6.0.1; Nexus 5X Build/MMB29P) AppleWebKit/537.36 (KHTML, like Gecko) Chrome/147.0.7727.137 Mobile Safari/537.36 (compatible; Googlebot/2.1; +http://www.google.com/bot.html)"
24.211.241.245 - - [04/May/2026:04:53:29 -0500] "GET /pulled-pork-salad/ HTTP/1.1" 200 128751 "-" "Mozilla/5.0 (Macintosh; Intel Mac OS X 13_5_2) AppleWebKit/537.36 (KHTML, like Gecko) Chrome/132.0.6834.110 Safari/537.36"
66.249.66.76 - - [04/May/2026:04:53:43 -0500] "GET /wp-content/uploads/2024/07/Classic-Chicken-Salad01.jpg HTTP/1.1" 200 617988 "-" "Googlebot-Image/1.0"
154.18.244.252 - - [04/May/2026:04:54:47 -0500] "POST /wp-cron.php?doing_wp_cron=1777888487.6144640445709228515625 HTTP/1.1" 200 11 "-" "WordPress/6.9.4; https://easysalads.com"
57.141.0.44 - - [04/May/2026:04:54:47 -0500] "GET /?kadence_element=trending-tag-page HTTP/2.0" 301 0 "-" "meta-externalagent/1.1 (+https://developers.facebook.com/docs/sharing/webmasters/crawler)"
154.18.244.252 - - [04/May/2026:04:55:04 -0500] "POST /wp-cron.php?doing_wp_cron=1777888504.1747870445251464843750 HTTP/1.1" 200 11 "-" "WordPress/6.9.4; https://easysalads.com"
57.128.189.19 - - [04/May/2026:04:55:04 -0500] "GET /?nocache=1777888441 HTTP/2.0" 200 89176 "-" "BigScootsMonitor Mozilla/5.0 (Windows NT 10.0; Win64; x64) AppleWebKit/537.36 (KHTML, like Gecko) Chrome/74.0.3729.169 Safari/537.36"
51.222.136.175 - - [04/May/2026:04:55:05 -0500] "GET /?nocache=1777888441 HTTP/2.0" 200 89176 "-" "BigScootsMonitor Mozilla/5.0 (Windows NT 10.0; Win64; x64) AppleWebKit/537.36 (KHTML, like Gecko) Chrome/74.0.3729.169 Safari/537.36"
90.248.179.129 - - [04/May/2026:04:55:58 -0500] "GET /wp-content/uploads/2024/11/sweet-potato-feta-salad-00.jpg HTTP/2.0" 200 886828 "https://www.google.com/" "Mozilla/5.0 (iPhone; CPU iPhone OS 18_7 like Mac OS X) AppleWebKit/605.1.15 (KHTML, like Gecko) Version/18.7.5 Mobile/15E148 Safari/604.1"
154.18.244.252 - - [04/May/2026:04:56:35 -0500] "POST /wp-cron.php?doing_wp_cron=1777888595.1713290214538574218750 HTTP/1.1" 200 11 "-" "WordPress/6.9.4; https://easysalads.com"
185.194.117.130 - - [04/May/2026:04:56:35 -0500] "GET /rocket-salad-with-pear-parmesan HTTP/1.1" 301 5 "https://www.google.com" "Mozilla/5.0 (X11; Linux x86_64; rv:78.0) Gecko/20100101 Firefox/78.0"
185.194.117.130 - - [04/May/2026:04:56:37 -0500] "GET /rocket-salad-with-pear-parmesan/ HTTP/1.1" 200 126047 "https://www.google.com" "Mozilla/5.0 (X11; Linux x86_64; rv:78.0) Gecko/20100101 Firefox/78.0"
154.18.244.252 - - [04/May/2026:04:57:03 -0500] "POST /wp-cron.php?doing_wp_cron=1777888623.9756979942321777343750 HTTP/1.1" 200 11 "-" "WordPress/6.9.4; https://easysalads.com"
57.128.189.19 - - [04/May/2026:04:57:04 -0500] "GET /?nocache=1777888561 HTTP/2.0" 200 89176 "-" "BigScootsMonitor Mozilla/5.0 (Windows NT 10.0; Win64; x64) AppleWebKit/537.36 (KHTML, like Gecko) Chrome/74.0.3729.169 Safari/537.36"
51.222.136.175 - - [04/May/2026:04:57:04 -0500] "GET /?nocache=1777888561 HTTP/2.0" 200 89176 "-" "BigScootsMonitor Mozilla/5.0 (Windows NT 10.0; Win64; x64) AppleWebKit/537.36 (KHTML, like Gecko) Chrome/74.0.3729.169 Safari/537.36"
66.249.66.77 - - [04/May/2026:04:57:39 -0500] "GET /wp-content/uploads/2024/07/Classic-Chicken-Salad03-500x500.jpg HTTP/1.1" 200 82918 "-" "Googlebot-Image/1.0"
57.141.6.3 - - [04/May/2026:04:58:07 -0500] "GET /5-cup-salad/ HTTP/2.0" 200 529195 "-" "meta-webindexer/1.1 (+https://developers.facebook.com/docs/sharing/webmasters/crawler)"
185.194.117.160 - - [04/May/2026:04:58:13 -0500] "GET /tomato-onion-salad HTTP/1.1" 200 128781 "https://www.google.com" "Mozilla/5.0 (X11; Linux x86_64; rv:78.0) Gecko/20100101 Firefox/78.0"
154.18.244.252 - - [04/May/2026:04:58:14 -0500] "POST /wp-cron.php?doing_wp_cron=1777888694.2761199474334716796875 HTTP/1.1" 200 11 "-" "WordPress/6.9.4; https://easysalads.com"
35.210.54.147 - - [04/May/2026:04:58:14 -0500] "GET /ads.txt HTTP/1.1" 301 5 "-" "Mozilla/5.0 (Windows NT 10.0; Win64; x64) AppleWebKit/537.36 (KHTML, like Gecko) Chrome/123.0.0.0 Safari/537.36"
108.171.103.143 - - [04/May/2026:04:58:30 -0500] "GET /category/quick-salads/ HTTP/1.1" 200 77592 "-" "Mozilla/5.0 (Windows; U; Windows 98) AppleWebKit/533.15.4 (KHTML, like Gecko) Version/5.0.3 Safari/533.15.4"
1.146.241.32 - - [04/May/2026:04:59:02 -0500] "GET /rocket-salad-with-pear-parmesan/ HTTP/2.0" 200 102111 "https://www.google.com/" "Mozilla/5.0 (Macintosh; Intel Mac OS X 10_15_7) AppleWebKit/605.1.15 (KHTML, like Gecko) Version/18.7.5 Safari/605.1.15"
1.146.241.32 - - [04/May/2026:04:59:02 -0500] "GET /wp-content/plugins/kadence-blocks/dist/style-blocks-rowlayout.css?ver=3.6.7 HTTP/2.0" 200 1771 "https://easysalads.com/rocket-salad-with-pear-parmesan/" "Mozilla/5.0 (Macintosh; Intel Mac OS X 10_15_7) AppleWebKit/605.1.15 (KHTML, like Gecko) Version/18.7.5 Safari/605.1.15"
1.146.241.32 - - [04/May/2026:04:59:02 -0500] "GET /wp-content/plugins/kadence-blocks/dist/style-blocks-column.css?ver=3.6.7 HTTP/2.0" 200 428 "https://easysalads.com/rocket-salad-with-pear-parmesan/" "Mozilla/5.0 (Macintosh; Intel Mac OS X 10_15_7) AppleWebKit/605.1.15 (KHTML, like Gecko) Version/18.7.5 Safari/605.1.15"
1.146.241.32 - - [04/May/2026:04:59:02 -0500] "GET /wp-content/plugins/kadence-blocks/dist/style-blocks-infobox.css?ver=3.6.7 HTTP/2.0" 200 1340 "https://easysalads.com/rocket-salad-with-pear-parmesan/" "Mozilla/5.0 (Macintosh; Intel Mac OS X 10_15_7) AppleWebKit/605.1.15 (KHTML, like Gecko) Version/18.7.5 Safari/605.1.15"
1.146.241.32 - - [04/May/2026:04:59:02 -0500] "GET /wp-content/plugins/kadence-blocks/dist/style-blocks-advancedbtn.css?ver=3.6.7 HTTP/2.0" 200 705 "https://easysalads.com/rocket-salad-with-pear-parmesan/" "Mozilla/5.0 (Macintosh; Intel Mac OS X 10_15_7) AppleWebKit/605.1.15 (KHTML, like Gecko) Version/18.7.5 Safari/605.1.15"
1.146.241.32 - - [04/May/2026:04:59:02 -0500] "GET /wp-content/plugins/kadence-blocks-pro/dist/style-blocks-postgrid.css?ver=2.8.13.1 HTTP/2.0" 200 2795 "https://easysalads.com/rocket-salad-with-pear-parmesan/" "Mozilla/5.0 (Macintosh; Intel Mac OS X 10_15_7) AppleWebKit/605.1.15 (KHTML, like Gecko) Version/18.7.5 Safari/605.1.15"
1.146.241.32 - - [04/May/2026:04:59:02 -0500] "GET /wp-content/plugins/wp-recipe-maker/dist/public-modern.css?ver=10.5.0 HTTP/2.0" 200 7712 "https://easysalads.com/rocket-salad-with-pear-parmesan/" "Mozilla/5.0 (Macintosh; Intel Mac OS X 10_15_7) AppleWebKit/605.1.15 (KHTML, like Gecko) Version/18.7.5 Safari/605.1.15"
1.146.241.32 - - [04/May/2026:04:59:02 -0500] "GET /wp-content/plugins/wp-recipe-maker-premium/dist/public-pro.css?ver=10.5.0 HTTP/2.0" 200 6796 "https://easysalads.com/rocket-salad-with-pear-parmesan/" "Mozilla/5.0 (Macintosh; Intel Mac OS X 10_15_7) AppleWebKit/605.1.15 (KHTML, like Gecko) Version/18.7.5 Safari/605.1.15"
1.146.241.32 - - [04/May/2026:04:59:02 -0500] "GET /wp-content/themes/kadence/assets/css/global.min.css?ver=1.1.22 HTTP/2.0" 200 4256 "https://easysalads.com/rocket-salad-with-pear-parmesan/" "Mozilla/5.0 (Macintosh; Intel Mac OS X 10_15_7) AppleWebKit/605.1.15 (KHTML, like Gecko) Version/18.7.5 Safari/605.1.15"
1.146.241.32 - - [04/May/2026:04:59:02 -0500] "GET /wp-content/themes/kadence/assets/css/header.min.css?ver=1.1.22 HTTP/2.0" 200 4295 "https://easysalads.com/rocket-salad-with-pear-parmesan/" "Mozilla/5.0 (Macintosh; Intel Mac OS X 10_15_7) AppleWebKit/605.1.15 (KHTML, like Gecko) Version/18.7.5 Safari/605.1.15"
1.146.241.32 - - [04/May/2026:04:59:02 -0500] "GET /wp-content/themes/kadence/assets/css/content.min.css?ver=1.1.22 HTTP/2.0" 200 5512 "https://easysalads.com/rocket-salad-with-pear-parmesan/" "Mozilla/5.0 (Macintosh; Intel Mac OS X 10_15_7) AppleWebKit/605.1.15 (KHTML, like Gecko) Version/18.7.5 Safari/605.1.15"
1.146.241.32 - - [04/May/2026:04:59:02 -0500] "GET /wp-content/themes/kadence/assets/css/comments.min.css?ver=1.1.22 HTTP/2.0" 200 1289 "https://easysalads.com/rocket-salad-with-pear-parmesan/" "Mozilla/5.0 (Macintosh; Intel Mac OS X 10_15_7) AppleWebKit/605.1.15 (KHTML, like Gecko) Version/18.7.5 Safari/605.1.15"
1.146.241.32 - - [04/May/2026:04:59:02 -0500] "GET /wp-content/themes/kadence/assets/css/sidebar.min.css?ver=1.1.22 HTTP/2.0" 200 749 "https://easysalads.com/rocket-salad-with-pear-parmesan/" "Mozilla/5.0 (Macintosh; Intel Mac OS X 10_15_7) AppleWebKit/605.1.15 (KHTML, like Gecko) Version/18.7.5 Safari/605.1.15"
1.146.241.32 - - [04/May/2026:04:59:02 -0500] "GET /wp-content/themes/kadence/assets/css/footer.min.css?ver=1.1.22 HTTP/2.0" 200 1580 "https://easysalads.com/rocket-salad-with-pear-parmesan/" "Mozilla/5.0 (Macintosh; Intel Mac OS X 10_15_7) AppleWebKit/605.1.15 (KHTML, like Gecko) Version/18.7.5 Safari/605.1.15"
1.146.241.32 - - [04/May/2026:04:59:02 -0500] "GET /wp-content/plugins/kadence-pro/dist/mega-menu/menu-addon.css?ver=1.1.19 HTTP/2.0" 200 1126 "https://easysalads.com/rocket-salad-with-pear-parmesan/" "Mozilla/5.0 (Macintosh; Intel Mac OS X 10_15_7) AppleWebKit/605.1.15 (KHTML, like Gecko) Version/18.7.5 Safari/605.1.15"
1.146.241.32 - - [04/May/2026:04:59:02 -0500] "GET /wp-content/plugins/social-pug/assets/dist/style-frontend-pro.css?ver=2.28.0 HTTP/2.0" 200 11454 "https://easysalads.com/rocket-salad-with-pear-parmesan/" "Mozilla/5.0 (Macintosh; Intel Mac OS X 10_15_7) AppleWebKit/605.1.15 (KHTML, like Gecko) Version/18.7.5 Safari/605.1.15"
1.146.241.32 - - [04/May/2026:04:59:02 -0500] "GET /wp-content/themes/restored316-sage/style.css?ver=1_0_1 HTTP/2.0" 200 1089 "https://easysalads.com/rocket-salad-with-pear-parmesan/" "Mozilla/5.0 (Macintosh; Intel Mac OS X 10_15_7) AppleWebKit/605.1.15 (KHTML, like Gecko) Version/18.7.5 Safari/605.1.15"
1.146.241.32 - - [04/May/2026:04:59:02 -0500] "GET /wp-content/plugins/wpforms-lite/assets/css/frontend/modern/wpforms-full.min.css?ver=1.10.0.4 HTTP/2.0" 200 14792 "https://easysalads.com/rocket-salad-with-pear-parmesan/" "Mozilla/5.0 (Macintosh; Intel Mac OS X 10_15_7) AppleWebKit/605.1.15 (KHTML, like Gecko) Version/18.7.5 Safari/605.1.15"
1.146.241.32 - - [04/May/2026:04:59:02 -0500] "GET /wp-content/uploads/2022/09/Easy-Salads-website-logo.png HTTP/2.0" 200 84948 "https://easysalads.com/rocket-salad-with-pear-parmesan/" "Mozilla/5.0 (Macintosh; Intel Mac OS X 10_15_7) AppleWebKit/605.1.15 (KHTML, like Gecko) Version/18.7.5 Safari/605.1.15"
1.146.241.32 - - [04/May/2026:04:59:02 -0500] "GET /wp-content/plugins/kadence-blocks/dist/style-blocks-iconlist.css?ver=3.6.7 HTTP/2.0" 200 597 "https://easysalads.com/rocket-salad-with-pear-parmesan/" "Mozilla/5.0 (Macintosh; Intel Mac OS X 10_15_7) AppleWebKit/605.1.15 (KHTML, like Gecko) Version/18.7.5 Safari/605.1.15"
1.146.241.32 - - [04/May/2026:04:59:02 -0500] "GET /wp-content/plugins/kadence-blocks/dist/style-blocks-spacer.css?ver=3.6.7 HTTP/2.0" 200 385 "https://easysalads.com/rocket-salad-with-pear-parmesan/" "Mozilla/5.0 (Macintosh; Intel Mac OS X 10_15_7) AppleWebKit/605.1.15 (KHTML, like Gecko) Version/18.7.5 Safari/605.1.15"
1.146.241.32 - - [04/May/2026:04:59:02 -0500] "GET /wp-content/plugins/social-pug/assets/dist/front-end-pro.js?ver=2.28.0 HTTP/2.0" 200 9339 "https://easysalads.com/rocket-salad-with-pear-parmesan/" "Mozilla/5.0 (Macintosh; Intel Mac OS X 10_15_7) AppleWebKit/605.1.15 (KHTML, like Gecko) Version/18.7.5 Safari/605.1.15"
1.146.241.32 - - [04/May/2026:04:59:02 -0500] "GET /wp-content/uploads/2024/05/rocket-salad-03.jpg HTTP/2.0" 200 578658 "https://easysalads.com/rocket-salad-with-pear-parmesan/" "Mozilla/5.0 (Macintosh; Intel Mac OS X 10_15_7) AppleWebKit/605.1.15 (KHTML, like Gecko) Version/18.7.5 Safari/605.1.15"
1.146.241.32 - - [04/May/2026:04:59:03 -0500] "GET /wp-content/uploads/2024/07/summer-orzo-salad-03-705x1024.jpg HTTP/2.0" 200 225584 "https://easysalads.com/rocket-salad-with-pear-parmesan/" "Mozilla/5.0 (Macintosh; Intel Mac OS X 10_15_7) AppleWebKit/605.1.15 (KHTML, like Gecko) Version/18.7.5 Safari/605.1.15"
1.146.241.32 - - [04/May/2026:04:59:03 -0500] "GET /wp-content/uploads/2024/01/shrimp-salad-with-old-bay-683x1024.jpg HTTP/2.0" 200 184623 "https://easysalads.com/rocket-salad-with-pear-parmesan/" "Mozilla/5.0 (Macintosh; Intel Mac OS X 10_15_7) AppleWebKit/605.1.15 (KHTML, like Gecko) Version/18.7.5 Safari/605.1.15"
1.146.241.32 - - [04/May/2026:04:59:03 -0500] "GET /wp-content/uploads/2022/01/courtney-whitmore-easy-salads02.jpg HTTP/2.0" 200 119383 "https://easysalads.com/rocket-salad-with-pear-parmesan/" "Mozilla/5.0 (Macintosh; Intel Mac OS X 10_15_7) AppleWebKit/605.1.15 (KHTML, like Gecko) Version/18.7.5 Safari/605.1.15"
1.146.241.32 - - [04/May/2026:04:59:03 -0500] "GET /wp-content/plugins/wpforms-lite/assets/images/submit-spin.svg HTTP/2.0" 200 509 "https://easysalads.com/rocket-salad-with-pear-parmesan/" "Mozilla/5.0 (Macintosh; Intel Mac OS X 10_15_7) AppleWebKit/605.1.15 (KHTML, like Gecko) Version/18.7.5 Safari/605.1.15"
1.146.241.32 - - [04/May/2026:04:59:03 -0500] "GET /wp-content/uploads/2024/05/rocket-salad-02.jpg HTTP/2.0" 200 298563 "https://easysalads.com/rocket-salad-with-pear-parmesan/" "Mozilla/5.0 (Macintosh; Intel Mac OS X 10_15_7) AppleWebKit/605.1.15 (KHTML, like Gecko) Version/18.7.5 Safari/605.1.15"
1.146.241.32 - - [04/May/2026:04:59:03 -0500] "GET /wp-content/uploads/2024/01/tomato-onion-salad-06-683x1024.jpg HTTP/2.0" 200 212503 "https://easysalads.com/rocket-salad-with-pear-parmesan/" "Mozilla/5.0 (Macintosh; Intel Mac OS X 10_15_7) AppleWebKit/605.1.15 (KHTML, like Gecko) Version/18.7.5 Safari/605.1.15"
1.146.241.32 - - [04/May/2026:04:59:04 -0500] "GET /wp-content/uploads/2022/09/hot-chicken-salad-05sq-768x768.jpg HTTP/2.0" 200 244363 "https://easysalads.com/rocket-salad-with-pear-parmesan/" "Mozilla/5.0 (Macintosh; Intel Mac OS X 10_15_7) AppleWebKit/605.1.15 (KHTML, like Gecko) Version/18.7.5 Safari/605.1.15"
154.18.244.252 - - [04/May/2026:04:59:04 -0500] "POST /wp-cron.php?doing_wp_cron=1777888744.4108159542083740234375 HTTP/1.1" 200 11 "-" "WordPress/6.9.4; https://easysalads.com"
57.128.189.19 - - [04/May/2026:04:59:04 -0500] "GET /?nocache=1777888681 HTTP/2.0" 200 89176 "-" "BigScootsMonitor Mozilla/5.0 (Windows NT 10.0; Win64; x64) AppleWebKit/537.36 (KHTML, like Gecko) Chrome/74.0.3729.169 Safari/537.36"
1.146.241.32 - - [04/May/2026:04:59:04 -0500] "GET /wp-content/plugins/wp-recipe-maker/dist/public-modern.js?ver=10.5.0 HTTP/2.0" 200 23744 "https://easysalads.com/rocket-salad-with-pear-parmesan/" "Mozilla/5.0 (Macintosh; Intel Mac OS X 10_15_7) AppleWebKit/605.1.15 (KHTML, like Gecko) Version/18.7.5 Safari/605.1.15"
1.146.241.32 - - [04/May/2026:04:59:04 -0500] "GET /wp-content/plugins/wp-recipe-maker-premium/dist/public-pro.js?ver=10.5.0 HTTP/2.0" 200 20140 "https://easysalads.com/rocket-salad-with-pear-parmesan/" "Mozilla/5.0 (Macintosh; Intel Mac OS X 10_15_7) AppleWebKit/605.1.15 (KHTML, like Gecko) Version/18.7.5 Safari/605.1.15"
1.146.241.32 - - [04/May/2026:04:59:04 -0500] "GET /wp-content/plugins/kadence-pro/dist/mega-menu/kadence-mega-menu.min.js?ver=1.1.19 HTTP/2.0" 200 457 "https://easysalads.com/rocket-salad-with-pear-parmesan/" "Mozilla/5.0 (Macintosh; Intel Mac OS X 10_15_7) AppleWebKit/605.1.15 (KHTML, like Gecko) Version/18.7.5 Safari/605.1.15"
1.146.241.32 - - [04/May/2026:04:59:04 -0500] "GET /wp-content/plugins/akismet/_inc/akismet-frontend.js?ver=1764724306 HTTP/2.0" 200 3016 "https://easysalads.com/rocket-salad-with-pear-parmesan/" "Mozilla/5.0 (Macintosh; Intel Mac OS X 10_15_7) AppleWebKit/605.1.15 (KHTML, like Gecko) Version/18.7.5 Safari/605.1.15"
1.146.241.32 - - [04/May/2026:04:59:04 -0500] "GET /wp-includes/js/jquery/jquery.min.js?ver=3.7.1 HTTP/2.0" 200 29769 "https://easysalads.com/rocket-salad-with-pear-parmesan/" "Mozilla/5.0 (Macintosh; Intel Mac OS X 10_15_7) AppleWebKit/605.1.15 (KHTML, like Gecko) Version/18.7.5 Safari/605.1.15"
1.146.241.32 - - [04/May/2026:04:59:04 -0500] "GET /wp-includes/js/jquery/jquery-migrate.min.js?ver=3.4.1 HTTP/2.0" 200 4679 "https://easysalads.com/rocket-salad-with-pear-parmesan/" "Mozilla/5.0 (Macintosh; Intel Mac OS X 10_15_7) AppleWebKit/605.1.15 (KHTML, like Gecko) Version/18.7.5 Safari/605.1.15"
1.146.241.32 - - [04/May/2026:04:59:04 -0500] "GET /wp-content/plugins/wpforms-lite/assets/lib/jquery.validate.min.js?ver=1.21.0 HTTP/2.0" 200 7807 "https://easysalads.com/rocket-salad-with-pear-parmesan/" "Mozilla/5.0 (Macintosh; Intel Mac OS X 10_15_7) AppleWebKit/605.1.15 (KHTML, like Gecko) Version/18.7.5 Safari/605.1.15"
1.146.241.32 - - [04/May/2026:04:59:04 -0500] "GET /wp-content/plugins/wpforms-lite/assets/lib/mailcheck.min.js?ver=1.1.2 HTTP/2.0" 200 1616 "https://easysalads.com/rocket-salad-with-pear-parmesan/" "Mozilla/5.0 (Macintosh; Intel Mac OS X 10_15_7) AppleWebKit/605.1.15 (KHTML, like Gecko) Version/18.7.5 Safari/605.1.15"
1.146.241.32 - - [04/May/2026:04:59:04 -0500] "GET /wp-content/plugins/wpforms-lite/assets/lib/punycode.min.js?ver=1.0.0 HTTP/2.0" 200 834 "https://easysalads.com/rocket-salad-with-pear-parmesan/" "Mozilla/5.0 (Macintosh; Intel Mac OS X 10_15_7) AppleWebKit/605.1.15 (KHTML, like Gecko) Version/18.7.5 Safari/605.1.15"
1.146.241.32 - - [04/May/2026:04:59:04 -0500] "GET /wp-content/plugins/wpforms-lite/assets/js/share/utils.min.js?ver=1.10.0.4 HTTP/2.0" 200 727 "https://easysalads.com/rocket-salad-with-pear-parmesan/" "Mozilla/5.0 (Macintosh; Intel Mac OS X 10_15_7) AppleWebKit/605.1.15 (KHTML, like Gecko) Version/18.7.5 Safari/605.1.15"
1.146.241.32 - - [04/May/2026:04:59:04 -0500] "GET /wp-content/plugins/wpforms-lite/assets/js/frontend/wpforms.min.js?ver=1.10.0.4 HTTP/2.0" 200 14614 "https://easysalads.com/rocket-salad-with-pear-parmesan/" "Mozilla/5.0 (Macintosh; Intel Mac OS X 10_15_7) AppleWebKit/605.1.15 (KHTML, like Gecko) Version/18.7.5 Safari/605.1.15"
1.146.241.32 - - [04/May/2026:04:59:04 -0500] "GET /wp-content/plugins/wpforms-lite/assets/js/frontend/wpforms-modern.min.js?ver=1.10.0.4 HTTP/2.0" 200 1866 "https://easysalads.com/rocket-salad-with-pear-parmesan/" "Mozilla/5.0 (Macintosh; Intel Mac OS X 10_15_7) AppleWebKit/605.1.15 (KHTML, like Gecko) Version/18.7.5 Safari/605.1.15"
1.146.241.32 - - [04/May/2026:04:59:04 -0500] "GET /wp-content/plugins/wpforms-lite/assets/js/frontend/fields/address.min.js?ver=1.10.0.4 HTTP/2.0" 200 673 "https://easysalads.com/rocket-salad-with-pear-parmesan/" "Mozilla/5.0 (Macintosh; Intel Mac OS X 10_15_7) AppleWebKit/605.1.15 (KHTML, like Gecko) Version/18.7.5 Safari/605.1.15"
1.146.241.32 - - [04/May/2026:04:59:04 -0500] "GET /wp-includes/js/comment-reply.min.js?ver=6.9.4 HTTP/2.0" 200 1248 "https://easysalads.com/rocket-salad-with-pear-parmesan/" "Mozilla/5.0 (Macintosh; Intel Mac OS X 10_15_7) AppleWebKit/605.1.15 (KHTML, like Gecko) Version/18.7.5 Safari/605.1.15"
1.146.241.32 - - [04/May/2026:04:59:04 -0500] "GET /wp-content/themes/kadence/assets/js/navigation-lite.min.js?ver=1.1.21 HTTP/2.0" 200 2083 "https://easysalads.com/rocket-salad-with-pear-parmesan/" "Mozilla/5.0 (Macintosh; Intel Mac OS X 10_15_7) AppleWebKit/605.1.15 (KHTML, like Gecko) Version/18.7.5 Safari/605.1.15"
51.222.136.175 - - [04/May/2026:04:59:05 -0500] "GET /?nocache=1777888681 HTTP/2.0" 200 89176 "-" "BigScootsMonitor Mozilla/5.0 (Windows NT 10.0; Win64; x64) AppleWebKit/537.36 (KHTML, like Gecko) Chrome/74.0.3729.169 Safari/537.36"
34.204.85.156 - - [04/May/2026:04:59:05 -0500] "GET /rocket-salad-with-pear-parmesan/ HTTP/1.1" 200 126075 "-" "Mozilla/5.0 (compatible; proximic; +https://www.comscore.com/Web-Crawler)"
182.161.74.96 - - [04/May/2026:04:59:07 -0500] "GET /rocket-salad-with-pear-parmesan/ HTTP/1.1" 200 126075 "-" "CriteoBot/0.1 (+https://www.criteo.com/criteo-crawler/)"
182.161.74.68 - - [04/May/2026:04:59:07 -0500] "GET /rocket-salad-with-pear-parmesan/ HTTP/1.1" 200 126075 "-" "CriteoBot/0.1 (+https://www.criteo.com/criteo-crawler/)"
74.119.117.191 - - [04/May/2026:04:59:09 -0500] "GET /rocket-salad-with-pear-parmesan/ HTTP/1.1" 200 126075 "-" "CriteoBot/0.1 (+https://www.criteo.com/criteo-crawler/)"
100.48.15.21 - - [04/May/2026:04:59:12 -0500] "GET /rocket-salad-with-pear-parmesan HTTP/1.1" 200 126075 "-" "Mozilla/5.0 (compatible; proximic; +https://www.comscore.com/Web-Crawler)"
1.146.241.32 - - [04/May/2026:04:59:12 -0500] "GET /wp-content/uploads/2022/09/cropped-site-icon-easy-salads-192x192.png HTTP/2.0" 200 8410 "https://easysalads.com/rocket-salad-with-pear-parmesan/" "Mozilla/5.0 (Macintosh; Intel Mac OS X 10_15_7) AppleWebKit/605.1.15 (KHTML, like Gecko) Version/18.7.5 Safari/605.1.15"
1.146.241.32 - - [04/May/2026:04:59:12 -0500] "GET /wp-content/uploads/2022/09/cropped-site-icon-easy-salads-32x32.png HTTP/2.0" 200 907 "https://easysalads.com/rocket-salad-with-pear-parmesan/" "Mozilla/5.0 (Macintosh; Intel Mac OS X 10_15_7) AppleWebKit/605.1.15 (KHTML, like Gecko) Version/18.7.5 Safari/605.1.15"
152.233.60.105 - - [04/May/2026:04:59:14 -0500] "GET /rocket-salad-with-pear-parmesan HTTP/1.1" 200 126075 "-" "Mozilla/5.0 (Macintosh; Intel Mac OS X 10_15_7) AppleWebKit/537.36 (KHTML, like Gecko) Chrome/91.0.4472.164 Safari/537.36 (e1712a6f-ad26-4545-8a48-f6618a139e63)"
1.146.241.32 - - [04/May/2026:04:59:21 -0500] "GET /wp-content/uploads/2022/03/TTRamillas-ExtraLight.woff2 HTTP/2.0" 200 55736 "https://easysalads.com/rocket-salad-with-pear-parmesan/" "Mozilla/5.0 (Macintosh; Intel Mac OS X 10_15_7) AppleWebKit/605.1.15 (KHTML, like Gecko) Version/18.7.5 Safari/605.1.15"
1.146.241.32 - - [04/May/2026:04:59:21 -0500] "GET /wp-content/uploads/2022/03/TTRamillas-ExtraLightItalic.woff2 HTTP/2.0" 200 59480 "https://easysalads.com/rocket-salad-with-pear-parmesan/" "Mozilla/5.0 (Macintosh; Intel Mac OS X 10_15_7) AppleWebKit/605.1.15 (KHTML, like Gecko) Version/18.7.5 Safari/605.1.15"
66.249.66.77 - - [04/May/2026:04:59:37 -0500] "GET /rocket-salad-with-pear-parmesan HTTP/1.1" 200 102125 "-" "Mediapartners-Google"
66.249.66.76 - - [04/May/2026:04:59:37 -0500] "GET / HTTP/1.1" 200 91505 "-" "Mediapartners-Google"
178.250.1.66 - - [04/May/2026:04:59:45 -0500] "GET /rocket-salad-with-pear-parmesan/ HTTP/1.1" 200 126075 "-" "CriteoBot/0.1 (+https://www.criteo.com/criteo-crawler/)"
43.164.190.28 - - [04/May/2026:04:59:46 -0500] "GET /web-stories/feed/ HTTP/1.1" 200 3455 "-" "Mozilla/5.0 (iPhone; CPU iPhone OS 13_2_3 like Mac OS X) AppleWebKit/605.1.15 (KHTML, like Gecko) Version/13.0.3 Mobile/15E148 Safari/604.1"
178.250.1.83 - - [04/May/2026:04:59:47 -0500] "GET /rocket-salad-with-pear-parmesan/ HTTP/1.1" 200 126075 "-" "CriteoBot/0.1 (+https://www.criteo.com/criteo-crawler/)"
167.103.24.104 - - [04/May/2026:05:00:04 -0500] "GET /wp-content/uploads/2024/07/shrimp-corn-salad-01-1024x1536.jpg HTTP/2.0" 200 473357 "-" "Mozilla/5.0 (Windows NT 10.0; Win64; x64) AppleWebKit/537.36 (KHTML, like Gecko) Chrome/147.0.0.0 Safari/537.36"
182.161.73.15 - - [04/May/2026:05:00:12 -0500] "GET /rocket-salad-with-pear-parmesan HTTP/1.1" 200 126075 "-" "CriteoBot/0.1 (+https://www.criteo.com/criteo-crawler/)"
45.149.150.1 - - [04/May/2026:05:00:36 -0500] "GET /rocket-salad-with-pear-parmesan HTTP/1.1" 200 102125 "-" "Mozilla/5.0 (compatible; TTD-Content; +https://www.thetradedesk.com/general/ttd-content)"
154.18.244.252 - - [04/May/2026:05:00:39 -0500] "POST /wp-cron.php?doing_wp_cron=1777888839.7086989879608154296875 HTTP/1.1" 200 11 "-" "WordPress/6.9.4; https://easysalads.com"
104.155.59.120 - - [04/May/2026:05:00:39 -0500] "GET /ads.txt HTTP/1.1" 301 5 "-" "+http://www.google.com/adsbot.html"
66.249.66.76 - - [04/May/2026:05:00:52 -0500] "GET /rocket-salad-with-pear-parmesan HTTP/1.1" 200 102125 "-" "Googlebot-Image/1.0"
1.146.241.32 - - [04/May/2026:05:00:56 -0500] "GET /wp-content/uploads/2024/05/rocket-salad-01.jpg HTTP/2.0" 200 517566 "https://easysalads.com/rocket-salad-with-pear-parmesan/" "Mozilla/5.0 (Macintosh; Intel Mac OS X 10_15_7) AppleWebKit/605.1.15 (KHTML, like Gecko) Version/18.7.5 Safari/605.1.15"
146.75.164.154 - - [04/May/2026:05:00:59 -0500] "GET /classic-chicken-salad/ HTTP/2.0" 499 0 "-" "Mozilla/5.0 (iPhone; CPU iPhone OS 18_7 like Mac OS X) AppleWebKit/605.1.15 (KHTML, like Gecko) Version/26.3 Mobile/15E148 Safari/604.1"
154.18.244.252 - - [04/May/2026:05:01:04 -0500] "POST /wp-cron.php?doing_wp_cron=1777888864.3488929271697998046875 HTTP/1.1" 200 11 "-" "WordPress/6.9.4; https://easysalads.com"
57.128.189.19 - - [04/May/2026:05:01:04 -0500] "GET /?nocache=1777888801 HTTP/2.0" 200 89176 "-" "BigScootsMonitor Mozilla/5.0 (Windows NT 10.0; Win64; x64) AppleWebKit/537.36 (KHTML, like Gecko) Chrome/74.0.3729.169 Safari/537.36"
51.222.136.175 - - [04/May/2026:05:01:05 -0500] "GET /?nocache=1777888801 HTTP/2.0" 200 89176 "-" "BigScootsMonitor Mozilla/5.0 (Windows NT 10.0; Win64; x64) AppleWebKit/537.36 (KHTML, like Gecko) Chrome/74.0.3729.169 Safari/537.36"
152.59.148.7 - - [04/May/2026:05:01:25 -0500] "GET /wp-content/uploads/2024/01/Protein-Ideas-for-Salads.jpg HTTP/2.0" 200 411340 "https://www.google.com/" "Mozilla/5.0 (Linux; Android 15; V2336 Build/AP3A.240905.015.A2; wv) AppleWebKit/537.36 (KHTML, like Gecko) Version/4.0 Chrome/147.0.7727.111 Mobile Safari/537.36 GoogleApp/17.12.51.ve.arm64"
152.59.148.7 - - [04/May/2026:05:01:26 -0500] "GET /wp-content/uploads/2023/09/pulled-pork-salad-recipe00.jpg HTTP/2.0" 200 799908 "https://www.google.com/" "Mozilla/5.0 (Linux; Android 15; V2336 Build/AP3A.240905.015.A2; wv) AppleWebKit/537.36 (KHTML, like Gecko) Version/4.0 Chrome/147.0.7727.111 Mobile Safari/537.36 GoogleApp/17.12.51.ve.arm64"
