24.190.13.74 - - [04/May/2026:04:36:13 -0500] "GET /wp-content/plugins/wpforms-lite/assets/images/submit-spin.svg HTTP/2.0" 200 509 "https://easysalads.com/crispy-chicken-caesar-pasta-salad/" "Mozilla/5.0 (iPhone; CPU iPhone OS 18_7 like Mac OS X) AppleWebKit/605.1.15 (KHTML, like Gecko) Version/26.3 Mobile/15E148 Safari/604.1"
24.190.13.74 - - [04/May/2026:04:36:13 -0500] "GET /wp-content/uploads/2024/09/crispy-chicken-caesar-pasta-salad01.jpg HTTP/2.0" 200 859660 "https://easysalads.com/crispy-chicken-caesar-pasta-salad/" "Mozilla/5.0 (iPhone; CPU iPhone OS 18_7 like Mac OS X) AppleWebKit/605.1.15 (KHTML, like Gecko) Version/26.3 Mobile/15E148 Safari/604.1"
24.190.13.74 - - [04/May/2026:04:36:13 -0500] "GET /wp-includes/js/comment-reply.min.js?ver=6.9.4 HTTP/2.0" 200 1248 "https://easysalads.com/crispy-chicken-caesar-pasta-salad/" "Mozilla/5.0 (iPhone; CPU iPhone OS 18_7 like Mac OS X) AppleWebKit/605.1.15 (KHTML, like Gecko) Version/26.3 Mobile/15E148 Safari/604.1"
24.190.13.74 - - [04/May/2026:04:36:14 -0500] "GET /wp-content/uploads/2022/09/cropped-site-icon-easy-salads-192x192.png HTTP/2.0" 200 8410 "https://easysalads.com/crispy-chicken-caesar-pasta-salad/" "Mozilla/5.0 (iPhone; CPU iPhone OS 18_7 like Mac OS X) AppleWebKit/605.1.15 (KHTML, like Gecko) Version/26.3 Mobile/15E148 Safari/604.1"
24.190.13.74 - - [04/May/2026:04:36:14 -0500] "GET /wp-content/uploads/2022/09/cropped-site-icon-easy-salads-32x32.png HTTP/2.0" 200 907 "https://easysalads.com/crispy-chicken-caesar-pasta-salad/" "Mozilla/5.0 (iPhone; CPU iPhone OS 18_7 like Mac OS X) AppleWebKit/605.1.15 (KHTML, like Gecko) Version/26.3 Mobile/15E148 Safari/604.1"
18.215.247.80 - - [04/May/2026:04:36:14 -0500] "GET /crispy-chicken-caesar-pasta-salad/ HTTP/1.1" 200 128758 "-" "Mozilla/5.0 (compatible; proximic; +https://www.comscore.com/Web-Crawler)"
24.190.13.74 - - [04/May/2026:04:36:19 -0500] "GET /wp-content/uploads/2022/03/TTRamillas-ExtraLight.woff2 HTTP/2.0" 200 55736 "https://easysalads.com/crispy-chicken-caesar-pasta-salad/" "Mozilla/5.0 (iPhone; CPU iPhone OS 18_7 like Mac OS X) AppleWebKit/605.1.15 (KHTML, like Gecko) Version/26.3 Mobile/15E148 Safari/604.1"
24.190.13.74 - - [04/May/2026:04:36:19 -0500] "GET /wp-content/uploads/2022/03/TTRamillas-ExtraLightItalic.woff2 HTTP/2.0" 200 59480 "https://easysalads.com/crispy-chicken-caesar-pasta-salad/" "Mozilla/5.0 (iPhone; CPU iPhone OS 18_7 like Mac OS X) AppleWebKit/605.1.15 (KHTML, like Gecko) Version/26.3 Mobile/15E148 Safari/604.1"
24.190.13.74 - - [04/May/2026:04:36:20 -0500] "GET /crispy-chicken-caesar-pasta-salad/mraid.js HTTP/2.0" 404 146 "-" "Mozilla/5.0 (iPhone; CPU iPhone OS 18_7 like Mac OS X) AppleWebKit/605.1.15 (KHTML, like Gecko) Version/26.3 Mobile/15E148 Safari/604.1"
24.190.13.74 - - [04/May/2026:04:36:20 -0500] "GET /crispy-chicken-caesar-pasta-salad/%3CIMG%20SRC=%22https://ad.doubleclick.net/ddm/trackimp/N636.620333.PULSEPOINT.COM/B35403653.442243478;dc_trk_aid=635652831;dc_trk_cid=251503364;ord=1777887380926;dc_lat=;dc_rdid=;tag_for_child_directed_treatment=;tfua=;gdpr=$%7BGDPR%7D;gdpr_consent=$%7BGDPR_CONSENT_755%7D;ltd=;dc_tdv=1?%22%20attributionsrc%20BORDER=%220%22%20HEIGHT=%221%22%20WIDTH=%221%22%20ALT=%22Advertisement%22%3E HTTP/2.0" 301 0 "https://easysalads.com/crispy-chicken-caesar-pasta-salad/" "Mozilla/5.0 (iPhone; CPU iPhone OS 18_7 like Mac OS X) AppleWebKit/605.1.15 (KHTML, like Gecko) Version/26.3 Mobile/15E148 Safari/604.1"
54.152.227.25 - - [04/May/2026:04:36:21 -0500] "GET /crispy-chicken-caesar-pasta-salad HTTP/1.1" 200 128758 "-" "Mozilla/5.0 (compatible; proximic; +https://www.comscore.com/Web-Crawler)"
24.190.13.74 - - [04/May/2026:04:36:21 -0500] "GET /crispy-chicken-caesar-pasta-salad/%3CIMG%20SRC=%22https:/ad.doubleclick.net/ddm/trackimp/N636.620333.PULSEPOINT.COM/B35403653.442243478;dc_trk_aid=635652831;dc_trk_cid=251503364;ord=1777887380926;dc_lat=;dc_rdid=;tag_for_child_directed_treatment=;tfua=;gdpr=%7BGDPR%7D;gdpr_consent=%7BGDPR_CONSENT_755%7D;ltd=;dc_tdv=1?%22%20attributionsrc%20BORDER=%220%22%20HEIGHT=%221%22%20WIDTH=%221%22%20ALT=%22Advertisement%22%3E HTTP/2.0" 404 75406 "https://easysalads.com/crispy-chicken-caesar-pasta-salad/" "Mozilla/5.0 (iPhone; CPU iPhone OS 18_7 like Mac OS X) AppleWebKit/605.1.15 (KHTML, like Gecko) Version/26.3 Mobile/15E148 Safari/604.1"
43.165.4.2 - - [04/May/2026:04:36:24 -0500] "GET / HTTP/1.1" 200 111781 "http://easysalads.com" "Mozilla/5.0 (iPhone; CPU iPhone OS 13_2_3 like Mac OS X) AppleWebKit/605.1.15 (KHTML, like Gecko) Version/13.0.3 Mobile/15E148 Safari/604.1"
24.190.13.74 - - [04/May/2026:04:36:25 -0500] "GET /crispy-chicken-caesar-pasta-salad/?gpp=DBABzw%7E1YNY%7EBVQqAAAAAgA&gpp_sid=6%2C7 HTTP/2.0" 200 101689 "-" "Mozilla/5.0 (iPhone; CPU iPhone OS 18_7 like Mac OS X) AppleWebKit/605.1.15 (KHTML, like Gecko) Version/26.3 Mobile/15E148 Safari/604.1"
24.190.13.74 - - [04/May/2026:04:36:29 -0500] "GET /wp-content/uploads/2024/09/crispy-chicken-caesar-pasta-salad00.jpg HTTP/2.0" 200 1085127 "https://easysalads.com/crispy-chicken-caesar-pasta-salad/" "Mozilla/5.0 (iPhone; CPU iPhone OS 18_7 like Mac OS X) AppleWebKit/605.1.15 (KHTML, like Gecko) Version/26.3 Mobile/15E148 Safari/604.1"
24.190.13.74 - - [04/May/2026:04:36:30 -0500] "GET /crispy-chicken-caesar-pasta-salad/?gpp=DBABzw%7E1YNY%7EBVQqAAAAAgA&gpp_sid=6%2C7 HTTP/2.0" 200 101732 "-" "Mozilla/5.0 (iPhone; CPU iPhone OS 18_7 like Mac OS X) AppleWebKit/605.1.15 (KHTML, like Gecko) Version/26.3 Mobile/15E148 Safari/604.1"
24.190.13.74 - - [04/May/2026:04:36:32 -0500] "GET /wp-content/uploads/2024/09/crispy-chicken-caesar-pasta-salad00-1.jpg HTTP/2.0" 200 1085127 "https://easysalads.com/crispy-chicken-caesar-pasta-salad/" "Mozilla/5.0 (iPhone; CPU iPhone OS 18_7 like Mac OS X) AppleWebKit/605.1.15 (KHTML, like Gecko) Version/26.3 Mobile/15E148 Safari/604.1"
24.190.13.74 - - [04/May/2026:04:36:33 -0500] "GET /crispy-chicken-caesar-pasta-salad/?gpp=DBABzw%7E1YNY%7EBVQqAAAAAgA&gpp_sid=6%2C7 HTTP/2.0" 200 101739 "-" "Mozilla/5.0 (iPhone; CPU iPhone OS 18_7 like Mac OS X) AppleWebKit/605.1.15 (KHTML, like Gecko) Version/26.3 Mobile/15E148 Safari/604.1"
24.190.13.74 - - [04/May/2026:04:36:36 -0500] "GET /wp-content/uploads/2024/09/crispy-chicken-caesar-pasta-salad00-1-500x500.jpg HTTP/2.0" 200 129994 "https://easysalads.com/crispy-chicken-caesar-pasta-salad/" "Mozilla/5.0 (iPhone; CPU iPhone OS 18_7 like Mac OS X) AppleWebKit/605.1.15 (KHTML, like Gecko) Version/26.3 Mobile/15E148 Safari/604.1"
24.190.13.74 - - [04/May/2026:04:36:45 -0500] "GET /wprm_print/crispy-chicken-caesar-pasta-salad HTTP/2.0" 200 10010 "https://easysalads.com/crispy-chicken-caesar-pasta-salad/" "Mozilla/5.0 (iPhone; CPU iPhone OS 18_7 like Mac OS X) AppleWebKit/605.1.15 (KHTML, like Gecko) Version/26.3 Mobile/15E148 Safari/604.1"
24.190.13.74 - - [04/May/2026:04:36:45 -0500] "GET /wp-content/plugins/wp-recipe-maker/dist/print.css?ver=10.5.0 HTTP/2.0" 200 999 "https://easysalads.com/wprm_print/crispy-chicken-caesar-pasta-salad" "Mozilla/5.0 (iPhone; CPU iPhone OS 18_7 like Mac OS X) AppleWebKit/605.1.15 (KHTML, like Gecko) Version/26.3 Mobile/15E148 Safari/604.1"
24.190.13.74 - - [04/May/2026:04:36:45 -0500] "GET /wp-content/plugins/wp-recipe-maker/dist/print.js?ver=10.5.0 HTTP/2.0" 200 2670 "https://easysalads.com/wprm_print/crispy-chicken-caesar-pasta-salad" "Mozilla/5.0 (iPhone; CPU iPhone OS 18_7 like Mac OS X) AppleWebKit/605.1.15 (KHTML, like Gecko) Version/26.3 Mobile/15E148 Safari/604.1"
24.190.13.74 - - [04/May/2026:04:36:45 -0500] "GET /wp-content/plugins/wp-recipe-maker-premium/dist/print.css?ver=10.5.0 HTTP/2.0" 200 1436 "https://easysalads.com/wprm_print/crispy-chicken-caesar-pasta-salad" "Mozilla/5.0 (iPhone; CPU iPhone OS 18_7 like Mac OS X) AppleWebKit/605.1.15 (KHTML, like Gecko) Version/26.3 Mobile/15E148 Safari/604.1"
24.190.13.74 - - [04/May/2026:04:36:45 -0500] "GET /wp-content/plugins/wp-recipe-maker-premium/dist/print.js?ver=10.5.0 HTTP/2.0" 200 278266 "https://easysalads.com/wprm_print/crispy-chicken-caesar-pasta-salad" "Mozilla/5.0 (iPhone; CPU iPhone OS 18_7 like Mac OS X) AppleWebKit/605.1.15 (KHTML, like Gecko) Version/26.3 Mobile/15E148 Safari/604.1"
107.23.157.205 - - [04/May/2026:04:36:47 -0500] "GET /wprm_print/crispy-chicken-caesar-pasta-salad HTTP/1.1" 200 11137 "-" "Mozilla/5.0 (compatible; proximic; +https://www.comscore.com/Web-Crawler)"
91.134.56.46 - - [04/May/2026:04:36:51 -0500] "GET /wprm_print/crispy-chicken-caesar-pasta-salad HTTP/1.1" 200 10100 "-" "Mozilla/5.0 (Windows NT 10.0; Win64; x64) AppleWebKit/537.36 (KHTML, like Gecko) Chrome/42.0.2311.135 Safari/537.36 Edge/12.246, Mozilla/5.0 (Windows NT 10.0; Win64; x64) AppleWebKit/537.36 (KHTML, like Gecko) Chrome/42.0.2311.135 Safari/537.36 Edge/12.246"
154.18.244.252 - - [04/May/2026:04:37:03 -0500] "POST /wp-cron.php?doing_wp_cron=1777887423.0753340721130371093750 HTTP/1.1" 200 11 "-" "WordPress/6.9.4; https://easysalads.com"
198.175.24.218 - - [04/May/2026:04:37:03 -0500] "GET /?v=nocache-1739936881 HTTP/2.0" 200 89176 "-" "BigScoots Monitoring"
57.128.189.19 - - [04/May/2026:04:37:04 -0500] "GET /?nocache=1777887361 HTTP/2.0" 200 89176 "-" "BigScootsMonitor Mozilla/5.0 (Windows NT 10.0; Win64; x64) AppleWebKit/537.36 (KHTML, like Gecko) Chrome/74.0.3729.169 Safari/537.36"
51.222.136.175 - - [04/May/2026:04:37:04 -0500] "GET /?nocache=1777887421 HTTP/2.0" 200 89176 "-" "BigScootsMonitor Mozilla/5.0 (Windows NT 10.0; Win64; x64) AppleWebKit/537.36 (KHTML, like Gecko) Chrome/74.0.3729.169 Safari/537.36"
34.173.239.49 - - [04/May/2026:04:37:16 -0500] "HEAD /easy-5-bean-salad HTTP/2.0" 444 0 "-" "Mozilla/5.0 AppleWebKit/537.36 (KHTML, like Gecko); compatible; ShapBot/0.1.0"
92.184.141.206 - - [04/May/2026:04:37:16 -0500] "GET /grilled-peach-and-burrata-salad/ HTTP/2.0" 200 102204 "-" "Mozilla/5.0 (Linux; Android 6.0; Nexus 5 Build/MRA58N) AppleWebKit/537.36 (KHTML, like Gecko) Chrome/58.0.1495.1230 Mobile Safari/537.36"
92.184.141.206 - - [04/May/2026:04:37:16 -0500] "GET /wp-content/uploads/2023/07/grilled-peach-burrata-salad03-500x500.jpg HTTP/2.0" 206 500 "https://easysalads.com/grilled-peach-and-burrata-salad/" "Mozilla/5.0 (Linux; Android 6.0; Nexus 5 Build/MRA58N) AppleWebKit/537.36 (KHTML, like Gecko) Chrome/58.0.1495.1230 Mobile Safari/537.36"
92.184.141.206 - - [04/May/2026:04:37:16 -0500] "GET /wp-content/uploads/2023/07/grilled-peach-burrata-salad02-683x1024.jpg HTTP/2.0" 206 500 "https://easysalads.com/grilled-peach-and-burrata-salad/" "Mozilla/5.0 (Linux; Android 6.0; Nexus 5 Build/MRA58N) AppleWebKit/537.36 (KHTML, like Gecko) Chrome/58.0.1495.1230 Mobile Safari/537.36"
18.212.122.92 - - [04/May/2026:04:37:22 -0500] "GET /grilled-peach-and-burrata-salad/ HTTP/1.1" 200 130104 "-" "Mozilla/5.0 (compatible; proximic; +https://www.comscore.com/Web-Crawler)"
66.249.66.75 - - [04/May/2026:04:37:26 -0500] "GET / HTTP/1.1" 200 91505 "-" "Mediapartners-Google"
74.119.117.159 - - [04/May/2026:04:37:29 -0500] "GET /grilled-peach-and-burrata-salad/ HTTP/1.1" 200 130133 "-" "CriteoBot/0.1 (+https://www.criteo.com/criteo-crawler/)"
66.249.66.75 - - [04/May/2026:04:37:42 -0500] "GET /blog/ HTTP/1.1" 200 80152 "-" "Mozilla/5.0 (Linux; Android 6.0.1; Nexus 5X Build/MMB29P) AppleWebKit/537.36 (KHTML, like Gecko) Chrome/147.0.7727.137 Mobile Safari/537.36 (compatible; GoogleOther)"
66.249.66.76 - - [04/May/2026:04:37:44 -0500] "GET /wp-includes/blocks/heading/style.min.css?ver=6.9.4 HTTP/1.1" 200 1165 "https://easysalads.com/blog/" "Mozilla/5.0 (Linux; Android 6.0.1; Nexus 5X Build/MMB29P) AppleWebKit/537.36 (KHTML, like Gecko) Chrome/147.0.7727.137 Mobile Safari/537.36 (compatible; GoogleOther)"
47.128.115.27 - - [04/May/2026:04:37:44 -0500] "GET /grilled-peach-and-burrata-salad/ HTTP/2.0" 200 102156 "-" "Mozilla/5.0 (Linux; Android 5.0) AppleWebKit/537.36 (KHTML, like Gecko) Mobile Safari/537.36 (compatible; TikTokSpider; [email protected])"
47.128.115.27 - - [04/May/2026:04:37:45 -0500] "GET /wp-content/uploads/2023/07/grilled-peach-burrata-salad03-500x500.jpg HTTP/2.0" 206 500 "https://easysalads.com/grilled-peach-and-burrata-salad/" "Mozilla/5.0 (Linux; Android 5.0) AppleWebKit/537.36 (KHTML, like Gecko) Mobile Safari/537.36 (compatible; TikTokSpider; [email protected])"
47.128.115.27 - - [04/May/2026:04:37:45 -0500] "GET /wp-content/uploads/2023/07/grilled-peach-burrata-salad02-683x1024.jpg HTTP/2.0" 206 500 "https://easysalads.com/grilled-peach-and-burrata-salad/" "Mozilla/5.0 (Linux; Android 5.0) AppleWebKit/537.36 (KHTML, like Gecko) Mobile Safari/537.36 (compatible; TikTokSpider; [email protected])"
47.128.115.27 - - [04/May/2026:04:37:45 -0500] "GET /wp-content/uploads/2023/07/grilled-peach-burrata-salad04-683x1024.jpg HTTP/2.0" 206 500 "https://easysalads.com/grilled-peach-and-burrata-salad/" "Mozilla/5.0 (Linux; Android 5.0) AppleWebKit/537.36 (KHTML, like Gecko) Mobile Safari/537.36 (compatible; TikTokSpider; [email protected])"
47.128.115.27 - - [04/May/2026:04:37:45 -0500] "GET /wp-content/uploads/2023/07/grilled-peach-burrata-salad04.jpg HTTP/2.0" 206 500 "https://easysalads.com/grilled-peach-and-burrata-salad/" "Mozilla/5.0 (Linux; Android 5.0) AppleWebKit/537.36 (KHTML, like Gecko) Mobile Safari/537.36 (compatible; TikTokSpider; [email protected])"
47.128.115.27 - - [04/May/2026:04:37:45 -0500] "GET /grilled-peach-and-burrata-salad/ HTTP/2.0" 200 102114 "https://easysalads.com/grilled-peach-and-burrata-salad/" "Mozilla/5.0 (Linux; Android 5.0) AppleWebKit/537.36 (KHTML, like Gecko) Mobile Safari/537.36 (compatible; TikTokSpider; [email protected])"
66.249.66.75 - - [04/May/2026:04:37:46 -0500] "GET /wp-includes/blocks/paragraph/style.min.css?ver=6.9.4 HTTP/1.1" 200 655 "https://easysalads.com/blog/" "Mozilla/5.0 (Linux; Android 6.0.1; Nexus 5X Build/MMB29P) AppleWebKit/537.36 (KHTML, like Gecko) Chrome/147.0.7727.137 Mobile Safari/537.36 (compatible; GoogleOther)"
47.128.115.27 - - [04/May/2026:04:37:46 -0500] "GET /grilled-peach-and-burrata-salad/ HTTP/2.0" 200 102124 "https://easysalads.com/grilled-peach-and-burrata-salad/" "Mozilla/5.0 (Linux; Android 5.0) AppleWebKit/537.36 (KHTML, like Gecko) Mobile Safari/537.36 (compatible; TikTokSpider; [email protected])"
47.128.115.27 - - [04/May/2026:04:37:47 -0500] "GET /grilled-peach-and-burrata-salad/ HTTP/2.0" 200 102055 "https://easysalads.com/grilled-peach-and-burrata-salad/" "Mozilla/5.0 (Linux; Android 5.0) AppleWebKit/537.36 (KHTML, like Gecko) Mobile Safari/537.36 (compatible; TikTokSpider; [email protected])"
47.128.115.27 - - [04/May/2026:04:37:48 -0500] "GET /grilled-peach-and-burrata-salad/ HTTP/2.0" 200 102025 "https://easysalads.com/grilled-peach-and-burrata-salad/" "Mozilla/5.0 (Linux; Android 5.0) AppleWebKit/537.36 (KHTML, like Gecko) Mobile Safari/537.36 (compatible; TikTokSpider; [email protected])"
47.128.115.27 - - [04/May/2026:04:37:48 -0500] "GET /grilled-peach-and-burrata-salad/ HTTP/2.0" 200 102070 "https://easysalads.com/grilled-peach-and-burrata-salad/" "Mozilla/5.0 (Linux; Android 5.0) AppleWebKit/537.36 (KHTML, like Gecko) Mobile Safari/537.36 (compatible; TikTokSpider; [email protected])"
66.249.66.75 - - [04/May/2026:04:37:48 -0500] "GET /wp-content/plugins/kadence-pro/dist/infinite-scroll/infinite-scroll.min.js?ver=1.1.19 HTTP/1.1" 200 6673 "https://easysalads.com/blog/" "Mozilla/5.0 (Linux; Android 6.0.1; Nexus 5X Build/MMB29P) AppleWebKit/537.36 (KHTML, like Gecko) Chrome/147.0.7727.137 Mobile Safari/537.36 (compatible; GoogleOther)"
47.128.115.27 - - [04/May/2026:04:37:49 -0500] "GET /grilled-peach-and-burrata-salad/ HTTP/2.0" 200 102030 "https://easysalads.com/grilled-peach-and-burrata-salad/" "Mozilla/5.0 (Linux; Android 5.0) AppleWebKit/537.36 (KHTML, like Gecko) Mobile Safari/537.36 (compatible; TikTokSpider; [email protected])"
47.128.115.27 - - [04/May/2026:04:37:50 -0500] "GET /grilled-peach-and-burrata-salad/ HTTP/2.0" 200 102116 "https://easysalads.com/grilled-peach-and-burrata-salad/" "Mozilla/5.0 (Linux; Android 5.0) AppleWebKit/537.36 (KHTML, like Gecko) Mobile Safari/537.36 (compatible; TikTokSpider; [email protected])"
66.249.66.75 - - [04/May/2026:04:37:51 -0500] "GET /wp-content/plugins/kadence-pro/dist/infinite-scroll/src/infinite-scroll-events.js?ver=1.1.19 HTTP/1.1" 200 693 "https://easysalads.com/blog/" "Mozilla/5.0 (Linux; Android 6.0.1; Nexus 5X Build/MMB29P) AppleWebKit/537.36 (KHTML, like Gecko) Chrome/147.0.7727.137 Mobile Safari/537.36 (compatible; GoogleOther)"
47.128.115.27 - - [04/May/2026:04:37:51 -0500] "GET /grilled-peach-and-burrata-salad/ HTTP/2.0" 200 102051 "https://easysalads.com/grilled-peach-and-burrata-salad/" "Mozilla/5.0 (Linux; Android 5.0) AppleWebKit/537.36 (KHTML, like Gecko) Mobile Safari/537.36 (compatible; TikTokSpider; [email protected])"
47.128.115.27 - - [04/May/2026:04:37:51 -0500] "GET /grilled-peach-and-burrata-salad/ HTTP/2.0" 200 102075 "https://easysalads.com/grilled-peach-and-burrata-salad/" "Mozilla/5.0 (Linux; Android 5.0) AppleWebKit/537.36 (KHTML, like Gecko) Mobile Safari/537.36 (compatible; TikTokSpider; [email protected])"
47.128.115.27 - - [04/May/2026:04:37:52 -0500] "GET /grilled-peach-and-burrata-salad/ HTTP/2.0" 200 102059 "https://easysalads.com/grilled-peach-and-burrata-salad/" "Mozilla/5.0 (Linux; Android 5.0) AppleWebKit/537.36 (KHTML, like Gecko) Mobile Safari/537.36 (compatible; TikTokSpider; [email protected])"
47.128.115.27 - - [04/May/2026:04:37:53 -0500] "GET /grilled-peach-and-burrata-salad/ HTTP/2.0" 200 102081 "https://easysalads.com/grilled-peach-and-burrata-salad/" "Mozilla/5.0 (Linux; Android 5.0) AppleWebKit/537.36 (KHTML, like Gecko) Mobile Safari/537.36 (compatible; TikTokSpider; [email protected])"
47.128.115.27 - - [04/May/2026:04:37:54 -0500] "GET /grilled-peach-and-burrata-salad/ HTTP/2.0" 200 102129 "https://easysalads.com/grilled-peach-and-burrata-salad/" "Mozilla/5.0 (Linux; Android 5.0) AppleWebKit/537.36 (KHTML, like Gecko) Mobile Safari/537.36 (compatible; TikTokSpider; [email protected])"
154.18.244.252 - - [04/May/2026:04:37:55 -0500] "POST /wp-cron.php?doing_wp_cron=1777887475.1590249538421630859375 HTTP/1.1" 200 11 "-" "WordPress/6.9.4; https://easysalads.com"
47.128.115.27 - - [04/May/2026:04:37:55 -0500] "GET /grilled-peach-and-burrata-salad/ HTTP/2.0" 200 102026 "https://easysalads.com/grilled-peach-and-burrata-salad/" "Mozilla/5.0 (Linux; Android 5.0) AppleWebKit/537.36 (KHTML, like Gecko) Mobile Safari/537.36 (compatible; TikTokSpider; [email protected])"
66.249.66.75 - - [04/May/2026:04:37:55 -0500] "GET /wp-content/uploads/2022/09/rosa-marina-salad-02.jpg HTTP/1.1" 200 305290 "-" "Googlebot-Image/1.0"
47.128.115.27 - - [04/May/2026:04:37:55 -0500] "GET /grilled-peach-and-burrata-salad/ HTTP/2.0" 200 102066 "https://easysalads.com/grilled-peach-and-burrata-salad/" "Mozilla/5.0 (Linux; Android 5.0) AppleWebKit/537.36 (KHTML, like Gecko) Mobile Safari/537.36 (compatible; TikTokSpider; [email protected])"
47.128.115.27 - - [04/May/2026:04:37:56 -0500] "GET /grilled-peach-and-burrata-salad/ HTTP/2.0" 200 102056 "https://easysalads.com/grilled-peach-and-burrata-salad/" "Mozilla/5.0 (Linux; Android 5.0) AppleWebKit/537.36 (KHTML, like Gecko) Mobile Safari/537.36 (compatible; TikTokSpider; [email protected])"
47.128.115.27 - - [04/May/2026:04:37:57 -0500] "GET /grilled-peach-and-burrata-salad/ HTTP/2.0" 200 102246 "https://easysalads.com/grilled-peach-and-burrata-salad/" "Mozilla/5.0 (Linux; Android 5.0) AppleWebKit/537.36 (KHTML, like Gecko) Mobile Safari/537.36 (compatible; TikTokSpider; [email protected])"
47.128.115.27 - - [04/May/2026:04:37:58 -0500] "GET /grilled-peach-and-burrata-salad/ HTTP/2.0" 200 102093 "https://easysalads.com/grilled-peach-and-burrata-salad/" "Mozilla/5.0 (Linux; Android 5.0) AppleWebKit/537.36 (KHTML, like Gecko) Mobile Safari/537.36 (compatible; TikTokSpider; [email protected])"
47.128.115.27 - - [04/May/2026:04:37:59 -0500] "GET /grilled-peach-and-burrata-salad/ HTTP/2.0" 200 102045 "https://easysalads.com/grilled-peach-and-burrata-salad/" "Mozilla/5.0 (Linux; Android 5.0) AppleWebKit/537.36 (KHTML, like Gecko) Mobile Safari/537.36 (compatible; TikTokSpider; [email protected])"
47.128.115.27 - - [04/May/2026:04:37:59 -0500] "GET /grilled-peach-and-burrata-salad/ HTTP/2.0" 200 102160 "https://easysalads.com/grilled-peach-and-burrata-salad/" "Mozilla/5.0 (Linux; Android 5.0) AppleWebKit/537.36 (KHTML, like Gecko) Mobile Safari/537.36 (compatible; TikTokSpider; [email protected])"
47.128.115.27 - - [04/May/2026:04:38:00 -0500] "GET /grilled-peach-and-burrata-salad/ HTTP/2.0" 200 102103 "https://easysalads.com/grilled-peach-and-burrata-salad/" "Mozilla/5.0 (Linux; Android 5.0) AppleWebKit/537.36 (KHTML, like Gecko) Mobile Safari/537.36 (compatible; TikTokSpider; [email protected])"
18.97.9.99 - - [04/May/2026:04:38:01 -0500] "GET /wp-content/uploads/2024/02/broccoli-raisin-salad-00.jpg HTTP/1.1" 200 1068314 "-" "Mozilla/5.0 AppleWebKit/537.36 (KHTML, like Gecko; compatible; PerplexityBot/1.0; +https://perplexity.ai/perplexitybot)"
47.128.115.27 - - [04/May/2026:04:38:01 -0500] "GET /grilled-peach-and-burrata-salad/ HTTP/2.0" 200 102086 "https://easysalads.com/grilled-peach-and-burrata-salad/" "Mozilla/5.0 (Linux; Android 5.0) AppleWebKit/537.36 (KHTML, like Gecko) Mobile Safari/537.36 (compatible; TikTokSpider; [email protected])"
18.97.9.100 - - [04/May/2026:04:38:01 -0500] "GET /wp-content/uploads/2024/02/broccoli-raisin-salad-04.jpg HTTP/1.1" 200 838646 "-" "Mozilla/5.0 AppleWebKit/537.36 (KHTML, like Gecko; compatible; PerplexityBot/1.0; +https://perplexity.ai/perplexitybot)"
47.128.115.27 - - [04/May/2026:04:38:02 -0500] "GET /grilled-peach-and-burrata-salad/ HTTP/2.0" 200 102054 "https://easysalads.com/grilled-peach-and-burrata-salad/" "Mozilla/5.0 (Linux; Android 5.0) AppleWebKit/537.36 (KHTML, like Gecko) Mobile Safari/537.36 (compatible; TikTokSpider; [email protected])"
35.237.226.162 - - [04/May/2026:04:38:02 -0500] "GET /ads.txt HTTP/1.1" 301 5 "-" "Faraday v2.14.1"
47.128.115.27 - - [04/May/2026:04:38:03 -0500] "GET /grilled-peach-and-burrata-salad/ HTTP/2.0" 200 102026 "https://easysalads.com/grilled-peach-and-burrata-salad/" "Mozilla/5.0 (Linux; Android 5.0) AppleWebKit/537.36 (KHTML, like Gecko) Mobile Safari/537.36 (compatible; TikTokSpider; [email protected])"
141.11.36.44 - - [04/May/2026:04:38:03 -0500] "GET / HTTP/1.1" 200 526393 "-" "Mozilla/5.0 (Windows NT 10.0; Win64; x64) AppleWebKit/537.36 (KHTML, like Gecko) Chrome/136.0.0.0 Safari/537.36 OPR/120.0.0.0"
47.128.115.27 - - [04/May/2026:04:38:04 -0500] "GET /grilled-peach-and-burrata-salad/ HTTP/2.0" 200 102101 "https://easysalads.com/grilled-peach-and-burrata-salad/" "Mozilla/5.0 (Linux; Android 5.0) AppleWebKit/537.36 (KHTML, like Gecko) Mobile Safari/537.36 (compatible; TikTokSpider; [email protected])"
47.128.115.27 - - [04/May/2026:04:38:04 -0500] "GET /grilled-peach-and-burrata-salad/ HTTP/2.0" 200 102065 "https://easysalads.com/grilled-peach-and-burrata-salad/" "Mozilla/5.0 (Linux; Android 5.0) AppleWebKit/537.36 (KHTML, like Gecko) Mobile Safari/537.36 (compatible; TikTokSpider; [email protected])"
47.128.115.27 - - [04/May/2026:04:38:05 -0500] "GET /grilled-peach-and-burrata-salad/ HTTP/2.0" 200 102126 "https://easysalads.com/grilled-peach-and-burrata-salad/" "Mozilla/5.0 (Linux; Android 5.0) AppleWebKit/537.36 (KHTML, like Gecko) Mobile Safari/537.36 (compatible; TikTokSpider; [email protected])"
47.128.115.27 - - [04/May/2026:04:38:06 -0500] "GET /grilled-peach-and-burrata-salad/ HTTP/2.0" 200 102060 "https://easysalads.com/grilled-peach-and-burrata-salad/" "Mozilla/5.0 (Linux; Android 5.0) AppleWebKit/537.36 (KHTML, like Gecko) Mobile Safari/537.36 (compatible; TikTokSpider; [email protected])"
47.128.115.27 - - [04/May/2026:04:38:07 -0500] "GET /grilled-peach-and-burrata-salad/ HTTP/2.0" 200 102098 "https://easysalads.com/grilled-peach-and-burrata-salad/" "Mozilla/5.0 (Linux; Android 5.0) AppleWebKit/537.36 (KHTML, like Gecko) Mobile Safari/537.36 (compatible; TikTokSpider; [email protected])"
47.128.115.27 - - [04/May/2026:04:38:08 -0500] "GET /grilled-peach-and-burrata-salad/ HTTP/2.0" 200 102080 "https://easysalads.com/grilled-peach-and-burrata-salad/" "Mozilla/5.0 (Linux; Android 5.0) AppleWebKit/537.36 (KHTML, like Gecko) Mobile Safari/537.36 (compatible; TikTokSpider; [email protected])"
141.11.36.44 - - [04/May/2026:04:38:10 -0500] "GET //wp-json/wp/v2/users/ HTTP/1.1" 200 2039 "-" "Mozilla/5.0 (Windows NT 10.0; Win64; x64) AppleWebKit/537.36 (KHTML, like Gecko) Chrome/136.0.0.0 Safari/537.36 OPR/120.0.0.0"
141.11.36.44 - - [04/May/2026:04:38:12 -0500] "POST //xmlrpc.php HTTP/1.1" 403 548 "-" "Mozilla/5.0 (Macintosh; Intel Mac OS X 10_15_7) AppleWebKit/537.36 (KHTML, like Gecko) Chrome/139.0.0.0 Safari/537.36 Edg/139.0.3124.85"
34.203.221.180 - - [04/May/2026:04:38:54 -0500] "GET /grilled-peach-and-burrata-salad/ HTTP/1.1" 200 130133 "-" "Mozilla/5.0 (compatible; proximic; +https://www.comscore.com/Web-Crawler)"
154.18.244.252 - - [04/May/2026:04:38:55 -0500] "POST /wp-cron.php?doing_wp_cron=1777887535.9674239158630371093750 HTTP/1.1" 200 11 "-" "WordPress/6.9.4; https://easysalads.com"
24.190.13.74 - - [04/May/2026:04:38:55 -0500] "GET /wprm_print/crispy-chicken-caesar-pasta-salad?gpp=DBABzw%7E1YNY%7EBVQqAAAAAgA&gpp_sid=6%2C7 HTTP/2.0" 200 10010 "-" "Mozilla/5.0 (iPhone; CPU iPhone OS 18_7 like Mac OS X) AppleWebKit/605.1.15 (KHTML, like Gecko) Version/26.3 Mobile/15E148 Safari/604.1"
188.119.116.226 - - [04/May/2026:04:38:56 -0500] "GET /grilled-peach-and-burrata-salad/ HTTP/1.1" 200 104477 "-" "Mozilla/5.0 (compatible; TTD-Content; +https://www.thetradedesk.com/general/ttd-content)"
95.215.39.21 - - [04/May/2026:04:38:56 -0500] "GET /grilled-peach-and-burrata-salad/ HTTP/1.1" 200 104477 "-" "Mozilla/5.0 (compatible; TTD-Content; +https://www.thetradedesk.com/general/ttd-content)"
24.190.13.74 - - [04/May/2026:04:38:56 -0500] "GET /wprm_print/crispy-chicken-caesar-pasta-salad?gpp=DBABzw%7E1YNY%7EBVQqAAAAAgA&gpp_sid=6%2C7 HTTP/2.0" 200 10010 "-" "Mozilla/5.0 (iPhone; CPU iPhone OS 18_7 like Mac OS X) AppleWebKit/605.1.15 (KHTML, like Gecko) Version/26.3 Mobile/15E148 Safari/604.1"
52.203.13.176 - - [04/May/2026:04:39:04 -0500] "GET /easy-5-bean-salad/ HTTP/1.1" 200 105697 "-" "Mozilla/5.0 (compatible; Yahoo! Slurp; http://help.yahoo.com/help/us/ysearch/slurp)"
51.222.136.175 - - [04/May/2026:04:39:04 -0500] "GET /?nocache=1777887481 HTTP/2.0" 200 89176 "-" "BigScootsMonitor Mozilla/5.0 (Windows NT 10.0; Win64; x64) AppleWebKit/537.36 (KHTML, like Gecko) Chrome/74.0.3729.169 Safari/537.36"
107.23.65.207 - - [04/May/2026:04:39:04 -0500] "GET /wp-content/plugins/kadence-blocks-pro/dist/style-blocks-postgrid.css?ver=2.8.13.1 HTTP/1.1" 200 2807 "https://easysalads.com/easy-5-bean-salad/" "Mozilla/5.0 (compatible; Yahoo! Slurp; http://help.yahoo.com/help/us/ysearch/slurp)"
107.23.65.207 - - [04/May/2026:04:39:04 -0500] "GET /wp-content/plugins/kadence-blocks/dist/style-blocks-column.css?ver=3.6.7 HTTP/1.1" 200 440 "https://easysalads.com/easy-5-bean-salad/" "Mozilla/5.0 (compatible; Yahoo! Slurp; http://help.yahoo.com/help/us/ysearch/slurp)"
107.23.65.207 - - [04/May/2026:04:39:04 -0500] "GET /wp-content/plugins/kadence-blocks/dist/style-blocks-infobox.css?ver=3.6.7 HTTP/1.1" 200 1352 "https://easysalads.com/easy-5-bean-salad/" "Mozilla/5.0 (compatible; Yahoo! Slurp; http://help.yahoo.com/help/us/ysearch/slurp)"
3.90.83.10 - - [04/May/2026:04:39:04 -0500] "GET /wp-content/plugins/kadence-blocks/dist/style-blocks-rowlayout.css?ver=3.6.7 HTTP/1.1" 200 1783 "https://easysalads.com/easy-5-bean-salad/" "Mozilla/5.0 (compatible; Yahoo! Slurp; http://help.yahoo.com/help/us/ysearch/slurp)"
52.203.13.176 - - [04/May/2026:04:39:04 -0500] "GET /wp-content/plugins/wp-recipe-maker/dist/public-modern.css?ver=10.5.0 HTTP/1.1" 200 7725 "https://easysalads.com/easy-5-bean-salad/" "Mozilla/5.0 (compatible; Yahoo! Slurp; http://help.yahoo.com/help/us/ysearch/slurp)"
57.128.189.19 - - [04/May/2026:04:39:04 -0500] "GET /?nocache=1777887481 HTTP/2.0" 200 89176 "-" "BigScootsMonitor Mozilla/5.0 (Windows NT 10.0; Win64; x64) AppleWebKit/537.36 (KHTML, like Gecko) Chrome/74.0.3729.169 Safari/537.36"
107.23.65.207 - - [04/May/2026:04:39:04 -0500] "GET /wp-content/themes/kadence/assets/css/global.min.css?ver=1.1.22 HTTP/1.1" 200 4269 "https://easysalads.com/easy-5-bean-salad/" "Mozilla/5.0 (compatible; Yahoo! Slurp; http://help.yahoo.com/help/us/ysearch/slurp)"
3.90.83.10 - - [04/May/2026:04:39:04 -0500] "GET /wp-content/themes/kadence/assets/css/content.min.css?ver=1.1.22 HTTP/1.1" 200 5525 "https://easysalads.com/easy-5-bean-salad/" "Mozilla/5.0 (compatible; Yahoo! Slurp; http://help.yahoo.com/help/us/ysearch/slurp)"
107.23.65.207 - - [04/May/2026:04:39:04 -0500] "GET /wp-content/plugins/wp-recipe-maker-premium/dist/public-pro.css?ver=10.5.0 HTTP/1.1" 200 6809 "https://easysalads.com/easy-5-bean-salad/" "Mozilla/5.0 (compatible; Yahoo! Slurp; http://help.yahoo.com/help/us/ysearch/slurp)"
52.203.13.176 - - [04/May/2026:04:39:04 -0500] "GET /wp-content/themes/kadence/assets/css/comments.min.css?ver=1.1.22 HTTP/1.1" 200 1301 "https://easysalads.com/easy-5-bean-salad/" "Mozilla/5.0 (compatible; Yahoo! Slurp; http://help.yahoo.com/help/us/ysearch/slurp)"
107.23.65.207 - - [04/May/2026:04:39:04 -0500] "GET /wp-content/themes/kadence/assets/css/header.min.css?ver=1.1.22 HTTP/1.1" 200 4308 "https://easysalads.com/easy-5-bean-salad/" "Mozilla/5.0 (compatible; Yahoo! Slurp; http://help.yahoo.com/help/us/ysearch/slurp)"
3.90.83.10 - - [04/May/2026:04:39:04 -0500] "GET /wp-content/themes/kadence/assets/css/footer.min.css?ver=1.1.22 HTTP/1.1" 200 1592 "https://easysalads.com/easy-5-bean-salad/" "Mozilla/5.0 (compatible; Yahoo! Slurp; http://help.yahoo.com/help/us/ysearch/slurp)"
107.23.65.207 - - [04/May/2026:04:39:04 -0500] "GET /wp-content/themes/kadence/assets/css/sidebar.min.css?ver=1.1.22 HTTP/1.1" 200 749 "https://easysalads.com/easy-5-bean-salad/" "Mozilla/5.0 (compatible; Yahoo! Slurp; http://help.yahoo.com/help/us/ysearch/slurp)"
107.23.65.207 - - [04/May/2026:04:39:04 -0500] "GET /wp-content/plugins/kadence-pro/dist/mega-menu/menu-addon.css?ver=1.1.19 HTTP/1.1" 200 1138 "https://easysalads.com/easy-5-bean-salad/" "Mozilla/5.0 (compatible; Yahoo! Slurp; http://help.yahoo.com/help/us/ysearch/slurp)"
52.203.13.176 - - [04/May/2026:04:39:04 -0500] "GET /wp-content/plugins/social-pug/assets/dist/style-frontend-pro.css?ver=2.28.0 HTTP/1.1" 200 11467 "https://easysalads.com/easy-5-bean-salad/" "Mozilla/5.0 (compatible; Yahoo! Slurp; http://help.yahoo.com/help/us/ysearch/slurp)"
107.23.65.207 - - [04/May/2026:04:39:04 -0500] "GET /wp-content/plugins/kadence-blocks/dist/style-blocks-spacer.css?ver=3.6.7 HTTP/1.1" 200 397 "https://easysalads.com/easy-5-bean-salad/" "Mozilla/5.0 (compatible; Yahoo! Slurp; http://help.yahoo.com/help/us/ysearch/slurp)"
3.90.83.10 - - [04/May/2026:04:39:04 -0500] "GET /wp-content/plugins/kadence-blocks/dist/style-blocks-iconlist.css?ver=3.6.7 HTTP/1.1" 200 609 "https://easysalads.com/easy-5-bean-salad/" "Mozilla/5.0 (compatible; Yahoo! Slurp; http://help.yahoo.com/help/us/ysearch/slurp)"
107.23.65.207 - - [04/May/2026:04:39:04 -0500] "GET /wp-content/themes/restored316-sage/style.css?ver=1_0_1 HTTP/1.1" 200 1101 "https://easysalads.com/easy-5-bean-salad/" "Mozilla/5.0 (compatible; Yahoo! Slurp; http://help.yahoo.com/help/us/ysearch/slurp)"
107.23.65.207 - - [04/May/2026:04:39:05 -0500] "GET /wp-content/plugins/wpforms-lite/assets/css/frontend/modern/wpforms-full.min.css?ver=1.10.0.4 HTTP/1.1" 200 14805 "https://easysalads.com/easy-5-bean-salad/" "Mozilla/5.0 (compatible; Yahoo! Slurp; http://help.yahoo.com/help/us/ysearch/slurp)"
107.23.65.207 - - [04/May/2026:04:39:05 -0500] "GET /wp-content/uploads/2022/09/Easy-Salads-website-logo-1024x301.png HTTP/1.1" 200 44390 "https://easysalads.com/easy-5-bean-salad/" "Mozilla/5.0 (compatible; Yahoo! Slurp; http://help.yahoo.com/help/us/ysearch/slurp)"
52.203.13.176 - - [04/May/2026:04:39:05 -0500] "GET /wp-content/uploads/2022/11/5-Bean-Salad-02-1024x731.jpg HTTP/1.1" 200 204488 "https://easysalads.com/easy-5-bean-salad/" "Mozilla/5.0 (compatible; Yahoo! Slurp; http://help.yahoo.com/help/us/ysearch/slurp)"
3.90.83.10 - - [04/May/2026:04:39:05 -0500] "GET /wp-content/uploads/2022/11/5-Bean-Salad-00-1024x1536.jpg HTTP/1.1" 200 376235 "https://easysalads.com/easy-5-bean-salad/" "Mozilla/5.0 (compatible; Yahoo! Slurp; http://help.yahoo.com/help/us/ysearch/slurp)"
23.22.210.162 - - [04/May/2026:04:39:05 -0500] "GET /wp-content/plugins/kadence-blocks/dist/style-blocks-advancedbtn.css?ver=3.6.7 HTTP/1.1" 200 717 "https://easysalads.com/easy-5-bean-salad/" "Mozilla/5.0 (compatible; Yahoo! Slurp; http://help.yahoo.com/help/us/ysearch/slurp)"
107.23.65.207 - - [04/May/2026:04:39:05 -0500] "GET /wp-content/plugins/social-pug/assets/dist/front-end-pro.js?ver=2.28.0 HTTP/1.1" 200 9352 "https://easysalads.com/easy-5-bean-salad/" "Mozilla/5.0 (compatible; Yahoo! Slurp; http://help.yahoo.com/help/us/ysearch/slurp)"
23.22.210.162 - - [04/May/2026:04:39:05 -0500] "GET /wp-content/plugins/wp-recipe-maker/assets/icons/rating/stars-alt-5.svg HTTP/1.1" 200 976 "https://easysalads.com/easy-5-bean-salad/" "Mozilla/5.0 (compatible; Yahoo! Slurp; http://help.yahoo.com/help/us/ysearch/slurp)"
52.203.13.176 - - [04/May/2026:04:39:05 -0500] "GET /wp-content/plugins/wpforms-lite/assets/images/submit-spin.svg HTTP/1.1" 200 509 "https://easysalads.com/easy-5-bean-salad/" "Mozilla/5.0 (compatible; Yahoo! Slurp; http://help.yahoo.com/help/us/ysearch/slurp)"
24.190.13.74 - - [04/May/2026:04:39:25 -0500] "GET /wprm_print/crispy-chicken-caesar-pasta-salad?gpp=DBABzw%7E1YNY%7EBVQqAAAAAgA&gpp_sid=6%2C7 HTTP/2.0" 200 10010 "-" "Mozilla/5.0 (iPhone; CPU iPhone OS 18_7 like Mac OS X) AppleWebKit/605.1.15 (KHTML, like Gecko) Version/26.3 Mobile/15E148 Safari/604.1"
54.162.203.141 - - [04/May/2026:04:40:27 -0500] "GET / HTTP/1.1" 200 114540 "-" "Mozilla/5.0 (compatible; proximic; +https://www.comscore.com/Web-Crawler)"
154.18.244.252 - - [04/May/2026:04:41:04 -0500] "POST /wp-cron.php?doing_wp_cron=1777887664.1743979454040527343750 HTTP/1.1" 200 11 "-" "WordPress/6.9.4; https://easysalads.com"
57.128.189.19 - - [04/May/2026:04:41:04 -0500] "GET /?nocache=1777887601 HTTP/2.0" 200 89176 "-" "BigScootsMonitor Mozilla/5.0 (Windows NT 10.0; Win64; x64) AppleWebKit/537.36 (KHTML, like Gecko) Chrome/74.0.3729.169 Safari/537.36"
51.222.136.175 - - [04/May/2026:04:41:04 -0500] "GET /?nocache=1777887601 HTTP/2.0" 200 89176 "-" "BigScootsMonitor Mozilla/5.0 (Windows NT 10.0; Win64; x64) AppleWebKit/537.36 (KHTML, like Gecko) Chrome/74.0.3729.169 Safari/537.36"
78.100.170.217 - - [04/May/2026:04:41:22 -0500] "GET /wp-login.php HTTP/2.0" 200 1882 "-" "Mozilla/5.0 (Windows NT 6.1; Win64; x64) AppleWebKit/537.36 (KHTML, like Gecko) Chrome/66.0.3359.170 Safari/537.36"
78.100.170.217 - - [04/May/2026:04:41:23 -0500] "POST /wp-login.php HTTP/2.0" 200 2018 "https://easysalads.com/wp-login.php" "Mozilla/5.0 (Windows NT 6.1; Win64; x64) AppleWebKit/537.36 (KHTML, like Gecko) Chrome/66.0.3359.170 Safari/537.36"
192.178.8.104 - - [04/May/2026:04:41:44 -0500] "GET /.well-known/traffic-advice HTTP/1.1" 404 146 "-" "Chrome Privacy Preserving Prefetch Proxy"
66.249.93.173 - - [04/May/2026:04:41:44 -0500] "GET /.well-known/traffic-advice HTTP/1.1" 404 146 "-" "Chrome Privacy Preserving Prefetch Proxy"
162.120.184.57 - - [04/May/2026:04:41:44 -0500] "GET /peruvian-chopped-salad/ HTTP/2.0" 499 0 "https://www.google.com/" "Mozilla/5.0 (Linux; Android 10; K) AppleWebKit/537.36 (KHTML, like Gecko) Chrome/147.0.0.0 Mobile Safari/537.36"
162.120.187.117 - - [04/May/2026:04:41:45 -0500] "GET /tomato-onion-salad/ HTTP/2.0" 200 101445 "https://www.google.com/" "Mozilla/5.0 (Linux; Android 10; K) AppleWebKit/537.36 (KHTML, like Gecko) Chrome/138.0.0.0 Mobile Safari/537.36"
66.249.66.76 - - [04/May/2026:04:41:52 -0500] "GET /wp-content/uploads/2022/11/Christmas-Salad-00.jpg HTTP/1.1" 200 252710 "-" "Googlebot-Image/1.0"
154.18.244.252 - - [04/May/2026:04:43:04 -0500] "POST /wp-cron.php?doing_wp_cron=1777887784.5654039382934570312500 HTTP/1.1" 200 11 "-" "WordPress/6.9.4; https://easysalads.com"
51.222.136.175 - - [04/May/2026:04:43:04 -0500] "GET /?nocache=1777887721 HTTP/2.0" 200 89176 "-" "BigScootsMonitor Mozilla/5.0 (Windows NT 10.0; Win64; x64) AppleWebKit/537.36 (KHTML, like Gecko) Chrome/74.0.3729.169 Safari/537.36"
154.18.244.252 - - [04/May/2026:04:43:04 -0500] "POST /wp-cron.php?doing_wp_cron=1777887784.7144351005554199218750 HTTP/1.1" 200 11 "-" "WordPress/6.9.4; https://easysalads.com"
57.128.189.19 - - [04/May/2026:04:43:04 -0500] "GET /?nocache=1777887721 HTTP/2.0" 200 89176 "-" "BigScootsMonitor Mozilla/5.0 (Windows NT 10.0; Win64; x64) AppleWebKit/537.36 (KHTML, like Gecko) Chrome/74.0.3729.169 Safari/537.36"
45.224.144.210 - - [04/May/2026:04:43:04 -0500] "GET /wp-login.php HTTP/2.0" 200 1882 "-" "Mozilla/4.0 (compatible; MSIE 7.0; Windows NT 6.1; Trident/7.0; SLCC2; .NET CLR 2.0.50727; .NET CLR 3.5.30729; .NET CLR 3.0.30729; Media Center PC 6.0; InfoPath.3; .NET4.0C; .NET4.0E)"
45.224.144.210 - - [04/May/2026:04:43:05 -0500] "POST /wp-login.php HTTP/2.0" 200 2018 "https://easysalads.com/wp-login.php" "Mozilla/4.0 (compatible; MSIE 7.0; Windows NT 6.1; Trident/7.0; SLCC2; .NET CLR 2.0.50727; .NET CLR 3.5.30729; .NET CLR 3.0.30729; Media Center PC 6.0; InfoPath.3; .NET4.0C; .NET4.0E)"
103.1.236.227 - - [04/May/2026:04:43:49 -0500] "GET /wp-login.php HTTP/2.0" 200 1882 "-" "Mozilla/5.0 (Windows NT 6.3; Win64; x64) AppleWebKit/537.36 (KHTML, like Gecko) Chrome/65.0.3325.181 Safari/537.36"
103.1.236.227 - - [04/May/2026:04:43:50 -0500] "POST /wp-login.php HTTP/2.0" 200 2020 "https://easysalads.com/wp-login.php" "Mozilla/5.0 (Windows NT 6.3; Win64; x64) AppleWebKit/537.36 (KHTML, like Gecko) Chrome/65.0.3325.181 Safari/537.36"
57.141.6.3 - - [04/May/2026:04:44:24 -0500] "GET / HTTP/2.0" 200 536589 "-" "meta-webindexer/1.1 (+https://developers.facebook.com/docs/sharing/webmasters/crawler)"
154.18.244.252 - - [04/May/2026:04:45:04 -0500] "POST /wp-cron.php?doing_wp_cron=1777887904.1086950302124023437500 HTTP/1.1" 200 11 "-" "WordPress/6.9.4; https://easysalads.com"
57.128.189.19 - - [04/May/2026:04:45:04 -0500] "GET /?nocache=1777887841 HTTP/2.0" 200 89176 "-" "BigScootsMonitor Mozilla/5.0 (Windows NT 10.0; Win64; x64) AppleWebKit/537.36 (KHTML, like Gecko) Chrome/74.0.3729.169 Safari/537.36"
51.222.136.175 - - [04/May/2026:04:45:05 -0500] "GET /?nocache=1777887841 HTTP/2.0" 200 89176 "-" "BigScootsMonitor Mozilla/5.0 (Windows NT 10.0; Win64; x64) AppleWebKit/537.36 (KHTML, like Gecko) Chrome/74.0.3729.169 Safari/537.36"
198.235.24.44 - - [04/May/2026:04:45:23 -0500] "GET / HTTP/1.1" 200 536619 "http://easysalads.com/" "Hello from Palo Alto Networks, find out more about our scans in https://docs-cortex.paloaltonetworks.com/r/1/Cortex-Xpanse/Scanning-activity"
103.216.117.42 - - [04/May/2026:04:45:23 -0500] "GET /wp-login.php HTTP/2.0" 444 0 "-" "Mozilla/5.0 (X11; CrOS x86_64 10323.62.0) AppleWebKit/537.36 (KHTML, like Gecko) Chrome/65.0.3325.184 Safari/537.36"
66.249.66.13 - - [04/May/2026:04:45:49 -0500] "GET /wp-content/uploads/2024/05/pizza-night-salad-05-200x300.jpg HTTP/1.1" 200 29338 "-" "Googlebot-Image/1.0"
164.92.65.178 - - [04/May/2026:04:46:30 -0500] "GET /wp-content/uploads/2026/01/peruvian-chopped-salad-04.jpg HTTP/2.0" 200 1175115 "https://easysalads.com" "Mozilla/5.0 (Windows NT 10.0; Win64; x64) AppleWebKit/537.36 (KHTML, like Gecko) Chrome/147.0.0.0 Safari/537.36"
154.18.244.252 - - [04/May/2026:04:47:04 -0500] "POST /wp-cron.php?doing_wp_cron=1777888024.3571689128875732421875 HTTP/1.1" 200 11 "-" "WordPress/6.9.4; https://easysalads.com"
57.128.189.19 - - [04/May/2026:04:47:04 -0500] "GET /?nocache=1777887961 HTTP/2.0" 200 89176 "-" "BigScootsMonitor Mozilla/5.0 (Windows NT 10.0; Win64; x64) AppleWebKit/537.36 (KHTML, like Gecko) Chrome/74.0.3729.169 Safari/537.36"
51.222.136.175 - - [04/May/2026:04:47:05 -0500] "GET /?nocache=1777887961 HTTP/2.0" 200 89176 "-" "BigScootsMonitor Mozilla/5.0 (Windows NT 10.0; Win64; x64) AppleWebKit/537.36 (KHTML, like Gecko) Chrome/74.0.3729.169 Safari/537.36"
69.63.184.23 - - [04/May/2026:04:47:10 -0500] "GET / HTTP/2.0" 200 536589 "-" "meta-webindexer/1.1 (+https://developers.facebook.com/docs/sharing/webmasters/crawler)"
65.108.108.29 - - [04/May/2026:04:48:11 -0500] "GET / HTTP/2.0" 200 91491 "-" "Mozilla/5.0 (Windows NT 10.0; Win64; x64) AppleWebKit/537.36 (KHTML, like Gecko) Chrome/146.0.0.0 Safari/537.36"
65.108.108.29 - - [04/May/2026:04:48:11 -0500] "GET /wp-content/plugins/kadence-blocks/includes/assets/css/kadence-splide.min.css?ver=3.6.7 HTTP/2.0" 200 1701 "https://easysalads.com/" "Mozilla/5.0 (Windows NT 10.0; Win64; x64) AppleWebKit/537.36 (KHTML, like Gecko) Chrome/146.0.0.0 Safari/537.36"
65.108.108.29 - - [04/May/2026:04:48:11 -0500] "GET /wp-content/plugins/kadence-blocks/includes/assets/css/kb-blocks-splide.min.css?ver=3.6.7 HTTP/2.0" 200 327 "https://easysalads.com/" "Mozilla/5.0 (Windows NT 10.0; Win64; x64) AppleWebKit/537.36 (KHTML, like Gecko) Chrome/146.0.0.0 Safari/537.36"
65.108.108.29 - - [04/May/2026:04:48:11 -0500] "GET /wp-content/plugins/kadence-blocks/dist/style-blocks-rowlayout.css?ver=3.6.7 HTTP/2.0" 200 1771 "https://easysalads.com/" "Mozilla/5.0 (Windows NT 10.0; Win64; x64) AppleWebKit/537.36 (KHTML, like Gecko) Chrome/146.0.0.0 Safari/537.36"
65.108.108.29 - - [04/May/2026:04:48:11 -0500] "GET /wp-content/plugins/kadence-blocks/dist/style-blocks-column.css?ver=3.6.7 HTTP/2.0" 200 428 "https://easysalads.com/" "Mozilla/5.0 (Windows NT 10.0; Win64; x64) AppleWebKit/537.36 (KHTML, like Gecko) Chrome/146.0.0.0 Safari/537.36"
65.108.108.29 - - [04/May/2026:04:48:11 -0500] "GET /wp-content/plugins/kadence-blocks/dist/style-blocks-infobox.css?ver=3.6.7 HTTP/2.0" 200 1340 "https://easysalads.com/" "Mozilla/5.0 (Windows NT 10.0; Win64; x64) AppleWebKit/537.36 (KHTML, like Gecko) Chrome/146.0.0.0 Safari/537.36"
65.108.108.29 - - [04/May/2026:04:48:11 -0500] "GET /wp-content/plugins/kadence-blocks/dist/style-blocks-advancedbtn.css?ver=3.6.7 HTTP/2.0" 200 705 "https://easysalads.com/" "Mozilla/5.0 (Windows NT 10.0; Win64; x64) AppleWebKit/537.36 (KHTML, like Gecko) Chrome/146.0.0.0 Safari/537.36"
65.108.108.29 - - [04/May/2026:04:48:11 -0500] "GET /wp-content/plugins/kadence-blocks-pro/dist/style-blocks-postgrid.css?ver=2.8.13.1 HTTP/2.0" 200 2795 "https://easysalads.com/" "Mozilla/5.0 (Windows NT 10.0; Win64; x64) AppleWebKit/537.36 (KHTML, like Gecko) Chrome/146.0.0.0 Safari/537.36"
65.108.108.29 - - [04/May/2026:04:48:11 -0500] "GET /wp-content/plugins/wp-recipe-maker/dist/public-modern.css?ver=10.5.0 HTTP/2.0" 200 7712 "https://easysalads.com/" "Mozilla/5.0 (Windows NT 10.0; Win64; x64) AppleWebKit/537.36 (KHTML, like Gecko) Chrome/146.0.0.0 Safari/537.36"
65.108.108.29 - - [04/May/2026:04:48:11 -0500] "GET /wp-content/plugins/wp-recipe-maker-premium/dist/public-pro.css?ver=10.5.0 HTTP/2.0" 200 6796 "https://easysalads.com/" "Mozilla/5.0 (Windows NT 10.0; Win64; x64) AppleWebKit/537.36 (KHTML, like Gecko) Chrome/146.0.0.0 Safari/537.36"
65.108.108.29 - - [04/May/2026:04:48:11 -0500] "GET /wp-content/themes/kadence/assets/css/global.min.css?ver=1.1.22 HTTP/2.0" 200 4256 "https://easysalads.com/" "Mozilla/5.0 (Windows NT 10.0; Win64; x64) AppleWebKit/537.36 (KHTML, like Gecko) Chrome/146.0.0.0 Safari/537.36"
65.108.108.29 - - [04/May/2026:04:48:11 -0500] "GET /wp-content/themes/kadence/assets/css/header.min.css?ver=1.1.22 HTTP/2.0" 200 4295 "https://easysalads.com/" "Mozilla/5.0 (Windows NT 10.0; Win64; x64) AppleWebKit/537.36 (KHTML, like Gecko) Chrome/146.0.0.0 Safari/537.36"
65.108.108.29 - - [04/May/2026:04:48:11 -0500] "GET /wp-content/themes/kadence/assets/css/content.min.css?ver=1.1.22 HTTP/2.0" 200 5512 "https://easysalads.com/" "Mozilla/5.0 (Windows NT 10.0; Win64; x64) AppleWebKit/537.36 (KHTML, like Gecko) Chrome/146.0.0.0 Safari/537.36"
65.108.108.29 - - [04/May/2026:04:48:11 -0500] "GET /wp-content/themes/kadence/assets/css/footer.min.css?ver=1.1.22 HTTP/2.0" 200 1580 "https://easysalads.com/" "Mozilla/5.0 (Windows NT 10.0; Win64; x64) AppleWebKit/537.36 (KHTML, like Gecko) Chrome/146.0.0.0 Safari/537.36"
65.108.108.29 - - [04/May/2026:04:48:11 -0500] "GET /wp-content/plugins/kadence-pro/dist/mega-menu/menu-addon.css?ver=1.1.19 HTTP/2.0" 200 1126 "https://easysalads.com/" "Mozilla/5.0 (Windows NT 10.0; Win64; x64) AppleWebKit/537.36 (KHTML, like Gecko) Chrome/146.0.0.0 Safari/537.36"
65.108.108.29 - - [04/May/2026:04:48:11 -0500] "GET /wp-content/plugins/social-pug/assets/dist/style-frontend-pro.css?ver=2.28.0 HTTP/2.0" 200 11454 "https://easysalads.com/" "Mozilla/5.0 (Windows NT 10.0; Win64; x64) AppleWebKit/537.36 (KHTML, like Gecko) Chrome/146.0.0.0 Safari/537.36"
65.108.108.29 - - [04/May/2026:04:48:11 -0500] "GET /wp-content/plugins/kadence-blocks/dist/style-blocks-spacer.css?ver=3.6.7 HTTP/2.0" 200 385 "https://easysalads.com/" "Mozilla/5.0 (Windows NT 10.0; Win64; x64) AppleWebKit/537.36 (KHTML, like Gecko) Chrome/146.0.0.0 Safari/537.36"
65.108.108.29 - - [04/May/2026:04:48:11 -0500] "GET /wp-content/plugins/kadence-blocks/dist/style-blocks-advancedgallery.css?ver=3.6.7 HTTP/2.0" 200 3523 "https://easysalads.com/" "Mozilla/5.0 (Windows NT 10.0; Win64; x64) AppleWebKit/537.36 (KHTML, like Gecko) Chrome/146.0.0.0 Safari/537.36"
65.108.108.29 - - [04/May/2026:04:48:11 -0500] "GET /wp-content/plugins/kadence-blocks/dist/style-blocks-posts.css?ver=3.6.7 HTTP/2.0" 200 1365 "https://easysalads.com/" "Mozilla/5.0 (Windows NT 10.0; Win64; x64) AppleWebKit/537.36 (KHTML, like Gecko) Chrome/146.0.0.0 Safari/537.36"
65.108.108.29 - - [04/May/2026:04:48:11 -0500] "GET /wp-content/plugins/kadence-blocks/dist/style-blocks-icon.css?ver=3.6.7 HTTP/2.0" 200 1043 "https://easysalads.com/" "Mozilla/5.0 (Windows NT 10.0; Win64; x64) AppleWebKit/537.36 (KHTML, like Gecko) Chrome/146.0.0.0 Safari/537.36"
65.108.108.29 - - [04/May/2026:04:48:11 -0500] "GET /wp-content/themes/restored316-sage/style.css?ver=1_0_1 HTTP/2.0" 200 1089 "https://easysalads.com/" "Mozilla/5.0 (Windows NT 10.0; Win64; x64) AppleWebKit/537.36 (KHTML, like Gecko) Chrome/146.0.0.0 Safari/537.36"
65.108.108.29 - - [04/May/2026:04:48:11 -0500] "GET /wp-content/plugins/kadence-blocks-pro/dist/style-blocks-portfoliogrid.css?ver=2.8.13.1 HTTP/2.0" 200 2131 "https://easysalads.com/" "Mozilla/5.0 (Windows NT 10.0; Win64; x64) AppleWebKit/537.36 (KHTML, like Gecko) Chrome/146.0.0.0 Safari/537.36"
65.108.108.29 - - [04/May/2026:04:48:11 -0500] "GET /wp-content/uploads/2022/09/Easy-Salads-website-logo-2048x601.png HTTP/2.0" 200 99062 "https://easysalads.com/" "Mozilla/5.0 (Windows NT 10.0; Win64; x64) AppleWebKit/537.36 (KHTML, like Gecko) Chrome/146.0.0.0 Safari/537.36"
65.108.108.29 - - [04/May/2026:04:48:11 -0500] "GET /wp-content/uploads/2024/07/Classic-Chicken-Salad05-683x1024.jpg HTTP/2.0" 200 190110 "https://easysalads.com/" "Mozilla/5.0 (Windows NT 10.0; Win64; x64) AppleWebKit/537.36 (KHTML, like Gecko) Chrome/146.0.0.0 Safari/537.36"
65.108.108.29 - - [04/May/2026:04:48:11 -0500] "GET /wp-content/uploads/2024/03/yogurt-dill-dressing-00-683x1024.jpg HTTP/2.0" 200 117704 "https://easysalads.com/" "Mozilla/5.0 (Windows NT 10.0; Win64; x64) AppleWebKit/537.36 (KHTML, like Gecko) Chrome/146.0.0.0 Safari/537.36"
65.108.108.29 - - [04/May/2026:04:48:12 -0500] "GET /wp-content/uploads/2026/04/creamy-cucumber-salad-03-1024x1024.jpg HTTP/2.0" 200 256380 "https://easysalads.com/" "Mozilla/5.0 (Windows NT 10.0; Win64; x64) AppleWebKit/537.36 (KHTML, like Gecko) Chrome/146.0.0.0 Safari/537.36"
65.108.108.29 - - [04/May/2026:04:48:12 -0500] "GET /wp-content/plugins/kadence-blocks/dist/style-blocks-iconlist.css?ver=3.6.7 HTTP/2.0" 200 597 "https://easysalads.com/" "Mozilla/5.0 (Windows NT 10.0; Win64; x64) AppleWebKit/537.36 (KHTML, like Gecko) Chrome/146.0.0.0 Safari/537.36"
65.108.108.29 - - [04/May/2026:04:48:12 -0500] "GET /wp-content/plugins/social-pug/assets/dist/front-end-pro.js?ver=2.28.0 HTTP/2.0" 200 9339 "https://easysalads.com/" "Mozilla/5.0 (Windows NT 10.0; Win64; x64) AppleWebKit/537.36 (KHTML, like Gecko) Chrome/146.0.0.0 Safari/537.36"
65.108.108.29 - - [04/May/2026:04:48:12 -0500] "GET /wp-content/uploads/2022/10/easy-salads-201b-scaled.jpg HTTP/2.0" 200 451381 "https://easysalads.com/" "Mozilla/5.0 (Windows NT 10.0; Win64; x64) AppleWebKit/537.36 (KHTML, like Gecko) Chrome/146.0.0.0 Safari/537.36"
65.108.108.29 - - [04/May/2026:04:48:12 -0500] "GET /wp-content/uploads/2022/01/bg-pattern.png HTTP/2.0" 200 44512 "https://easysalads.com/" "Mozilla/5.0 (Windows NT 10.0; Win64; x64) AppleWebKit/537.36 (KHTML, like Gecko) Chrome/146.0.0.0 Safari/537.36"
65.108.108.29 - - [04/May/2026:04:48:12 -0500] "GET /wp-content/uploads/2022/02/white-pattern.png HTTP/2.0" 200 32716 "https://easysalads.com/" "Mozilla/5.0 (Windows NT 10.0; Win64; x64) AppleWebKit/537.36 (KHTML, like Gecko) Chrome/146.0.0.0 Safari/537.36"
65.108.108.29 - - [04/May/2026:04:48:12 -0500] "GET /wp-content/uploads/2022/11/5-Bean-Salad-04-683x1024.jpg HTTP/2.0" 200 182362 "https://easysalads.com/" "Mozilla/5.0 (Windows NT 10.0; Win64; x64) AppleWebKit/537.36 (KHTML, like Gecko) Chrome/146.0.0.0 Safari/537.36"
65.108.108.29 - - [04/May/2026:04:48:12 -0500] "GET /wp-content/uploads/2022/11/apple-pecan-blue-cheese-salad-03-300x200.jpg HTTP/2.0" 200 23384 "https://easysalads.com/" "Mozilla/5.0 (Windows NT 10.0; Win64; x64) AppleWebKit/537.36 (KHTML, like Gecko) Chrome/146.0.0.0 Safari/537.36"
65.108.108.29 - - [04/May/2026:04:48:12 -0500] "GET /wp-content/uploads/2022/10/Christmas-Salad-02-683x1024.jpg HTTP/2.0" 200 189571 "https://easysalads.com/" "Mozilla/5.0 (Windows NT 10.0; Win64; x64) AppleWebKit/537.36 (KHTML, like Gecko) Chrome/146.0.0.0 Safari/537.36"
