47.128.115.251 - - [04/May/2026:00:33:21 -0500] "GET /wp-content/plugins/wp-recipe-maker/assets/icons/rating/stars-alt-5.svg HTTP/2.0" 206 500 "https://easysalads.com/easy-5-bean-salad/" "Mozilla/5.0 (Linux; Android 5.0) AppleWebKit/537.36 (KHTML, like Gecko) Mobile Safari/537.36 (compatible; TikTokSpider; [email protected])"
47.128.115.251 - - [04/May/2026:00:33:21 -0500] "GET /wp-content/plugins/wp-recipe-maker/assets/icons/rating/stars-alt-5.svg HTTP/2.0" 304 0 "https://easysalads.com/easy-5-bean-salad/" "Mozilla/5.0 (Linux; Android 5.0) AppleWebKit/537.36 (KHTML, like Gecko) Mobile Safari/537.36 (compatible; TikTokSpider; [email protected])"
47.128.115.251 - - [04/May/2026:00:33:21 -0500] "GET /easy-5-bean-salad/ HTTP/2.0" 200 103073 "https://easysalads.com/easy-5-bean-salad/" "Mozilla/5.0 (Linux; Android 5.0) AppleWebKit/537.36 (KHTML, like Gecko) Mobile Safari/537.36 (compatible; TikTokSpider; [email protected])"
47.128.115.251 - - [04/May/2026:00:33:21 -0500] "GET /wp-content/plugins/wp-recipe-maker/assets/icons/rating/stars-alt-5.svg HTTP/2.0" 206 476 "https://easysalads.com/easy-5-bean-salad/" "Mozilla/5.0 (Linux; Android 5.0) AppleWebKit/537.36 (KHTML, like Gecko) Mobile Safari/537.36 (compatible; TikTokSpider; [email protected])"
47.128.115.251 - - [04/May/2026:00:33:21 -0500] "GET /wp-content/plugins/wp-recipe-maker/assets/icons/rating/stars-alt-5.svg HTTP/2.0" 304 0 "https://easysalads.com/easy-5-bean-salad/" "Mozilla/5.0 (Linux; Android 5.0) AppleWebKit/537.36 (KHTML, like Gecko) Mobile Safari/537.36 (compatible; TikTokSpider; [email protected])"
47.128.115.251 - - [04/May/2026:00:33:22 -0500] "GET /easy-5-bean-salad/ HTTP/2.0" 200 103034 "https://easysalads.com/easy-5-bean-salad/" "Mozilla/5.0 (Linux; Android 5.0) AppleWebKit/537.36 (KHTML, like Gecko) Mobile Safari/537.36 (compatible; TikTokSpider; [email protected])"
47.128.115.251 - - [04/May/2026:00:33:22 -0500] "GET /wp-content/plugins/wp-recipe-maker/assets/icons/rating/stars-alt-5.svg HTTP/2.0" 304 0 "https://easysalads.com/easy-5-bean-salad/" "Mozilla/5.0 (Linux; Android 5.0) AppleWebKit/537.36 (KHTML, like Gecko) Mobile Safari/537.36 (compatible; TikTokSpider; [email protected])"
47.128.115.251 - - [04/May/2026:00:33:22 -0500] "GET /wp-content/plugins/wp-recipe-maker/assets/icons/rating/stars-alt-5.svg HTTP/2.0" 206 500 "https://easysalads.com/easy-5-bean-salad/" "Mozilla/5.0 (Linux; Android 5.0) AppleWebKit/537.36 (KHTML, like Gecko) Mobile Safari/537.36 (compatible; TikTokSpider; [email protected])"
47.128.115.251 - - [04/May/2026:00:33:23 -0500] "GET /easy-5-bean-salad/ HTTP/2.0" 200 103086 "https://easysalads.com/easy-5-bean-salad/" "Mozilla/5.0 (Linux; Android 5.0) AppleWebKit/537.36 (KHTML, like Gecko) Mobile Safari/537.36 (compatible; TikTokSpider; [email protected])"
47.128.115.251 - - [04/May/2026:00:33:23 -0500] "GET /wp-content/plugins/wp-recipe-maker/assets/icons/rating/stars-alt-5.svg HTTP/2.0" 304 0 "https://easysalads.com/easy-5-bean-salad/" "Mozilla/5.0 (Linux; Android 5.0) AppleWebKit/537.36 (KHTML, like Gecko) Mobile Safari/537.36 (compatible; TikTokSpider; [email protected])"
47.128.115.251 - - [04/May/2026:00:33:23 -0500] "GET /wp-content/plugins/wp-recipe-maker/assets/icons/rating/stars-alt-5.svg HTTP/2.0" 206 500 "https://easysalads.com/easy-5-bean-salad/" "Mozilla/5.0 (Linux; Android 5.0) AppleWebKit/537.36 (KHTML, like Gecko) Mobile Safari/537.36 (compatible; TikTokSpider; [email protected])"
47.128.115.251 - - [04/May/2026:00:33:24 -0500] "GET /wp-content/plugins/wp-recipe-maker/assets/icons/rating/stars-alt-5.svg HTTP/2.0" 304 0 "https://easysalads.com/easy-5-bean-salad/" "Mozilla/5.0 (Linux; Android 5.0) AppleWebKit/537.36 (KHTML, like Gecko) Mobile Safari/537.36 (compatible; TikTokSpider; [email protected])"
47.128.115.251 - - [04/May/2026:00:33:24 -0500] "GET /easy-5-bean-salad/ HTTP/2.0" 200 103058 "https://easysalads.com/easy-5-bean-salad/" "Mozilla/5.0 (Linux; Android 5.0) AppleWebKit/537.36 (KHTML, like Gecko) Mobile Safari/537.36 (compatible; TikTokSpider; [email protected])"
47.128.115.251 - - [04/May/2026:00:33:24 -0500] "GET /wp-content/plugins/wp-recipe-maker/assets/icons/rating/stars-alt-5.svg HTTP/2.0" 206 476 "https://easysalads.com/easy-5-bean-salad/" "Mozilla/5.0 (Linux; Android 5.0) AppleWebKit/537.36 (KHTML, like Gecko) Mobile Safari/537.36 (compatible; TikTokSpider; [email protected])"
47.128.115.251 - - [04/May/2026:00:33:24 -0500] "GET /wp-content/plugins/wp-recipe-maker/assets/icons/rating/stars-alt-5.svg HTTP/2.0" 304 0 "https://easysalads.com/easy-5-bean-salad/" "Mozilla/5.0 (Linux; Android 5.0) AppleWebKit/537.36 (KHTML, like Gecko) Mobile Safari/537.36 (compatible; TikTokSpider; [email protected])"
47.128.115.251 - - [04/May/2026:00:33:25 -0500] "GET /easy-5-bean-salad/ HTTP/2.0" 200 103156 "https://easysalads.com/easy-5-bean-salad/" "Mozilla/5.0 (Linux; Android 5.0) AppleWebKit/537.36 (KHTML, like Gecko) Mobile Safari/537.36 (compatible; TikTokSpider; [email protected])"
47.128.115.251 - - [04/May/2026:00:33:25 -0500] "GET /wp-content/plugins/wp-recipe-maker/assets/icons/rating/stars-alt-5.svg HTTP/2.0" 304 0 "https://easysalads.com/easy-5-bean-salad/" "Mozilla/5.0 (Linux; Android 5.0) AppleWebKit/537.36 (KHTML, like Gecko) Mobile Safari/537.36 (compatible; TikTokSpider; [email protected])"
47.128.115.251 - - [04/May/2026:00:33:25 -0500] "GET /wp-content/plugins/wp-recipe-maker/assets/icons/rating/stars-alt-5.svg HTTP/2.0" 206 500 "https://easysalads.com/easy-5-bean-salad/" "Mozilla/5.0 (Linux; Android 5.0) AppleWebKit/537.36 (KHTML, like Gecko) Mobile Safari/537.36 (compatible; TikTokSpider; [email protected])"
47.128.115.251 - - [04/May/2026:00:33:26 -0500] "GET /easy-5-bean-salad/ HTTP/2.0" 200 103097 "https://easysalads.com/easy-5-bean-salad/" "Mozilla/5.0 (Linux; Android 5.0) AppleWebKit/537.36 (KHTML, like Gecko) Mobile Safari/537.36 (compatible; TikTokSpider; [email protected])"
47.128.115.251 - - [04/May/2026:00:33:26 -0500] "GET /wp-content/plugins/wp-recipe-maker/assets/icons/rating/stars-alt-5.svg HTTP/2.0" 304 0 "https://easysalads.com/easy-5-bean-salad/" "Mozilla/5.0 (Linux; Android 5.0) AppleWebKit/537.36 (KHTML, like Gecko) Mobile Safari/537.36 (compatible; TikTokSpider; [email protected])"
47.128.115.251 - - [04/May/2026:00:33:26 -0500] "GET /wp-content/plugins/wp-recipe-maker/assets/icons/rating/stars-alt-5.svg HTTP/2.0" 206 500 "https://easysalads.com/easy-5-bean-salad/" "Mozilla/5.0 (Linux; Android 5.0) AppleWebKit/537.36 (KHTML, like Gecko) Mobile Safari/537.36 (compatible; TikTokSpider; [email protected])"
47.128.115.251 - - [04/May/2026:00:33:26 -0500] "GET /easy-5-bean-salad/ HTTP/2.0" 200 103089 "https://easysalads.com/easy-5-bean-salad/" "Mozilla/5.0 (Linux; Android 5.0) AppleWebKit/537.36 (KHTML, like Gecko) Mobile Safari/537.36 (compatible; TikTokSpider; [email protected])"
47.128.115.251 - - [04/May/2026:00:33:26 -0500] "GET /wp-content/plugins/wp-recipe-maker/assets/icons/rating/stars-alt-5.svg HTTP/2.0" 304 0 "https://easysalads.com/easy-5-bean-salad/" "Mozilla/5.0 (Linux; Android 5.0) AppleWebKit/537.36 (KHTML, like Gecko) Mobile Safari/537.36 (compatible; TikTokSpider; [email protected])"
47.128.115.251 - - [04/May/2026:00:33:27 -0500] "GET /wp-content/plugins/wp-recipe-maker/assets/icons/rating/stars-alt-5.svg HTTP/2.0" 206 500 "https://easysalads.com/easy-5-bean-salad/" "Mozilla/5.0 (Linux; Android 5.0) AppleWebKit/537.36 (KHTML, like Gecko) Mobile Safari/537.36 (compatible; TikTokSpider; [email protected])"
47.128.115.251 - - [04/May/2026:00:33:27 -0500] "GET /wp-content/plugins/wp-recipe-maker/assets/icons/rating/stars-alt-5.svg HTTP/2.0" 304 0 "https://easysalads.com/easy-5-bean-salad/" "Mozilla/5.0 (Linux; Android 5.0) AppleWebKit/537.36 (KHTML, like Gecko) Mobile Safari/537.36 (compatible; TikTokSpider; [email protected])"
47.128.115.251 - - [04/May/2026:00:33:27 -0500] "GET /easy-5-bean-salad/ HTTP/2.0" 200 103194 "https://easysalads.com/easy-5-bean-salad/" "Mozilla/5.0 (Linux; Android 5.0) AppleWebKit/537.36 (KHTML, like Gecko) Mobile Safari/537.36 (compatible; TikTokSpider; [email protected])"
47.128.115.251 - - [04/May/2026:00:33:28 -0500] "GET /wp-content/plugins/wp-recipe-maker/assets/icons/rating/stars-alt-5.svg HTTP/2.0" 206 476 "https://easysalads.com/easy-5-bean-salad/" "Mozilla/5.0 (Linux; Android 5.0) AppleWebKit/537.36 (KHTML, like Gecko) Mobile Safari/537.36 (compatible; TikTokSpider; [email protected])"
47.128.115.251 - - [04/May/2026:00:33:28 -0500] "GET /wp-content/plugins/wp-recipe-maker/assets/icons/rating/stars-alt-5.svg HTTP/2.0" 304 0 "https://easysalads.com/easy-5-bean-salad/" "Mozilla/5.0 (Linux; Android 5.0) AppleWebKit/537.36 (KHTML, like Gecko) Mobile Safari/537.36 (compatible; TikTokSpider; [email protected])"
47.128.115.251 - - [04/May/2026:00:33:28 -0500] "GET /easy-5-bean-salad/ HTTP/2.0" 200 103057 "https://easysalads.com/easy-5-bean-salad/" "Mozilla/5.0 (Linux; Android 5.0) AppleWebKit/537.36 (KHTML, like Gecko) Mobile Safari/537.36 (compatible; TikTokSpider; [email protected])"
47.128.115.251 - - [04/May/2026:00:33:28 -0500] "GET /wp-content/plugins/wp-recipe-maker/assets/icons/rating/stars-alt-5.svg HTTP/2.0" 304 0 "https://easysalads.com/easy-5-bean-salad/" "Mozilla/5.0 (Linux; Android 5.0) AppleWebKit/537.36 (KHTML, like Gecko) Mobile Safari/537.36 (compatible; TikTokSpider; [email protected])"
47.128.115.251 - - [04/May/2026:00:33:29 -0500] "GET /wp-content/plugins/wp-recipe-maker/assets/icons/rating/stars-alt-5.svg HTTP/2.0" 206 500 "https://easysalads.com/easy-5-bean-salad/" "Mozilla/5.0 (Linux; Android 5.0) AppleWebKit/537.36 (KHTML, like Gecko) Mobile Safari/537.36 (compatible; TikTokSpider; [email protected])"
47.128.115.251 - - [04/May/2026:00:33:29 -0500] "GET /easy-5-bean-salad/ HTTP/2.0" 200 103083 "https://easysalads.com/easy-5-bean-salad/" "Mozilla/5.0 (Linux; Android 5.0) AppleWebKit/537.36 (KHTML, like Gecko) Mobile Safari/537.36 (compatible; TikTokSpider; [email protected])"
47.128.115.251 - - [04/May/2026:00:33:29 -0500] "GET /wp-content/plugins/wp-recipe-maker/assets/icons/rating/stars-alt-5.svg HTTP/2.0" 304 0 "https://easysalads.com/easy-5-bean-salad/" "Mozilla/5.0 (Linux; Android 5.0) AppleWebKit/537.36 (KHTML, like Gecko) Mobile Safari/537.36 (compatible; TikTokSpider; [email protected])"
47.128.115.251 - - [04/May/2026:00:33:30 -0500] "GET /wp-content/plugins/wp-recipe-maker/assets/icons/rating/stars-alt-5.svg HTTP/2.0" 206 500 "https://easysalads.com/easy-5-bean-salad/" "Mozilla/5.0 (Linux; Android 5.0) AppleWebKit/537.36 (KHTML, like Gecko) Mobile Safari/537.36 (compatible; TikTokSpider; [email protected])"
47.128.115.251 - - [04/May/2026:00:33:30 -0500] "GET /wp-content/plugins/wp-recipe-maker/assets/icons/rating/stars-alt-5.svg HTTP/2.0" 304 0 "https://easysalads.com/easy-5-bean-salad/" "Mozilla/5.0 (Linux; Android 5.0) AppleWebKit/537.36 (KHTML, like Gecko) Mobile Safari/537.36 (compatible; TikTokSpider; [email protected])"
47.128.115.251 - - [04/May/2026:00:33:30 -0500] "GET /easy-5-bean-salad/ HTTP/2.0" 200 103102 "https://easysalads.com/easy-5-bean-salad/" "Mozilla/5.0 (Linux; Android 5.0) AppleWebKit/537.36 (KHTML, like Gecko) Mobile Safari/537.36 (compatible; TikTokSpider; [email protected])"
47.128.115.251 - - [04/May/2026:00:33:30 -0500] "GET /wp-content/plugins/wp-recipe-maker/assets/icons/rating/stars-alt-5.svg HTTP/2.0" 206 476 "https://easysalads.com/easy-5-bean-salad/" "Mozilla/5.0 (Linux; Android 5.0) AppleWebKit/537.36 (KHTML, like Gecko) Mobile Safari/537.36 (compatible; TikTokSpider; [email protected])"
47.128.115.251 - - [04/May/2026:00:33:30 -0500] "GET /wp-content/plugins/wp-recipe-maker/assets/icons/rating/stars-alt-5.svg HTTP/2.0" 304 0 "https://easysalads.com/easy-5-bean-salad/" "Mozilla/5.0 (Linux; Android 5.0) AppleWebKit/537.36 (KHTML, like Gecko) Mobile Safari/537.36 (compatible; TikTokSpider; [email protected])"
47.128.115.251 - - [04/May/2026:00:33:31 -0500] "GET /easy-5-bean-salad/ HTTP/2.0" 200 103048 "https://easysalads.com/easy-5-bean-salad/" "Mozilla/5.0 (Linux; Android 5.0) AppleWebKit/537.36 (KHTML, like Gecko) Mobile Safari/537.36 (compatible; TikTokSpider; [email protected])"
47.128.115.251 - - [04/May/2026:00:33:31 -0500] "GET /wp-content/plugins/wp-recipe-maker/assets/icons/rating/stars-alt-5.svg HTTP/2.0" 304 0 "https://easysalads.com/easy-5-bean-salad/" "Mozilla/5.0 (Linux; Android 5.0) AppleWebKit/537.36 (KHTML, like Gecko) Mobile Safari/537.36 (compatible; TikTokSpider; [email protected])"
47.128.115.251 - - [04/May/2026:00:33:31 -0500] "GET /wp-content/plugins/wp-recipe-maker/assets/icons/rating/stars-alt-5.svg HTTP/2.0" 206 500 "https://easysalads.com/easy-5-bean-salad/" "Mozilla/5.0 (Linux; Android 5.0) AppleWebKit/537.36 (KHTML, like Gecko) Mobile Safari/537.36 (compatible; TikTokSpider; [email protected])"
47.128.115.251 - - [04/May/2026:00:33:32 -0500] "GET /easy-5-bean-salad/ HTTP/2.0" 200 103097 "https://easysalads.com/easy-5-bean-salad/" "Mozilla/5.0 (Linux; Android 5.0) AppleWebKit/537.36 (KHTML, like Gecko) Mobile Safari/537.36 (compatible; TikTokSpider; [email protected])"
47.128.115.251 - - [04/May/2026:00:33:32 -0500] "GET /wp-content/plugins/wp-recipe-maker/assets/icons/rating/stars-alt-5.svg HTTP/2.0" 304 0 "https://easysalads.com/easy-5-bean-salad/" "Mozilla/5.0 (Linux; Android 5.0) AppleWebKit/537.36 (KHTML, like Gecko) Mobile Safari/537.36 (compatible; TikTokSpider; [email protected])"
47.128.115.251 - - [04/May/2026:00:33:32 -0500] "GET /wp-content/plugins/wp-recipe-maker/assets/icons/rating/stars-alt-5.svg HTTP/2.0" 304 0 "https://easysalads.com/easy-5-bean-salad/" "Mozilla/5.0 (Linux; Android 5.0) AppleWebKit/537.36 (KHTML, like Gecko) Mobile Safari/537.36 (compatible; TikTokSpider; [email protected])"
47.128.115.251 - - [04/May/2026:00:33:33 -0500] "GET /easy-5-bean-salad/ HTTP/2.0" 200 103183 "https://easysalads.com/easy-5-bean-salad/" "Mozilla/5.0 (Linux; Android 5.0) AppleWebKit/537.36 (KHTML, like Gecko) Mobile Safari/537.36 (compatible; TikTokSpider; [email protected])"
47.128.115.251 - - [04/May/2026:00:33:33 -0500] "GET /wp-content/plugins/wp-recipe-maker/assets/icons/rating/stars-alt-5.svg HTTP/2.0" 304 0 "https://easysalads.com/easy-5-bean-salad/" "Mozilla/5.0 (Linux; Android 5.0) AppleWebKit/537.36 (KHTML, like Gecko) Mobile Safari/537.36 (compatible; TikTokSpider; [email protected])"
47.128.115.251 - - [04/May/2026:00:33:33 -0500] "GET /wp-content/plugins/wp-recipe-maker/assets/icons/rating/stars-alt-5.svg HTTP/2.0" 206 500 "https://easysalads.com/easy-5-bean-salad/" "Mozilla/5.0 (Linux; Android 5.0) AppleWebKit/537.36 (KHTML, like Gecko) Mobile Safari/537.36 (compatible; TikTokSpider; [email protected])"
47.128.115.251 - - [04/May/2026:00:33:34 -0500] "GET /easy-5-bean-salad/ HTTP/2.0" 200 103140 "https://easysalads.com/easy-5-bean-salad/" "Mozilla/5.0 (Linux; Android 5.0) AppleWebKit/537.36 (KHTML, like Gecko) Mobile Safari/537.36 (compatible; TikTokSpider; [email protected])"
47.128.115.251 - - [04/May/2026:00:33:34 -0500] "GET /wp-content/plugins/wp-recipe-maker/assets/icons/rating/stars-alt-5.svg HTTP/2.0" 304 0 "https://easysalads.com/easy-5-bean-salad/" "Mozilla/5.0 (Linux; Android 5.0) AppleWebKit/537.36 (KHTML, like Gecko) Mobile Safari/537.36 (compatible; TikTokSpider; [email protected])"
47.128.115.251 - - [04/May/2026:00:33:34 -0500] "GET /wp-content/plugins/wp-recipe-maker/assets/icons/rating/stars-alt-5.svg HTTP/2.0" 206 500 "https://easysalads.com/easy-5-bean-salad/" "Mozilla/5.0 (Linux; Android 5.0) AppleWebKit/537.36 (KHTML, like Gecko) Mobile Safari/537.36 (compatible; TikTokSpider; [email protected])"
47.128.115.251 - - [04/May/2026:00:33:35 -0500] "GET /wp-content/plugins/wp-recipe-maker/assets/icons/rating/stars-alt-5.svg HTTP/2.0" 304 0 "https://easysalads.com/easy-5-bean-salad/" "Mozilla/5.0 (Linux; Android 5.0) AppleWebKit/537.36 (KHTML, like Gecko) Mobile Safari/537.36 (compatible; TikTokSpider; [email protected])"
47.128.115.251 - - [04/May/2026:00:33:35 -0500] "GET /easy-5-bean-salad/ HTTP/2.0" 200 103156 "https://easysalads.com/easy-5-bean-salad/" "Mozilla/5.0 (Linux; Android 5.0) AppleWebKit/537.36 (KHTML, like Gecko) Mobile Safari/537.36 (compatible; TikTokSpider; [email protected])"
47.128.115.251 - - [04/May/2026:00:33:35 -0500] "GET /wp-content/plugins/wp-recipe-maker/assets/icons/rating/stars-alt-5.svg HTTP/2.0" 206 476 "https://easysalads.com/easy-5-bean-salad/" "Mozilla/5.0 (Linux; Android 5.0) AppleWebKit/537.36 (KHTML, like Gecko) Mobile Safari/537.36 (compatible; TikTokSpider; [email protected])"
47.128.115.251 - - [04/May/2026:00:33:35 -0500] "GET /wp-content/plugins/wp-recipe-maker/assets/icons/rating/stars-alt-5.svg HTTP/2.0" 304 0 "https://easysalads.com/easy-5-bean-salad/" "Mozilla/5.0 (Linux; Android 5.0) AppleWebKit/537.36 (KHTML, like Gecko) Mobile Safari/537.36 (compatible; TikTokSpider; [email protected])"
47.128.115.251 - - [04/May/2026:00:33:36 -0500] "GET /easy-5-bean-salad/ HTTP/2.0" 200 103085 "https://easysalads.com/easy-5-bean-salad/" "Mozilla/5.0 (Linux; Android 5.0) AppleWebKit/537.36 (KHTML, like Gecko) Mobile Safari/537.36 (compatible; TikTokSpider; [email protected])"
47.128.115.251 - - [04/May/2026:00:33:36 -0500] "GET /wp-content/plugins/wp-recipe-maker/assets/icons/rating/stars-alt-5.svg HTTP/2.0" 304 0 "https://easysalads.com/easy-5-bean-salad/" "Mozilla/5.0 (Linux; Android 5.0) AppleWebKit/537.36 (KHTML, like Gecko) Mobile Safari/537.36 (compatible; TikTokSpider; [email protected])"
47.128.115.251 - - [04/May/2026:00:33:36 -0500] "GET /wp-content/plugins/wp-recipe-maker/assets/icons/rating/stars-alt-5.svg HTTP/2.0" 206 500 "https://easysalads.com/easy-5-bean-salad/" "Mozilla/5.0 (Linux; Android 5.0) AppleWebKit/537.36 (KHTML, like Gecko) Mobile Safari/537.36 (compatible; TikTokSpider; [email protected])"
47.128.115.251 - - [04/May/2026:00:33:36 -0500] "GET /easy-5-bean-salad/ HTTP/2.0" 200 103081 "https://easysalads.com/easy-5-bean-salad/" "Mozilla/5.0 (Linux; Android 5.0) AppleWebKit/537.36 (KHTML, like Gecko) Mobile Safari/537.36 (compatible; TikTokSpider; [email protected])"
47.128.115.251 - - [04/May/2026:00:33:37 -0500] "GET /wp-content/plugins/wp-recipe-maker/assets/icons/rating/stars-alt-5.svg HTTP/2.0" 304 0 "https://easysalads.com/easy-5-bean-salad/" "Mozilla/5.0 (Linux; Android 5.0) AppleWebKit/537.36 (KHTML, like Gecko) Mobile Safari/537.36 (compatible; TikTokSpider; [email protected])"
47.128.115.251 - - [04/May/2026:00:33:37 -0500] "GET /wp-content/plugins/wp-recipe-maker/assets/icons/rating/stars-alt-5.svg HTTP/2.0" 206 500 "https://easysalads.com/easy-5-bean-salad/" "Mozilla/5.0 (Linux; Android 5.0) AppleWebKit/537.36 (KHTML, like Gecko) Mobile Safari/537.36 (compatible; TikTokSpider; [email protected])"
47.128.115.251 - - [04/May/2026:00:33:37 -0500] "GET /easy-5-bean-salad/ HTTP/2.0" 200 103141 "https://easysalads.com/easy-5-bean-salad/" "Mozilla/5.0 (Linux; Android 5.0) AppleWebKit/537.36 (KHTML, like Gecko) Mobile Safari/537.36 (compatible; TikTokSpider; [email protected])"
47.128.115.251 - - [04/May/2026:00:33:37 -0500] "GET /wp-content/plugins/wp-recipe-maker/assets/icons/rating/stars-alt-5.svg HTTP/2.0" 304 0 "https://easysalads.com/easy-5-bean-salad/" "Mozilla/5.0 (Linux; Android 5.0) AppleWebKit/537.36 (KHTML, like Gecko) Mobile Safari/537.36 (compatible; TikTokSpider; [email protected])"
47.128.115.251 - - [04/May/2026:00:33:38 -0500] "GET /wp-content/plugins/wp-recipe-maker/assets/icons/rating/stars-alt-5.svg HTTP/2.0" 206 500 "https://easysalads.com/easy-5-bean-salad/" "Mozilla/5.0 (Linux; Android 5.0) AppleWebKit/537.36 (KHTML, like Gecko) Mobile Safari/537.36 (compatible; TikTokSpider; [email protected])"
154.18.244.252 - - [04/May/2026:00:34:07 -0500] "POST /wp-cron.php?doing_wp_cron=1777872847.8271830081939697265625 HTTP/1.1" 200 11 "-" "WordPress/6.9.4; https://easysalads.com"
198.175.24.218 - - [04/May/2026:00:34:07 -0500] "GET /?v=nocache-1739936881 HTTP/2.0" 200 89175 "-" "BigScoots Monitoring"
66.249.66.77 - - [04/May/2026:00:34:24 -0500] "GET /wp-content/uploads/2024/05/rocket-salad-03.jpg HTTP/1.1" 200 578658 "-" "Googlebot-Image/1.0"
154.18.244.252 - - [04/May/2026:00:35:03 -0500] "POST /wp-cron.php?doing_wp_cron=1777872904.0421650409698486328125 HTTP/1.1" 200 11 "-" "WordPress/6.9.4; https://easysalads.com"
57.128.189.19 - - [04/May/2026:00:35:04 -0500] "GET /?nocache=1777872841 HTTP/2.0" 200 89175 "-" "BigScootsMonitor Mozilla/5.0 (Windows NT 10.0; Win64; x64) AppleWebKit/537.36 (KHTML, like Gecko) Chrome/74.0.3729.169 Safari/537.36"
51.222.136.175 - - [04/May/2026:00:35:04 -0500] "GET /?nocache=1777872841 HTTP/2.0" 200 89175 "-" "BigScootsMonitor Mozilla/5.0 (Windows NT 10.0; Win64; x64) AppleWebKit/537.36 (KHTML, like Gecko) Chrome/74.0.3729.169 Safari/537.36"
211.21.61.225 - - [04/May/2026:00:36:19 -0500] "POST /wp-login.php HTTP/1.1" 444 0 "-" "Mozilla/5.0 (Windows NT 10.0; Win64; x64) AppleWebKit/537.36 (KHTML, like Gecko) Chrome/141.0.0.0 Safari/537.36 Edg/141.0.0.0"
154.18.244.252 - - [04/May/2026:00:36:41 -0500] "POST /wp-cron.php?doing_wp_cron=1777873002.0206260681152343750000 HTTP/1.1" 200 11 "-" "WordPress/6.9.4; https://easysalads.com"
178.73.64.238 - - [04/May/2026:00:36:41 -0500] "GET / HTTP/2.0" 301 0 "https://67e6ebf5860bcd14f85e6df4.easysalads.com/" "Mozilla/5.0 (Linux; Android 14; Pixel 6 Pro) AppleWebKit/537.36 (KHTML, like Gecko) Chrome/122.0.6261.119 Mobile Safari/537.36 OPR/81.2.4292.78581"
20.118.20.77 - - [04/May/2026:00:36:43 -0500] "GET /wp-login.php HTTP/2.0" 444 0 "-" "Mozilla/4.0 (compatible; MSIE 7.0; Windows NT 6.3; WOW64; Trident/7.0; .NET4.0C; .NET4.0E; .NET CLR 2.0.50727; .NET CLR 3.0.30729; .NET CLR 3.5.30729; Tablet PC 2.0)"
178.73.64.238 - - [04/May/2026:00:36:43 -0500] "GET / HTTP/2.0" 200 89175 "https://67e6ebf5860bcd14f85e6df4.easysalads.com/" "Mozilla/5.0 (Linux; Android 14; Pixel 6 Pro) AppleWebKit/537.36 (KHTML, like Gecko) Chrome/122.0.6261.119 Mobile Safari/537.36 OPR/81.2.4292.78581"
154.18.244.252 - - [04/May/2026:00:36:56 -0500] "POST /wp-cron.php?doing_wp_cron=1777873017.0297470092773437500000 HTTP/1.1" 200 11 "-" "WordPress/6.9.4; https://easysalads.com"
66.249.66.75 - - [04/May/2026:00:36:56 -0500] "GET /yogurt-dill-dressing/ HTTP/1.1" 200 99574 "-" "Mozilla/5.0 (Linux; Android 6.0.1; Nexus 5X Build/MMB29P) AppleWebKit/537.36 (KHTML, like Gecko) Chrome/147.0.7727.137 Mobile Safari/537.36 (compatible; Googlebot/2.1; +http://www.google.com/bot.html)"
173.252.127.9 - - [04/May/2026:00:36:57 -0500] "GET / HTTP/2.0" 200 536589 "-" "meta-webindexer/1.1 (+https://developers.facebook.com/docs/sharing/webmasters/crawler)"
57.128.189.19 - - [04/May/2026:00:37:04 -0500] "GET /?nocache=1777872961 HTTP/2.0" 200 89175 "-" "BigScootsMonitor Mozilla/5.0 (Windows NT 10.0; Win64; x64) AppleWebKit/537.36 (KHTML, like Gecko) Chrome/74.0.3729.169 Safari/537.36"
51.222.136.175 - - [04/May/2026:00:37:04 -0500] "GET /?nocache=1777872961 HTTP/2.0" 200 89175 "-" "BigScootsMonitor Mozilla/5.0 (Windows NT 10.0; Win64; x64) AppleWebKit/537.36 (KHTML, like Gecko) Chrome/74.0.3729.169 Safari/537.36"
66.249.66.77 - - [04/May/2026:00:38:41 -0500] "GET /wp-content/uploads/2023/09/pulled-pork-salad-recipe03.jpg HTTP/1.1" 200 685757 "-" "Googlebot-Image/1.0"
72.167.150.128 - - [04/May/2026:00:38:43 -0500] "GET /wp-login.php HTTP/2.0" 444 0 "-" "Mozilla/4.0 (compatible; MSIE 7.0; Windows NT 6.1; WOW64; Trident/7.0; SLCC2; .NET CLR 2.0.50727; .NET CLR 3.5.30729; .NET CLR 3.0.30729; Media Center PC 6.0; .NET4.0C; .NET4.0E; MS-RTC LM 8; InfoPath.3)"
154.18.244.252 - - [04/May/2026:00:39:04 -0500] "POST /wp-cron.php?doing_wp_cron=1777873144.4337210655212402343750 HTTP/1.1" 200 11 "-" "WordPress/6.9.4; https://easysalads.com"
57.128.189.19 - - [04/May/2026:00:39:04 -0500] "GET /?nocache=1777873081 HTTP/2.0" 200 89175 "-" "BigScootsMonitor Mozilla/5.0 (Windows NT 10.0; Win64; x64) AppleWebKit/537.36 (KHTML, like Gecko) Chrome/74.0.3729.169 Safari/537.36"
51.222.136.175 - - [04/May/2026:00:39:04 -0500] "GET /?nocache=1777873081 HTTP/2.0" 200 89175 "-" "BigScootsMonitor Mozilla/5.0 (Windows NT 10.0; Win64; x64) AppleWebKit/537.36 (KHTML, like Gecko) Chrome/74.0.3729.169 Safari/537.36"
204.15.208.46 - - [04/May/2026:00:39:52 -0500] "GET /grinder-salad HTTP/1.1" 301 5 "-" "peer39_crawler/1.0"
204.15.208.46 - - [04/May/2026:00:39:52 -0500] "GET /grinder-salad/ HTTP/1.1" 200 129349 "-" "peer39_crawler/1.0"
154.18.244.252 - - [04/May/2026:00:41:04 -0500] "POST /wp-cron.php?doing_wp_cron=1777873264.3463981151580810546875 HTTP/1.1" 200 11 "-" "WordPress/6.9.4; https://easysalads.com"
57.128.189.19 - - [04/May/2026:00:41:04 -0500] "GET /?nocache=1777873201 HTTP/2.0" 200 89175 "-" "BigScootsMonitor Mozilla/5.0 (Windows NT 10.0; Win64; x64) AppleWebKit/537.36 (KHTML, like Gecko) Chrome/74.0.3729.169 Safari/537.36"
51.222.136.175 - - [04/May/2026:00:41:05 -0500] "GET /?nocache=1777873201 HTTP/2.0" 200 89175 "-" "BigScootsMonitor Mozilla/5.0 (Windows NT 10.0; Win64; x64) AppleWebKit/537.36 (KHTML, like Gecko) Chrome/74.0.3729.169 Safari/537.36"
154.18.244.252 - - [04/May/2026:00:41:56 -0500] "POST /wp-cron.php?doing_wp_cron=1777873316.8343310356140136718750 HTTP/1.1" 200 11 "-" "WordPress/6.9.4; https://easysalads.com"
185.160.224.234 - - [04/May/2026:00:41:56 -0500] "GET /blog/ HTTP/2.0" 200 80138 "-" "Mozilla/5.0 (Linux; Android 8.0; Pixel 2 Build/OPD3.170816.012) AppleWebKit/537.36 (KHTML, like Gecko) Chrome/53.0.6684.1400 Mobile Safari/537.36"
185.160.224.234 - - [04/May/2026:00:41:57 -0500] "GET /wp-includes/blocks/heading/style.min.css?ver=6.9.4 HTTP/2.0" 200 1165 "https://easysalads.com/blog/" "Mozilla/5.0 (Linux; Android 8.0; Pixel 2 Build/OPD3.170816.012) AppleWebKit/537.36 (KHTML, like Gecko) Chrome/53.0.6684.1400 Mobile Safari/537.36"
185.160.224.234 - - [04/May/2026:00:41:57 -0500] "GET /wp-includes/blocks/paragraph/style.min.css?ver=6.9.4 HTTP/2.0" 200 655 "https://easysalads.com/blog/" "Mozilla/5.0 (Linux; Android 8.0; Pixel 2 Build/OPD3.170816.012) AppleWebKit/537.36 (KHTML, like Gecko) Chrome/53.0.6684.1400 Mobile Safari/537.36"
185.160.224.234 - - [04/May/2026:00:41:58 -0500] "GET /wp-content/uploads/2026/01/peruvian-chopped-salad-07-683x1024.jpg HTTP/2.0" 206 500 "https://easysalads.com/blog/" "Mozilla/5.0 (Linux; Android 8.0; Pixel 2 Build/OPD3.170816.012) AppleWebKit/537.36 (KHTML, like Gecko) Chrome/53.0.6684.1400 Mobile Safari/537.36"
185.160.224.234 - - [04/May/2026:00:41:58 -0500] "GET /wp-content/uploads/2026/04/creamy-cucumber-salad-03-500x500.jpg HTTP/2.0" 206 500 "https://easysalads.com/blog/" "Mozilla/5.0 (Linux; Android 8.0; Pixel 2 Build/OPD3.170816.012) AppleWebKit/537.36 (KHTML, like Gecko) Chrome/53.0.6684.1400 Mobile Safari/537.36"
185.160.224.234 - - [04/May/2026:00:41:58 -0500] "GET /wp-content/uploads/2026/04/strawberry-jello-salad03-1-500x500.jpg HTTP/2.0" 206 500 "https://easysalads.com/blog/" "Mozilla/5.0 (Linux; Android 8.0; Pixel 2 Build/OPD3.170816.012) AppleWebKit/537.36 (KHTML, like Gecko) Chrome/53.0.6684.1400 Mobile Safari/537.36"
185.160.224.234 - - [04/May/2026:00:41:58 -0500] "GET /wp-content/plugins/kadence-pro/dist/infinite-scroll/infinite-scroll.min.js?ver=1.1.19 HTTP/2.0" 200 6660 "https://easysalads.com/blog/" "Mozilla/5.0 (Linux; Android 8.0; Pixel 2 Build/OPD3.170816.012) AppleWebKit/537.36 (KHTML, like Gecko) Chrome/53.0.6684.1400 Mobile Safari/537.36"
185.160.224.234 - - [04/May/2026:00:41:59 -0500] "GET /wp-content/uploads/2026/01/peruvian-chopped-salad-07-683x1024.jpg HTTP/2.0" 304 0 "https://easysalads.com/blog/" "Mozilla/5.0 (Linux; Android 8.0; Pixel 2 Build/OPD3.170816.012) AppleWebKit/537.36 (KHTML, like Gecko) Chrome/53.0.6684.1400 Mobile Safari/537.36"
185.160.224.234 - - [04/May/2026:00:41:59 -0500] "GET /wp-content/uploads/2026/04/creamy-cucumber-salad-03-500x500.jpg HTTP/2.0" 304 0 "https://easysalads.com/blog/" "Mozilla/5.0 (Linux; Android 8.0; Pixel 2 Build/OPD3.170816.012) AppleWebKit/537.36 (KHTML, like Gecko) Chrome/53.0.6684.1400 Mobile Safari/537.36"
185.160.224.234 - - [04/May/2026:00:41:59 -0500] "GET /wp-content/uploads/2026/04/strawberry-jello-salad03-1-500x500.jpg HTTP/2.0" 304 0 "https://easysalads.com/blog/" "Mozilla/5.0 (Linux; Android 8.0; Pixel 2 Build/OPD3.170816.012) AppleWebKit/537.36 (KHTML, like Gecko) Chrome/53.0.6684.1400 Mobile Safari/537.36"
185.160.224.234 - - [04/May/2026:00:41:59 -0500] "GET /wp-content/plugins/kadence-pro/dist/infinite-scroll/src/infinite-scroll-events.js?ver=1.1.19 HTTP/2.0" 200 681 "https://easysalads.com/blog/" "Mozilla/5.0 (Linux; Android 8.0; Pixel 2 Build/OPD3.170816.012) AppleWebKit/537.36 (KHTML, like Gecko) Chrome/53.0.6684.1400 Mobile Safari/537.36"
185.160.224.234 - - [04/May/2026:00:42:00 -0500] "GET /wp-content/uploads/2026/01/peruvian-chopped-salad-07-683x1024.jpg HTTP/2.0" 206 81920 "https://easysalads.com/blog/" "Mozilla/5.0 (Linux; Android 8.0; Pixel 2 Build/OPD3.170816.012) AppleWebKit/537.36 (KHTML, like Gecko) Chrome/53.0.6684.1400 Mobile Safari/537.36"
185.160.224.234 - - [04/May/2026:00:42:00 -0500] "GET /wp-content/uploads/2026/04/creamy-cucumber-salad-03-500x500.jpg HTTP/2.0" 206 82282 "https://easysalads.com/blog/" "Mozilla/5.0 (Linux; Android 8.0; Pixel 2 Build/OPD3.170816.012) AppleWebKit/537.36 (KHTML, like Gecko) Chrome/53.0.6684.1400 Mobile Safari/537.36"
185.160.224.234 - - [04/May/2026:00:42:01 -0500] "GET /wp-content/uploads/2026/04/strawberry-jello-salad03-1-500x500.jpg HTTP/2.0" 206 61546 "https://easysalads.com/blog/" "Mozilla/5.0 (Linux; Android 8.0; Pixel 2 Build/OPD3.170816.012) AppleWebKit/537.36 (KHTML, like Gecko) Chrome/53.0.6684.1400 Mobile Safari/537.36"
185.160.224.234 - - [04/May/2026:00:42:02 -0500] "GET /wp-content/uploads/2024/11/sweet-potato-feta-salad-00-150x225.jpg HTTP/2.0" 206 500 "https://easysalads.com/blog/" "Mozilla/5.0 (Linux; Android 8.0; Pixel 2 Build/OPD3.170816.012) AppleWebKit/537.36 (KHTML, like Gecko) Chrome/53.0.6684.1400 Mobile Safari/537.36"
185.160.224.234 - - [04/May/2026:00:42:02 -0500] "GET /wp-content/uploads/2024/09/crispy-chicken-caesar-pasta-salad02-150x225.jpg HTTP/2.0" 206 500 "https://easysalads.com/blog/" "Mozilla/5.0 (Linux; Android 8.0; Pixel 2 Build/OPD3.170816.012) AppleWebKit/537.36 (KHTML, like Gecko) Chrome/53.0.6684.1400 Mobile Safari/537.36"
185.160.224.234 - - [04/May/2026:00:42:02 -0500] "GET /wp-content/uploads/2024/10/taffy-apple-salad-05-150x225.jpg HTTP/2.0" 206 500 "https://easysalads.com/blog/" "Mozilla/5.0 (Linux; Android 8.0; Pixel 2 Build/OPD3.170816.012) AppleWebKit/537.36 (KHTML, like Gecko) Chrome/53.0.6684.1400 Mobile Safari/537.36"
185.160.224.234 - - [04/May/2026:00:42:02 -0500] "GET /wp-content/uploads/2024/07/summer-orzo-salad-03-150x218.jpg HTTP/2.0" 206 500 "https://easysalads.com/blog/" "Mozilla/5.0 (Linux; Android 8.0; Pixel 2 Build/OPD3.170816.012) AppleWebKit/537.36 (KHTML, like Gecko) Chrome/53.0.6684.1400 Mobile Safari/537.36"
185.160.224.234 - - [04/May/2026:00:42:02 -0500] "GET /wp-content/uploads/2024/09/caesar-wedge-salad-02-150x225.jpg HTTP/2.0" 206 500 "https://easysalads.com/blog/" "Mozilla/5.0 (Linux; Android 8.0; Pixel 2 Build/OPD3.170816.012) AppleWebKit/537.36 (KHTML, like Gecko) Chrome/53.0.6684.1400 Mobile Safari/537.36"
185.160.224.234 - - [04/May/2026:00:42:03 -0500] "GET /wp-content/uploads/2024/07/shrimp-corn-salad-00-150x225.jpg HTTP/2.0" 206 500 "https://easysalads.com/blog/" "Mozilla/5.0 (Linux; Android 8.0; Pixel 2 Build/OPD3.170816.012) AppleWebKit/537.36 (KHTML, like Gecko) Chrome/53.0.6684.1400 Mobile Safari/537.36"
66.249.66.13 - - [04/May/2026:00:42:58 -0500] "GET /wp-content/uploads/2023/09/pulled-pork-salad-recipe00.jpg HTTP/1.1" 200 799908 "-" "Googlebot-Image/1.0"
154.18.244.252 - - [04/May/2026:00:43:04 -0500] "POST /wp-cron.php?doing_wp_cron=1777873384.6295990943908691406250 HTTP/1.1" 200 11 "-" "WordPress/6.9.4; https://easysalads.com"
57.128.189.19 - - [04/May/2026:00:43:04 -0500] "GET /?nocache=1777873321 HTTP/2.0" 200 89175 "-" "BigScootsMonitor Mozilla/5.0 (Windows NT 10.0; Win64; x64) AppleWebKit/537.36 (KHTML, like Gecko) Chrome/74.0.3729.169 Safari/537.36"
51.222.136.175 - - [04/May/2026:00:43:05 -0500] "GET /?nocache=1777873321 HTTP/2.0" 200 89175 "-" "BigScootsMonitor Mozilla/5.0 (Windows NT 10.0; Win64; x64) AppleWebKit/537.36 (KHTML, like Gecko) Chrome/74.0.3729.169 Safari/537.36"
98.83.163.52 - - [04/May/2026:00:43:15 -0500] "GET /blog/ HTTP/1.1" 200 102392 "-" "Mozilla/5.0 (compatible; proximic; +https://www.comscore.com/Web-Crawler)"
23.236.55.230 - - [04/May/2026:00:43:19 -0500] "HEAD /pulled-pork-salad HTTP/2.0" 444 0 "-" "Mozilla/5.0 AppleWebKit/537.36 (KHTML, like Gecko); compatible; ShapBot/0.1.0"
136.119.129.236 - - [04/May/2026:00:43:40 -0500] "GET /pulled-pork-salad HTTP/2.0" 444 0 "-" "Mozilla/5.0 (X11; Linux x86_64) AppleWebKit/537.36 (KHTML, like Gecko) Chrome/144.0.0.0 Safari/537.36"
154.18.244.252 - - [04/May/2026:00:44:04 -0500] "POST /wp-cron.php?doing_wp_cron=1777873444.9369161128997802734375 HTTP/1.1" 200 11 "-" "WordPress/6.9.4; https://easysalads.com"
103.218.122.61 - - [04/May/2026:00:44:04 -0500] "GET /wp-login.php HTTP/2.0" 200 1882 "-" "Mozilla/4.0 (compatible; MSIE 7.0; Windows NT 6.2; Win64; x64; Trident/7.0; .NET4.0E; .NET4.0C; .NET CLR 3.5.30729; .NET CLR 2.0.50727; .NET CLR 3.0.30729)"
103.218.122.61 - - [04/May/2026:00:44:05 -0500] "POST /wp-login.php HTTP/2.0" 200 2018 "https://easysalads.com/wp-login.php" "Mozilla/4.0 (compatible; MSIE 7.0; Windows NT 6.2; Win64; x64; Trident/7.0; .NET4.0E; .NET4.0C; .NET CLR 3.5.30729; .NET CLR 2.0.50727; .NET CLR 3.0.30729)"
154.18.244.252 - - [04/May/2026:00:45:03 -0500] "POST /wp-cron.php?doing_wp_cron=1777873503.9708640575408935546875 HTTP/1.1" 200 11 "-" "WordPress/6.9.4; https://easysalads.com"
57.128.189.19 - - [04/May/2026:00:45:04 -0500] "GET /?nocache=1777873441 HTTP/2.0" 200 89175 "-" "BigScootsMonitor Mozilla/5.0 (Windows NT 10.0; Win64; x64) AppleWebKit/537.36 (KHTML, like Gecko) Chrome/74.0.3729.169 Safari/537.36"
51.222.136.175 - - [04/May/2026:00:45:05 -0500] "GET /?nocache=1777873441 HTTP/2.0" 200 89175 "-" "BigScootsMonitor Mozilla/5.0 (Windows NT 10.0; Win64; x64) AppleWebKit/537.36 (KHTML, like Gecko) Chrome/74.0.3729.169 Safari/537.36"
150.230.164.215 - - [04/May/2026:00:45:37 -0500] "GET /wp-json/wp/v2/pages?per_page=40&orderby=id&order=asc&page=1&_fields=id%2Clink%2Cmodified_gmt HTTP/1.1" 200 239 "-" "Mozilla/5.0 (compatible; SlickBot/1.0; +http://slickstream.com)"
150.230.164.215 - - [04/May/2026:00:45:38 -0500] "GET /wp-json/wp/v2/posts?per_page=40&orderby=id&order=asc&page=1&_fields=id%2Clink%2Cmodified_gmt HTTP/1.1" 200 1090 "-" "Mozilla/5.0 (compatible; SlickBot/1.0; +http://slickstream.com)"
150.230.164.215 - - [04/May/2026:00:45:39 -0500] "GET /wp-json/wp/v2/posts?per_page=40&orderby=id&order=asc&page=2&_fields=id%2Clink%2Cmodified_gmt HTTP/1.1" 200 217 "-" "Mozilla/5.0 (compatible; SlickBot/1.0; +http://slickstream.com)"
150.230.164.215 - - [04/May/2026:00:45:40 -0500] "GET /wp-json/web-stories/v1/web-story?per_page=40&orderby=id&order=asc&page=1&_fields=id%2Clink%2Cmodified_gmt HTTP/1.1" 200 179 "-" "Mozilla/5.0 (compatible; SlickBot/1.0; +http://slickstream.com)"
150.230.164.215 - - [04/May/2026:00:45:40 -0500] "GET /sitemap_index.xml?&ssts=1777873540555 HTTP/1.1" 200 378 "-" "Mozilla/5.0 (compatible; SlickBot/1.0; +http://slickstream.com)"
150.230.164.215 - - [04/May/2026:00:45:40 -0500] "GET /post-sitemap.xml?&ssts=1777873540768 HTTP/1.1" 200 2766 "-" "Mozilla/5.0 (compatible; SlickBot/1.0; +http://slickstream.com)"
150.230.164.215 - - [04/May/2026:00:45:41 -0500] "GET /page-sitemap.xml?&ssts=1777873541108 HTTP/1.1" 200 570 "-" "Mozilla/5.0 (compatible; SlickBot/1.0; +http://slickstream.com)"
150.230.164.215 - - [04/May/2026:00:45:41 -0500] "GET /kadence_element-sitemap.xml?&ssts=1777873541372 HTTP/1.1" 200 511 "-" "Mozilla/5.0 (compatible; SlickBot/1.0; +http://slickstream.com)"
150.230.164.215 - - [04/May/2026:00:45:41 -0500] "GET /web-story-sitemap.xml?&ssts=1777873541662 HTTP/1.1" 200 499 "-" "Mozilla/5.0 (compatible; SlickBot/1.0; +http://slickstream.com)"
150.230.164.215 - - [04/May/2026:00:45:42 -0500] "GET /category-sitemap.xml?&ssts=1777873541946 HTTP/1.1" 200 551 "-" "Mozilla/5.0 (compatible; SlickBot/1.0; +http://slickstream.com)"
150.230.164.215 - - [04/May/2026:00:45:49 -0500] "GET / HTTP/1.1" 200 114538 "-" "Mozilla/5.0 (compatible; SlickBot/1.0; +http://slickstream.com)"
154.18.244.252 - - [04/May/2026:00:45:59 -0500] "POST /wp-cron.php?doing_wp_cron=1777873559.4106359481811523437500 HTTP/1.1" 200 11 "-" "WordPress/6.9.4; https://easysalads.com"
186.189.89.184 - - [04/May/2026:00:45:59 -0500] "GET /blog/ HTTP/2.0" 200 80138 "-" "Mozilla/5.0 (Linux; Android 6.0; Nexus 5 Build/MRA58N) AppleWebKit/537.36 (KHTML, like Gecko) Chrome/60.0.8147.1078 Mobile Safari/537.36"
186.189.89.184 - - [04/May/2026:00:46:04 -0500] "GET /wp-content/uploads/2024/11/sweet-potato-feta-salad-00-150x225.jpg HTTP/2.0" 206 500 "https://easysalads.com/blog/" "Mozilla/5.0 (Linux; Android 6.0; Nexus 5 Build/MRA58N) AppleWebKit/537.36 (KHTML, like Gecko) Chrome/60.0.8147.1078 Mobile Safari/537.36"
186.189.89.184 - - [04/May/2026:00:46:06 -0500] "GET /wp-content/uploads/2024/09/crispy-chicken-caesar-pasta-salad02-150x225.jpg HTTP/2.0" 206 500 "https://easysalads.com/blog/" "Mozilla/5.0 (Linux; Android 6.0; Nexus 5 Build/MRA58N) AppleWebKit/537.36 (KHTML, like Gecko) Chrome/60.0.8147.1078 Mobile Safari/537.36"
186.189.89.184 - - [04/May/2026:00:46:06 -0500] "GET /wp-content/uploads/2024/10/taffy-apple-salad-05-150x225.jpg HTTP/2.0" 206 500 "https://easysalads.com/blog/" "Mozilla/5.0 (Linux; Android 6.0; Nexus 5 Build/MRA58N) AppleWebKit/537.36 (KHTML, like Gecko) Chrome/60.0.8147.1078 Mobile Safari/537.36"
186.189.89.184 - - [04/May/2026:00:46:06 -0500] "GET /wp-content/uploads/2024/07/summer-orzo-salad-03-150x218.jpg HTTP/2.0" 206 500 "https://easysalads.com/blog/" "Mozilla/5.0 (Linux; Android 6.0; Nexus 5 Build/MRA58N) AppleWebKit/537.36 (KHTML, like Gecko) Chrome/60.0.8147.1078 Mobile Safari/537.36"
186.189.89.184 - - [04/May/2026:00:46:06 -0500] "GET /wp-content/uploads/2024/09/caesar-wedge-salad-02-150x225.jpg HTTP/2.0" 206 500 "https://easysalads.com/blog/" "Mozilla/5.0 (Linux; Android 6.0; Nexus 5 Build/MRA58N) AppleWebKit/537.36 (KHTML, like Gecko) Chrome/60.0.8147.1078 Mobile Safari/537.36"
186.189.89.184 - - [04/May/2026:00:46:06 -0500] "GET /wp-content/uploads/2024/07/shrimp-corn-salad-00-150x225.jpg HTTP/2.0" 206 500 "https://easysalads.com/blog/" "Mozilla/5.0 (Linux; Android 6.0; Nexus 5 Build/MRA58N) AppleWebKit/537.36 (KHTML, like Gecko) Chrome/60.0.8147.1078 Mobile Safari/537.36"
186.189.89.184 - - [04/May/2026:00:46:06 -0500] "GET /wp-content/uploads/2024/07/Classic-Chicken-Salad05-150x225.jpg HTTP/2.0" 206 500 "https://easysalads.com/blog/" "Mozilla/5.0 (Linux; Android 6.0; Nexus 5 Build/MRA58N) AppleWebKit/537.36 (KHTML, like Gecko) Chrome/60.0.8147.1078 Mobile Safari/537.36"
186.189.89.184 - - [04/May/2026:00:46:08 -0500] "GET /wp-content/uploads/2024/11/sweet-potato-feta-salad-00-150x225.jpg HTTP/2.0" 304 0 "https://easysalads.com/blog/" "Mozilla/5.0 (Linux; Android 6.0; Nexus 5 Build/MRA58N) AppleWebKit/537.36 (KHTML, like Gecko) Chrome/60.0.8147.1078 Mobile Safari/537.36"
154.18.244.252 - - [04/May/2026:00:47:04 -0500] "POST /wp-cron.php?doing_wp_cron=1777873624.2550590038299560546875 HTTP/1.1" 200 11 "-" "WordPress/6.9.4; https://easysalads.com"
57.128.189.19 - - [04/May/2026:00:47:04 -0500] "GET /?nocache=1777873561 HTTP/2.0" 200 89175 "-" "BigScootsMonitor Mozilla/5.0 (Windows NT 10.0; Win64; x64) AppleWebKit/537.36 (KHTML, like Gecko) Chrome/74.0.3729.169 Safari/537.36"
51.222.136.175 - - [04/May/2026:00:47:05 -0500] "GET /?nocache=1777873561 HTTP/2.0" 200 89175 "-" "BigScootsMonitor Mozilla/5.0 (Windows NT 10.0; Win64; x64) AppleWebKit/537.36 (KHTML, like Gecko) Chrome/74.0.3729.169 Safari/537.36"
66.249.66.75 - - [04/May/2026:00:47:15 -0500] "GET /wp-content/uploads/2026/01/peruvian-chopped-salad-07-200x300.jpg HTTP/1.1" 200 36307 "-" "Googlebot-Image/1.0"
38.95.35.85 - - [04/May/2026:00:47:26 -0500] "GET /wp-login.php HTTP/2.0" 200 1882 "-" "Mozilla/4.0 (compatible; MSIE 7.0; Windows NT 6.2; WOW64; Trident/7.0; .NET4.0C; .NET4.0E; .NET CLR 2.0.50727; .NET CLR 3.0.30729; .NET CLR 3.5.30729; McAfee)"
38.95.35.85 - - [04/May/2026:00:47:26 -0500] "POST /wp-login.php HTTP/2.0" 200 2018 "https://easysalads.com/wp-login.php" "Mozilla/4.0 (compatible; MSIE 7.0; Windows NT 6.2; WOW64; Trident/7.0; .NET4.0C; .NET4.0E; .NET CLR 2.0.50727; .NET CLR 3.0.30729; .NET CLR 3.5.30729; McAfee)"
154.18.244.252 - - [04/May/2026:00:48:09 -0500] "POST /wp-cron.php?doing_wp_cron=1777873689.2042300701141357421875 HTTP/1.1" 200 11 "-" "WordPress/6.9.4; https://easysalads.com"
57.141.0.64 - - [04/May/2026:00:48:09 -0500] "GET /page-sitemap.xml HTTP/2.0" 200 1572 "-" "meta-externalagent/1.1 (+https://developers.facebook.com/docs/sharing/webmasters/crawler)"
57.141.6.76 - - [04/May/2026:00:48:37 -0500] "GET / HTTP/2.0" 200 536589 "-" "meta-webindexer/1.1 (+https://developers.facebook.com/docs/sharing/webmasters/crawler)"
154.18.244.252 - - [04/May/2026:00:49:04 -0500] "POST /wp-cron.php?doing_wp_cron=1777873744.2055029869079589843750 HTTP/1.1" 200 11 "-" "WordPress/6.9.4; https://easysalads.com"
57.128.189.19 - - [04/May/2026:00:49:04 -0500] "GET /?nocache=1777873741 HTTP/2.0" 200 89175 "-" "BigScootsMonitor Mozilla/5.0 (Windows NT 10.0; Win64; x64) AppleWebKit/537.36 (KHTML, like Gecko) Chrome/74.0.3729.169 Safari/537.36"
51.222.136.175 - - [04/May/2026:00:49:04 -0500] "GET /?nocache=1777873741 HTTP/2.0" 200 89175 "-" "BigScootsMonitor Mozilla/5.0 (Windows NT 10.0; Win64; x64) AppleWebKit/537.36 (KHTML, like Gecko) Chrome/74.0.3729.169 Safari/537.36"
173.252.83.112 - - [04/May/2026:00:49:28 -0500] "GET / HTTP/2.0" 200 536589 "-" "meta-webindexer/1.1 (+https://developers.facebook.com/docs/sharing/webmasters/crawler)"
114.119.159.177 - - [04/May/2026:00:50:41 -0500] "GET /wp-content/uploads/2022/11/5-Bean-Salad-00-500x500.jpg HTTP/1.1" 200 90345 "https://easysalads.com/easy-5-bean-salad/" "Mozilla/5.0 (Linux; Android 7.0;) AppleWebKit/537.36 (HTML, like Gecko) Mobile Safari/537.36 (compatible; PetalBot;+https://webmaster.petalsearch.com/site/petalbot)"
154.18.244.252 - - [04/May/2026:00:51:04 -0500] "POST /wp-cron.php?doing_wp_cron=1777873864.1187500953674316406250 HTTP/1.1" 200 11 "-" "WordPress/6.9.4; https://easysalads.com"
57.128.189.19 - - [04/May/2026:00:51:04 -0500] "GET /?nocache=1777873801 HTTP/2.0" 200 89175 "-" "BigScootsMonitor Mozilla/5.0 (Windows NT 10.0; Win64; x64) AppleWebKit/537.36 (KHTML, like Gecko) Chrome/74.0.3729.169 Safari/537.36"
51.222.136.175 - - [04/May/2026:00:51:04 -0500] "GET /?nocache=1777873801 HTTP/2.0" 200 89175 "-" "BigScootsMonitor Mozilla/5.0 (Windows NT 10.0; Win64; x64) AppleWebKit/537.36 (KHTML, like Gecko) Chrome/74.0.3729.169 Safari/537.36"
190.163.168.78 - - [04/May/2026:00:51:40 -0500] "GET / HTTP/1.1" 200 91583 "-" "Mozilla/5.0 (compatible; MSIE 6.0; Windows NT 5.2; Trident/4.1)"
66.249.66.77 - - [04/May/2026:00:52:32 -0500] "GET /wp-content/uploads/2026/04/creamy-cucumber-salad-03-300x300.jpg HTTP/1.1" 200 37473 "-" "Googlebot-Image/1.0"
154.18.244.252 - - [04/May/2026:00:53:04 -0500] "POST /wp-cron.php?doing_wp_cron=1777873984.3088109493255615234375 HTTP/1.1" 200 11 "-" "WordPress/6.9.4; https://easysalads.com"
57.128.189.19 - - [04/May/2026:00:53:04 -0500] "GET /?nocache=1777873921 HTTP/2.0" 200 89175 "-" "BigScootsMonitor Mozilla/5.0 (Windows NT 10.0; Win64; x64) AppleWebKit/537.36 (KHTML, like Gecko) Chrome/74.0.3729.169 Safari/537.36"
51.222.136.175 - - [04/May/2026:00:53:04 -0500] "GET /?nocache=1777873921 HTTP/2.0" 200 89175 "-" "BigScootsMonitor Mozilla/5.0 (Windows NT 10.0; Win64; x64) AppleWebKit/537.36 (KHTML, like Gecko) Chrome/74.0.3729.169 Safari/537.36"
154.18.244.252 - - [04/May/2026:00:55:04 -0500] "POST /wp-cron.php?doing_wp_cron=1777874104.4519269466400146484375 HTTP/1.1" 200 11 "-" "WordPress/6.9.4; https://easysalads.com"
51.222.136.175 - - [04/May/2026:00:55:04 -0500] "GET /?nocache=1777874041 HTTP/2.0" 200 89175 "-" "BigScootsMonitor Mozilla/5.0 (Windows NT 10.0; Win64; x64) AppleWebKit/537.36 (KHTML, like Gecko) Chrome/74.0.3729.169 Safari/537.36"
57.128.189.19 - - [04/May/2026:00:55:04 -0500] "GET /?nocache=1777874041 HTTP/2.0" 200 89175 "-" "BigScootsMonitor Mozilla/5.0 (Windows NT 10.0; Win64; x64) AppleWebKit/537.36 (KHTML, like Gecko) Chrome/74.0.3729.169 Safari/537.36"
201.131.161.104 - - [04/May/2026:00:55:18 -0500] "GET /low-carb-fruit-salad/ HTTP/2.0" 200 100132 "-" "Mozilla/5.0 (iPhone; CPU iPhone OS 11_0 like Mac OS X) AppleWebKit/537.36 (KHTML, like Gecko) Chrome/52.0.9793.1588 Mobile Safari/537.36"
18.234.206.253 - - [04/May/2026:00:55:24 -0500] "GET /low-carb-fruit-salad/ HTTP/1.1" 200 126329 "-" "Mozilla/5.0 (compatible; proximic; +https://www.comscore.com/Web-Crawler)"
47.128.115.45 - - [04/May/2026:00:55:42 -0500] "GET /low-carb-fruit-salad/ HTTP/2.0" 200 100102 "-" "Mozilla/5.0 (Linux; Android 5.0) AppleWebKit/537.36 (KHTML, like Gecko) Mobile Safari/537.36 (compatible; TikTokSpider; [email protected])"
47.128.115.45 - - [04/May/2026:00:55:43 -0500] "GET /low-carb-fruit-salad/ HTTP/2.0" 200 100126 "https://easysalads.com/low-carb-fruit-salad/" "Mozilla/5.0 (Linux; Android 5.0) AppleWebKit/537.36 (KHTML, like Gecko) Mobile Safari/537.36 (compatible; TikTokSpider; [email protected])"
47.128.115.45 - - [04/May/2026:00:55:44 -0500] "GET /low-carb-fruit-salad/ HTTP/2.0" 200 100126 "https://easysalads.com/low-carb-fruit-salad/" "Mozilla/5.0 (Linux; Android 5.0) AppleWebKit/537.36 (KHTML, like Gecko) Mobile Safari/537.36 (compatible; TikTokSpider; [email protected])"
47.128.115.45 - - [04/May/2026:00:55:45 -0500] "GET /low-carb-fruit-salad/ HTTP/2.0" 200 100102 "https://easysalads.com/low-carb-fruit-salad/" "Mozilla/5.0 (Linux; Android 5.0) AppleWebKit/537.36 (KHTML, like Gecko) Mobile Safari/537.36 (compatible; TikTokSpider; [email protected])"
47.128.115.45 - - [04/May/2026:00:55:46 -0500] "GET /low-carb-fruit-salad/ HTTP/2.0" 200 100097 "https://easysalads.com/low-carb-fruit-salad/" "Mozilla/5.0 (Linux; Android 5.0) AppleWebKit/537.36 (KHTML, like Gecko) Mobile Safari/537.36 (compatible; TikTokSpider; [email protected])"
47.128.115.45 - - [04/May/2026:00:55:46 -0500] "GET /low-carb-fruit-salad/ HTTP/2.0" 200 100149 "https://easysalads.com/low-carb-fruit-salad/" "Mozilla/5.0 (Linux; Android 5.0) AppleWebKit/537.36 (KHTML, like Gecko) Mobile Safari/537.36 (compatible; TikTokSpider; [email protected])"
47.128.115.45 - - [04/May/2026:00:55:47 -0500] "GET /low-carb-fruit-salad/ HTTP/2.0" 200 100149 "https://easysalads.com/low-carb-fruit-salad/" "Mozilla/5.0 (Linux; Android 5.0) AppleWebKit/537.36 (KHTML, like Gecko) Mobile Safari/537.36 (compatible; TikTokSpider; [email protected])"
47.128.115.45 - - [04/May/2026:00:55:48 -0500] "GET /low-carb-fruit-salad/ HTTP/2.0" 200 100110 "https://easysalads.com/low-carb-fruit-salad/" "Mozilla/5.0 (Linux; Android 5.0) AppleWebKit/537.36 (KHTML, like Gecko) Mobile Safari/537.36 (compatible; TikTokSpider; [email protected])"
47.128.115.45 - - [04/May/2026:00:55:48 -0500] "GET /low-carb-fruit-salad/ HTTP/2.0" 200 100118 "https://easysalads.com/low-carb-fruit-salad/" "Mozilla/5.0 (Linux; Android 5.0) AppleWebKit/537.36 (KHTML, like Gecko) Mobile Safari/537.36 (compatible; TikTokSpider; [email protected])"
47.128.115.45 - - [04/May/2026:00:55:49 -0500] "GET /low-carb-fruit-salad/ HTTP/2.0" 200 100100 "https://easysalads.com/low-carb-fruit-salad/" "Mozilla/5.0 (Linux; Android 5.0) AppleWebKit/537.36 (KHTML, like Gecko) Mobile Safari/537.36 (compatible; TikTokSpider; [email protected])"
66.249.66.76 - - [04/May/2026:00:55:50 -0500] "GET /wp-content/uploads/2022/10/Christmas-Salad-03-500x500.jpg HTTP/1.1" 200 85521 "-" "Googlebot-Image/1.0"
47.128.115.45 - - [04/May/2026:00:55:50 -0500] "GET /low-carb-fruit-salad/ HTTP/2.0" 200 100049 "https://easysalads.com/low-carb-fruit-salad/" "Mozilla/5.0 (Linux; Android 5.0) AppleWebKit/537.36 (KHTML, like Gecko) Mobile Safari/537.36 (compatible; TikTokSpider; [email protected])"
47.128.115.45 - - [04/May/2026:00:55:51 -0500] "GET /low-carb-fruit-salad/ HTTP/2.0" 200 100099 "https://easysalads.com/low-carb-fruit-salad/" "Mozilla/5.0 (Linux; Android 5.0) AppleWebKit/537.36 (KHTML, like Gecko) Mobile Safari/537.36 (compatible; TikTokSpider; [email protected])"
47.128.115.45 - - [04/May/2026:00:55:51 -0500] "GET /low-carb-fruit-salad/ HTTP/2.0" 200 100127 "https://easysalads.com/low-carb-fruit-salad/" "Mozilla/5.0 (Linux; Android 5.0) AppleWebKit/537.36 (KHTML, like Gecko) Mobile Safari/537.36 (compatible; TikTokSpider; [email protected])"
47.128.115.45 - - [04/May/2026:00:55:52 -0500] "GET /low-carb-fruit-salad/ HTTP/2.0" 200 100176 "https://easysalads.com/low-carb-fruit-salad/" "Mozilla/5.0 (Linux; Android 5.0) AppleWebKit/537.36 (KHTML, like Gecko) Mobile Safari/537.36 (compatible; TikTokSpider; [email protected])"
47.128.115.45 - - [04/May/2026:00:55:53 -0500] "GET /low-carb-fruit-salad/ HTTP/2.0" 200 100184 "https://easysalads.com/low-carb-fruit-salad/" "Mozilla/5.0 (Linux; Android 5.0) AppleWebKit/537.36 (KHTML, like Gecko) Mobile Safari/537.36 (compatible; TikTokSpider; [email protected])"
47.128.115.45 - - [04/May/2026:00:55:54 -0500] "GET /low-carb-fruit-salad/ HTTP/2.0" 200 100092 "https://easysalads.com/low-carb-fruit-salad/" "Mozilla/5.0 (Linux; Android 5.0) AppleWebKit/537.36 (KHTML, like Gecko) Mobile Safari/537.36 (compatible; TikTokSpider; [email protected])"
47.128.115.45 - - [04/May/2026:00:55:54 -0500] "GET /low-carb-fruit-salad/ HTTP/2.0" 200 100116 "https://easysalads.com/low-carb-fruit-salad/" "Mozilla/5.0 (Linux; Android 5.0) AppleWebKit/537.36 (KHTML, like Gecko) Mobile Safari/537.36 (compatible; TikTokSpider; [email protected])"
