66.249.92.140 - - [04/May/2026:00:14:14 -0500] "GET /wp-content/themes/kadence/assets/css/header.min.css?ver=1.1.22 HTTP/1.1" 200 4308 "https://easysalads.com/" "Mozilla/5.0 (Macintosh; Intel Mac OS X 10_7_3) AppleWebKit/537.36 (KHTML, like Gecko, Mediapartners-Google) Chrome/147.0.7727.116 Safari/537.36"
66.249.92.140 - - [04/May/2026:00:14:14 -0500] "GET /wp-content/themes/kadence/assets/css/footer.min.css?ver=1.1.22 HTTP/1.1" 200 1592 "https://easysalads.com/" "Mozilla/5.0 (Macintosh; Intel Mac OS X 10_7_3) AppleWebKit/537.36 (KHTML, like Gecko, Mediapartners-Google) Chrome/147.0.7727.116 Safari/537.36"
66.249.92.141 - - [04/May/2026:00:14:14 -0500] "GET /wp-content/plugins/kadence-pro/dist/mega-menu/menu-addon.css?ver=1.1.19 HTTP/1.1" 200 1138 "https://easysalads.com/" "Mozilla/5.0 (Macintosh; Intel Mac OS X 10_7_3) AppleWebKit/537.36 (KHTML, like Gecko, Mediapartners-Google) Chrome/147.0.7727.116 Safari/537.36"
66.249.92.129 - - [04/May/2026:00:14:14 -0500] "GET /wp-content/plugins/kadence-blocks/dist/style-blocks-advancedbtn.css?ver=3.6.7 HTTP/1.1" 200 717 "https://easysalads.com/" "Mozilla/5.0 (Macintosh; Intel Mac OS X 10_7_3) AppleWebKit/537.36 (KHTML, like Gecko, Mediapartners-Google) Chrome/147.0.7727.116 Safari/537.36"
66.249.92.141 - - [04/May/2026:00:14:14 -0500] "GET /wp-content/plugins/kadence-blocks-pro/dist/style-blocks-portfoliogrid.css?ver=2.8.13.1 HTTP/1.1" 200 2143 "https://easysalads.com/" "Mozilla/5.0 (Macintosh; Intel Mac OS X 10_7_3) AppleWebKit/537.36 (KHTML, like Gecko, Mediapartners-Google) Chrome/147.0.7727.116 Safari/537.36"
66.249.92.142 - - [04/May/2026:00:14:14 -0500] "GET /wp-content/uploads/2026/04/creamy-cucumber-salad-03-1024x1024.jpg HTTP/1.1" 200 256380 "https://easysalads.com/" "Mozilla/5.0 (Macintosh; Intel Mac OS X 10_7_3) AppleWebKit/537.36 (KHTML, like Gecko, Mediapartners-Google) Chrome/147.0.7727.116 Safari/537.36"
66.249.92.142 - - [04/May/2026:00:14:14 -0500] "GET /wp-content/plugins/kadence-blocks/dist/style-blocks-iconlist.css?ver=3.6.7 HTTP/1.1" 200 609 "https://easysalads.com/" "Mozilla/5.0 (Macintosh; Intel Mac OS X 10_7_3) AppleWebKit/537.36 (KHTML, like Gecko, Mediapartners-Google) Chrome/147.0.7727.116 Safari/537.36"
66.249.92.129 - - [04/May/2026:00:14:14 -0500] "GET /wp-content/plugins/social-pug/assets/dist/front-end-pro.js?ver=2.28.0 HTTP/1.1" 200 9352 "https://easysalads.com/" "Mozilla/5.0 (Macintosh; Intel Mac OS X 10_7_3) AppleWebKit/537.36 (KHTML, like Gecko, Mediapartners-Google) Chrome/147.0.7727.116 Safari/537.36"
66.249.92.128 - - [04/May/2026:00:14:14 -0500] "GET /wp-content/uploads/2022/02/white-pattern.png HTTP/1.1" 200 32716 "https://easysalads.com/" "Mozilla/5.0 (Macintosh; Intel Mac OS X 10_7_3) AppleWebKit/537.36 (KHTML, like Gecko, Mediapartners-Google) Chrome/147.0.7727.116 Safari/537.36"
66.249.92.140 - - [04/May/2026:00:14:14 -0500] "GET /wp-content/uploads/2022/01/bg-pattern.png HTTP/1.1" 200 44512 "https://easysalads.com/" "Mozilla/5.0 (Macintosh; Intel Mac OS X 10_7_3) AppleWebKit/537.36 (KHTML, like Gecko, Mediapartners-Google) Chrome/147.0.7727.116 Safari/537.36"
66.249.92.140 - - [04/May/2026:00:14:14 -0500] "GET /wp-content/uploads/2022/10/easy-salads-201b-scaled.jpg HTTP/1.1" 200 451381 "https://easysalads.com/" "Mozilla/5.0 (Macintosh; Intel Mac OS X 10_7_3) AppleWebKit/537.36 (KHTML, like Gecko, Mediapartners-Google) Chrome/147.0.7727.116 Safari/537.36"
66.249.92.128 - - [04/May/2026:00:14:14 -0500] "GET / HTTP/1.1" 200 89189 "-" "Mozilla/5.0 (Linux; Android 4.0.4; Galaxy Nexus Build/IMM76B) AppleWebKit/537.36 (KHTML, like Gecko; Mediapartners-Google) Chrome/147.0.7727.116 Mobile Safari/537.36"
66.249.92.129 - - [04/May/2026:00:14:15 -0500] "GET /wp-content/plugins/kadence-blocks/includes/assets/css/kadence-splide.min.css?ver=3.6.7 HTTP/1.1" 200 1713 "https://easysalads.com/" "Mozilla/5.0 (Linux; Android 4.0.4; Galaxy Nexus Build/IMM76B) AppleWebKit/537.36 (KHTML, like Gecko; Mediapartners-Google) Chrome/147.0.7727.116 Mobile Safari/537.36"
66.249.92.128 - - [04/May/2026:00:14:15 -0500] "GET /wp-content/uploads/2022/11/5-Bean-Salad-04-683x1024.jpg HTTP/1.1" 200 182362 "https://easysalads.com/" "Mozilla/5.0 (Macintosh; Intel Mac OS X 10_7_3) AppleWebKit/537.36 (KHTML, like Gecko, Mediapartners-Google) Chrome/147.0.7727.116 Safari/537.36"
66.249.92.129 - - [04/May/2026:00:14:15 -0500] "GET /wp-content/uploads/2022/10/Christmas-Salad-02-683x1024.jpg HTTP/1.1" 200 189571 "https://easysalads.com/" "Mozilla/5.0 (Macintosh; Intel Mac OS X 10_7_3) AppleWebKit/537.36 (KHTML, like Gecko, Mediapartners-Google) Chrome/147.0.7727.116 Safari/537.36"
66.249.92.129 - - [04/May/2026:00:14:15 -0500] "GET /wp-content/uploads/2022/11/apple-pecan-blue-cheese-salad-03-300x200.jpg HTTP/1.1" 200 23384 "https://easysalads.com/" "Mozilla/5.0 (Macintosh; Intel Mac OS X 10_7_3) AppleWebKit/537.36 (KHTML, like Gecko, Mediapartners-Google) Chrome/147.0.7727.116 Safari/537.36"
66.249.92.139 - - [04/May/2026:00:14:15 -0500] "GET /wp-content/uploads/2022/11/low-carb-fruit-salad-00-683x1024.jpg HTTP/1.1" 200 156068 "https://easysalads.com/" "Mozilla/5.0 (Macintosh; Intel Mac OS X 10_7_3) AppleWebKit/537.36 (KHTML, like Gecko, Mediapartners-Google) Chrome/147.0.7727.116 Safari/537.36"
66.249.92.140 - - [04/May/2026:00:14:15 -0500] "GET /wp-content/uploads/2022/09/panera-tomato-basil-cucumber-salad-00-683x1024.jpg HTTP/1.1" 200 141224 "https://easysalads.com/" "Mozilla/5.0 (Macintosh; Intel Mac OS X 10_7_3) AppleWebKit/537.36 (KHTML, like Gecko, Mediapartners-Google) Chrome/147.0.7727.116 Safari/537.36"
66.249.92.140 - - [04/May/2026:00:14:15 -0500] "GET /wp-content/plugins/kadence-blocks/dist/style-blocks-rowlayout.css?ver=3.6.7 HTTP/1.1" 200 1783 "https://easysalads.com/" "Mozilla/5.0 (Linux; Android 4.0.4; Galaxy Nexus Build/IMM76B) AppleWebKit/537.36 (KHTML, like Gecko; Mediapartners-Google) Chrome/147.0.7727.116 Mobile Safari/537.36"
66.249.92.129 - - [04/May/2026:00:14:15 -0500] "GET /wp-content/uploads/2026/01/peruvian-chopped-salad-07-683x1024.jpg HTTP/1.1" 200 263035 "https://easysalads.com/" "Mozilla/5.0 (Macintosh; Intel Mac OS X 10_7_3) AppleWebKit/537.36 (KHTML, like Gecko, Mediapartners-Google) Chrome/147.0.7727.116 Safari/537.36"
66.249.92.142 - - [04/May/2026:00:14:15 -0500] "GET /wp-content/themes/kadence/assets/css/content.min.css?ver=1.1.22 HTTP/1.1" 200 5525 "https://easysalads.com/" "Mozilla/5.0 (Linux; Android 4.0.4; Galaxy Nexus Build/IMM76B) AppleWebKit/537.36 (KHTML, like Gecko; Mediapartners-Google) Chrome/147.0.7727.116 Mobile Safari/537.36"
66.249.92.140 - - [04/May/2026:00:14:15 -0500] "GET /wp-content/uploads/2026/04/strawberry-jello-salad03-1-300x300.jpg HTTP/1.1" 200 29275 "https://easysalads.com/" "Mozilla/5.0 (Macintosh; Intel Mac OS X 10_7_3) AppleWebKit/537.36 (KHTML, like Gecko, Mediapartners-Google) Chrome/147.0.7727.116 Safari/537.36"
66.249.92.139 - - [04/May/2026:00:14:15 -0500] "GET /wp-content/plugins/social-pug/assets/dist/style-frontend-pro.css?ver=2.28.0 HTTP/1.1" 200 11467 "https://easysalads.com/" "Mozilla/5.0 (Linux; Android 4.0.4; Galaxy Nexus Build/IMM76B) AppleWebKit/537.36 (KHTML, like Gecko; Mediapartners-Google) Chrome/147.0.7727.116 Mobile Safari/537.36"
66.249.92.139 - - [04/May/2026:00:14:15 -0500] "GET /wp-content/plugins/wp-recipe-maker-premium/dist/public-pro.css?ver=10.5.0 HTTP/1.1" 200 6809 "https://easysalads.com/" "Mozilla/5.0 (Linux; Android 4.0.4; Galaxy Nexus Build/IMM76B) AppleWebKit/537.36 (KHTML, like Gecko; Mediapartners-Google) Chrome/147.0.7727.116 Mobile Safari/537.36"
66.249.92.142 - - [04/May/2026:00:14:15 -0500] "GET /wp-content/uploads/2022/09/hot-chicken-salad-05sq.jpg HTTP/1.1" 200 757796 "https://easysalads.com/" "Mozilla/5.0 (Macintosh; Intel Mac OS X 10_7_3) AppleWebKit/537.36 (KHTML, like Gecko, Mediapartners-Google) Chrome/147.0.7727.116 Safari/537.36"
66.249.92.141 - - [04/May/2026:00:14:15 -0500] "GET /wp-content/themes/restored316-sage/style.css?ver=1_0_1 HTTP/1.1" 200 1101 "https://easysalads.com/" "Mozilla/5.0 (Linux; Android 4.0.4; Galaxy Nexus Build/IMM76B) AppleWebKit/537.36 (KHTML, like Gecko; Mediapartners-Google) Chrome/147.0.7727.116 Mobile Safari/537.36"
66.249.92.141 - - [04/May/2026:00:14:15 -0500] "GET /wp-content/uploads/2024/07/Classic-Chicken-Salad05-768x1152.jpg HTTP/1.1" 200 228542 "https://easysalads.com/" "Mozilla/5.0 (Linux; Android 4.0.4; Galaxy Nexus Build/IMM76B) AppleWebKit/537.36 (KHTML, like Gecko; Mediapartners-Google) Chrome/147.0.7727.116 Mobile Safari/537.36"
66.249.92.129 - - [04/May/2026:00:14:15 -0500] "GET /wp-content/uploads/2024/11/sweet-potato-feta-salad-00-683x1024.jpg HTTP/1.1" 200 252938 "https://easysalads.com/" "Mozilla/5.0 (Macintosh; Intel Mac OS X 10_7_3) AppleWebKit/537.36 (KHTML, like Gecko, Mediapartners-Google) Chrome/147.0.7727.116 Safari/537.36"
66.249.92.129 - - [04/May/2026:00:14:15 -0500] "GET /wp-content/plugins/kadence-blocks/dist/style-blocks-spacer.css?ver=3.6.7 HTTP/1.1" 200 397 "https://easysalads.com/" "Mozilla/5.0 (Linux; Android 4.0.4; Galaxy Nexus Build/IMM76B) AppleWebKit/537.36 (KHTML, like Gecko; Mediapartners-Google) Chrome/147.0.7727.116 Mobile Safari/537.36"
66.249.92.141 - - [04/May/2026:00:14:15 -0500] "GET /wp-content/plugins/kadence-blocks/includes/assets/css/kb-blocks-splide.min.css?ver=3.6.7 HTTP/1.1" 200 339 "https://easysalads.com/" "Mozilla/5.0 (Linux; Android 4.0.4; Galaxy Nexus Build/IMM76B) AppleWebKit/537.36 (KHTML, like Gecko; Mediapartners-Google) Chrome/147.0.7727.116 Mobile Safari/537.36"
66.249.92.128 - - [04/May/2026:00:14:15 -0500] "GET /wp-content/plugins/kadence-blocks/dist/style-blocks-advancedgallery.css?ver=3.6.7 HTTP/1.1" 200 3535 "https://easysalads.com/" "Mozilla/5.0 (Linux; Android 4.0.4; Galaxy Nexus Build/IMM76B) AppleWebKit/537.36 (KHTML, like Gecko; Mediapartners-Google) Chrome/147.0.7727.116 Mobile Safari/537.36"
66.249.92.140 - - [04/May/2026:00:14:15 -0500] "GET /wp-content/themes/kadence/assets/css/global.min.css?ver=1.1.22 HTTP/1.1" 200 4269 "https://easysalads.com/" "Mozilla/5.0 (Linux; Android 4.0.4; Galaxy Nexus Build/IMM76B) AppleWebKit/537.36 (KHTML, like Gecko; Mediapartners-Google) Chrome/147.0.7727.116 Mobile Safari/537.36"
66.249.92.128 - - [04/May/2026:00:14:15 -0500] "GET /wp-content/plugins/kadence-blocks/dist/style-blocks-infobox.css?ver=3.6.7 HTTP/1.1" 200 1352 "https://easysalads.com/" "Mozilla/5.0 (Linux; Android 4.0.4; Galaxy Nexus Build/IMM76B) AppleWebKit/537.36 (KHTML, like Gecko; Mediapartners-Google) Chrome/147.0.7727.116 Mobile Safari/537.36"
66.249.92.140 - - [04/May/2026:00:14:15 -0500] "GET /wp-content/plugins/kadence-blocks/dist/style-blocks-icon.css?ver=3.6.7 HTTP/1.1" 200 1043 "https://easysalads.com/" "Mozilla/5.0 (Linux; Android 4.0.4; Galaxy Nexus Build/IMM76B) AppleWebKit/537.36 (KHTML, like Gecko; Mediapartners-Google) Chrome/147.0.7727.116 Mobile Safari/537.36"
66.249.92.129 - - [04/May/2026:00:14:15 -0500] "GET /wp-content/plugins/wp-recipe-maker/dist/public-modern.css?ver=10.5.0 HTTP/1.1" 200 7725 "https://easysalads.com/" "Mozilla/5.0 (Linux; Android 4.0.4; Galaxy Nexus Build/IMM76B) AppleWebKit/537.36 (KHTML, like Gecko; Mediapartners-Google) Chrome/147.0.7727.116 Mobile Safari/537.36"
66.249.92.129 - - [04/May/2026:00:14:15 -0500] "GET /wp-content/plugins/kadence-pro/dist/mega-menu/menu-addon.css?ver=1.1.19 HTTP/1.1" 200 1138 "https://easysalads.com/" "Mozilla/5.0 (Linux; Android 4.0.4; Galaxy Nexus Build/IMM76B) AppleWebKit/537.36 (KHTML, like Gecko; Mediapartners-Google) Chrome/147.0.7727.116 Mobile Safari/537.36"
66.249.92.140 - - [04/May/2026:00:14:15 -0500] "GET /wp-content/uploads/2024/03/yogurt-dill-dressing-00-768x1152.jpg HTTP/1.1" 200 140103 "https://easysalads.com/" "Mozilla/5.0 (Linux; Android 4.0.4; Galaxy Nexus Build/IMM76B) AppleWebKit/537.36 (KHTML, like Gecko; Mediapartners-Google) Chrome/147.0.7727.116 Mobile Safari/537.36"
66.249.92.128 - - [04/May/2026:00:14:15 -0500] "GET /wp-content/themes/kadence/assets/css/footer.min.css?ver=1.1.22 HTTP/1.1" 200 1592 "https://easysalads.com/" "Mozilla/5.0 (Linux; Android 4.0.4; Galaxy Nexus Build/IMM76B) AppleWebKit/537.36 (KHTML, like Gecko; Mediapartners-Google) Chrome/147.0.7727.116 Mobile Safari/537.36"
66.249.92.140 - - [04/May/2026:00:14:15 -0500] "GET /wp-content/plugins/kadence-blocks-pro/dist/style-blocks-postgrid.css?ver=2.8.13.1 HTTP/1.1" 200 2807 "https://easysalads.com/" "Mozilla/5.0 (Linux; Android 4.0.4; Galaxy Nexus Build/IMM76B) AppleWebKit/537.36 (KHTML, like Gecko; Mediapartners-Google) Chrome/147.0.7727.116 Mobile Safari/537.36"
66.249.92.128 - - [04/May/2026:00:14:15 -0500] "GET /wp-content/plugins/kadence-blocks/dist/style-blocks-advancedbtn.css?ver=3.6.7 HTTP/1.1" 200 717 "https://easysalads.com/" "Mozilla/5.0 (Linux; Android 4.0.4; Galaxy Nexus Build/IMM76B) AppleWebKit/537.36 (KHTML, like Gecko; Mediapartners-Google) Chrome/147.0.7727.116 Mobile Safari/537.36"
66.249.92.129 - - [04/May/2026:00:14:15 -0500] "GET /wp-content/plugins/kadence-blocks/dist/style-blocks-posts.css?ver=3.6.7 HTTP/1.1" 200 1377 "https://easysalads.com/" "Mozilla/5.0 (Linux; Android 4.0.4; Galaxy Nexus Build/IMM76B) AppleWebKit/537.36 (KHTML, like Gecko; Mediapartners-Google) Chrome/147.0.7727.116 Mobile Safari/537.36"
66.249.92.128 - - [04/May/2026:00:14:15 -0500] "GET /wp-content/themes/kadence/assets/css/header.min.css?ver=1.1.22 HTTP/1.1" 200 4308 "https://easysalads.com/" "Mozilla/5.0 (Linux; Android 4.0.4; Galaxy Nexus Build/IMM76B) AppleWebKit/537.36 (KHTML, like Gecko; Mediapartners-Google) Chrome/147.0.7727.116 Mobile Safari/537.36"
66.249.92.139 - - [04/May/2026:00:14:15 -0500] "GET /wp-content/uploads/2022/09/Easy-Salads-website-logo-768x226.png HTTP/1.1" 200 32242 "https://easysalads.com/" "Mozilla/5.0 (Linux; Android 4.0.4; Galaxy Nexus Build/IMM76B) AppleWebKit/537.36 (KHTML, like Gecko; Mediapartners-Google) Chrome/147.0.7727.116 Mobile Safari/537.36"
66.249.92.140 - - [04/May/2026:00:14:15 -0500] "GET /wp-content/plugins/kadence-blocks/dist/style-blocks-column.css?ver=3.6.7 HTTP/1.1" 200 440 "https://easysalads.com/" "Mozilla/5.0 (Linux; Android 4.0.4; Galaxy Nexus Build/IMM76B) AppleWebKit/537.36 (KHTML, like Gecko; Mediapartners-Google) Chrome/147.0.7727.116 Mobile Safari/537.36"
66.249.92.141 - - [04/May/2026:00:14:15 -0500] "GET /wp-content/plugins/kadence-blocks-pro/dist/style-blocks-portfoliogrid.css?ver=2.8.13.1 HTTP/1.1" 200 2143 "https://easysalads.com/" "Mozilla/5.0 (Linux; Android 4.0.4; Galaxy Nexus Build/IMM76B) AppleWebKit/537.36 (KHTML, like Gecko; Mediapartners-Google) Chrome/147.0.7727.116 Mobile Safari/537.36"
66.249.92.129 - - [04/May/2026:00:14:15 -0500] "GET /wp-content/uploads/2026/04/creamy-cucumber-salad-03-768x768.jpg HTTP/1.1" 200 162015 "https://easysalads.com/" "Mozilla/5.0 (Linux; Android 4.0.4; Galaxy Nexus Build/IMM76B) AppleWebKit/537.36 (KHTML, like Gecko; Mediapartners-Google) Chrome/147.0.7727.116 Mobile Safari/537.36"
66.249.92.128 - - [04/May/2026:00:14:15 -0500] "GET /wp-content/plugins/kadence-blocks/dist/style-blocks-iconlist.css?ver=3.6.7 HTTP/1.1" 200 609 "https://easysalads.com/" "Mozilla/5.0 (Linux; Android 4.0.4; Galaxy Nexus Build/IMM76B) AppleWebKit/537.36 (KHTML, like Gecko; Mediapartners-Google) Chrome/147.0.7727.116 Mobile Safari/537.36"
66.249.92.142 - - [04/May/2026:00:14:15 -0500] "GET /wp-content/plugins/kadence-blocks-pro/includes/assets/js/kb-splide-init.min.js?ver=2.8.13.1 HTTP/1.1" 200 1516 "https://easysalads.com/" "Mozilla/5.0 (Linux; Android 4.0.4; Galaxy Nexus Build/IMM76B) AppleWebKit/537.36 (KHTML, like Gecko; Mediapartners-Google) Chrome/147.0.7727.116 Mobile Safari/537.36"
66.249.92.129 - - [04/May/2026:00:14:15 -0500] "GET /wp-content/plugins/social-pug/assets/dist/front-end-pro.js?ver=2.28.0 HTTP/1.1" 200 9352 "https://easysalads.com/" "Mozilla/5.0 (Linux; Android 4.0.4; Galaxy Nexus Build/IMM76B) AppleWebKit/537.36 (KHTML, like Gecko; Mediapartners-Google) Chrome/147.0.7727.116 Mobile Safari/537.36"
66.249.92.142 - - [04/May/2026:00:14:15 -0500] "GET /wp-content/themes/kadence/assets/js/navigation-lite.min.js?ver=1.1.21 HTTP/1.1" 200 2095 "https://easysalads.com/" "Mozilla/5.0 (Linux; Android 4.0.4; Galaxy Nexus Build/IMM76B) AppleWebKit/537.36 (KHTML, like Gecko; Mediapartners-Google) Chrome/147.0.7727.116 Mobile Safari/537.36"
66.249.92.128 - - [04/May/2026:00:14:15 -0500] "GET /wp-content/plugins/kadence-blocks/includes/assets/js/kb-splide-init.min.js?ver=3.6.7 HTTP/1.1" 200 2346 "https://easysalads.com/" "Mozilla/5.0 (Linux; Android 4.0.4; Galaxy Nexus Build/IMM76B) AppleWebKit/537.36 (KHTML, like Gecko; Mediapartners-Google) Chrome/147.0.7727.116 Mobile Safari/537.36"
66.249.92.139 - - [04/May/2026:00:14:15 -0500] "GET /wp-content/plugins/wp-recipe-maker/dist/public-modern.js?ver=10.5.0 HTTP/1.1" 200 23757 "https://easysalads.com/" "Mozilla/5.0 (Linux; Android 4.0.4; Galaxy Nexus Build/IMM76B) AppleWebKit/537.36 (KHTML, like Gecko; Mediapartners-Google) Chrome/147.0.7727.116 Mobile Safari/537.36"
66.249.92.141 - - [04/May/2026:00:14:15 -0500] "GET /wp-content/plugins/kadence-blocks/includes/assets/js/splide.min.js?ver=3.6.7 HTTP/1.1" 200 12836 "https://easysalads.com/" "Mozilla/5.0 (Linux; Android 4.0.4; Galaxy Nexus Build/IMM76B) AppleWebKit/537.36 (KHTML, like Gecko; Mediapartners-Google) Chrome/147.0.7727.116 Mobile Safari/537.36"
66.249.92.141 - - [04/May/2026:00:14:15 -0500] "GET /wp-content/plugins/kadence-pro/dist/mega-menu/kadence-mega-menu.min.js?ver=1.1.19 HTTP/1.1" 200 469 "https://easysalads.com/" "Mozilla/5.0 (Linux; Android 4.0.4; Galaxy Nexus Build/IMM76B) AppleWebKit/537.36 (KHTML, like Gecko; Mediapartners-Google) Chrome/147.0.7727.116 Mobile Safari/537.36"
66.249.92.139 - - [04/May/2026:00:14:15 -0500] "GET /wp-content/plugins/wp-recipe-maker-premium/dist/public-pro.js?ver=10.5.0 HTTP/1.1" 200 20153 "https://easysalads.com/" "Mozilla/5.0 (Linux; Android 4.0.4; Galaxy Nexus Build/IMM76B) AppleWebKit/537.36 (KHTML, like Gecko; Mediapartners-Google) Chrome/147.0.7727.116 Mobile Safari/537.36"
66.249.92.128 - - [04/May/2026:00:14:15 -0500] "GET /wp-content/uploads/2022/02/white-pattern.png HTTP/1.1" 200 32716 "https://easysalads.com/" "Mozilla/5.0 (Linux; Android 4.0.4; Galaxy Nexus Build/IMM76B) AppleWebKit/537.36 (KHTML, like Gecko; Mediapartners-Google) Chrome/147.0.7727.116 Mobile Safari/537.36"
66.249.92.142 - - [04/May/2026:00:14:15 -0500] "GET /wp-content/uploads/2022/10/easy-salads-201b-scaled.jpg HTTP/1.1" 200 451381 "https://easysalads.com/" "Mozilla/5.0 (Linux; Android 4.0.4; Galaxy Nexus Build/IMM76B) AppleWebKit/537.36 (KHTML, like Gecko; Mediapartners-Google) Chrome/147.0.7727.116 Mobile Safari/537.36"
66.249.66.65 - - [04/May/2026:00:14:15 -0500] "GET /ads.txt HTTP/1.1" 301 5 "-" "Google-adstxt"
98.83.160.255 - - [04/May/2026:00:14:16 -0500] "GET / HTTP/1.1" 200 114538 "-" "Mozilla/5.0 (compatible; proximic; +https://www.comscore.com/Web-Crawler)"
66.249.92.140 - - [04/May/2026:00:14:18 -0500] "GET /wp-content/plugins/kadence-blocks/includes/assets/css/kadence-splide.min.css?ver=3.6.7 HTTP/1.1" 200 1713 "https://easysalads.com/" "Mozilla/5.0 (Macintosh; Intel Mac OS X 10_7_3) AppleWebKit/537.36 (KHTML, like Gecko, Mediapartners-Google) Chrome/147.0.7727.116 Safari/537.36"
66.249.92.128 - - [04/May/2026:00:14:18 -0500] "GET /wp-content/plugins/kadence-blocks/dist/style-blocks-advancedbtn.css?ver=3.6.7 HTTP/1.1" 200 717 "https://easysalads.com/" "Mozilla/5.0 (Macintosh; Intel Mac OS X 10_7_3) AppleWebKit/537.36 (KHTML, like Gecko, Mediapartners-Google) Chrome/147.0.7727.116 Safari/537.36"
66.249.92.129 - - [04/May/2026:00:14:18 -0500] "GET /wp-content/themes/kadence/assets/css/content.min.css?ver=1.1.22 HTTP/1.1" 200 5525 "https://easysalads.com/" "Mozilla/5.0 (Macintosh; Intel Mac OS X 10_7_3) AppleWebKit/537.36 (KHTML, like Gecko, Mediapartners-Google) Chrome/147.0.7727.116 Safari/537.36"
66.249.92.129 - - [04/May/2026:00:14:18 -0500] "GET /wp-content/plugins/wp-recipe-maker/dist/public-modern.css?ver=10.5.0 HTTP/1.1" 200 7725 "https://easysalads.com/" "Mozilla/5.0 (Macintosh; Intel Mac OS X 10_7_3) AppleWebKit/537.36 (KHTML, like Gecko, Mediapartners-Google) Chrome/147.0.7727.116 Safari/537.36"
66.249.92.140 - - [04/May/2026:00:14:18 -0500] "GET /wp-content/plugins/kadence-blocks/dist/style-blocks-spacer.css?ver=3.6.7 HTTP/1.1" 200 397 "https://easysalads.com/" "Mozilla/5.0 (Macintosh; Intel Mac OS X 10_7_3) AppleWebKit/537.36 (KHTML, like Gecko, Mediapartners-Google) Chrome/147.0.7727.116 Safari/537.36"
66.249.92.142 - - [04/May/2026:00:14:18 -0500] "GET /wp-content/plugins/kadence-blocks/dist/style-blocks-rowlayout.css?ver=3.6.7 HTTP/1.1" 200 1783 "https://easysalads.com/" "Mozilla/5.0 (Macintosh; Intel Mac OS X 10_7_3) AppleWebKit/537.36 (KHTML, like Gecko, Mediapartners-Google) Chrome/147.0.7727.116 Safari/537.36"
66.249.92.140 - - [04/May/2026:00:14:18 -0500] "GET /wp-content/plugins/kadence-blocks-pro/dist/style-blocks-postgrid.css?ver=2.8.13.1 HTTP/1.1" 200 2807 "https://easysalads.com/" "Mozilla/5.0 (Macintosh; Intel Mac OS X 10_7_3) AppleWebKit/537.36 (KHTML, like Gecko, Mediapartners-Google) Chrome/147.0.7727.116 Safari/537.36"
66.249.92.128 - - [04/May/2026:00:14:18 -0500] "GET /wp-content/themes/restored316-sage/style.css?ver=1_0_1 HTTP/1.1" 200 1101 "https://easysalads.com/" "Mozilla/5.0 (Macintosh; Intel Mac OS X 10_7_3) AppleWebKit/537.36 (KHTML, like Gecko, Mediapartners-Google) Chrome/147.0.7727.116 Safari/537.36"
66.249.92.129 - - [04/May/2026:00:14:18 -0500] "GET /wp-content/plugins/kadence-blocks/dist/style-blocks-column.css?ver=3.6.7 HTTP/1.1" 200 440 "https://easysalads.com/" "Mozilla/5.0 (Macintosh; Intel Mac OS X 10_7_3) AppleWebKit/537.36 (KHTML, like Gecko, Mediapartners-Google) Chrome/147.0.7727.116 Safari/537.36"
66.249.92.141 - - [04/May/2026:00:14:18 -0500] "GET /wp-content/plugins/kadence-blocks/includes/assets/css/kb-blocks-splide.min.css?ver=3.6.7 HTTP/1.1" 200 339 "https://easysalads.com/" "Mozilla/5.0 (Macintosh; Intel Mac OS X 10_7_3) AppleWebKit/537.36 (KHTML, like Gecko, Mediapartners-Google) Chrome/147.0.7727.116 Safari/537.36"
66.249.92.139 - - [04/May/2026:00:14:18 -0500] "GET /wp-content/uploads/2024/03/yogurt-dill-dressing-00-683x1024.jpg HTTP/1.1" 200 117704 "https://easysalads.com/" "Mozilla/5.0 (Macintosh; Intel Mac OS X 10_7_3) AppleWebKit/537.36 (KHTML, like Gecko, Mediapartners-Google) Chrome/147.0.7727.116 Safari/537.36"
66.249.92.141 - - [04/May/2026:00:14:18 -0500] "GET /wp-content/themes/kadence/assets/css/footer.min.css?ver=1.1.22 HTTP/1.1" 200 1592 "https://easysalads.com/" "Mozilla/5.0 (Macintosh; Intel Mac OS X 10_7_3) AppleWebKit/537.36 (KHTML, like Gecko, Mediapartners-Google) Chrome/147.0.7727.116 Safari/537.36"
66.249.92.141 - - [04/May/2026:00:14:18 -0500] "GET /wp-content/themes/kadence/assets/css/header.min.css?ver=1.1.22 HTTP/1.1" 200 4308 "https://easysalads.com/" "Mozilla/5.0 (Macintosh; Intel Mac OS X 10_7_3) AppleWebKit/537.36 (KHTML, like Gecko, Mediapartners-Google) Chrome/147.0.7727.116 Safari/537.36"
66.249.92.128 - - [04/May/2026:00:14:18 -0500] "GET /wp-content/plugins/kadence-blocks/dist/style-blocks-posts.css?ver=3.6.7 HTTP/1.1" 200 1377 "https://easysalads.com/" "Mozilla/5.0 (Macintosh; Intel Mac OS X 10_7_3) AppleWebKit/537.36 (KHTML, like Gecko, Mediapartners-Google) Chrome/147.0.7727.116 Safari/537.36"
66.249.92.141 - - [04/May/2026:00:14:18 -0500] "GET /wp-content/themes/kadence/assets/css/global.min.css?ver=1.1.22 HTTP/1.1" 200 4269 "https://easysalads.com/" "Mozilla/5.0 (Macintosh; Intel Mac OS X 10_7_3) AppleWebKit/537.36 (KHTML, like Gecko, Mediapartners-Google) Chrome/147.0.7727.116 Safari/537.36"
66.249.92.142 - - [04/May/2026:00:14:18 -0500] "GET /wp-content/uploads/2022/09/Easy-Salads-website-logo-1024x301.png HTTP/1.1" 200 44390 "https://easysalads.com/" "Mozilla/5.0 (Macintosh; Intel Mac OS X 10_7_3) AppleWebKit/537.36 (KHTML, like Gecko, Mediapartners-Google) Chrome/147.0.7727.116 Safari/537.36"
66.249.92.141 - - [04/May/2026:00:14:18 -0500] "GET /wp-content/plugins/kadence-blocks/dist/style-blocks-infobox.css?ver=3.6.7 HTTP/1.1" 200 1352 "https://easysalads.com/" "Mozilla/5.0 (Macintosh; Intel Mac OS X 10_7_3) AppleWebKit/537.36 (KHTML, like Gecko, Mediapartners-Google) Chrome/147.0.7727.116 Safari/537.36"
66.249.92.140 - - [04/May/2026:00:14:18 -0500] "GET /wp-content/plugins/wp-recipe-maker-premium/dist/public-pro.css?ver=10.5.0 HTTP/1.1" 200 6809 "https://easysalads.com/" "Mozilla/5.0 (Macintosh; Intel Mac OS X 10_7_3) AppleWebKit/537.36 (KHTML, like Gecko, Mediapartners-Google) Chrome/147.0.7727.116 Safari/537.36"
66.249.92.140 - - [04/May/2026:00:14:18 -0500] "GET /wp-content/plugins/kadence-blocks/dist/style-blocks-advancedgallery.css?ver=3.6.7 HTTP/1.1" 200 3535 "https://easysalads.com/" "Mozilla/5.0 (Macintosh; Intel Mac OS X 10_7_3) AppleWebKit/537.36 (KHTML, like Gecko, Mediapartners-Google) Chrome/147.0.7727.116 Safari/537.36"
66.249.92.139 - - [04/May/2026:00:14:18 -0500] "GET /wp-content/plugins/social-pug/assets/dist/style-frontend-pro.css?ver=2.28.0 HTTP/1.1" 200 11467 "https://easysalads.com/" "Mozilla/5.0 (Macintosh; Intel Mac OS X 10_7_3) AppleWebKit/537.36 (KHTML, like Gecko, Mediapartners-Google) Chrome/147.0.7727.116 Safari/537.36"
66.249.92.128 - - [04/May/2026:00:14:18 -0500] "GET /wp-content/plugins/kadence-pro/dist/mega-menu/menu-addon.css?ver=1.1.19 HTTP/1.1" 200 1138 "https://easysalads.com/" "Mozilla/5.0 (Macintosh; Intel Mac OS X 10_7_3) AppleWebKit/537.36 (KHTML, like Gecko, Mediapartners-Google) Chrome/147.0.7727.116 Safari/537.36"
66.249.92.141 - - [04/May/2026:00:14:18 -0500] "GET /wp-content/plugins/kadence-blocks-pro/dist/style-blocks-portfoliogrid.css?ver=2.8.13.1 HTTP/1.1" 200 2143 "https://easysalads.com/" "Mozilla/5.0 (Macintosh; Intel Mac OS X 10_7_3) AppleWebKit/537.36 (KHTML, like Gecko, Mediapartners-Google) Chrome/147.0.7727.116 Safari/537.36"
66.249.92.128 - - [04/May/2026:00:14:18 -0500] "GET /wp-content/plugins/kadence-blocks/dist/style-blocks-icon.css?ver=3.6.7 HTTP/1.1" 200 1043 "https://easysalads.com/" "Mozilla/5.0 (Macintosh; Intel Mac OS X 10_7_3) AppleWebKit/537.36 (KHTML, like Gecko, Mediapartners-Google) Chrome/147.0.7727.116 Safari/537.36"
66.249.92.129 - - [04/May/2026:00:14:18 -0500] "GET /wp-content/uploads/2026/04/creamy-cucumber-salad-03-1024x1024.jpg HTTP/1.1" 200 256380 "https://easysalads.com/" "Mozilla/5.0 (Macintosh; Intel Mac OS X 10_7_3) AppleWebKit/537.36 (KHTML, like Gecko, Mediapartners-Google) Chrome/147.0.7727.116 Safari/537.36"
66.249.92.129 - - [04/May/2026:00:14:18 -0500] "GET /wp-content/uploads/2024/07/Classic-Chicken-Salad05-683x1024.jpg HTTP/1.1" 200 190110 "https://easysalads.com/" "Mozilla/5.0 (Macintosh; Intel Mac OS X 10_7_3) AppleWebKit/537.36 (KHTML, like Gecko, Mediapartners-Google) Chrome/147.0.7727.116 Safari/537.36"
66.249.92.140 - - [04/May/2026:00:14:18 -0500] "GET /wp-content/plugins/kadence-blocks/dist/style-blocks-iconlist.css?ver=3.6.7 HTTP/1.1" 200 609 "https://easysalads.com/" "Mozilla/5.0 (Macintosh; Intel Mac OS X 10_7_3) AppleWebKit/537.36 (KHTML, like Gecko, Mediapartners-Google) Chrome/147.0.7727.116 Safari/537.36"
66.249.92.140 - - [04/May/2026:00:14:18 -0500] "GET /wp-content/plugins/social-pug/assets/dist/front-end-pro.js?ver=2.28.0 HTTP/1.1" 200 9352 "https://easysalads.com/" "Mozilla/5.0 (Macintosh; Intel Mac OS X 10_7_3) AppleWebKit/537.36 (KHTML, like Gecko, Mediapartners-Google) Chrome/147.0.7727.116 Safari/537.36"
66.249.92.128 - - [04/May/2026:00:14:18 -0500] "GET /wp-content/uploads/2022/02/white-pattern.png HTTP/1.1" 200 32716 "https://easysalads.com/" "Mozilla/5.0 (Macintosh; Intel Mac OS X 10_7_3) AppleWebKit/537.36 (KHTML, like Gecko, Mediapartners-Google) Chrome/147.0.7727.116 Safari/537.36"
66.249.92.141 - - [04/May/2026:00:14:18 -0500] "GET /wp-content/uploads/2022/01/bg-pattern.png HTTP/1.1" 200 44512 "https://easysalads.com/" "Mozilla/5.0 (Macintosh; Intel Mac OS X 10_7_3) AppleWebKit/537.36 (KHTML, like Gecko, Mediapartners-Google) Chrome/147.0.7727.116 Safari/537.36"
66.249.92.139 - - [04/May/2026:00:14:18 -0500] "GET /wp-content/uploads/2022/10/easy-salads-201b-scaled.jpg HTTP/1.1" 200 451381 "https://easysalads.com/" "Mozilla/5.0 (Macintosh; Intel Mac OS X 10_7_3) AppleWebKit/537.36 (KHTML, like Gecko, Mediapartners-Google) Chrome/147.0.7727.116 Safari/537.36"
66.249.92.141 - - [04/May/2026:00:14:18 -0500] "GET /wp-content/plugins/kadence-blocks/includes/assets/css/kadence-splide.min.css?ver=3.6.7 HTTP/1.1" 200 1713 "https://easysalads.com/" "Mozilla/5.0 (Linux; Android 4.0.4; Galaxy Nexus Build/IMM76B) AppleWebKit/537.36 (KHTML, like Gecko; Mediapartners-Google) Chrome/147.0.7727.116 Mobile Safari/537.36"
66.249.92.130 - - [04/May/2026:00:14:18 -0500] "GET /wp-content/plugins/kadence-blocks/includes/assets/css/kb-blocks-splide.min.css?ver=3.6.7 HTTP/1.1" 200 339 "https://easysalads.com/" "Mozilla/5.0 (Linux; Android 4.0.4; Galaxy Nexus Build/IMM76B) AppleWebKit/537.36 (KHTML, like Gecko; Mediapartners-Google) Chrome/147.0.7727.116 Mobile Safari/537.36"
66.249.92.142 - - [04/May/2026:00:14:18 -0500] "GET /wp-content/plugins/kadence-blocks/dist/style-blocks-posts.css?ver=3.6.7 HTTP/1.1" 200 1377 "https://easysalads.com/" "Mozilla/5.0 (Linux; Android 4.0.4; Galaxy Nexus Build/IMM76B) AppleWebKit/537.36 (KHTML, like Gecko; Mediapartners-Google) Chrome/147.0.7727.116 Mobile Safari/537.36"
66.249.92.131 - - [04/May/2026:00:14:18 -0500] "GET /wp-content/plugins/kadence-blocks/dist/style-blocks-column.css?ver=3.6.7 HTTP/1.1" 200 440 "https://easysalads.com/" "Mozilla/5.0 (Linux; Android 4.0.4; Galaxy Nexus Build/IMM76B) AppleWebKit/537.36 (KHTML, like Gecko; Mediapartners-Google) Chrome/147.0.7727.116 Mobile Safari/537.36"
66.249.92.131 - - [04/May/2026:00:14:18 -0500] "GET /wp-content/uploads/2022/09/Easy-Salads-website-logo-1024x301.png HTTP/1.1" 200 44390 "https://easysalads.com/" "Mozilla/5.0 (Linux; Android 4.0.4; Galaxy Nexus Build/IMM76B) AppleWebKit/537.36 (KHTML, like Gecko; Mediapartners-Google) Chrome/147.0.7727.116 Mobile Safari/537.36"
66.249.92.129 - - [04/May/2026:00:14:18 -0500] "GET /wp-content/plugins/social-pug/assets/dist/style-frontend-pro.css?ver=2.28.0 HTTP/1.1" 200 11467 "https://easysalads.com/" "Mozilla/5.0 (Linux; Android 4.0.4; Galaxy Nexus Build/IMM76B) AppleWebKit/537.36 (KHTML, like Gecko; Mediapartners-Google) Chrome/147.0.7727.116 Mobile Safari/537.36"
66.249.92.140 - - [04/May/2026:00:14:18 -0500] "GET /wp-content/plugins/wp-recipe-maker-premium/dist/public-pro.css?ver=10.5.0 HTTP/1.1" 200 6809 "https://easysalads.com/" "Mozilla/5.0 (Linux; Android 4.0.4; Galaxy Nexus Build/IMM76B) AppleWebKit/537.36 (KHTML, like Gecko; Mediapartners-Google) Chrome/147.0.7727.116 Mobile Safari/537.36"
66.249.92.130 - - [04/May/2026:00:14:18 -0500] "GET /wp-content/plugins/kadence-blocks/dist/style-blocks-advancedgallery.css?ver=3.6.7 HTTP/1.1" 200 3535 "https://easysalads.com/" "Mozilla/5.0 (Linux; Android 4.0.4; Galaxy Nexus Build/IMM76B) AppleWebKit/537.36 (KHTML, like Gecko; Mediapartners-Google) Chrome/147.0.7727.116 Mobile Safari/537.36"
66.249.92.142 - - [04/May/2026:00:14:18 -0500] "GET /wp-content/plugins/kadence-blocks/dist/style-blocks-rowlayout.css?ver=3.6.7 HTTP/1.1" 200 1783 "https://easysalads.com/" "Mozilla/5.0 (Linux; Android 4.0.4; Galaxy Nexus Build/IMM76B) AppleWebKit/537.36 (KHTML, like Gecko; Mediapartners-Google) Chrome/147.0.7727.116 Mobile Safari/537.36"
66.249.92.140 - - [04/May/2026:00:14:18 -0500] "GET /wp-content/themes/kadence/assets/css/content.min.css?ver=1.1.22 HTTP/1.1" 200 5525 "https://easysalads.com/" "Mozilla/5.0 (Linux; Android 4.0.4; Galaxy Nexus Build/IMM76B) AppleWebKit/537.36 (KHTML, like Gecko; Mediapartners-Google) Chrome/147.0.7727.116 Mobile Safari/537.36"
66.249.92.128 - - [04/May/2026:00:14:18 -0500] "GET /wp-content/plugins/kadence-blocks/dist/style-blocks-spacer.css?ver=3.6.7 HTTP/1.1" 200 397 "https://easysalads.com/" "Mozilla/5.0 (Linux; Android 4.0.4; Galaxy Nexus Build/IMM76B) AppleWebKit/537.36 (KHTML, like Gecko; Mediapartners-Google) Chrome/147.0.7727.116 Mobile Safari/537.36"
66.249.92.139 - - [04/May/2026:00:14:18 -0500] "GET /wp-content/plugins/kadence-blocks/dist/style-blocks-infobox.css?ver=3.6.7 HTTP/1.1" 200 1352 "https://easysalads.com/" "Mozilla/5.0 (Linux; Android 4.0.4; Galaxy Nexus Build/IMM76B) AppleWebKit/537.36 (KHTML, like Gecko; Mediapartners-Google) Chrome/147.0.7727.116 Mobile Safari/537.36"
66.249.92.128 - - [04/May/2026:00:14:18 -0500] "GET /wp-content/themes/restored316-sage/style.css?ver=1_0_1 HTTP/1.1" 200 1101 "https://easysalads.com/" "Mozilla/5.0 (Linux; Android 4.0.4; Galaxy Nexus Build/IMM76B) AppleWebKit/537.36 (KHTML, like Gecko; Mediapartners-Google) Chrome/147.0.7727.116 Mobile Safari/537.36"
66.249.92.141 - - [04/May/2026:00:14:18 -0500] "GET /wp-content/themes/kadence/assets/css/footer.min.css?ver=1.1.22 HTTP/1.1" 200 1592 "https://easysalads.com/" "Mozilla/5.0 (Linux; Android 4.0.4; Galaxy Nexus Build/IMM76B) AppleWebKit/537.36 (KHTML, like Gecko; Mediapartners-Google) Chrome/147.0.7727.116 Mobile Safari/537.36"
66.249.92.130 - - [04/May/2026:00:14:18 -0500] "GET /wp-content/plugins/kadence-blocks/dist/style-blocks-icon.css?ver=3.6.7 HTTP/1.1" 200 1043 "https://easysalads.com/" "Mozilla/5.0 (Linux; Android 4.0.4; Galaxy Nexus Build/IMM76B) AppleWebKit/537.36 (KHTML, like Gecko; Mediapartners-Google) Chrome/147.0.7727.116 Mobile Safari/537.36"
66.249.92.130 - - [04/May/2026:00:14:18 -0500] "GET /wp-content/uploads/2024/03/yogurt-dill-dressing-00-1024x1536.jpg HTTP/1.1" 200 221027 "https://easysalads.com/" "Mozilla/5.0 (Linux; Android 4.0.4; Galaxy Nexus Build/IMM76B) AppleWebKit/537.36 (KHTML, like Gecko; Mediapartners-Google) Chrome/147.0.7727.116 Mobile Safari/537.36"
66.249.92.131 - - [04/May/2026:00:14:18 -0500] "GET /wp-content/plugins/kadence-blocks/dist/style-blocks-advancedbtn.css?ver=3.6.7 HTTP/1.1" 200 717 "https://easysalads.com/" "Mozilla/5.0 (Linux; Android 4.0.4; Galaxy Nexus Build/IMM76B) AppleWebKit/537.36 (KHTML, like Gecko; Mediapartners-Google) Chrome/147.0.7727.116 Mobile Safari/537.36"
66.249.92.129 - - [04/May/2026:00:14:18 -0500] "GET /wp-content/themes/kadence/assets/css/header.min.css?ver=1.1.22 HTTP/1.1" 200 4308 "https://easysalads.com/" "Mozilla/5.0 (Linux; Android 4.0.4; Galaxy Nexus Build/IMM76B) AppleWebKit/537.36 (KHTML, like Gecko; Mediapartners-Google) Chrome/147.0.7727.116 Mobile Safari/537.36"
66.249.92.139 - - [04/May/2026:00:14:18 -0500] "GET /wp-content/plugins/kadence-pro/dist/mega-menu/menu-addon.css?ver=1.1.19 HTTP/1.1" 200 1138 "https://easysalads.com/" "Mozilla/5.0 (Linux; Android 4.0.4; Galaxy Nexus Build/IMM76B) AppleWebKit/537.36 (KHTML, like Gecko; Mediapartners-Google) Chrome/147.0.7727.116 Mobile Safari/537.36"
66.249.92.131 - - [04/May/2026:00:14:18 -0500] "GET /wp-content/themes/kadence/assets/css/global.min.css?ver=1.1.22 HTTP/1.1" 200 4269 "https://easysalads.com/" "Mozilla/5.0 (Linux; Android 4.0.4; Galaxy Nexus Build/IMM76B) AppleWebKit/537.36 (KHTML, like Gecko; Mediapartners-Google) Chrome/147.0.7727.116 Mobile Safari/537.36"
66.249.92.130 - - [04/May/2026:00:14:18 -0500] "GET /wp-content/plugins/kadence-blocks-pro/dist/style-blocks-postgrid.css?ver=2.8.13.1 HTTP/1.1" 200 2807 "https://easysalads.com/" "Mozilla/5.0 (Linux; Android 4.0.4; Galaxy Nexus Build/IMM76B) AppleWebKit/537.36 (KHTML, like Gecko; Mediapartners-Google) Chrome/147.0.7727.116 Mobile Safari/537.36"
66.249.92.139 - - [04/May/2026:00:14:18 -0500] "GET /wp-content/plugins/wp-recipe-maker/dist/public-modern.css?ver=10.5.0 HTTP/1.1" 200 7725 "https://easysalads.com/" "Mozilla/5.0 (Linux; Android 4.0.4; Galaxy Nexus Build/IMM76B) AppleWebKit/537.36 (KHTML, like Gecko; Mediapartners-Google) Chrome/147.0.7727.116 Mobile Safari/537.36"
66.249.92.139 - - [04/May/2026:00:14:18 -0500] "GET /wp-content/plugins/kadence-blocks-pro/dist/style-blocks-portfoliogrid.css?ver=2.8.13.1 HTTP/1.1" 200 2143 "https://easysalads.com/" "Mozilla/5.0 (Linux; Android 4.0.4; Galaxy Nexus Build/IMM76B) AppleWebKit/537.36 (KHTML, like Gecko; Mediapartners-Google) Chrome/147.0.7727.116 Mobile Safari/537.36"
66.249.92.128 - - [04/May/2026:00:14:18 -0500] "GET /wp-content/uploads/2024/07/Classic-Chicken-Salad05-1024x1536.jpg HTTP/1.1" 200 359536 "https://easysalads.com/" "Mozilla/5.0 (Linux; Android 4.0.4; Galaxy Nexus Build/IMM76B) AppleWebKit/537.36 (KHTML, like Gecko; Mediapartners-Google) Chrome/147.0.7727.116 Mobile Safari/537.36"
66.249.92.140 - - [04/May/2026:00:14:18 -0500] "GET /wp-content/plugins/kadence-blocks/dist/style-blocks-iconlist.css?ver=3.6.7 HTTP/1.1" 200 609 "https://easysalads.com/" "Mozilla/5.0 (Linux; Android 4.0.4; Galaxy Nexus Build/IMM76B) AppleWebKit/537.36 (KHTML, like Gecko; Mediapartners-Google) Chrome/147.0.7727.116 Mobile Safari/537.36"
66.249.92.139 - - [04/May/2026:00:14:18 -0500] "GET /wp-content/plugins/kadence-blocks-pro/includes/assets/js/kb-splide-init.min.js?ver=2.8.13.1 HTTP/1.1" 200 1516 "https://easysalads.com/" "Mozilla/5.0 (Linux; Android 4.0.4; Galaxy Nexus Build/IMM76B) AppleWebKit/537.36 (KHTML, like Gecko; Mediapartners-Google) Chrome/147.0.7727.116 Mobile Safari/537.36"
66.249.92.130 - - [04/May/2026:00:14:18 -0500] "GET /wp-content/plugins/wp-recipe-maker-premium/dist/public-pro.js?ver=10.5.0 HTTP/1.1" 200 20153 "https://easysalads.com/" "Mozilla/5.0 (Linux; Android 4.0.4; Galaxy Nexus Build/IMM76B) AppleWebKit/537.36 (KHTML, like Gecko; Mediapartners-Google) Chrome/147.0.7727.116 Mobile Safari/537.36"
66.249.92.128 - - [04/May/2026:00:14:18 -0500] "GET /wp-content/themes/kadence/assets/js/navigation-lite.min.js?ver=1.1.21 HTTP/1.1" 200 2095 "https://easysalads.com/" "Mozilla/5.0 (Linux; Android 4.0.4; Galaxy Nexus Build/IMM76B) AppleWebKit/537.36 (KHTML, like Gecko; Mediapartners-Google) Chrome/147.0.7727.116 Mobile Safari/537.36"
66.249.92.141 - - [04/May/2026:00:14:18 -0500] "GET /wp-content/plugins/kadence-blocks/includes/assets/js/kb-splide-init.min.js?ver=3.6.7 HTTP/1.1" 200 2346 "https://easysalads.com/" "Mozilla/5.0 (Linux; Android 4.0.4; Galaxy Nexus Build/IMM76B) AppleWebKit/537.36 (KHTML, like Gecko; Mediapartners-Google) Chrome/147.0.7727.116 Mobile Safari/537.36"
66.249.92.131 - - [04/May/2026:00:14:18 -0500] "GET /wp-content/plugins/kadence-pro/dist/mega-menu/kadence-mega-menu.min.js?ver=1.1.19 HTTP/1.1" 200 469 "https://easysalads.com/" "Mozilla/5.0 (Linux; Android 4.0.4; Galaxy Nexus Build/IMM76B) AppleWebKit/537.36 (KHTML, like Gecko; Mediapartners-Google) Chrome/147.0.7727.116 Mobile Safari/537.36"
66.249.92.139 - - [04/May/2026:00:14:18 -0500] "GET /wp-content/plugins/social-pug/assets/dist/front-end-pro.js?ver=2.28.0 HTTP/1.1" 200 9352 "https://easysalads.com/" "Mozilla/5.0 (Linux; Android 4.0.4; Galaxy Nexus Build/IMM76B) AppleWebKit/537.36 (KHTML, like Gecko; Mediapartners-Google) Chrome/147.0.7727.116 Mobile Safari/537.36"
66.249.92.139 - - [04/May/2026:00:14:18 -0500] "GET /wp-content/plugins/wp-recipe-maker/dist/public-modern.js?ver=10.5.0 HTTP/1.1" 200 23757 "https://easysalads.com/" "Mozilla/5.0 (Linux; Android 4.0.4; Galaxy Nexus Build/IMM76B) AppleWebKit/537.36 (KHTML, like Gecko; Mediapartners-Google) Chrome/147.0.7727.116 Mobile Safari/537.36"
66.249.92.139 - - [04/May/2026:00:14:18 -0500] "GET /wp-content/plugins/kadence-blocks/includes/assets/js/splide.min.js?ver=3.6.7 HTTP/1.1" 200 12836 "https://easysalads.com/" "Mozilla/5.0 (Linux; Android 4.0.4; Galaxy Nexus Build/IMM76B) AppleWebKit/537.36 (KHTML, like Gecko; Mediapartners-Google) Chrome/147.0.7727.116 Mobile Safari/537.36"
66.249.92.140 - - [04/May/2026:00:14:18 -0500] "GET /wp-content/uploads/2026/04/creamy-cucumber-salad-03-1024x1024.jpg HTTP/1.1" 200 256380 "https://easysalads.com/" "Mozilla/5.0 (Linux; Android 4.0.4; Galaxy Nexus Build/IMM76B) AppleWebKit/537.36 (KHTML, like Gecko; Mediapartners-Google) Chrome/147.0.7727.116 Mobile Safari/537.36"
66.249.92.139 - - [04/May/2026:00:14:18 -0500] "GET /wp-content/uploads/2022/10/easy-salads-201b-scaled.jpg HTTP/1.1" 200 451381 "https://easysalads.com/" "Mozilla/5.0 (Linux; Android 4.0.4; Galaxy Nexus Build/IMM76B) AppleWebKit/537.36 (KHTML, like Gecko; Mediapartners-Google) Chrome/147.0.7727.116 Mobile Safari/537.36"
66.249.92.130 - - [04/May/2026:00:14:18 -0500] "GET /wp-content/uploads/2022/02/white-pattern.png HTTP/1.1" 200 32716 "https://easysalads.com/" "Mozilla/5.0 (Linux; Android 4.0.4; Galaxy Nexus Build/IMM76B) AppleWebKit/537.36 (KHTML, like Gecko; Mediapartners-Google) Chrome/147.0.7727.116 Mobile Safari/537.36"
66.249.92.139 - - [04/May/2026:00:14:19 -0500] "GET /wp-content/uploads/2026/01/peruvian-chopped-salad-07-683x1024.jpg HTTP/1.1" 200 263035 "https://easysalads.com/" "Mozilla/5.0 (Macintosh; Intel Mac OS X 10_7_3) AppleWebKit/537.36 (KHTML, like Gecko, Mediapartners-Google) Chrome/147.0.7727.116 Safari/537.36"
66.249.92.140 - - [04/May/2026:00:14:19 -0500] "GET /wp-content/uploads/2022/11/apple-pecan-blue-cheese-salad-03-300x200.jpg HTTP/1.1" 200 23384 "https://easysalads.com/" "Mozilla/5.0 (Macintosh; Intel Mac OS X 10_7_3) AppleWebKit/537.36 (KHTML, like Gecko, Mediapartners-Google) Chrome/147.0.7727.116 Safari/537.36"
66.249.92.140 - - [04/May/2026:00:14:19 -0500] "GET /wp-content/uploads/2022/10/Christmas-Salad-02-200x300.jpg HTTP/1.1" 200 25092 "https://easysalads.com/" "Mozilla/5.0 (Macintosh; Intel Mac OS X 10_7_3) AppleWebKit/537.36 (KHTML, like Gecko, Mediapartners-Google) Chrome/147.0.7727.116 Safari/537.36"
66.249.92.129 - - [04/May/2026:00:14:19 -0500] "GET /wp-content/uploads/2026/04/strawberry-jello-salad03-1-300x300.jpg HTTP/1.1" 200 29275 "https://easysalads.com/" "Mozilla/5.0 (Macintosh; Intel Mac OS X 10_7_3) AppleWebKit/537.36 (KHTML, like Gecko, Mediapartners-Google) Chrome/147.0.7727.116 Safari/537.36"
66.249.92.130 - - [04/May/2026:00:14:19 -0500] "GET /wp-content/uploads/2024/11/sweet-potato-feta-salad-00-683x1024.jpg HTTP/1.1" 200 252938 "https://easysalads.com/" "Mozilla/5.0 (Macintosh; Intel Mac OS X 10_7_3) AppleWebKit/537.36 (KHTML, like Gecko, Mediapartners-Google) Chrome/147.0.7727.116 Safari/537.36"
66.249.92.131 - - [04/May/2026:00:14:19 -0500] "GET /wp-content/uploads/2022/09/panera-tomato-basil-cucumber-salad-sq02-1024x1024.jpg HTTP/1.1" 200 258853 "https://easysalads.com/" "Mozilla/5.0 (Macintosh; Intel Mac OS X 10_7_3) AppleWebKit/537.36 (KHTML, like Gecko, Mediapartners-Google) Chrome/147.0.7727.116 Safari/537.36"
66.249.92.142 - - [04/May/2026:00:14:19 -0500] "GET /wp-content/uploads/2022/09/panera-tomato-basil-cucumber-salad-00-200x300.jpg HTTP/1.1" 200 18531 "https://easysalads.com/" "Mozilla/5.0 (Macintosh; Intel Mac OS X 10_7_3) AppleWebKit/537.36 (KHTML, like Gecko, Mediapartners-Google) Chrome/147.0.7727.116 Safari/537.36"
66.249.92.142 - - [04/May/2026:00:14:19 -0500] "GET /wp-content/uploads/2022/11/5-Bean-Salad-04-200x300.jpg HTTP/1.1" 200 26488 "https://easysalads.com/" "Mozilla/5.0 (Macintosh; Intel Mac OS X 10_7_3) AppleWebKit/537.36 (KHTML, like Gecko, Mediapartners-Google) Chrome/147.0.7727.116 Safari/537.36"
66.249.92.131 - - [04/May/2026:00:14:19 -0500] "GET /wp-content/uploads/2022/11/low-carb-fruit-salad-00-200x300.jpg HTTP/1.1" 200 20442 "https://easysalads.com/" "Mozilla/5.0 (Macintosh; Intel Mac OS X 10_7_3) AppleWebKit/537.36 (KHTML, like Gecko, Mediapartners-Google) Chrome/147.0.7727.116 Safari/537.36"
66.249.92.130 - - [04/May/2026:00:14:19 -0500] "GET /wp-content/uploads/2022/09/hot-chicken-salad-05sq-1024x1024.jpg HTTP/1.1" 200 404760 "https://easysalads.com/" "Mozilla/5.0 (Macintosh; Intel Mac OS X 10_7_3) AppleWebKit/537.36 (KHTML, like Gecko, Mediapartners-Google) Chrome/147.0.7727.116 Safari/537.36"
66.249.92.141 - - [04/May/2026:00:14:19 -0500] "GET /wp-content/uploads/2022/11/5-Bean-Salad-04-683x1024.jpg HTTP/1.1" 200 182362 "https://easysalads.com/" "Mozilla/5.0 (Linux; Android 4.0.4; Galaxy Nexus Build/IMM76B) AppleWebKit/537.36 (KHTML, like Gecko; Mediapartners-Google) Chrome/147.0.7727.116 Mobile Safari/537.36"
66.249.92.131 - - [04/May/2026:00:14:19 -0500] "GET /wp-content/uploads/2022/09/panera-tomato-basil-cucumber-salad-00-683x1024.jpg HTTP/1.1" 200 141224 "https://easysalads.com/" "Mozilla/5.0 (Linux; Android 4.0.4; Galaxy Nexus Build/IMM76B) AppleWebKit/537.36 (KHTML, like Gecko; Mediapartners-Google) Chrome/147.0.7727.116 Mobile Safari/537.36"
66.249.92.130 - - [04/May/2026:00:14:19 -0500] "GET /wp-content/uploads/2026/04/strawberry-jello-salad03-1-1024x1024.jpg HTTP/1.1" 200 186604 "https://easysalads.com/" "Mozilla/5.0 (Linux; Android 4.0.4; Galaxy Nexus Build/IMM76B) AppleWebKit/537.36 (KHTML, like Gecko; Mediapartners-Google) Chrome/147.0.7727.116 Mobile Safari/537.36"
66.249.92.140 - - [04/May/2026:00:14:19 -0500] "GET /wp-content/uploads/2022/11/apple-pecan-blue-cheese-salad-03-768x512.jpg HTTP/1.1" 200 106229 "https://easysalads.com/" "Mozilla/5.0 (Linux; Android 4.0.4; Galaxy Nexus Build/IMM76B) AppleWebKit/537.36 (KHTML, like Gecko; Mediapartners-Google) Chrome/147.0.7727.116 Mobile Safari/537.36"
66.249.92.128 - - [04/May/2026:00:14:19 -0500] "GET /wp-content/uploads/2022/10/Christmas-Salad-02-683x1024.jpg HTTP/1.1" 200 189571 "https://easysalads.com/" "Mozilla/5.0 (Linux; Android 4.0.4; Galaxy Nexus Build/IMM76B) AppleWebKit/537.36 (KHTML, like Gecko; Mediapartners-Google) Chrome/147.0.7727.116 Mobile Safari/537.36"
66.249.92.141 - - [04/May/2026:00:14:19 -0500] "GET /wp-content/uploads/2022/11/low-carb-fruit-salad-00-683x1024.jpg HTTP/1.1" 200 156068 "https://easysalads.com/" "Mozilla/5.0 (Linux; Android 4.0.4; Galaxy Nexus Build/IMM76B) AppleWebKit/537.36 (KHTML, like Gecko; Mediapartners-Google) Chrome/147.0.7727.116 Mobile Safari/537.36"
3.234.232.73 - - [04/May/2026:00:14:20 -0500] "GET / HTTP/1.1" 301 5 "-" "Verity/1.1 (https://gumgum.com/verity; [email protected])"
3.234.232.36 - - [04/May/2026:00:14:20 -0500] "GET / HTTP/1.1" 200 91583 "-" "Verity/1.1 (https://gumgum.com/verity; [email protected])"
3.234.232.36 - - [04/May/2026:00:14:20 -0500] "GET /wp-content/uploads/2022/08/black-and-blue-steak-salad00.jpg HTTP/1.1" 200 713530 "-" "Verity/1.1 (https://gumgum.com/verity; [email protected])"
66.249.92.130 - - [04/May/2026:00:14:22 -0500] "GET /southern-potato-salad/ HTTP/1.1" 200 103020 "-" "Mozilla/5.0 (Linux; Android 4.0.4; Galaxy Nexus Build/IMM76B) AppleWebKit/537.36 (KHTML, like Gecko; Mediapartners-Google) Chrome/147.0.7727.116 Mobile Safari/537.36"
66.249.92.131 - - [04/May/2026:00:14:22 -0500] "GET /wp-content/plugins/kadence-blocks/dist/style-blocks-column.css?ver=3.6.7 HTTP/1.1" 200 440 "https://easysalads.com/southern-potato-salad/" "Mozilla/5.0 (Linux; Android 4.0.4; Galaxy Nexus Build/IMM76B) AppleWebKit/537.36 (KHTML, like Gecko; Mediapartners-Google) Chrome/147.0.7727.116 Mobile Safari/537.36"
66.249.92.140 - - [04/May/2026:00:14:22 -0500] "GET /wp-content/plugins/kadence-blocks/dist/style-blocks-infobox.css?ver=3.6.7 HTTP/1.1" 200 1352 "https://easysalads.com/southern-potato-salad/" "Mozilla/5.0 (Linux; Android 4.0.4; Galaxy Nexus Build/IMM76B) AppleWebKit/537.36 (KHTML, like Gecko; Mediapartners-Google) Chrome/147.0.7727.116 Mobile Safari/537.36"
66.249.92.128 - - [04/May/2026:00:14:22 -0500] "GET /wp-content/plugins/kadence-blocks/dist/style-blocks-rowlayout.css?ver=3.6.7 HTTP/1.1" 200 1783 "https://easysalads.com/southern-potato-salad/" "Mozilla/5.0 (Linux; Android 4.0.4; Galaxy Nexus Build/IMM76B) AppleWebKit/537.36 (KHTML, like Gecko; Mediapartners-Google) Chrome/147.0.7727.116 Mobile Safari/537.36"
66.249.92.139 - - [04/May/2026:00:14:22 -0500] "GET /wp-content/themes/kadence/assets/css/content.min.css?ver=1.1.22 HTTP/1.1" 200 5525 "https://easysalads.com/southern-potato-salad/" "Mozilla/5.0 (Linux; Android 4.0.4; Galaxy Nexus Build/IMM76B) AppleWebKit/537.36 (KHTML, like Gecko; Mediapartners-Google) Chrome/147.0.7727.116 Mobile Safari/537.36"
66.249.92.129 - - [04/May/2026:00:14:22 -0500] "GET /wp-content/plugins/wp-recipe-maker/dist/public-modern.css?ver=10.5.0 HTTP/1.1" 200 7725 "https://easysalads.com/southern-potato-salad/" "Mozilla/5.0 (Linux; Android 4.0.4; Galaxy Nexus Build/IMM76B) AppleWebKit/537.36 (KHTML, like Gecko; Mediapartners-Google) Chrome/147.0.7727.116 Mobile Safari/537.36"
66.249.92.132 - - [04/May/2026:00:14:22 -0500] "GET /wp-content/themes/kadence/assets/css/global.min.css?ver=1.1.22 HTTP/1.1" 200 4269 "https://easysalads.com/southern-potato-salad/" "Mozilla/5.0 (Linux; Android 4.0.4; Galaxy Nexus Build/IMM76B) AppleWebKit/537.36 (KHTML, like Gecko; Mediapartners-Google) Chrome/147.0.7727.116 Mobile Safari/537.36"
66.249.92.133 - - [04/May/2026:00:14:22 -0500] "GET /wp-content/themes/restored316-sage/style.css?ver=1_0_1 HTTP/1.1" 200 1101 "https://easysalads.com/southern-potato-salad/" "Mozilla/5.0 (Linux; Android 4.0.4; Galaxy Nexus Build/IMM76B) AppleWebKit/537.36 (KHTML, like Gecko; Mediapartners-Google) Chrome/147.0.7727.116 Mobile Safari/537.36"
66.249.92.142 - - [04/May/2026:00:14:22 -0500] "GET /wp-content/plugins/kadence-blocks/dist/style-blocks-advancedbtn.css?ver=3.6.7 HTTP/1.1" 200 717 "https://easysalads.com/southern-potato-salad/" "Mozilla/5.0 (Linux; Android 4.0.4; Galaxy Nexus Build/IMM76B) AppleWebKit/537.36 (KHTML, like Gecko; Mediapartners-Google) Chrome/147.0.7727.116 Mobile Safari/537.36"
66.249.92.132 - - [04/May/2026:00:14:22 -0500] "GET /wp-content/themes/kadence/assets/css/footer.min.css?ver=1.1.22 HTTP/1.1" 200 1592 "https://easysalads.com/southern-potato-salad/" "Mozilla/5.0 (Linux; Android 4.0.4; Galaxy Nexus Build/IMM76B) AppleWebKit/537.36 (KHTML, like Gecko; Mediapartners-Google) Chrome/147.0.7727.116 Mobile Safari/537.36"
66.249.92.140 - - [04/May/2026:00:14:22 -0500] "GET /wp-content/plugins/wp-recipe-maker-premium/dist/public-pro.css?ver=10.5.0 HTTP/1.1" 200 6809 "https://easysalads.com/southern-potato-salad/" "Mozilla/5.0 (Linux; Android 4.0.4; Galaxy Nexus Build/IMM76B) AppleWebKit/537.36 (KHTML, like Gecko; Mediapartners-Google) Chrome/147.0.7727.116 Mobile Safari/537.36"
