47.128.115.53 - - [04/May/2026:00:21:20 -0500] "GET /easy-5-bean-salad/ HTTP/2.0" 200 103200 "https://easysalads.com/easy-5-bean-salad/" "Mozilla/5.0 (Linux; Android 5.0) AppleWebKit/537.36 (KHTML, like Gecko) Mobile Safari/537.36 (compatible; TikTokSpider; [email protected])"
47.128.115.53 - - [04/May/2026:00:21:20 -0500] "GET /wp-content/plugins/wp-recipe-maker/assets/icons/rating/stars-alt-5.svg HTTP/2.0" 206 476 "https://easysalads.com/easy-5-bean-salad/" "Mozilla/5.0 (Linux; Android 5.0) AppleWebKit/537.36 (KHTML, like Gecko) Mobile Safari/537.36 (compatible; TikTokSpider; [email protected])"
47.128.115.53 - - [04/May/2026:00:21:20 -0500] "GET /wp-content/plugins/wp-recipe-maker/assets/icons/rating/stars-alt-5.svg HTTP/2.0" 304 0 "https://easysalads.com/easy-5-bean-salad/" "Mozilla/5.0 (Linux; Android 5.0) AppleWebKit/537.36 (KHTML, like Gecko) Mobile Safari/537.36 (compatible; TikTokSpider; [email protected])"
47.128.115.53 - - [04/May/2026:00:21:21 -0500] "GET /easy-5-bean-salad/ HTTP/2.0" 200 103141 "https://easysalads.com/easy-5-bean-salad/" "Mozilla/5.0 (Linux; Android 5.0) AppleWebKit/537.36 (KHTML, like Gecko) Mobile Safari/537.36 (compatible; TikTokSpider; [email protected])"
47.128.115.53 - - [04/May/2026:00:21:21 -0500] "GET /wp-content/plugins/wp-recipe-maker/assets/icons/rating/stars-alt-5.svg HTTP/2.0" 304 0 "https://easysalads.com/easy-5-bean-salad/" "Mozilla/5.0 (Linux; Android 5.0) AppleWebKit/537.36 (KHTML, like Gecko) Mobile Safari/537.36 (compatible; TikTokSpider; [email protected])"
47.128.115.53 - - [04/May/2026:00:21:21 -0500] "GET /wp-content/plugins/wp-recipe-maker/assets/icons/rating/stars-alt-5.svg HTTP/2.0" 206 500 "https://easysalads.com/easy-5-bean-salad/" "Mozilla/5.0 (Linux; Android 5.0) AppleWebKit/537.36 (KHTML, like Gecko) Mobile Safari/537.36 (compatible; TikTokSpider; [email protected])"
47.128.115.53 - - [04/May/2026:00:21:22 -0500] "GET /wp-content/plugins/wp-recipe-maker/assets/icons/rating/stars-alt-5.svg HTTP/2.0" 304 0 "https://easysalads.com/easy-5-bean-salad/" "Mozilla/5.0 (Linux; Android 5.0) AppleWebKit/537.36 (KHTML, like Gecko) Mobile Safari/537.36 (compatible; TikTokSpider; [email protected])"
47.128.115.53 - - [04/May/2026:00:21:22 -0500] "GET /easy-5-bean-salad/ HTTP/2.0" 200 103067 "https://easysalads.com/easy-5-bean-salad/" "Mozilla/5.0 (Linux; Android 5.0) AppleWebKit/537.36 (KHTML, like Gecko) Mobile Safari/537.36 (compatible; TikTokSpider; [email protected])"
47.128.115.53 - - [04/May/2026:00:21:22 -0500] "GET /wp-content/plugins/wp-recipe-maker/assets/icons/rating/stars-alt-5.svg HTTP/2.0" 206 476 "https://easysalads.com/easy-5-bean-salad/" "Mozilla/5.0 (Linux; Android 5.0) AppleWebKit/537.36 (KHTML, like Gecko) Mobile Safari/537.36 (compatible; TikTokSpider; [email protected])"
47.128.115.53 - - [04/May/2026:00:21:22 -0500] "GET /wp-content/plugins/wp-recipe-maker/assets/icons/rating/stars-alt-5.svg HTTP/2.0" 304 0 "https://easysalads.com/easy-5-bean-salad/" "Mozilla/5.0 (Linux; Android 5.0) AppleWebKit/537.36 (KHTML, like Gecko) Mobile Safari/537.36 (compatible; TikTokSpider; [email protected])"
47.128.115.53 - - [04/May/2026:00:21:23 -0500] "GET /easy-5-bean-salad/ HTTP/2.0" 200 103169 "https://easysalads.com/easy-5-bean-salad/" "Mozilla/5.0 (Linux; Android 5.0) AppleWebKit/537.36 (KHTML, like Gecko) Mobile Safari/537.36 (compatible; TikTokSpider; [email protected])"
47.128.115.53 - - [04/May/2026:00:21:23 -0500] "GET /wp-content/plugins/wp-recipe-maker/assets/icons/rating/stars-alt-5.svg HTTP/2.0" 304 0 "https://easysalads.com/easy-5-bean-salad/" "Mozilla/5.0 (Linux; Android 5.0) AppleWebKit/537.36 (KHTML, like Gecko) Mobile Safari/537.36 (compatible; TikTokSpider; [email protected])"
47.128.115.53 - - [04/May/2026:00:21:23 -0500] "GET /wp-content/plugins/wp-recipe-maker/assets/icons/rating/stars-alt-5.svg HTTP/2.0" 206 500 "https://easysalads.com/easy-5-bean-salad/" "Mozilla/5.0 (Linux; Android 5.0) AppleWebKit/537.36 (KHTML, like Gecko) Mobile Safari/537.36 (compatible; TikTokSpider; [email protected])"
47.128.115.53 - - [04/May/2026:00:21:23 -0500] "GET /easy-5-bean-salad/ HTTP/2.0" 200 103066 "https://easysalads.com/easy-5-bean-salad/" "Mozilla/5.0 (Linux; Android 5.0) AppleWebKit/537.36 (KHTML, like Gecko) Mobile Safari/537.36 (compatible; TikTokSpider; [email protected])"
47.128.115.53 - - [04/May/2026:00:21:23 -0500] "GET /wp-content/plugins/wp-recipe-maker/assets/icons/rating/stars-alt-5.svg HTTP/2.0" 304 0 "https://easysalads.com/easy-5-bean-salad/" "Mozilla/5.0 (Linux; Android 5.0) AppleWebKit/537.36 (KHTML, like Gecko) Mobile Safari/537.36 (compatible; TikTokSpider; [email protected])"
47.128.115.53 - - [04/May/2026:00:21:24 -0500] "GET /wp-content/plugins/wp-recipe-maker/assets/icons/rating/stars-alt-5.svg HTTP/2.0" 206 500 "https://easysalads.com/easy-5-bean-salad/" "Mozilla/5.0 (Linux; Android 5.0) AppleWebKit/537.36 (KHTML, like Gecko) Mobile Safari/537.36 (compatible; TikTokSpider; [email protected])"
47.128.115.53 - - [04/May/2026:00:21:24 -0500] "GET /wp-content/plugins/wp-recipe-maker/assets/icons/rating/stars-alt-5.svg HTTP/2.0" 304 0 "https://easysalads.com/easy-5-bean-salad/" "Mozilla/5.0 (Linux; Android 5.0) AppleWebKit/537.36 (KHTML, like Gecko) Mobile Safari/537.36 (compatible; TikTokSpider; [email protected])"
47.128.115.53 - - [04/May/2026:00:21:24 -0500] "GET /easy-5-bean-salad/ HTTP/2.0" 200 103136 "https://easysalads.com/easy-5-bean-salad/" "Mozilla/5.0 (Linux; Android 5.0) AppleWebKit/537.36 (KHTML, like Gecko) Mobile Safari/537.36 (compatible; TikTokSpider; [email protected])"
47.128.115.53 - - [04/May/2026:00:21:25 -0500] "GET /wp-content/plugins/wp-recipe-maker/assets/icons/rating/stars-alt-5.svg HTTP/2.0" 206 476 "https://easysalads.com/easy-5-bean-salad/" "Mozilla/5.0 (Linux; Android 5.0) AppleWebKit/537.36 (KHTML, like Gecko) Mobile Safari/537.36 (compatible; TikTokSpider; [email protected])"
47.128.115.53 - - [04/May/2026:00:21:25 -0500] "GET /wp-content/plugins/wp-recipe-maker/assets/icons/rating/stars-alt-5.svg HTTP/2.0" 304 0 "https://easysalads.com/easy-5-bean-salad/" "Mozilla/5.0 (Linux; Android 5.0) AppleWebKit/537.36 (KHTML, like Gecko) Mobile Safari/537.36 (compatible; TikTokSpider; [email protected])"
47.128.115.53 - - [04/May/2026:00:21:25 -0500] "GET /wp-content/plugins/wp-recipe-maker/assets/icons/rating/stars-alt-5.svg HTTP/2.0" 304 0 "https://easysalads.com/easy-5-bean-salad/" "Mozilla/5.0 (Linux; Android 5.0) AppleWebKit/537.36 (KHTML, like Gecko) Mobile Safari/537.36 (compatible; TikTokSpider; [email protected])"
47.128.115.53 - - [04/May/2026:00:21:25 -0500] "GET /easy-5-bean-salad/ HTTP/2.0" 200 103089 "https://easysalads.com/easy-5-bean-salad/" "Mozilla/5.0 (Linux; Android 5.0) AppleWebKit/537.36 (KHTML, like Gecko) Mobile Safari/537.36 (compatible; TikTokSpider; [email protected])"
47.128.115.53 - - [04/May/2026:00:21:26 -0500] "GET /wp-content/plugins/wp-recipe-maker/assets/icons/rating/stars-alt-5.svg HTTP/2.0" 206 476 "https://easysalads.com/easy-5-bean-salad/" "Mozilla/5.0 (Linux; Android 5.0) AppleWebKit/537.36 (KHTML, like Gecko) Mobile Safari/537.36 (compatible; TikTokSpider; [email protected])"
47.128.115.53 - - [04/May/2026:00:21:26 -0500] "GET /wp-content/plugins/wp-recipe-maker/assets/icons/rating/stars-alt-5.svg HTTP/2.0" 304 0 "https://easysalads.com/easy-5-bean-salad/" "Mozilla/5.0 (Linux; Android 5.0) AppleWebKit/537.36 (KHTML, like Gecko) Mobile Safari/537.36 (compatible; TikTokSpider; [email protected])"
47.128.115.53 - - [04/May/2026:00:21:26 -0500] "GET /wp-content/plugins/wp-recipe-maker/assets/icons/rating/stars-alt-5.svg HTTP/2.0" 304 0 "https://easysalads.com/easy-5-bean-salad/" "Mozilla/5.0 (Linux; Android 5.0) AppleWebKit/537.36 (KHTML, like Gecko) Mobile Safari/537.36 (compatible; TikTokSpider; [email protected])"
47.128.115.53 - - [04/May/2026:00:21:26 -0500] "GET /easy-5-bean-salad/ HTTP/2.0" 200 103144 "https://easysalads.com/easy-5-bean-salad/" "Mozilla/5.0 (Linux; Android 5.0) AppleWebKit/537.36 (KHTML, like Gecko) Mobile Safari/537.36 (compatible; TikTokSpider; [email protected])"
47.128.115.53 - - [04/May/2026:00:21:27 -0500] "GET /wp-content/plugins/wp-recipe-maker/assets/icons/rating/stars-alt-5.svg HTTP/2.0" 206 476 "https://easysalads.com/easy-5-bean-salad/" "Mozilla/5.0 (Linux; Android 5.0) AppleWebKit/537.36 (KHTML, like Gecko) Mobile Safari/537.36 (compatible; TikTokSpider; [email protected])"
47.128.115.53 - - [04/May/2026:00:21:27 -0500] "GET /wp-content/plugins/wp-recipe-maker/assets/icons/rating/stars-alt-5.svg HTTP/2.0" 304 0 "https://easysalads.com/easy-5-bean-salad/" "Mozilla/5.0 (Linux; Android 5.0) AppleWebKit/537.36 (KHTML, like Gecko) Mobile Safari/537.36 (compatible; TikTokSpider; [email protected])"
47.128.115.53 - - [04/May/2026:00:21:27 -0500] "GET /wp-content/plugins/wp-recipe-maker/assets/icons/rating/stars-alt-5.svg HTTP/2.0" 304 0 "https://easysalads.com/easy-5-bean-salad/" "Mozilla/5.0 (Linux; Android 5.0) AppleWebKit/537.36 (KHTML, like Gecko) Mobile Safari/537.36 (compatible; TikTokSpider; [email protected])"
47.128.115.53 - - [04/May/2026:00:21:27 -0500] "GET /easy-5-bean-salad/ HTTP/2.0" 200 103072 "https://easysalads.com/easy-5-bean-salad/" "Mozilla/5.0 (Linux; Android 5.0) AppleWebKit/537.36 (KHTML, like Gecko) Mobile Safari/537.36 (compatible; TikTokSpider; [email protected])"
47.128.115.53 - - [04/May/2026:00:21:28 -0500] "GET /wp-content/plugins/wp-recipe-maker/assets/icons/rating/stars-alt-5.svg HTTP/2.0" 206 476 "https://easysalads.com/easy-5-bean-salad/" "Mozilla/5.0 (Linux; Android 5.0) AppleWebKit/537.36 (KHTML, like Gecko) Mobile Safari/537.36 (compatible; TikTokSpider; [email protected])"
47.128.115.53 - - [04/May/2026:00:21:28 -0500] "GET /wp-content/plugins/wp-recipe-maker/assets/icons/rating/stars-alt-5.svg HTTP/2.0" 304 0 "https://easysalads.com/easy-5-bean-salad/" "Mozilla/5.0 (Linux; Android 5.0) AppleWebKit/537.36 (KHTML, like Gecko) Mobile Safari/537.36 (compatible; TikTokSpider; [email protected])"
47.128.115.53 - - [04/May/2026:00:21:28 -0500] "GET /wp-content/plugins/wp-recipe-maker/assets/icons/rating/stars-alt-5.svg HTTP/2.0" 304 0 "https://easysalads.com/easy-5-bean-salad/" "Mozilla/5.0 (Linux; Android 5.0) AppleWebKit/537.36 (KHTML, like Gecko) Mobile Safari/537.36 (compatible; TikTokSpider; [email protected])"
47.128.115.53 - - [04/May/2026:00:21:28 -0500] "GET /easy-5-bean-salad/ HTTP/2.0" 200 103044 "https://easysalads.com/easy-5-bean-salad/" "Mozilla/5.0 (Linux; Android 5.0) AppleWebKit/537.36 (KHTML, like Gecko) Mobile Safari/537.36 (compatible; TikTokSpider; [email protected])"
47.128.115.53 - - [04/May/2026:00:21:29 -0500] "GET /wp-content/plugins/wp-recipe-maker/assets/icons/rating/stars-alt-5.svg HTTP/2.0" 206 476 "https://easysalads.com/easy-5-bean-salad/" "Mozilla/5.0 (Linux; Android 5.0) AppleWebKit/537.36 (KHTML, like Gecko) Mobile Safari/537.36 (compatible; TikTokSpider; [email protected])"
47.128.115.53 - - [04/May/2026:00:21:29 -0500] "GET /wp-content/plugins/wp-recipe-maker/assets/icons/rating/stars-alt-5.svg HTTP/2.0" 304 0 "https://easysalads.com/easy-5-bean-salad/" "Mozilla/5.0 (Linux; Android 5.0) AppleWebKit/537.36 (KHTML, like Gecko) Mobile Safari/537.36 (compatible; TikTokSpider; [email protected])"
47.128.115.53 - - [04/May/2026:00:21:29 -0500] "GET /wp-content/plugins/wp-recipe-maker/assets/icons/rating/stars-alt-5.svg HTTP/2.0" 304 0 "https://easysalads.com/easy-5-bean-salad/" "Mozilla/5.0 (Linux; Android 5.0) AppleWebKit/537.36 (KHTML, like Gecko) Mobile Safari/537.36 (compatible; TikTokSpider; [email protected])"
47.128.115.53 - - [04/May/2026:00:21:29 -0500] "GET /easy-5-bean-salad/ HTTP/2.0" 200 103174 "https://easysalads.com/easy-5-bean-salad/" "Mozilla/5.0 (Linux; Android 5.0) AppleWebKit/537.36 (KHTML, like Gecko) Mobile Safari/537.36 (compatible; TikTokSpider; [email protected])"
47.128.115.53 - - [04/May/2026:00:21:30 -0500] "GET /wp-content/plugins/wp-recipe-maker/assets/icons/rating/stars-alt-5.svg HTTP/2.0" 206 476 "https://easysalads.com/easy-5-bean-salad/" "Mozilla/5.0 (Linux; Android 5.0) AppleWebKit/537.36 (KHTML, like Gecko) Mobile Safari/537.36 (compatible; TikTokSpider; [email protected])"
47.128.115.53 - - [04/May/2026:00:21:30 -0500] "GET /wp-content/plugins/wp-recipe-maker/assets/icons/rating/stars-alt-5.svg HTTP/2.0" 304 0 "https://easysalads.com/easy-5-bean-salad/" "Mozilla/5.0 (Linux; Android 5.0) AppleWebKit/537.36 (KHTML, like Gecko) Mobile Safari/537.36 (compatible; TikTokSpider; [email protected])"
47.128.115.53 - - [04/May/2026:00:21:30 -0500] "GET /easy-5-bean-salad/ HTTP/2.0" 200 103070 "https://easysalads.com/easy-5-bean-salad/" "Mozilla/5.0 (Linux; Android 5.0) AppleWebKit/537.36 (KHTML, like Gecko) Mobile Safari/537.36 (compatible; TikTokSpider; [email protected])"
47.128.115.53 - - [04/May/2026:00:21:30 -0500] "GET /wp-content/plugins/wp-recipe-maker/assets/icons/rating/stars-alt-5.svg HTTP/2.0" 304 0 "https://easysalads.com/easy-5-bean-salad/" "Mozilla/5.0 (Linux; Android 5.0) AppleWebKit/537.36 (KHTML, like Gecko) Mobile Safari/537.36 (compatible; TikTokSpider; [email protected])"
47.128.115.53 - - [04/May/2026:00:21:31 -0500] "GET /wp-content/plugins/wp-recipe-maker/assets/icons/rating/stars-alt-5.svg HTTP/2.0" 206 500 "https://easysalads.com/easy-5-bean-salad/" "Mozilla/5.0 (Linux; Android 5.0) AppleWebKit/537.36 (KHTML, like Gecko) Mobile Safari/537.36 (compatible; TikTokSpider; [email protected])"
47.128.115.53 - - [04/May/2026:00:21:31 -0500] "GET /easy-5-bean-salad/ HTTP/2.0" 200 103069 "https://easysalads.com/easy-5-bean-salad/" "Mozilla/5.0 (Linux; Android 5.0) AppleWebKit/537.36 (KHTML, like Gecko) Mobile Safari/537.36 (compatible; TikTokSpider; [email protected])"
47.128.115.53 - - [04/May/2026:00:21:31 -0500] "GET /wp-content/plugins/wp-recipe-maker/assets/icons/rating/stars-alt-5.svg HTTP/2.0" 304 0 "https://easysalads.com/easy-5-bean-salad/" "Mozilla/5.0 (Linux; Android 5.0) AppleWebKit/537.36 (KHTML, like Gecko) Mobile Safari/537.36 (compatible; TikTokSpider; [email protected])"
47.128.115.53 - - [04/May/2026:00:21:32 -0500] "GET /wp-content/plugins/wp-recipe-maker/assets/icons/rating/stars-alt-5.svg HTTP/2.0" 206 500 "https://easysalads.com/easy-5-bean-salad/" "Mozilla/5.0 (Linux; Android 5.0) AppleWebKit/537.36 (KHTML, like Gecko) Mobile Safari/537.36 (compatible; TikTokSpider; [email protected])"
47.128.115.53 - - [04/May/2026:00:21:32 -0500] "GET /wp-content/plugins/wp-recipe-maker/assets/icons/rating/stars-alt-5.svg HTTP/2.0" 304 0 "https://easysalads.com/easy-5-bean-salad/" "Mozilla/5.0 (Linux; Android 5.0) AppleWebKit/537.36 (KHTML, like Gecko) Mobile Safari/537.36 (compatible; TikTokSpider; [email protected])"
47.128.115.53 - - [04/May/2026:00:21:32 -0500] "GET /easy-5-bean-salad/ HTTP/2.0" 200 103142 "https://easysalads.com/easy-5-bean-salad/" "Mozilla/5.0 (Linux; Android 5.0) AppleWebKit/537.36 (KHTML, like Gecko) Mobile Safari/537.36 (compatible; TikTokSpider; [email protected])"
66.249.66.77 - - [04/May/2026:00:21:32 -0500] "GET /wp-content/uploads/2024/03/yogurt-dill-dressing-00-480x270.jpg HTTP/1.1" 200 29868 "-" "Googlebot-Image/1.0"
47.128.115.53 - - [04/May/2026:00:21:33 -0500] "GET /wp-content/plugins/wp-recipe-maker/assets/icons/rating/stars-alt-5.svg HTTP/2.0" 206 476 "https://easysalads.com/easy-5-bean-salad/" "Mozilla/5.0 (Linux; Android 5.0) AppleWebKit/537.36 (KHTML, like Gecko) Mobile Safari/537.36 (compatible; TikTokSpider; [email protected])"
47.128.115.53 - - [04/May/2026:00:21:33 -0500] "GET /wp-content/plugins/wp-recipe-maker/assets/icons/rating/stars-alt-5.svg HTTP/2.0" 304 0 "https://easysalads.com/easy-5-bean-salad/" "Mozilla/5.0 (Linux; Android 5.0) AppleWebKit/537.36 (KHTML, like Gecko) Mobile Safari/537.36 (compatible; TikTokSpider; [email protected])"
47.128.115.53 - - [04/May/2026:00:21:33 -0500] "GET /wp-content/plugins/wp-recipe-maker/assets/icons/rating/stars-alt-5.svg HTTP/2.0" 304 0 "https://easysalads.com/easy-5-bean-salad/" "Mozilla/5.0 (Linux; Android 5.0) AppleWebKit/537.36 (KHTML, like Gecko) Mobile Safari/537.36 (compatible; TikTokSpider; [email protected])"
47.128.115.53 - - [04/May/2026:00:21:33 -0500] "GET /easy-5-bean-salad/ HTTP/2.0" 200 103042 "https://easysalads.com/easy-5-bean-salad/" "Mozilla/5.0 (Linux; Android 5.0) AppleWebKit/537.36 (KHTML, like Gecko) Mobile Safari/537.36 (compatible; TikTokSpider; [email protected])"
47.128.115.53 - - [04/May/2026:00:21:33 -0500] "GET /wp-content/plugins/wp-recipe-maker/assets/icons/rating/stars-alt-5.svg HTTP/2.0" 206 476 "https://easysalads.com/easy-5-bean-salad/" "Mozilla/5.0 (Linux; Android 5.0) AppleWebKit/537.36 (KHTML, like Gecko) Mobile Safari/537.36 (compatible; TikTokSpider; [email protected])"
47.128.115.53 - - [04/May/2026:00:21:33 -0500] "GET /wp-content/plugins/wp-recipe-maker/assets/icons/rating/stars-alt-5.svg HTTP/2.0" 304 0 "https://easysalads.com/easy-5-bean-salad/" "Mozilla/5.0 (Linux; Android 5.0) AppleWebKit/537.36 (KHTML, like Gecko) Mobile Safari/537.36 (compatible; TikTokSpider; [email protected])"
47.128.115.53 - - [04/May/2026:00:21:34 -0500] "GET /wp-content/plugins/wp-recipe-maker/assets/icons/rating/stars-alt-5.svg HTTP/2.0" 304 0 "https://easysalads.com/easy-5-bean-salad/" "Mozilla/5.0 (Linux; Android 5.0) AppleWebKit/537.36 (KHTML, like Gecko) Mobile Safari/537.36 (compatible; TikTokSpider; [email protected])"
47.128.115.53 - - [04/May/2026:00:21:34 -0500] "GET /easy-5-bean-salad/ HTTP/2.0" 200 103079 "https://easysalads.com/easy-5-bean-salad/" "Mozilla/5.0 (Linux; Android 5.0) AppleWebKit/537.36 (KHTML, like Gecko) Mobile Safari/537.36 (compatible; TikTokSpider; [email protected])"
47.128.115.53 - - [04/May/2026:00:21:34 -0500] "GET /wp-content/plugins/wp-recipe-maker/assets/icons/rating/stars-alt-5.svg HTTP/2.0" 206 476 "https://easysalads.com/easy-5-bean-salad/" "Mozilla/5.0 (Linux; Android 5.0) AppleWebKit/537.36 (KHTML, like Gecko) Mobile Safari/537.36 (compatible; TikTokSpider; [email protected])"
47.128.115.53 - - [04/May/2026:00:21:34 -0500] "GET /wp-content/plugins/wp-recipe-maker/assets/icons/rating/stars-alt-5.svg HTTP/2.0" 304 0 "https://easysalads.com/easy-5-bean-salad/" "Mozilla/5.0 (Linux; Android 5.0) AppleWebKit/537.36 (KHTML, like Gecko) Mobile Safari/537.36 (compatible; TikTokSpider; [email protected])"
47.128.115.53 - - [04/May/2026:00:21:35 -0500] "GET /wp-content/plugins/wp-recipe-maker/assets/icons/rating/stars-alt-5.svg HTTP/2.0" 304 0 "https://easysalads.com/easy-5-bean-salad/" "Mozilla/5.0 (Linux; Android 5.0) AppleWebKit/537.36 (KHTML, like Gecko) Mobile Safari/537.36 (compatible; TikTokSpider; [email protected])"
47.128.115.53 - - [04/May/2026:00:21:35 -0500] "GET /easy-5-bean-salad/ HTTP/2.0" 200 103082 "https://easysalads.com/easy-5-bean-salad/" "Mozilla/5.0 (Linux; Android 5.0) AppleWebKit/537.36 (KHTML, like Gecko) Mobile Safari/537.36 (compatible; TikTokSpider; [email protected])"
47.128.115.53 - - [04/May/2026:00:21:35 -0500] "GET /wp-content/plugins/wp-recipe-maker/assets/icons/rating/stars-alt-5.svg HTTP/2.0" 206 476 "https://easysalads.com/easy-5-bean-salad/" "Mozilla/5.0 (Linux; Android 5.0) AppleWebKit/537.36 (KHTML, like Gecko) Mobile Safari/537.36 (compatible; TikTokSpider; [email protected])"
47.128.115.53 - - [04/May/2026:00:21:35 -0500] "GET /wp-content/plugins/wp-recipe-maker/assets/icons/rating/stars-alt-5.svg HTTP/2.0" 304 0 "https://easysalads.com/easy-5-bean-salad/" "Mozilla/5.0 (Linux; Android 5.0) AppleWebKit/537.36 (KHTML, like Gecko) Mobile Safari/537.36 (compatible; TikTokSpider; [email protected])"
47.128.115.53 - - [04/May/2026:00:21:36 -0500] "GET /wp-content/plugins/wp-recipe-maker/assets/icons/rating/stars-alt-5.svg HTTP/2.0" 304 0 "https://easysalads.com/easy-5-bean-salad/" "Mozilla/5.0 (Linux; Android 5.0) AppleWebKit/537.36 (KHTML, like Gecko) Mobile Safari/537.36 (compatible; TikTokSpider; [email protected])"
52.36.191.2 - - [04/May/2026:00:21:43 -0500] "GET /ads.txt HTTP/1.1" 301 5 "-" "Mozilla/5.0 (Macintosh; Intel Mac OS X 10_15_7) AppleWebKit/537.36 (KHTML, like Gecko) Chrome/129.0.0.0 Safari/537.36"
35.208.187.10 - - [04/May/2026:00:21:43 -0500] "GET /hot-chicken-salad HTTP/1.1" 200 559439 "-" "Mozilla/5.0 (Windows NT 10.0; Win64; x64) AppleWebKit/537.36 (KHTML, like Gecko) Chrome/129.0.0.0 Safari/537.36 PMService/1.0"
98.82.185.140 - - [04/May/2026:00:21:53 -0500] "GET /easy-5-bean-salad/ HTTP/1.1" 200 130909 "-" "Mozilla/5.0 (compatible; proximic; +https://www.comscore.com/Web-Crawler)"
154.18.244.252 - - [04/May/2026:00:22:25 -0500] "POST /wp-cron.php?doing_wp_cron=1777872145.3949708938598632812500 HTTP/1.1" 200 11 "-" "WordPress/6.9.4; https://easysalads.com"
162.240.108.214 - - [04/May/2026:00:22:25 -0500] "GET /wp-login.php HTTP/2.0" 200 1882 "-" "Mozilla/5.0 (Windows NT 6.1; Win64; x64) AppleWebKit/537.36 (KHTML, like Gecko) Chrome/64.0.3282.168 Safari/537.36 OPR/51.0.2830.40"
162.240.108.214 - - [04/May/2026:00:22:25 -0500] "POST /wp-login.php HTTP/2.0" 200 2020 "https://easysalads.com/wp-login.php" "Mozilla/5.0 (Windows NT 6.1; Win64; x64) AppleWebKit/537.36 (KHTML, like Gecko) Chrome/64.0.3282.168 Safari/537.36 OPR/51.0.2830.40"
3.226.51.67 - - [04/May/2026:00:22:47 -0500] "GET /broccoli-raisin-salad-recipe HTTP/1.1" 200 130836 "-" "IAS Crawler (ias_crawler; http://integralads.com/site-indexing-policy/)"
154.18.244.252 - - [04/May/2026:00:23:04 -0500] "POST /wp-cron.php?doing_wp_cron=1777872184.4102489948272705078125 HTTP/1.1" 200 11 "-" "WordPress/6.9.4; https://easysalads.com"
51.222.136.175 - - [04/May/2026:00:23:04 -0500] "GET /?nocache=1777872121 HTTP/2.0" 200 89175 "-" "BigScootsMonitor Mozilla/5.0 (Windows NT 10.0; Win64; x64) AppleWebKit/537.36 (KHTML, like Gecko) Chrome/74.0.3729.169 Safari/537.36"
154.18.244.252 - - [04/May/2026:00:23:04 -0500] "POST /wp-cron.php?doing_wp_cron=1777872184.6691660881042480468750 HTTP/1.1" 200 11 "-" "WordPress/6.9.4; https://easysalads.com"
57.128.189.19 - - [04/May/2026:00:23:04 -0500] "GET /?nocache=1777872121 HTTP/2.0" 200 89175 "-" "BigScootsMonitor Mozilla/5.0 (Windows NT 10.0; Win64; x64) AppleWebKit/537.36 (KHTML, like Gecko) Chrome/74.0.3729.169 Safari/537.36"
103.200.22.87 - - [04/May/2026:00:23:07 -0500] "GET /wp-login.php HTTP/2.0" 200 1882 "-" "Mozilla/5.0 (Windows NT 6.1; WOW64; Trident/7.0; MSBrowserIE; rv:11.0) like Gecko"
103.200.22.87 - - [04/May/2026:00:23:08 -0500] "POST /wp-login.php HTTP/2.0" 200 2018 "https://easysalads.com/wp-login.php" "Mozilla/5.0 (Windows NT 6.1; WOW64; Trident/7.0; MSBrowserIE; rv:11.0) like Gecko"
57.141.0.47 - - [04/May/2026:00:23:14 -0500] "GET /post-sitemap.xml HTTP/2.0" 200 41623 "-" "meta-externalagent/1.1 (+https://developers.facebook.com/docs/sharing/webmasters/crawler)"
46.22.135.218 - - [04/May/2026:00:23:25 -0500] "GET /wp-login.php HTTP/2.0" 200 1882 "-" "Mozilla/5.0 (Windows NT 6.3; WOW64) AppleWebKit/537.36 (KHTML, like Gecko) Chrome/67.0.3396.87 Safari/537.36"
46.22.135.218 - - [04/May/2026:00:23:25 -0500] "POST /wp-login.php HTTP/2.0" 200 2018 "https://easysalads.com/wp-login.php" "Mozilla/5.0 (Windows NT 6.3; WOW64) AppleWebKit/537.36 (KHTML, like Gecko) Chrome/67.0.3396.87 Safari/537.36"
57.141.6.39 - - [04/May/2026:00:23:56 -0500] "GET / HTTP/2.0" 200 536589 "-" "meta-webindexer/1.1 (+https://developers.facebook.com/docs/sharing/webmasters/crawler)"
154.18.244.252 - - [04/May/2026:00:24:33 -0500] "POST /wp-cron.php?doing_wp_cron=1777872273.9897589683532714843750 HTTP/1.1" 200 11 "-" "WordPress/6.9.4; https://easysalads.com"
47.128.119.56 - - [04/May/2026:00:24:34 -0500] "GET /low-carb-fruit-salad/ HTTP/2.0" 200 100119 "-" "Mozilla/5.0 (Linux; Android 5.0) AppleWebKit/537.36 (KHTML, like Gecko) Mobile Safari/537.36 (compatible; Bytespider; [email protected])"
154.18.244.252 - - [04/May/2026:00:25:03 -0500] "POST /wp-cron.php?doing_wp_cron=1777872304.0350329875946044921875 HTTP/1.1" 200 11 "-" "WordPress/6.9.4; https://easysalads.com"
57.128.189.19 - - [04/May/2026:00:25:04 -0500] "GET /?nocache=1777872241 HTTP/2.0" 200 89175 "-" "BigScootsMonitor Mozilla/5.0 (Windows NT 10.0; Win64; x64) AppleWebKit/537.36 (KHTML, like Gecko) Chrome/74.0.3729.169 Safari/537.36"
51.222.136.175 - - [04/May/2026:00:25:04 -0500] "GET /?nocache=1777872241 HTTP/2.0" 200 89175 "-" "BigScootsMonitor Mozilla/5.0 (Windows NT 10.0; Win64; x64) AppleWebKit/537.36 (KHTML, like Gecko) Chrome/74.0.3729.169 Safari/537.36"
47.128.115.25 - - [04/May/2026:00:25:08 -0500] "GET /low-carb-fruit-salad/ HTTP/2.0" 200 100078 "-" "Mozilla/5.0 (Linux; Android 5.0) AppleWebKit/537.36 (KHTML, like Gecko) Mobile Safari/537.36 (compatible; TikTokSpider; [email protected])"
47.128.115.25 - - [04/May/2026:00:25:09 -0500] "GET /wp-content/uploads/2022/12/low-carb-fruit-salad-05-683x1024.jpg HTTP/2.0" 206 500 "https://easysalads.com/low-carb-fruit-salad/" "Mozilla/5.0 (Linux; Android 5.0) AppleWebKit/537.36 (KHTML, like Gecko) Mobile Safari/537.36 (compatible; TikTokSpider; [email protected])"
47.128.115.25 - - [04/May/2026:00:25:09 -0500] "GET /low-carb-fruit-salad/ HTTP/2.0" 200 100163 "https://easysalads.com/low-carb-fruit-salad/" "Mozilla/5.0 (Linux; Android 5.0) AppleWebKit/537.36 (KHTML, like Gecko) Mobile Safari/537.36 (compatible; TikTokSpider; [email protected])"
47.128.115.25 - - [04/May/2026:00:25:10 -0500] "GET /low-carb-fruit-salad/ HTTP/2.0" 200 100139 "https://easysalads.com/low-carb-fruit-salad/" "Mozilla/5.0 (Linux; Android 5.0) AppleWebKit/537.36 (KHTML, like Gecko) Mobile Safari/537.36 (compatible; TikTokSpider; [email protected])"
47.128.115.25 - - [04/May/2026:00:25:11 -0500] "GET /low-carb-fruit-salad/ HTTP/2.0" 200 100085 "https://easysalads.com/low-carb-fruit-salad/" "Mozilla/5.0 (Linux; Android 5.0) AppleWebKit/537.36 (KHTML, like Gecko) Mobile Safari/537.36 (compatible; TikTokSpider; [email protected])"
47.128.115.25 - - [04/May/2026:00:25:11 -0500] "GET /low-carb-fruit-salad/ HTTP/2.0" 200 100094 "https://easysalads.com/low-carb-fruit-salad/" "Mozilla/5.0 (Linux; Android 5.0) AppleWebKit/537.36 (KHTML, like Gecko) Mobile Safari/537.36 (compatible; TikTokSpider; [email protected])"
47.128.115.25 - - [04/May/2026:00:25:12 -0500] "GET /low-carb-fruit-salad/ HTTP/2.0" 200 100072 "https://easysalads.com/low-carb-fruit-salad/" "Mozilla/5.0 (Linux; Android 5.0) AppleWebKit/537.36 (KHTML, like Gecko) Mobile Safari/537.36 (compatible; TikTokSpider; [email protected])"
47.128.115.25 - - [04/May/2026:00:25:13 -0500] "GET /low-carb-fruit-salad/ HTTP/2.0" 200 100168 "https://easysalads.com/low-carb-fruit-salad/" "Mozilla/5.0 (Linux; Android 5.0) AppleWebKit/537.36 (KHTML, like Gecko) Mobile Safari/537.36 (compatible; TikTokSpider; [email protected])"
47.128.115.25 - - [04/May/2026:00:25:14 -0500] "GET /low-carb-fruit-salad/ HTTP/2.0" 200 100075 "https://easysalads.com/low-carb-fruit-salad/" "Mozilla/5.0 (Linux; Android 5.0) AppleWebKit/537.36 (KHTML, like Gecko) Mobile Safari/537.36 (compatible; TikTokSpider; [email protected])"
47.128.115.25 - - [04/May/2026:00:25:15 -0500] "GET /low-carb-fruit-salad/ HTTP/2.0" 200 100146 "https://easysalads.com/low-carb-fruit-salad/" "Mozilla/5.0 (Linux; Android 5.0) AppleWebKit/537.36 (KHTML, like Gecko) Mobile Safari/537.36 (compatible; TikTokSpider; [email protected])"
47.128.115.25 - - [04/May/2026:00:25:15 -0500] "GET /low-carb-fruit-salad/ HTTP/2.0" 200 100115 "https://easysalads.com/low-carb-fruit-salad/" "Mozilla/5.0 (Linux; Android 5.0) AppleWebKit/537.36 (KHTML, like Gecko) Mobile Safari/537.36 (compatible; TikTokSpider; [email protected])"
47.128.115.25 - - [04/May/2026:00:25:16 -0500] "GET /low-carb-fruit-salad/ HTTP/2.0" 200 100115 "https://easysalads.com/low-carb-fruit-salad/" "Mozilla/5.0 (Linux; Android 5.0) AppleWebKit/537.36 (KHTML, like Gecko) Mobile Safari/537.36 (compatible; TikTokSpider; [email protected])"
47.128.115.25 - - [04/May/2026:00:25:17 -0500] "GET /low-carb-fruit-salad/ HTTP/2.0" 200 100135 "https://easysalads.com/low-carb-fruit-salad/" "Mozilla/5.0 (Linux; Android 5.0) AppleWebKit/537.36 (KHTML, like Gecko) Mobile Safari/537.36 (compatible; TikTokSpider; [email protected])"
47.128.115.25 - - [04/May/2026:00:25:18 -0500] "GET /low-carb-fruit-salad/ HTTP/2.0" 200 100082 "https://easysalads.com/low-carb-fruit-salad/" "Mozilla/5.0 (Linux; Android 5.0) AppleWebKit/537.36 (KHTML, like Gecko) Mobile Safari/537.36 (compatible; TikTokSpider; [email protected])"
47.128.115.25 - - [04/May/2026:00:25:19 -0500] "GET /low-carb-fruit-salad/ HTTP/2.0" 200 100073 "https://easysalads.com/low-carb-fruit-salad/" "Mozilla/5.0 (Linux; Android 5.0) AppleWebKit/537.36 (KHTML, like Gecko) Mobile Safari/537.36 (compatible; TikTokSpider; [email protected])"
47.128.115.25 - - [04/May/2026:00:25:20 -0500] "GET /low-carb-fruit-salad/ HTTP/2.0" 200 100196 "https://easysalads.com/low-carb-fruit-salad/" "Mozilla/5.0 (Linux; Android 5.0) AppleWebKit/537.36 (KHTML, like Gecko) Mobile Safari/537.36 (compatible; TikTokSpider; [email protected])"
47.128.115.25 - - [04/May/2026:00:25:21 -0500] "GET /low-carb-fruit-salad/ HTTP/2.0" 200 100156 "https://easysalads.com/low-carb-fruit-salad/" "Mozilla/5.0 (Linux; Android 5.0) AppleWebKit/537.36 (KHTML, like Gecko) Mobile Safari/537.36 (compatible; TikTokSpider; [email protected])"
47.128.115.25 - - [04/May/2026:00:25:21 -0500] "GET /low-carb-fruit-salad/ HTTP/2.0" 200 100079 "https://easysalads.com/low-carb-fruit-salad/" "Mozilla/5.0 (Linux; Android 5.0) AppleWebKit/537.36 (KHTML, like Gecko) Mobile Safari/537.36 (compatible; TikTokSpider; [email protected])"
47.128.115.25 - - [04/May/2026:00:25:22 -0500] "GET /low-carb-fruit-salad/ HTTP/2.0" 200 100143 "https://easysalads.com/low-carb-fruit-salad/" "Mozilla/5.0 (Linux; Android 5.0) AppleWebKit/537.36 (KHTML, like Gecko) Mobile Safari/537.36 (compatible; TikTokSpider; [email protected])"
47.128.115.25 - - [04/May/2026:00:25:23 -0500] "GET /low-carb-fruit-salad/ HTTP/2.0" 200 100105 "https://easysalads.com/low-carb-fruit-salad/" "Mozilla/5.0 (Linux; Android 5.0) AppleWebKit/537.36 (KHTML, like Gecko) Mobile Safari/537.36 (compatible; TikTokSpider; [email protected])"
47.128.115.25 - - [04/May/2026:00:25:23 -0500] "GET /low-carb-fruit-salad/ HTTP/2.0" 200 100112 "https://easysalads.com/low-carb-fruit-salad/" "Mozilla/5.0 (Linux; Android 5.0) AppleWebKit/537.36 (KHTML, like Gecko) Mobile Safari/537.36 (compatible; TikTokSpider; [email protected])"
47.128.115.25 - - [04/May/2026:00:25:25 -0500] "GET /low-carb-fruit-salad/ HTTP/2.0" 200 100093 "https://easysalads.com/low-carb-fruit-salad/" "Mozilla/5.0 (Linux; Android 5.0) AppleWebKit/537.36 (KHTML, like Gecko) Mobile Safari/537.36 (compatible; TikTokSpider; [email protected])"
47.128.115.25 - - [04/May/2026:00:25:25 -0500] "GET /low-carb-fruit-salad/ HTTP/2.0" 200 100173 "https://easysalads.com/low-carb-fruit-salad/" "Mozilla/5.0 (Linux; Android 5.0) AppleWebKit/537.36 (KHTML, like Gecko) Mobile Safari/537.36 (compatible; TikTokSpider; [email protected])"
47.128.115.25 - - [04/May/2026:00:25:26 -0500] "GET /low-carb-fruit-salad/ HTTP/2.0" 200 100094 "https://easysalads.com/low-carb-fruit-salad/" "Mozilla/5.0 (Linux; Android 5.0) AppleWebKit/537.36 (KHTML, like Gecko) Mobile Safari/537.36 (compatible; TikTokSpider; [email protected])"
47.128.115.25 - - [04/May/2026:00:25:27 -0500] "GET /low-carb-fruit-salad/ HTTP/2.0" 200 100147 "https://easysalads.com/low-carb-fruit-salad/" "Mozilla/5.0 (Linux; Android 5.0) AppleWebKit/537.36 (KHTML, like Gecko) Mobile Safari/537.36 (compatible; TikTokSpider; [email protected])"
47.128.115.25 - - [04/May/2026:00:25:28 -0500] "GET /low-carb-fruit-salad/ HTTP/2.0" 200 100126 "https://easysalads.com/low-carb-fruit-salad/" "Mozilla/5.0 (Linux; Android 5.0) AppleWebKit/537.36 (KHTML, like Gecko) Mobile Safari/537.36 (compatible; TikTokSpider; [email protected])"
47.128.115.25 - - [04/May/2026:00:25:28 -0500] "GET /low-carb-fruit-salad/ HTTP/2.0" 200 100125 "https://easysalads.com/low-carb-fruit-salad/" "Mozilla/5.0 (Linux; Android 5.0) AppleWebKit/537.36 (KHTML, like Gecko) Mobile Safari/537.36 (compatible; TikTokSpider; [email protected])"
47.128.115.25 - - [04/May/2026:00:25:29 -0500] "GET /low-carb-fruit-salad/ HTTP/2.0" 200 100130 "https://easysalads.com/low-carb-fruit-salad/" "Mozilla/5.0 (Linux; Android 5.0) AppleWebKit/537.36 (KHTML, like Gecko) Mobile Safari/537.36 (compatible; TikTokSpider; [email protected])"
47.128.115.25 - - [04/May/2026:00:25:30 -0500] "GET /low-carb-fruit-salad/ HTTP/2.0" 200 100180 "https://easysalads.com/low-carb-fruit-salad/" "Mozilla/5.0 (Linux; Android 5.0) AppleWebKit/537.36 (KHTML, like Gecko) Mobile Safari/537.36 (compatible; TikTokSpider; [email protected])"
47.128.115.25 - - [04/May/2026:00:25:31 -0500] "GET /low-carb-fruit-salad/ HTTP/2.0" 200 100102 "https://easysalads.com/low-carb-fruit-salad/" "Mozilla/5.0 (Linux; Android 5.0) AppleWebKit/537.36 (KHTML, like Gecko) Mobile Safari/537.36 (compatible; TikTokSpider; [email protected])"
47.128.115.25 - - [04/May/2026:00:25:31 -0500] "GET /low-carb-fruit-salad/ HTTP/2.0" 200 100105 "https://easysalads.com/low-carb-fruit-salad/" "Mozilla/5.0 (Linux; Android 5.0) AppleWebKit/537.36 (KHTML, like Gecko) Mobile Safari/537.36 (compatible; TikTokSpider; [email protected])"
66.249.66.76 - - [04/May/2026:00:25:50 -0500] "GET /wp-content/uploads/2022/11/low-carb-fruit-salad-00-200x300.jpg HTTP/1.1" 200 20442 "-" "Googlebot-Image/1.0"
44.193.115.232 - - [04/May/2026:00:26:08 -0500] "GET /wp-content/uploads/2022/11/apple-pecan-blue-cheese-salad-01-683x1024.jpg HTTP/1.1" 200 184343 "-" "Mozilla/5.0 AppleWebKit/537.36 (KHTML, like Gecko; compatible; Amazonbot/0.1; +https://developer.amazon.com/support/amazonbot) Chrome/119.0.6045.214 Safari/537.36"
154.18.244.252 - - [04/May/2026:00:27:04 -0500] "POST /wp-cron.php?doing_wp_cron=1777872424.4771699905395507812500 HTTP/1.1" 200 11 "-" "WordPress/6.9.4; https://easysalads.com"
51.222.136.175 - - [04/May/2026:00:27:04 -0500] "GET /?nocache=1777872361 HTTP/2.0" 200 89175 "-" "BigScootsMonitor Mozilla/5.0 (Windows NT 10.0; Win64; x64) AppleWebKit/537.36 (KHTML, like Gecko) Chrome/74.0.3729.169 Safari/537.36"
154.18.244.252 - - [04/May/2026:00:27:04 -0500] "POST /wp-cron.php?doing_wp_cron=1777872424.7704970836639404296875 HTTP/1.1" 200 11 "-" "WordPress/6.9.4; https://easysalads.com"
57.128.189.19 - - [04/May/2026:00:27:04 -0500] "GET /?nocache=1777872361 HTTP/2.0" 200 89175 "-" "BigScootsMonitor Mozilla/5.0 (Windows NT 10.0; Win64; x64) AppleWebKit/537.36 (KHTML, like Gecko) Chrome/74.0.3729.169 Safari/537.36"
3.209.174.110 - - [04/May/2026:00:27:57 -0500] "GET /wp-content/uploads/2022/11/apple-pecan-blue-cheese-salad-03-1024x683.jpg HTTP/1.1" 444 0 "-" "Mozilla/5.0 AppleWebKit/537.36 (KHTML, like Gecko; compatible; Amazonbot/0.1; +https://developer.amazon.com/support/amazonbot) Chrome/119.0.6045.214 Safari/537.36"
49.150.200.78 - - [04/May/2026:00:28:20 -0500] "GET /wp-content/uploads/2022/09/panera-tomato-basil-cucumber-salad-sq02.jpg HTTP/2.0" 200 475013 "-" "Oatsy/1 CFNetwork/1496.0.7 Darwin/23.5.0"
154.18.244.252 - - [04/May/2026:00:29:04 -0500] "POST /wp-cron.php?doing_wp_cron=1777872544.2884368896484375000000 HTTP/1.1" 200 11 "-" "WordPress/6.9.4; https://easysalads.com"
57.128.189.19 - - [04/May/2026:00:29:04 -0500] "GET /?nocache=1777872481 HTTP/2.0" 200 89175 "-" "BigScootsMonitor Mozilla/5.0 (Windows NT 10.0; Win64; x64) AppleWebKit/537.36 (KHTML, like Gecko) Chrome/74.0.3729.169 Safari/537.36"
51.222.136.175 - - [04/May/2026:00:29:05 -0500] "GET /?nocache=1777872481 HTTP/2.0" 200 89175 "-" "BigScootsMonitor Mozilla/5.0 (Windows NT 10.0; Win64; x64) AppleWebKit/537.36 (KHTML, like Gecko) Chrome/74.0.3729.169 Safari/537.36"
203.27.180.18 - - [04/May/2026:00:30:42 -0500] "GET /wp-content/uploads/2024/03/bruschetta-pasta-salad-01.jpg HTTP/2.0" 200 657935 "https://www.google.com/" "Mozilla/5.0 (Windows NT 10.0; Win64; x64) AppleWebKit/537.36 (KHTML, like Gecko) Chrome/147.0.0.0 Safari/537.36"
208.109.188.137 - - [04/May/2026:00:30:46 -0500] "GET /wp-login.php HTTP/2.0" 444 0 "-" "Mozilla/5.0 (X11; Linux x86_64; rv:60.0) Gecko/20100101 Firefox/60.0"
154.18.244.252 - - [04/May/2026:00:31:04 -0500] "POST /wp-cron.php?doing_wp_cron=1777872664.4337201118469238281250 HTTP/1.1" 200 11 "-" "WordPress/6.9.4; https://easysalads.com"
57.128.189.19 - - [04/May/2026:00:31:04 -0500] "GET /?nocache=1777872601 HTTP/2.0" 200 89175 "-" "BigScootsMonitor Mozilla/5.0 (Windows NT 10.0; Win64; x64) AppleWebKit/537.36 (KHTML, like Gecko) Chrome/74.0.3729.169 Safari/537.36"
51.222.136.175 - - [04/May/2026:00:31:04 -0500] "GET /?nocache=1777872601 HTTP/2.0" 200 89175 "-" "BigScootsMonitor Mozilla/5.0 (Windows NT 10.0; Win64; x64) AppleWebKit/537.36 (KHTML, like Gecko) Chrome/74.0.3729.169 Safari/537.36"
69.171.231.27 - - [04/May/2026:00:32:07 -0500] "GET / HTTP/2.0" 200 536589 "-" "meta-webindexer/1.1 (+https://developers.facebook.com/docs/sharing/webmasters/crawler)"
66.249.66.76 - - [04/May/2026:00:32:07 -0500] "GET /wp-content/uploads/2024/03/Edamame-Corn-Salad-05-200x300.jpg HTTP/1.1" 200 30160 "-" "Googlebot-Image/1.0"
154.18.244.252 - - [04/May/2026:00:32:35 -0500] "POST /wp-cron.php?doing_wp_cron=1777872755.7987360954284667968750 HTTP/1.1" 200 11 "-" "WordPress/6.9.4; https://easysalads.com"
103.74.132.209 - - [04/May/2026:00:32:35 -0500] "GET /easy-5-bean-salad/ HTTP/2.0" 200 103144 "-" "Mozilla/5.0 (Linux; Android 6.0; Nexus 5 Build/MRA58N) AppleWebKit/537.36 (KHTML, like Gecko) Chrome/54.0.6631.1313 Mobile Safari/537.36"
103.74.132.209 - - [04/May/2026:00:32:36 -0500] "GET /wp-content/themes/kadence/assets/css/global.min.css?ver=1.1.22 HTTP/2.0" 200 4256 "https://easysalads.com/easy-5-bean-salad/" "Mozilla/5.0 (Linux; Android 6.0; Nexus 5 Build/MRA58N) AppleWebKit/537.36 (KHTML, like Gecko) Chrome/54.0.6631.1313 Mobile Safari/537.36"
103.74.132.209 - - [04/May/2026:00:32:36 -0500] "GET /wp-content/plugins/kadence-blocks/dist/style-blocks-iconlist.css?ver=3.6.7 HTTP/2.0" 200 597 "https://easysalads.com/easy-5-bean-salad/" "Mozilla/5.0 (Linux; Android 6.0; Nexus 5 Build/MRA58N) AppleWebKit/537.36 (KHTML, like Gecko) Chrome/54.0.6631.1313 Mobile Safari/537.36"
103.74.132.209 - - [04/May/2026:00:32:37 -0500] "GET /wp-content/plugins/wp-recipe-maker-premium/dist/public-pro.js?ver=10.5.0 HTTP/2.0" 200 20140 "https://easysalads.com/easy-5-bean-salad/" "Mozilla/5.0 (Linux; Android 6.0; Nexus 5 Build/MRA58N) AppleWebKit/537.36 (KHTML, like Gecko) Chrome/54.0.6631.1313 Mobile Safari/537.36"
154.18.244.252 - - [04/May/2026:00:33:04 -0500] "POST /wp-cron.php?doing_wp_cron=1777872784.6208961009979248046875 HTTP/1.1" 200 11 "-" "WordPress/6.9.4; https://easysalads.com"
57.128.189.19 - - [04/May/2026:00:33:04 -0500] "GET /?nocache=1777872781 HTTP/2.0" 200 89175 "-" "BigScootsMonitor Mozilla/5.0 (Windows NT 10.0; Win64; x64) AppleWebKit/537.36 (KHTML, like Gecko) Chrome/74.0.3729.169 Safari/537.36"
51.222.136.175 - - [04/May/2026:00:33:05 -0500] "GET /?nocache=1777872781 HTTP/2.0" 200 89175 "-" "BigScootsMonitor Mozilla/5.0 (Windows NT 10.0; Win64; x64) AppleWebKit/537.36 (KHTML, like Gecko) Chrome/74.0.3729.169 Safari/537.36"
47.128.115.251 - - [04/May/2026:00:33:11 -0500] "GET /easy-5-bean-salad/ HTTP/2.0" 200 103097 "-" "Mozilla/5.0 (Linux; Android 5.0) AppleWebKit/537.36 (KHTML, like Gecko) Mobile Safari/537.36 (compatible; TikTokSpider; [email protected])"
47.128.115.251 - - [04/May/2026:00:33:11 -0500] "GET /wp-content/uploads/2022/11/5-Bean-Salad-02-768x548.jpg HTTP/2.0" 206 500 "https://easysalads.com/easy-5-bean-salad/" "Mozilla/5.0 (Linux; Android 5.0) AppleWebKit/537.36 (KHTML, like Gecko) Mobile Safari/537.36 (compatible; TikTokSpider; [email protected])"
47.128.115.251 - - [04/May/2026:00:33:12 -0500] "GET /wp-content/plugins/wp-recipe-maker/assets/icons/rating/stars-alt-5.svg HTTP/2.0" 206 500 "https://easysalads.com/easy-5-bean-salad/" "Mozilla/5.0 (Linux; Android 5.0) AppleWebKit/537.36 (KHTML, like Gecko) Mobile Safari/537.36 (compatible; TikTokSpider; [email protected])"
47.128.115.251 - - [04/May/2026:00:33:12 -0500] "GET /easy-5-bean-salad/ HTTP/2.0" 200 103057 "https://easysalads.com/easy-5-bean-salad/" "Mozilla/5.0 (Linux; Android 5.0) AppleWebKit/537.36 (KHTML, like Gecko) Mobile Safari/537.36 (compatible; TikTokSpider; [email protected])"
47.128.115.251 - - [04/May/2026:00:33:12 -0500] "GET /wp-content/plugins/wp-recipe-maker/assets/icons/rating/stars-alt-5.svg HTTP/2.0" 304 0 "https://easysalads.com/easy-5-bean-salad/" "Mozilla/5.0 (Linux; Android 5.0) AppleWebKit/537.36 (KHTML, like Gecko) Mobile Safari/537.36 (compatible; TikTokSpider; [email protected])"
47.128.115.251 - - [04/May/2026:00:33:13 -0500] "GET /wp-content/plugins/wp-recipe-maker/assets/icons/rating/stars-alt-5.svg HTTP/2.0" 206 500 "https://easysalads.com/easy-5-bean-salad/" "Mozilla/5.0 (Linux; Android 5.0) AppleWebKit/537.36 (KHTML, like Gecko) Mobile Safari/537.36 (compatible; TikTokSpider; [email protected])"
47.128.115.251 - - [04/May/2026:00:33:13 -0500] "GET /wp-content/plugins/wp-recipe-maker/assets/icons/rating/stars-alt-5.svg HTTP/2.0" 304 0 "https://easysalads.com/easy-5-bean-salad/" "Mozilla/5.0 (Linux; Android 5.0) AppleWebKit/537.36 (KHTML, like Gecko) Mobile Safari/537.36 (compatible; TikTokSpider; [email protected])"
47.128.115.251 - - [04/May/2026:00:33:13 -0500] "GET /easy-5-bean-salad/ HTTP/2.0" 200 103144 "https://easysalads.com/easy-5-bean-salad/" "Mozilla/5.0 (Linux; Android 5.0) AppleWebKit/537.36 (KHTML, like Gecko) Mobile Safari/537.36 (compatible; TikTokSpider; [email protected])"
47.128.115.251 - - [04/May/2026:00:33:13 -0500] "GET /wp-content/plugins/wp-recipe-maker/assets/icons/rating/stars-alt-5.svg HTTP/2.0" 206 476 "https://easysalads.com/easy-5-bean-salad/" "Mozilla/5.0 (Linux; Android 5.0) AppleWebKit/537.36 (KHTML, like Gecko) Mobile Safari/537.36 (compatible; TikTokSpider; [email protected])"
47.128.115.251 - - [04/May/2026:00:33:13 -0500] "GET /wp-content/plugins/wp-recipe-maker/assets/icons/rating/stars-alt-5.svg HTTP/2.0" 304 0 "https://easysalads.com/easy-5-bean-salad/" "Mozilla/5.0 (Linux; Android 5.0) AppleWebKit/537.36 (KHTML, like Gecko) Mobile Safari/537.36 (compatible; TikTokSpider; [email protected])"
47.128.115.251 - - [04/May/2026:00:33:14 -0500] "GET /easy-5-bean-salad/ HTTP/2.0" 200 103058 "https://easysalads.com/easy-5-bean-salad/" "Mozilla/5.0 (Linux; Android 5.0) AppleWebKit/537.36 (KHTML, like Gecko) Mobile Safari/537.36 (compatible; TikTokSpider; [email protected])"
47.128.115.251 - - [04/May/2026:00:33:14 -0500] "GET /wp-content/plugins/wp-recipe-maker/assets/icons/rating/stars-alt-5.svg HTTP/2.0" 304 0 "https://easysalads.com/easy-5-bean-salad/" "Mozilla/5.0 (Linux; Android 5.0) AppleWebKit/537.36 (KHTML, like Gecko) Mobile Safari/537.36 (compatible; TikTokSpider; [email protected])"
47.128.115.251 - - [04/May/2026:00:33:14 -0500] "GET /wp-content/plugins/wp-recipe-maker/assets/icons/rating/stars-alt-5.svg HTTP/2.0" 206 500 "https://easysalads.com/easy-5-bean-salad/" "Mozilla/5.0 (Linux; Android 5.0) AppleWebKit/537.36 (KHTML, like Gecko) Mobile Safari/537.36 (compatible; TikTokSpider; [email protected])"
47.128.115.251 - - [04/May/2026:00:33:15 -0500] "GET /wp-content/plugins/wp-recipe-maker/assets/icons/rating/stars-alt-5.svg HTTP/2.0" 304 0 "https://easysalads.com/easy-5-bean-salad/" "Mozilla/5.0 (Linux; Android 5.0) AppleWebKit/537.36 (KHTML, like Gecko) Mobile Safari/537.36 (compatible; TikTokSpider; [email protected])"
47.128.115.251 - - [04/May/2026:00:33:15 -0500] "GET /easy-5-bean-salad/ HTTP/2.0" 200 103077 "https://easysalads.com/easy-5-bean-salad/" "Mozilla/5.0 (Linux; Android 5.0) AppleWebKit/537.36 (KHTML, like Gecko) Mobile Safari/537.36 (compatible; TikTokSpider; [email protected])"
47.128.115.251 - - [04/May/2026:00:33:15 -0500] "GET /wp-content/plugins/wp-recipe-maker/assets/icons/rating/stars-alt-5.svg HTTP/2.0" 206 476 "https://easysalads.com/easy-5-bean-salad/" "Mozilla/5.0 (Linux; Android 5.0) AppleWebKit/537.36 (KHTML, like Gecko) Mobile Safari/537.36 (compatible; TikTokSpider; [email protected])"
47.128.115.251 - - [04/May/2026:00:33:15 -0500] "GET /wp-content/plugins/wp-recipe-maker/assets/icons/rating/stars-alt-5.svg HTTP/2.0" 304 0 "https://easysalads.com/easy-5-bean-salad/" "Mozilla/5.0 (Linux; Android 5.0) AppleWebKit/537.36 (KHTML, like Gecko) Mobile Safari/537.36 (compatible; TikTokSpider; [email protected])"
47.128.115.251 - - [04/May/2026:00:33:16 -0500] "GET /easy-5-bean-salad/ HTTP/2.0" 200 103126 "https://easysalads.com/easy-5-bean-salad/" "Mozilla/5.0 (Linux; Android 5.0) AppleWebKit/537.36 (KHTML, like Gecko) Mobile Safari/537.36 (compatible; TikTokSpider; [email protected])"
47.128.115.251 - - [04/May/2026:00:33:16 -0500] "GET /wp-content/plugins/wp-recipe-maker/assets/icons/rating/stars-alt-5.svg HTTP/2.0" 304 0 "https://easysalads.com/easy-5-bean-salad/" "Mozilla/5.0 (Linux; Android 5.0) AppleWebKit/537.36 (KHTML, like Gecko) Mobile Safari/537.36 (compatible; TikTokSpider; [email protected])"
47.128.115.251 - - [04/May/2026:00:33:16 -0500] "GET /wp-content/plugins/wp-recipe-maker/assets/icons/rating/stars-alt-5.svg HTTP/2.0" 206 500 "https://easysalads.com/easy-5-bean-salad/" "Mozilla/5.0 (Linux; Android 5.0) AppleWebKit/537.36 (KHTML, like Gecko) Mobile Safari/537.36 (compatible; TikTokSpider; [email protected])"
47.128.115.251 - - [04/May/2026:00:33:17 -0500] "GET /easy-5-bean-salad/ HTTP/2.0" 200 103106 "https://easysalads.com/easy-5-bean-salad/" "Mozilla/5.0 (Linux; Android 5.0) AppleWebKit/537.36 (KHTML, like Gecko) Mobile Safari/537.36 (compatible; TikTokSpider; [email protected])"
47.128.115.251 - - [04/May/2026:00:33:17 -0500] "GET /wp-content/plugins/wp-recipe-maker/assets/icons/rating/stars-alt-5.svg HTTP/2.0" 304 0 "https://easysalads.com/easy-5-bean-salad/" "Mozilla/5.0 (Linux; Android 5.0) AppleWebKit/537.36 (KHTML, like Gecko) Mobile Safari/537.36 (compatible; TikTokSpider; [email protected])"
47.128.115.251 - - [04/May/2026:00:33:17 -0500] "GET /wp-content/plugins/wp-recipe-maker/assets/icons/rating/stars-alt-5.svg HTTP/2.0" 206 500 "https://easysalads.com/easy-5-bean-salad/" "Mozilla/5.0 (Linux; Android 5.0) AppleWebKit/537.36 (KHTML, like Gecko) Mobile Safari/537.36 (compatible; TikTokSpider; [email protected])"
47.128.115.251 - - [04/May/2026:00:33:18 -0500] "GET /easy-5-bean-salad/ HTTP/2.0" 200 103170 "https://easysalads.com/easy-5-bean-salad/" "Mozilla/5.0 (Linux; Android 5.0) AppleWebKit/537.36 (KHTML, like Gecko) Mobile Safari/537.36 (compatible; TikTokSpider; [email protected])"
47.128.115.251 - - [04/May/2026:00:33:18 -0500] "GET /wp-content/plugins/wp-recipe-maker/assets/icons/rating/stars-alt-5.svg HTTP/2.0" 304 0 "https://easysalads.com/easy-5-bean-salad/" "Mozilla/5.0 (Linux; Android 5.0) AppleWebKit/537.36 (KHTML, like Gecko) Mobile Safari/537.36 (compatible; TikTokSpider; [email protected])"
47.128.115.251 - - [04/May/2026:00:33:18 -0500] "GET /wp-content/plugins/wp-recipe-maker/assets/icons/rating/stars-alt-5.svg HTTP/2.0" 206 500 "https://easysalads.com/easy-5-bean-salad/" "Mozilla/5.0 (Linux; Android 5.0) AppleWebKit/537.36 (KHTML, like Gecko) Mobile Safari/537.36 (compatible; TikTokSpider; [email protected])"
47.128.115.251 - - [04/May/2026:00:33:19 -0500] "GET /easy-5-bean-salad/ HTTP/2.0" 200 103116 "https://easysalads.com/easy-5-bean-salad/" "Mozilla/5.0 (Linux; Android 5.0) AppleWebKit/537.36 (KHTML, like Gecko) Mobile Safari/537.36 (compatible; TikTokSpider; [email protected])"
47.128.115.251 - - [04/May/2026:00:33:19 -0500] "GET /wp-content/plugins/wp-recipe-maker/assets/icons/rating/stars-alt-5.svg HTTP/2.0" 304 0 "https://easysalads.com/easy-5-bean-salad/" "Mozilla/5.0 (Linux; Android 5.0) AppleWebKit/537.36 (KHTML, like Gecko) Mobile Safari/537.36 (compatible; TikTokSpider; [email protected])"
47.128.115.251 - - [04/May/2026:00:33:19 -0500] "GET /wp-content/plugins/wp-recipe-maker/assets/icons/rating/stars-alt-5.svg HTTP/2.0" 206 500 "https://easysalads.com/easy-5-bean-salad/" "Mozilla/5.0 (Linux; Android 5.0) AppleWebKit/537.36 (KHTML, like Gecko) Mobile Safari/537.36 (compatible; TikTokSpider; [email protected])"
47.128.115.251 - - [04/May/2026:00:33:19 -0500] "GET /wp-content/plugins/wp-recipe-maker/assets/icons/rating/stars-alt-5.svg HTTP/2.0" 304 0 "https://easysalads.com/easy-5-bean-salad/" "Mozilla/5.0 (Linux; Android 5.0) AppleWebKit/537.36 (KHTML, like Gecko) Mobile Safari/537.36 (compatible; TikTokSpider; [email protected])"
47.128.115.251 - - [04/May/2026:00:33:19 -0500] "GET /easy-5-bean-salad/ HTTP/2.0" 200 103055 "https://easysalads.com/easy-5-bean-salad/" "Mozilla/5.0 (Linux; Android 5.0) AppleWebKit/537.36 (KHTML, like Gecko) Mobile Safari/537.36 (compatible; TikTokSpider; [email protected])"
47.128.115.251 - - [04/May/2026:00:33:20 -0500] "GET /wp-content/plugins/wp-recipe-maker/assets/icons/rating/stars-alt-5.svg HTTP/2.0" 206 476 "https://easysalads.com/easy-5-bean-salad/" "Mozilla/5.0 (Linux; Android 5.0) AppleWebKit/537.36 (KHTML, like Gecko) Mobile Safari/537.36 (compatible; TikTokSpider; [email protected])"
47.128.115.251 - - [04/May/2026:00:33:20 -0500] "GET /wp-content/plugins/wp-recipe-maker/assets/icons/rating/stars-alt-5.svg HTTP/2.0" 304 0 "https://easysalads.com/easy-5-bean-salad/" "Mozilla/5.0 (Linux; Android 5.0) AppleWebKit/537.36 (KHTML, like Gecko) Mobile Safari/537.36 (compatible; TikTokSpider; [email protected])"
47.128.115.251 - - [04/May/2026:00:33:20 -0500] "GET /easy-5-bean-salad/ HTTP/2.0" 200 103030 "https://easysalads.com/easy-5-bean-salad/" "Mozilla/5.0 (Linux; Android 5.0) AppleWebKit/537.36 (KHTML, like Gecko) Mobile Safari/537.36 (compatible; TikTokSpider; [email protected])"
47.128.115.251 - - [04/May/2026:00:33:20 -0500] "GET /wp-content/plugins/wp-recipe-maker/assets/icons/rating/stars-alt-5.svg HTTP/2.0" 304 0 "https://easysalads.com/easy-5-bean-salad/" "Mozilla/5.0 (Linux; Android 5.0) AppleWebKit/537.36 (KHTML, like Gecko) Mobile Safari/537.36 (compatible; TikTokSpider; [email protected])"
