47.128.115.232 - - [04/May/2026:01:31:51 -0500] "GET /wp-content/plugins/wp-recipe-maker/assets/icons/rating/stars-alt-5.svg HTTP/2.0" 304 0 "https://easysalads.com/easy-5-bean-salad/" "Mozilla/5.0 (Linux; Android 5.0) AppleWebKit/537.36 (KHTML, like Gecko) Mobile Safari/537.36 (compatible; TikTokSpider; [email protected])"
47.128.115.232 - - [04/May/2026:01:31:51 -0500] "GET /wp-content/plugins/wp-recipe-maker/assets/icons/rating/stars-alt-5.svg HTTP/2.0" 206 500 "https://easysalads.com/easy-5-bean-salad/" "Mozilla/5.0 (Linux; Android 5.0) AppleWebKit/537.36 (KHTML, like Gecko) Mobile Safari/537.36 (compatible; TikTokSpider; [email protected])"
47.128.115.232 - - [04/May/2026:01:31:51 -0500] "GET /wp-content/plugins/wp-recipe-maker/assets/icons/rating/stars-alt-5.svg HTTP/2.0" 304 0 "https://easysalads.com/easy-5-bean-salad/" "Mozilla/5.0 (Linux; Android 5.0) AppleWebKit/537.36 (KHTML, like Gecko) Mobile Safari/537.36 (compatible; TikTokSpider; [email protected])"
47.128.115.232 - - [04/May/2026:01:31:51 -0500] "GET /easy-5-bean-salad/ HTTP/2.0" 200 103077 "https://easysalads.com/easy-5-bean-salad/" "Mozilla/5.0 (Linux; Android 5.0) AppleWebKit/537.36 (KHTML, like Gecko) Mobile Safari/537.36 (compatible; TikTokSpider; [email protected])"
47.128.115.232 - - [04/May/2026:01:31:52 -0500] "GET /wp-content/plugins/wp-recipe-maker/assets/icons/rating/stars-alt-5.svg HTTP/2.0" 206 476 "https://easysalads.com/easy-5-bean-salad/" "Mozilla/5.0 (Linux; Android 5.0) AppleWebKit/537.36 (KHTML, like Gecko) Mobile Safari/537.36 (compatible; TikTokSpider; [email protected])"
47.128.115.232 - - [04/May/2026:01:31:52 -0500] "GET /wp-content/plugins/wp-recipe-maker/assets/icons/rating/stars-alt-5.svg HTTP/2.0" 304 0 "https://easysalads.com/easy-5-bean-salad/" "Mozilla/5.0 (Linux; Android 5.0) AppleWebKit/537.36 (KHTML, like Gecko) Mobile Safari/537.36 (compatible; TikTokSpider; [email protected])"
47.128.115.232 - - [04/May/2026:01:31:52 -0500] "GET /easy-5-bean-salad/ HTTP/2.0" 200 103170 "https://easysalads.com/easy-5-bean-salad/" "Mozilla/5.0 (Linux; Android 5.0) AppleWebKit/537.36 (KHTML, like Gecko) Mobile Safari/537.36 (compatible; TikTokSpider; [email protected])"
47.128.115.232 - - [04/May/2026:01:31:52 -0500] "GET /wp-content/plugins/wp-recipe-maker/assets/icons/rating/stars-alt-5.svg HTTP/2.0" 304 0 "https://easysalads.com/easy-5-bean-salad/" "Mozilla/5.0 (Linux; Android 5.0) AppleWebKit/537.36 (KHTML, like Gecko) Mobile Safari/537.36 (compatible; TikTokSpider; [email protected])"
47.128.115.232 - - [04/May/2026:01:31:53 -0500] "GET /wp-content/plugins/wp-recipe-maker/assets/icons/rating/stars-alt-5.svg HTTP/2.0" 206 500 "https://easysalads.com/easy-5-bean-salad/" "Mozilla/5.0 (Linux; Android 5.0) AppleWebKit/537.36 (KHTML, like Gecko) Mobile Safari/537.36 (compatible; TikTokSpider; [email protected])"
47.128.115.232 - - [04/May/2026:01:31:53 -0500] "GET /wp-content/plugins/wp-recipe-maker/assets/icons/rating/stars-alt-5.svg HTTP/2.0" 304 0 "https://easysalads.com/easy-5-bean-salad/" "Mozilla/5.0 (Linux; Android 5.0) AppleWebKit/537.36 (KHTML, like Gecko) Mobile Safari/537.36 (compatible; TikTokSpider; [email protected])"
47.128.115.232 - - [04/May/2026:01:31:53 -0500] "GET /easy-5-bean-salad/ HTTP/2.0" 200 103132 "https://easysalads.com/easy-5-bean-salad/" "Mozilla/5.0 (Linux; Android 5.0) AppleWebKit/537.36 (KHTML, like Gecko) Mobile Safari/537.36 (compatible; TikTokSpider; [email protected])"
47.128.115.232 - - [04/May/2026:01:31:53 -0500] "GET /wp-content/plugins/wp-recipe-maker/assets/icons/rating/stars-alt-5.svg HTTP/2.0" 206 476 "https://easysalads.com/easy-5-bean-salad/" "Mozilla/5.0 (Linux; Android 5.0) AppleWebKit/537.36 (KHTML, like Gecko) Mobile Safari/537.36 (compatible; TikTokSpider; [email protected])"
47.128.115.232 - - [04/May/2026:01:31:53 -0500] "GET /wp-content/plugins/wp-recipe-maker/assets/icons/rating/stars-alt-5.svg HTTP/2.0" 304 0 "https://easysalads.com/easy-5-bean-salad/" "Mozilla/5.0 (Linux; Android 5.0) AppleWebKit/537.36 (KHTML, like Gecko) Mobile Safari/537.36 (compatible; TikTokSpider; [email protected])"
47.128.115.232 - - [04/May/2026:01:31:54 -0500] "GET /easy-5-bean-salad/ HTTP/2.0" 200 103155 "https://easysalads.com/easy-5-bean-salad/" "Mozilla/5.0 (Linux; Android 5.0) AppleWebKit/537.36 (KHTML, like Gecko) Mobile Safari/537.36 (compatible; TikTokSpider; [email protected])"
47.128.115.232 - - [04/May/2026:01:31:54 -0500] "GET /wp-content/plugins/wp-recipe-maker/assets/icons/rating/stars-alt-5.svg HTTP/2.0" 304 0 "https://easysalads.com/easy-5-bean-salad/" "Mozilla/5.0 (Linux; Android 5.0) AppleWebKit/537.36 (KHTML, like Gecko) Mobile Safari/537.36 (compatible; TikTokSpider; [email protected])"
47.128.115.232 - - [04/May/2026:01:31:54 -0500] "GET /wp-content/plugins/wp-recipe-maker/assets/icons/rating/stars-alt-5.svg HTTP/2.0" 206 500 "https://easysalads.com/easy-5-bean-salad/" "Mozilla/5.0 (Linux; Android 5.0) AppleWebKit/537.36 (KHTML, like Gecko) Mobile Safari/537.36 (compatible; TikTokSpider; [email protected])"
47.128.115.232 - - [04/May/2026:01:31:55 -0500] "GET /wp-content/plugins/wp-recipe-maker/assets/icons/rating/stars-alt-5.svg HTTP/2.0" 304 0 "https://easysalads.com/easy-5-bean-salad/" "Mozilla/5.0 (Linux; Android 5.0) AppleWebKit/537.36 (KHTML, like Gecko) Mobile Safari/537.36 (compatible; TikTokSpider; [email protected])"
47.128.115.232 - - [04/May/2026:01:31:55 -0500] "GET /easy-5-bean-salad/ HTTP/2.0" 200 103014 "https://easysalads.com/easy-5-bean-salad/" "Mozilla/5.0 (Linux; Android 5.0) AppleWebKit/537.36 (KHTML, like Gecko) Mobile Safari/537.36 (compatible; TikTokSpider; [email protected])"
47.128.115.232 - - [04/May/2026:01:31:55 -0500] "GET /wp-content/plugins/wp-recipe-maker/assets/icons/rating/stars-alt-5.svg HTTP/2.0" 206 476 "https://easysalads.com/easy-5-bean-salad/" "Mozilla/5.0 (Linux; Android 5.0) AppleWebKit/537.36 (KHTML, like Gecko) Mobile Safari/537.36 (compatible; TikTokSpider; [email protected])"
47.128.115.232 - - [04/May/2026:01:31:55 -0500] "GET /wp-content/plugins/wp-recipe-maker/assets/icons/rating/stars-alt-5.svg HTTP/2.0" 304 0 "https://easysalads.com/easy-5-bean-salad/" "Mozilla/5.0 (Linux; Android 5.0) AppleWebKit/537.36 (KHTML, like Gecko) Mobile Safari/537.36 (compatible; TikTokSpider; [email protected])"
47.128.115.232 - - [04/May/2026:01:31:56 -0500] "GET /easy-5-bean-salad/ HTTP/2.0" 200 103112 "https://easysalads.com/easy-5-bean-salad/" "Mozilla/5.0 (Linux; Android 5.0) AppleWebKit/537.36 (KHTML, like Gecko) Mobile Safari/537.36 (compatible; TikTokSpider; [email protected])"
47.128.115.232 - - [04/May/2026:01:31:56 -0500] "GET /wp-content/plugins/wp-recipe-maker/assets/icons/rating/stars-alt-5.svg HTTP/2.0" 304 0 "https://easysalads.com/easy-5-bean-salad/" "Mozilla/5.0 (Linux; Android 5.0) AppleWebKit/537.36 (KHTML, like Gecko) Mobile Safari/537.36 (compatible; TikTokSpider; [email protected])"
47.128.115.232 - - [04/May/2026:01:31:56 -0500] "GET /wp-content/plugins/wp-recipe-maker/assets/icons/rating/stars-alt-5.svg HTTP/2.0" 206 500 "https://easysalads.com/easy-5-bean-salad/" "Mozilla/5.0 (Linux; Android 5.0) AppleWebKit/537.36 (KHTML, like Gecko) Mobile Safari/537.36 (compatible; TikTokSpider; [email protected])"
47.128.115.232 - - [04/May/2026:01:31:57 -0500] "GET /wp-content/plugins/wp-recipe-maker/assets/icons/rating/stars-alt-5.svg HTTP/2.0" 304 0 "https://easysalads.com/easy-5-bean-salad/" "Mozilla/5.0 (Linux; Android 5.0) AppleWebKit/537.36 (KHTML, like Gecko) Mobile Safari/537.36 (compatible; TikTokSpider; [email protected])"
47.128.115.232 - - [04/May/2026:01:31:57 -0500] "GET /easy-5-bean-salad/ HTTP/2.0" 200 103178 "https://easysalads.com/easy-5-bean-salad/" "Mozilla/5.0 (Linux; Android 5.0) AppleWebKit/537.36 (KHTML, like Gecko) Mobile Safari/537.36 (compatible; TikTokSpider; [email protected])"
47.128.115.232 - - [04/May/2026:01:31:57 -0500] "GET /wp-content/plugins/wp-recipe-maker/assets/icons/rating/stars-alt-5.svg HTTP/2.0" 206 476 "https://easysalads.com/easy-5-bean-salad/" "Mozilla/5.0 (Linux; Android 5.0) AppleWebKit/537.36 (KHTML, like Gecko) Mobile Safari/537.36 (compatible; TikTokSpider; [email protected])"
47.128.115.232 - - [04/May/2026:01:31:57 -0500] "GET /wp-content/plugins/wp-recipe-maker/assets/icons/rating/stars-alt-5.svg HTTP/2.0" 304 0 "https://easysalads.com/easy-5-bean-salad/" "Mozilla/5.0 (Linux; Android 5.0) AppleWebKit/537.36 (KHTML, like Gecko) Mobile Safari/537.36 (compatible; TikTokSpider; [email protected])"
47.128.115.232 - - [04/May/2026:01:31:58 -0500] "GET /easy-5-bean-salad/ HTTP/2.0" 200 103072 "https://easysalads.com/easy-5-bean-salad/" "Mozilla/5.0 (Linux; Android 5.0) AppleWebKit/537.36 (KHTML, like Gecko) Mobile Safari/537.36 (compatible; TikTokSpider; [email protected])"
47.128.115.232 - - [04/May/2026:01:31:58 -0500] "GET /wp-content/plugins/wp-recipe-maker/assets/icons/rating/stars-alt-5.svg HTTP/2.0" 304 0 "https://easysalads.com/easy-5-bean-salad/" "Mozilla/5.0 (Linux; Android 5.0) AppleWebKit/537.36 (KHTML, like Gecko) Mobile Safari/537.36 (compatible; TikTokSpider; [email protected])"
47.128.115.232 - - [04/May/2026:01:31:58 -0500] "GET /wp-content/plugins/wp-recipe-maker/assets/icons/rating/stars-alt-5.svg HTTP/2.0" 206 500 "https://easysalads.com/easy-5-bean-salad/" "Mozilla/5.0 (Linux; Android 5.0) AppleWebKit/537.36 (KHTML, like Gecko) Mobile Safari/537.36 (compatible; TikTokSpider; [email protected])"
47.128.115.232 - - [04/May/2026:01:31:58 -0500] "GET /wp-content/plugins/wp-recipe-maker/assets/icons/rating/stars-alt-5.svg HTTP/2.0" 304 0 "https://easysalads.com/easy-5-bean-salad/" "Mozilla/5.0 (Linux; Android 5.0) AppleWebKit/537.36 (KHTML, like Gecko) Mobile Safari/537.36 (compatible; TikTokSpider; [email protected])"
47.128.115.232 - - [04/May/2026:01:31:58 -0500] "GET /easy-5-bean-salad/ HTTP/2.0" 200 103081 "https://easysalads.com/easy-5-bean-salad/" "Mozilla/5.0 (Linux; Android 5.0) AppleWebKit/537.36 (KHTML, like Gecko) Mobile Safari/537.36 (compatible; TikTokSpider; [email protected])"
47.128.115.232 - - [04/May/2026:01:31:59 -0500] "GET /wp-content/plugins/wp-recipe-maker/assets/icons/rating/stars-alt-5.svg HTTP/2.0" 206 476 "https://easysalads.com/easy-5-bean-salad/" "Mozilla/5.0 (Linux; Android 5.0) AppleWebKit/537.36 (KHTML, like Gecko) Mobile Safari/537.36 (compatible; TikTokSpider; [email protected])"
47.128.115.232 - - [04/May/2026:01:31:59 -0500] "GET /wp-content/plugins/wp-recipe-maker/assets/icons/rating/stars-alt-5.svg HTTP/2.0" 304 0 "https://easysalads.com/easy-5-bean-salad/" "Mozilla/5.0 (Linux; Android 5.0) AppleWebKit/537.36 (KHTML, like Gecko) Mobile Safari/537.36 (compatible; TikTokSpider; [email protected])"
47.128.115.232 - - [04/May/2026:01:31:59 -0500] "GET /wp-content/plugins/wp-recipe-maker/assets/icons/rating/stars-alt-5.svg HTTP/2.0" 304 0 "https://easysalads.com/easy-5-bean-salad/" "Mozilla/5.0 (Linux; Android 5.0) AppleWebKit/537.36 (KHTML, like Gecko) Mobile Safari/537.36 (compatible; TikTokSpider; [email protected])"
47.128.115.232 - - [04/May/2026:01:31:59 -0500] "GET /easy-5-bean-salad/ HTTP/2.0" 200 103044 "https://easysalads.com/easy-5-bean-salad/" "Mozilla/5.0 (Linux; Android 5.0) AppleWebKit/537.36 (KHTML, like Gecko) Mobile Safari/537.36 (compatible; TikTokSpider; [email protected])"
47.128.115.232 - - [04/May/2026:01:32:00 -0500] "GET /wp-content/plugins/wp-recipe-maker/assets/icons/rating/stars-alt-5.svg HTTP/2.0" 206 476 "https://easysalads.com/easy-5-bean-salad/" "Mozilla/5.0 (Linux; Android 5.0) AppleWebKit/537.36 (KHTML, like Gecko) Mobile Safari/537.36 (compatible; TikTokSpider; [email protected])"
47.128.115.232 - - [04/May/2026:01:32:00 -0500] "GET /wp-content/plugins/wp-recipe-maker/assets/icons/rating/stars-alt-5.svg HTTP/2.0" 304 0 "https://easysalads.com/easy-5-bean-salad/" "Mozilla/5.0 (Linux; Android 5.0) AppleWebKit/537.36 (KHTML, like Gecko) Mobile Safari/537.36 (compatible; TikTokSpider; [email protected])"
47.128.115.232 - - [04/May/2026:01:32:00 -0500] "GET /wp-content/plugins/wp-recipe-maker/assets/icons/rating/stars-alt-5.svg HTTP/2.0" 304 0 "https://easysalads.com/easy-5-bean-salad/" "Mozilla/5.0 (Linux; Android 5.0) AppleWebKit/537.36 (KHTML, like Gecko) Mobile Safari/537.36 (compatible; TikTokSpider; [email protected])"
47.128.115.232 - - [04/May/2026:01:32:00 -0500] "GET /easy-5-bean-salad/ HTTP/2.0" 200 103056 "https://easysalads.com/easy-5-bean-salad/" "Mozilla/5.0 (Linux; Android 5.0) AppleWebKit/537.36 (KHTML, like Gecko) Mobile Safari/537.36 (compatible; TikTokSpider; [email protected])"
47.128.115.232 - - [04/May/2026:01:32:01 -0500] "GET /wp-content/plugins/wp-recipe-maker/assets/icons/rating/stars-alt-5.svg HTTP/2.0" 206 476 "https://easysalads.com/easy-5-bean-salad/" "Mozilla/5.0 (Linux; Android 5.0) AppleWebKit/537.36 (KHTML, like Gecko) Mobile Safari/537.36 (compatible; TikTokSpider; [email protected])"
47.128.115.232 - - [04/May/2026:01:32:01 -0500] "GET /wp-content/plugins/wp-recipe-maker/assets/icons/rating/stars-alt-5.svg HTTP/2.0" 304 0 "https://easysalads.com/easy-5-bean-salad/" "Mozilla/5.0 (Linux; Android 5.0) AppleWebKit/537.36 (KHTML, like Gecko) Mobile Safari/537.36 (compatible; TikTokSpider; [email protected])"
47.128.115.232 - - [04/May/2026:01:32:01 -0500] "GET /wp-content/plugins/wp-recipe-maker/assets/icons/rating/stars-alt-5.svg HTTP/2.0" 304 0 "https://easysalads.com/easy-5-bean-salad/" "Mozilla/5.0 (Linux; Android 5.0) AppleWebKit/537.36 (KHTML, like Gecko) Mobile Safari/537.36 (compatible; TikTokSpider; [email protected])"
47.128.115.232 - - [04/May/2026:01:32:01 -0500] "GET /easy-5-bean-salad/ HTTP/2.0" 200 103097 "https://easysalads.com/easy-5-bean-salad/" "Mozilla/5.0 (Linux; Android 5.0) AppleWebKit/537.36 (KHTML, like Gecko) Mobile Safari/537.36 (compatible; TikTokSpider; [email protected])"
47.128.115.232 - - [04/May/2026:01:32:02 -0500] "GET /wp-content/plugins/wp-recipe-maker/assets/icons/rating/stars-alt-5.svg HTTP/2.0" 206 476 "https://easysalads.com/easy-5-bean-salad/" "Mozilla/5.0 (Linux; Android 5.0) AppleWebKit/537.36 (KHTML, like Gecko) Mobile Safari/537.36 (compatible; TikTokSpider; [email protected])"
47.128.115.232 - - [04/May/2026:01:32:02 -0500] "GET /wp-content/plugins/wp-recipe-maker/assets/icons/rating/stars-alt-5.svg HTTP/2.0" 304 0 "https://easysalads.com/easy-5-bean-salad/" "Mozilla/5.0 (Linux; Android 5.0) AppleWebKit/537.36 (KHTML, like Gecko) Mobile Safari/537.36 (compatible; TikTokSpider; [email protected])"
47.128.115.232 - - [04/May/2026:01:32:02 -0500] "GET /wp-content/plugins/wp-recipe-maker/assets/icons/rating/stars-alt-5.svg HTTP/2.0" 304 0 "https://easysalads.com/easy-5-bean-salad/" "Mozilla/5.0 (Linux; Android 5.0) AppleWebKit/537.36 (KHTML, like Gecko) Mobile Safari/537.36 (compatible; TikTokSpider; [email protected])"
47.128.115.232 - - [04/May/2026:01:32:02 -0500] "GET /easy-5-bean-salad/ HTTP/2.0" 200 103068 "https://easysalads.com/easy-5-bean-salad/" "Mozilla/5.0 (Linux; Android 5.0) AppleWebKit/537.36 (KHTML, like Gecko) Mobile Safari/537.36 (compatible; TikTokSpider; [email protected])"
47.128.115.232 - - [04/May/2026:01:32:03 -0500] "GET /wp-content/plugins/wp-recipe-maker/assets/icons/rating/stars-alt-5.svg HTTP/2.0" 206 476 "https://easysalads.com/easy-5-bean-salad/" "Mozilla/5.0 (Linux; Android 5.0) AppleWebKit/537.36 (KHTML, like Gecko) Mobile Safari/537.36 (compatible; TikTokSpider; [email protected])"
47.128.115.232 - - [04/May/2026:01:32:03 -0500] "GET /wp-content/plugins/wp-recipe-maker/assets/icons/rating/stars-alt-5.svg HTTP/2.0" 304 0 "https://easysalads.com/easy-5-bean-salad/" "Mozilla/5.0 (Linux; Android 5.0) AppleWebKit/537.36 (KHTML, like Gecko) Mobile Safari/537.36 (compatible; TikTokSpider; [email protected])"
47.128.115.232 - - [04/May/2026:01:32:03 -0500] "GET /wp-content/plugins/wp-recipe-maker/assets/icons/rating/stars-alt-5.svg HTTP/2.0" 304 0 "https://easysalads.com/easy-5-bean-salad/" "Mozilla/5.0 (Linux; Android 5.0) AppleWebKit/537.36 (KHTML, like Gecko) Mobile Safari/537.36 (compatible; TikTokSpider; [email protected])"
47.128.115.232 - - [04/May/2026:01:32:03 -0500] "GET /easy-5-bean-salad/ HTTP/2.0" 200 103139 "https://easysalads.com/easy-5-bean-salad/" "Mozilla/5.0 (Linux; Android 5.0) AppleWebKit/537.36 (KHTML, like Gecko) Mobile Safari/537.36 (compatible; TikTokSpider; [email protected])"
47.128.115.232 - - [04/May/2026:01:32:04 -0500] "GET /wp-content/plugins/wp-recipe-maker/assets/icons/rating/stars-alt-5.svg HTTP/2.0" 206 476 "https://easysalads.com/easy-5-bean-salad/" "Mozilla/5.0 (Linux; Android 5.0) AppleWebKit/537.36 (KHTML, like Gecko) Mobile Safari/537.36 (compatible; TikTokSpider; [email protected])"
47.128.115.232 - - [04/May/2026:01:32:04 -0500] "GET /wp-content/plugins/wp-recipe-maker/assets/icons/rating/stars-alt-5.svg HTTP/2.0" 304 0 "https://easysalads.com/easy-5-bean-salad/" "Mozilla/5.0 (Linux; Android 5.0) AppleWebKit/537.36 (KHTML, like Gecko) Mobile Safari/537.36 (compatible; TikTokSpider; [email protected])"
47.128.115.232 - - [04/May/2026:01:32:04 -0500] "GET /wp-content/plugins/wp-recipe-maker/assets/icons/rating/stars-alt-5.svg HTTP/2.0" 304 0 "https://easysalads.com/easy-5-bean-salad/" "Mozilla/5.0 (Linux; Android 5.0) AppleWebKit/537.36 (KHTML, like Gecko) Mobile Safari/537.36 (compatible; TikTokSpider; [email protected])"
47.128.115.232 - - [04/May/2026:01:32:04 -0500] "GET /easy-5-bean-salad/ HTTP/2.0" 200 103059 "https://easysalads.com/easy-5-bean-salad/" "Mozilla/5.0 (Linux; Android 5.0) AppleWebKit/537.36 (KHTML, like Gecko) Mobile Safari/537.36 (compatible; TikTokSpider; [email protected])"
47.128.115.232 - - [04/May/2026:01:32:04 -0500] "GET /wp-content/plugins/wp-recipe-maker/assets/icons/rating/stars-alt-5.svg HTTP/2.0" 206 476 "https://easysalads.com/easy-5-bean-salad/" "Mozilla/5.0 (Linux; Android 5.0) AppleWebKit/537.36 (KHTML, like Gecko) Mobile Safari/537.36 (compatible; TikTokSpider; [email protected])"
47.128.115.232 - - [04/May/2026:01:32:04 -0500] "GET /wp-content/plugins/wp-recipe-maker/assets/icons/rating/stars-alt-5.svg HTTP/2.0" 304 0 "https://easysalads.com/easy-5-bean-salad/" "Mozilla/5.0 (Linux; Android 5.0) AppleWebKit/537.36 (KHTML, like Gecko) Mobile Safari/537.36 (compatible; TikTokSpider; [email protected])"
47.128.115.232 - - [04/May/2026:01:32:05 -0500] "GET /wp-content/plugins/wp-recipe-maker/assets/icons/rating/stars-alt-5.svg HTTP/2.0" 304 0 "https://easysalads.com/easy-5-bean-salad/" "Mozilla/5.0 (Linux; Android 5.0) AppleWebKit/537.36 (KHTML, like Gecko) Mobile Safari/537.36 (compatible; TikTokSpider; [email protected])"
154.18.244.252 - - [04/May/2026:01:32:05 -0500] "POST /wp-cron.php?doing_wp_cron=1777876325.5561800003051757812500 HTTP/1.1" 200 11 "-" "WordPress/6.9.4; https://easysalads.com"
47.128.115.232 - - [04/May/2026:01:32:05 -0500] "GET /easy-5-bean-salad/ HTTP/2.0" 200 103051 "https://easysalads.com/easy-5-bean-salad/" "Mozilla/5.0 (Linux; Android 5.0) AppleWebKit/537.36 (KHTML, like Gecko) Mobile Safari/537.36 (compatible; TikTokSpider; [email protected])"
47.128.115.232 - - [04/May/2026:01:32:05 -0500] "GET /wp-content/plugins/wp-recipe-maker/assets/icons/rating/stars-alt-5.svg HTTP/2.0" 206 476 "https://easysalads.com/easy-5-bean-salad/" "Mozilla/5.0 (Linux; Android 5.0) AppleWebKit/537.36 (KHTML, like Gecko) Mobile Safari/537.36 (compatible; TikTokSpider; [email protected])"
47.128.115.232 - - [04/May/2026:01:32:05 -0500] "GET /wp-content/plugins/wp-recipe-maker/assets/icons/rating/stars-alt-5.svg HTTP/2.0" 304 0 "https://easysalads.com/easy-5-bean-salad/" "Mozilla/5.0 (Linux; Android 5.0) AppleWebKit/537.36 (KHTML, like Gecko) Mobile Safari/537.36 (compatible; TikTokSpider; [email protected])"
47.128.115.232 - - [04/May/2026:01:32:06 -0500] "GET /wp-content/plugins/wp-recipe-maker/assets/icons/rating/stars-alt-5.svg HTTP/2.0" 304 0 "https://easysalads.com/easy-5-bean-salad/" "Mozilla/5.0 (Linux; Android 5.0) AppleWebKit/537.36 (KHTML, like Gecko) Mobile Safari/537.36 (compatible; TikTokSpider; [email protected])"
47.128.115.232 - - [04/May/2026:01:32:06 -0500] "GET /easy-5-bean-salad/ HTTP/2.0" 200 103119 "https://easysalads.com/easy-5-bean-salad/" "Mozilla/5.0 (Linux; Android 5.0) AppleWebKit/537.36 (KHTML, like Gecko) Mobile Safari/537.36 (compatible; TikTokSpider; [email protected])"
47.128.115.232 - - [04/May/2026:01:32:06 -0500] "GET /wp-content/plugins/wp-recipe-maker/assets/icons/rating/stars-alt-5.svg HTTP/2.0" 206 476 "https://easysalads.com/easy-5-bean-salad/" "Mozilla/5.0 (Linux; Android 5.0) AppleWebKit/537.36 (KHTML, like Gecko) Mobile Safari/537.36 (compatible; TikTokSpider; [email protected])"
47.128.115.232 - - [04/May/2026:01:32:06 -0500] "GET /wp-content/plugins/wp-recipe-maker/assets/icons/rating/stars-alt-5.svg HTTP/2.0" 304 0 "https://easysalads.com/easy-5-bean-salad/" "Mozilla/5.0 (Linux; Android 5.0) AppleWebKit/537.36 (KHTML, like Gecko) Mobile Safari/537.36 (compatible; TikTokSpider; [email protected])"
47.128.115.232 - - [04/May/2026:01:32:07 -0500] "GET /easy-5-bean-salad/ HTTP/2.0" 200 103178 "https://easysalads.com/easy-5-bean-salad/" "Mozilla/5.0 (Linux; Android 5.0) AppleWebKit/537.36 (KHTML, like Gecko) Mobile Safari/537.36 (compatible; TikTokSpider; [email protected])"
47.128.115.232 - - [04/May/2026:01:32:07 -0500] "GET /wp-content/plugins/wp-recipe-maker/assets/icons/rating/stars-alt-5.svg HTTP/2.0" 304 0 "https://easysalads.com/easy-5-bean-salad/" "Mozilla/5.0 (Linux; Android 5.0) AppleWebKit/537.36 (KHTML, like Gecko) Mobile Safari/537.36 (compatible; TikTokSpider; [email protected])"
47.128.115.232 - - [04/May/2026:01:32:07 -0500] "GET /wp-content/plugins/wp-recipe-maker/assets/icons/rating/stars-alt-5.svg HTTP/2.0" 206 500 "https://easysalads.com/easy-5-bean-salad/" "Mozilla/5.0 (Linux; Android 5.0) AppleWebKit/537.36 (KHTML, like Gecko) Mobile Safari/537.36 (compatible; TikTokSpider; [email protected])"
47.128.115.232 - - [04/May/2026:01:32:08 -0500] "GET /easy-5-bean-salad/ HTTP/2.0" 200 103089 "https://easysalads.com/easy-5-bean-salad/" "Mozilla/5.0 (Linux; Android 5.0) AppleWebKit/537.36 (KHTML, like Gecko) Mobile Safari/537.36 (compatible; TikTokSpider; [email protected])"
47.128.115.232 - - [04/May/2026:01:32:08 -0500] "GET /wp-content/plugins/wp-recipe-maker/assets/icons/rating/stars-alt-5.svg HTTP/2.0" 304 0 "https://easysalads.com/easy-5-bean-salad/" "Mozilla/5.0 (Linux; Android 5.0) AppleWebKit/537.36 (KHTML, like Gecko) Mobile Safari/537.36 (compatible; TikTokSpider; [email protected])"
47.128.115.232 - - [04/May/2026:01:32:08 -0500] "GET /wp-content/plugins/wp-recipe-maker/assets/icons/rating/stars-alt-5.svg HTTP/2.0" 206 500 "https://easysalads.com/easy-5-bean-salad/" "Mozilla/5.0 (Linux; Android 5.0) AppleWebKit/537.36 (KHTML, like Gecko) Mobile Safari/537.36 (compatible; TikTokSpider; [email protected])"
47.128.115.232 - - [04/May/2026:01:32:09 -0500] "GET /wp-content/plugins/wp-recipe-maker/assets/icons/rating/stars-alt-5.svg HTTP/2.0" 304 0 "https://easysalads.com/easy-5-bean-salad/" "Mozilla/5.0 (Linux; Android 5.0) AppleWebKit/537.36 (KHTML, like Gecko) Mobile Safari/537.36 (compatible; TikTokSpider; [email protected])"
47.128.115.232 - - [04/May/2026:01:32:09 -0500] "GET /easy-5-bean-salad/ HTTP/2.0" 200 103091 "https://easysalads.com/easy-5-bean-salad/" "Mozilla/5.0 (Linux; Android 5.0) AppleWebKit/537.36 (KHTML, like Gecko) Mobile Safari/537.36 (compatible; TikTokSpider; [email protected])"
47.128.115.232 - - [04/May/2026:01:32:09 -0500] "GET /wp-content/plugins/wp-recipe-maker/assets/icons/rating/stars-alt-5.svg HTTP/2.0" 206 476 "https://easysalads.com/easy-5-bean-salad/" "Mozilla/5.0 (Linux; Android 5.0) AppleWebKit/537.36 (KHTML, like Gecko) Mobile Safari/537.36 (compatible; TikTokSpider; [email protected])"
47.128.115.232 - - [04/May/2026:01:32:09 -0500] "GET /wp-content/plugins/wp-recipe-maker/assets/icons/rating/stars-alt-5.svg HTTP/2.0" 304 0 "https://easysalads.com/easy-5-bean-salad/" "Mozilla/5.0 (Linux; Android 5.0) AppleWebKit/537.36 (KHTML, like Gecko) Mobile Safari/537.36 (compatible; TikTokSpider; [email protected])"
47.128.115.232 - - [04/May/2026:01:32:10 -0500] "GET /wp-content/plugins/wp-recipe-maker/assets/icons/rating/stars-alt-5.svg HTTP/2.0" 304 0 "https://easysalads.com/easy-5-bean-salad/" "Mozilla/5.0 (Linux; Android 5.0) AppleWebKit/537.36 (KHTML, like Gecko) Mobile Safari/537.36 (compatible; TikTokSpider; [email protected])"
47.128.115.232 - - [04/May/2026:01:32:10 -0500] "GET /easy-5-bean-salad/ HTTP/2.0" 200 103136 "https://easysalads.com/easy-5-bean-salad/" "Mozilla/5.0 (Linux; Android 5.0) AppleWebKit/537.36 (KHTML, like Gecko) Mobile Safari/537.36 (compatible; TikTokSpider; [email protected])"
47.128.115.232 - - [04/May/2026:01:32:10 -0500] "GET /wp-content/plugins/wp-recipe-maker/assets/icons/rating/stars-alt-5.svg HTTP/2.0" 206 476 "https://easysalads.com/easy-5-bean-salad/" "Mozilla/5.0 (Linux; Android 5.0) AppleWebKit/537.36 (KHTML, like Gecko) Mobile Safari/537.36 (compatible; TikTokSpider; [email protected])"
47.128.115.232 - - [04/May/2026:01:32:10 -0500] "GET /wp-content/plugins/wp-recipe-maker/assets/icons/rating/stars-alt-5.svg HTTP/2.0" 304 0 "https://easysalads.com/easy-5-bean-salad/" "Mozilla/5.0 (Linux; Android 5.0) AppleWebKit/537.36 (KHTML, like Gecko) Mobile Safari/537.36 (compatible; TikTokSpider; [email protected])"
47.128.115.232 - - [04/May/2026:01:32:11 -0500] "GET /easy-5-bean-salad/ HTTP/2.0" 200 103104 "https://easysalads.com/easy-5-bean-salad/" "Mozilla/5.0 (Linux; Android 5.0) AppleWebKit/537.36 (KHTML, like Gecko) Mobile Safari/537.36 (compatible; TikTokSpider; [email protected])"
47.128.115.232 - - [04/May/2026:01:32:11 -0500] "GET /wp-content/plugins/wp-recipe-maker/assets/icons/rating/stars-alt-5.svg HTTP/2.0" 304 0 "https://easysalads.com/easy-5-bean-salad/" "Mozilla/5.0 (Linux; Android 5.0) AppleWebKit/537.36 (KHTML, like Gecko) Mobile Safari/537.36 (compatible; TikTokSpider; [email protected])"
47.128.115.232 - - [04/May/2026:01:32:11 -0500] "GET /wp-content/plugins/wp-recipe-maker/assets/icons/rating/stars-alt-5.svg HTTP/2.0" 304 0 "https://easysalads.com/easy-5-bean-salad/" "Mozilla/5.0 (Linux; Android 5.0) AppleWebKit/537.36 (KHTML, like Gecko) Mobile Safari/537.36 (compatible; TikTokSpider; [email protected])"
47.128.115.232 - - [04/May/2026:01:32:12 -0500] "GET /easy-5-bean-salad/ HTTP/2.0" 200 103048 "https://easysalads.com/easy-5-bean-salad/" "Mozilla/5.0 (Linux; Android 5.0) AppleWebKit/537.36 (KHTML, like Gecko) Mobile Safari/537.36 (compatible; TikTokSpider; [email protected])"
47.128.115.232 - - [04/May/2026:01:32:12 -0500] "GET /wp-content/plugins/wp-recipe-maker/assets/icons/rating/stars-alt-5.svg HTTP/2.0" 304 0 "https://easysalads.com/easy-5-bean-salad/" "Mozilla/5.0 (Linux; Android 5.0) AppleWebKit/537.36 (KHTML, like Gecko) Mobile Safari/537.36 (compatible; TikTokSpider; [email protected])"
47.128.115.232 - - [04/May/2026:01:32:12 -0500] "GET /wp-content/plugins/wp-recipe-maker/assets/icons/rating/stars-alt-5.svg HTTP/2.0" 206 500 "https://easysalads.com/easy-5-bean-salad/" "Mozilla/5.0 (Linux; Android 5.0) AppleWebKit/537.36 (KHTML, like Gecko) Mobile Safari/537.36 (compatible; TikTokSpider; [email protected])"
47.128.115.232 - - [04/May/2026:01:32:13 -0500] "GET /wp-content/plugins/wp-recipe-maker/assets/icons/rating/stars-alt-5.svg HTTP/2.0" 304 0 "https://easysalads.com/easy-5-bean-salad/" "Mozilla/5.0 (Linux; Android 5.0) AppleWebKit/537.36 (KHTML, like Gecko) Mobile Safari/537.36 (compatible; TikTokSpider; [email protected])"
47.128.115.232 - - [04/May/2026:01:32:13 -0500] "GET /easy-5-bean-salad/ HTTP/2.0" 200 103165 "https://easysalads.com/easy-5-bean-salad/" "Mozilla/5.0 (Linux; Android 5.0) AppleWebKit/537.36 (KHTML, like Gecko) Mobile Safari/537.36 (compatible; TikTokSpider; [email protected])"
47.128.115.232 - - [04/May/2026:01:32:13 -0500] "GET /wp-content/plugins/wp-recipe-maker/assets/icons/rating/stars-alt-5.svg HTTP/2.0" 206 476 "https://easysalads.com/easy-5-bean-salad/" "Mozilla/5.0 (Linux; Android 5.0) AppleWebKit/537.36 (KHTML, like Gecko) Mobile Safari/537.36 (compatible; TikTokSpider; [email protected])"
47.128.115.232 - - [04/May/2026:01:32:13 -0500] "GET /wp-content/plugins/wp-recipe-maker/assets/icons/rating/stars-alt-5.svg HTTP/2.0" 304 0 "https://easysalads.com/easy-5-bean-salad/" "Mozilla/5.0 (Linux; Android 5.0) AppleWebKit/537.36 (KHTML, like Gecko) Mobile Safari/537.36 (compatible; TikTokSpider; [email protected])"
3.85.78.169 - - [04/May/2026:01:33:01 -0500] "GET /summer-orzo-salad/ HTTP/1.1" 200 127747 "-" "Mozilla/5.0 (compatible; proximic; +https://www.comscore.com/Web-Crawler)"
35.208.100.131 - - [04/May/2026:01:33:03 -0500] "GET / HTTP/2.0" 200 91569 "http://www.easysalads.com/" "Mozilla/5.0 (Macintosh; Intel Mac OS X 10_15_7) AppleWebKit/537.36 (KHTML, like Gecko) Chrome/135.0.0.0 Safari/537.36"
154.18.244.252 - - [04/May/2026:01:33:03 -0500] "POST /wp-cron.php?doing_wp_cron=1777876383.8152740001678466796875 HTTP/1.1" 200 11 "-" "WordPress/6.9.4; https://easysalads.com"
35.208.100.131 - - [04/May/2026:01:33:03 -0500] "GET /app/ HTTP/2.0" 301 0 "-" "Mozilla/5.0 (Macintosh; Intel Mac OS X 10_15_7) AppleWebKit/537.36 (KHTML, like Gecko) Chrome/135.0.0.0 Safari/537.36"
35.208.100.131 - - [04/May/2026:01:33:03 -0500] "GET /apple-pecan-and-blue-cheese-salad/ HTTP/2.0" 200 106022 "https://easysalads.com/app/" "Mozilla/5.0 (Macintosh; Intel Mac OS X 10_15_7) AppleWebKit/537.36 (KHTML, like Gecko) Chrome/135.0.0.0 Safari/537.36"
35.208.100.131 - - [04/May/2026:01:33:04 -0500] "GET /login/ HTTP/2.0" 302 0 "-" "Mozilla/5.0 (Macintosh; Intel Mac OS X 10_15_7) AppleWebKit/537.36 (KHTML, like Gecko) Chrome/135.0.0.0 Safari/537.36"
35.208.100.131 - - [04/May/2026:01:33:04 -0500] "GET /wp-login.php HTTP/2.0" 200 1882 "https://easysalads.com/login/" "Mozilla/5.0 (Macintosh; Intel Mac OS X 10_15_7) AppleWebKit/537.36 (KHTML, like Gecko) Chrome/135.0.0.0 Safari/537.36"
35.208.100.131 - - [04/May/2026:01:33:04 -0500] "GET /wp-includes/js/zxcvbn.min.js HTTP/2.0" 200 388409 "-" "Mozilla/5.0 (Macintosh; Intel Mac OS X 10_15_7) AppleWebKit/537.36 (KHTML, like Gecko) Chrome/135.0.0.0 Safari/537.36"
57.128.189.19 - - [04/May/2026:01:33:04 -0500] "GET /?nocache=1777876322 HTTP/2.0" 200 89175 "-" "BigScootsMonitor Mozilla/5.0 (Windows NT 10.0; Win64; x64) AppleWebKit/537.36 (KHTML, like Gecko) Chrome/74.0.3729.169 Safari/537.36"
35.208.100.131 - - [04/May/2026:01:33:05 -0500] "GET /wp-includes/js/zxcvbn.min.js.map HTTP/2.0" 404 75411 "-" "Mozilla/5.0 (Macintosh; Intel Mac OS X 10_15_7) AppleWebKit/537.36 (KHTML, like Gecko) Chrome/135.0.0.0 Safari/537.36"
51.222.136.175 - - [04/May/2026:01:33:05 -0500] "GET /?nocache=1777876322 HTTP/2.0" 200 89175 "-" "BigScootsMonitor Mozilla/5.0 (Windows NT 10.0; Win64; x64) AppleWebKit/537.36 (KHTML, like Gecko) Chrome/74.0.3729.169 Safari/537.36"
208.109.188.137 - - [04/May/2026:01:34:38 -0500] "GET /wp-login.php HTTP/2.0" 444 0 "-" "Mozilla/5.0 (Windows NT 10.0; Win64; x64) AppleWebKit/537.36 (KHTML, like Gecko) Chrome/65.0.3325.181 Safari/537.36 OPR/52.0.2871.40"
154.18.244.252 - - [04/May/2026:01:35:03 -0500] "POST /wp-cron.php?doing_wp_cron=1777876503.9623498916625976562500 HTTP/1.1" 200 11 "-" "WordPress/6.9.4; https://easysalads.com"
57.128.189.19 - - [04/May/2026:01:35:03 -0500] "GET /?nocache=1777876441 HTTP/2.0" 200 89175 "-" "BigScootsMonitor Mozilla/5.0 (Windows NT 10.0; Win64; x64) AppleWebKit/537.36 (KHTML, like Gecko) Chrome/74.0.3729.169 Safari/537.36"
51.222.136.175 - - [04/May/2026:01:35:04 -0500] "GET /?nocache=1777876441 HTTP/2.0" 200 89175 "-" "BigScootsMonitor Mozilla/5.0 (Windows NT 10.0; Win64; x64) AppleWebKit/537.36 (KHTML, like Gecko) Chrome/74.0.3729.169 Safari/537.36"
121.200.217.27 - - [04/May/2026:01:35:11 -0500] "GET /wp-login.php HTTP/2.0" 444 0 "-" "Mozilla/5.0 (Windows NT 10.0; WOW64; Trident/7.0; MANM; rv:11.0) like Gecko"
3.221.108.102 - - [04/May/2026:01:35:16 -0500] "GET /wp-admin/admin-ajax.php?action=mv_debug HTTP/1.1" 400 11 "-" "Mozilla/5.0 (Macintosh; Intel Mac OS X 10_15_7) AppleWebKit/537.36 (KHTML, like Gecko) Chrome/93.0.4577.82 Safari/537.36"
100.54.245.1 - - [04/May/2026:01:35:21 -0500] "GET /ads.txt HTTP/2.0" 301 0 "-" "APS-ad-standards-bot/1.0 (fetches ads.txt, app-ads.txt, sellers.json)"
66.249.66.76 - - [04/May/2026:01:35:24 -0500] "GET /wp-content/uploads/2023/04/Michigan-Salad-01.jpg HTTP/1.1" 200 996070 "-" "Googlebot-Image/1.0"
154.18.244.252 - - [04/May/2026:01:36:41 -0500] "POST /wp-cron.php?doing_wp_cron=1777876601.2255680561065673828125 HTTP/1.1" 200 11 "-" "WordPress/6.9.4; https://easysalads.com"
35.162.11.205 - - [04/May/2026:01:36:41 -0500] "GET /ads.txt HTTP/1.1" 301 5 "-" "Mozilla/5.0 (Macintosh; Intel Mac OS X 10_15_7) AppleWebKit/537.36 (KHTML, like Gecko) Chrome/129.0.0.0 Safari/537.36"
154.18.244.252 - - [04/May/2026:01:37:04 -0500] "POST /wp-cron.php?doing_wp_cron=1777876624.1249880790710449218750 HTTP/1.1" 200 11 "-" "WordPress/6.9.4; https://easysalads.com"
57.128.189.19 - - [04/May/2026:01:37:04 -0500] "GET /?nocache=1777876561 HTTP/2.0" 200 89176 "-" "BigScootsMonitor Mozilla/5.0 (Windows NT 10.0; Win64; x64) AppleWebKit/537.36 (KHTML, like Gecko) Chrome/74.0.3729.169 Safari/537.36"
51.222.136.175 - - [04/May/2026:01:37:05 -0500] "GET /?nocache=1777876561 HTTP/2.0" 200 89176 "-" "BigScootsMonitor Mozilla/5.0 (Windows NT 10.0; Win64; x64) AppleWebKit/537.36 (KHTML, like Gecko) Chrome/74.0.3729.169 Safari/537.36"
34.229.53.118 - - [04/May/2026:01:37:51 -0500] "GET /crispy-chicken-caesar-pasta-salad/ HTTP/1.1" 200 128758 "-" "Mozilla/5.0 (compatible; proximic; +https://www.comscore.com/Web-Crawler)"
182.161.74.68 - - [04/May/2026:01:37:53 -0500] "GET /crispy-chicken-caesar-pasta-salad/ HTTP/1.1" 200 128758 "-" "CriteoBot/0.1 (+https://www.criteo.com/criteo-crawler/)"
182.161.74.74 - - [04/May/2026:01:37:53 -0500] "GET /crispy-chicken-caesar-pasta-salad/ HTTP/1.1" 200 128758 "-" "CriteoBot/0.1 (+https://www.criteo.com/criteo-crawler/)"
182.161.74.96 - - [04/May/2026:01:37:53 -0500] "GET /crispy-chicken-caesar-pasta-salad/ HTTP/1.1" 200 128758 "-" "CriteoBot/0.1 (+https://www.criteo.com/criteo-crawler/)"
182.161.74.74 - - [04/May/2026:01:37:53 -0500] "GET /crispy-chicken-caesar-pasta-salad/ HTTP/1.1" 200 128758 "-" "CriteoBot/0.1 (+https://www.criteo.com/criteo-crawler/)"
154.18.244.252 - - [04/May/2026:01:39:04 -0500] "POST /wp-cron.php?doing_wp_cron=1777876744.4583599567413330078125 HTTP/1.1" 200 11 "-" "WordPress/6.9.4; https://easysalads.com"
57.128.189.19 - - [04/May/2026:01:39:04 -0500] "GET /?nocache=1777876681 HTTP/2.0" 200 89175 "-" "BigScootsMonitor Mozilla/5.0 (Windows NT 10.0; Win64; x64) AppleWebKit/537.36 (KHTML, like Gecko) Chrome/74.0.3729.169 Safari/537.36"
51.222.136.175 - - [04/May/2026:01:39:04 -0500] "GET /?nocache=1777876681 HTTP/2.0" 200 89175 "-" "BigScootsMonitor Mozilla/5.0 (Windows NT 10.0; Win64; x64) AppleWebKit/537.36 (KHTML, like Gecko) Chrome/74.0.3729.169 Safari/537.36"
100.28.194.104 - - [04/May/2026:01:39:21 -0500] "GET /wp-json/wp/v2/users?order=asc&per_page=100&page=5 HTTP/2.0" 200 6 "-" "Mozilla/5.0 (Windows NT 10.0; Win64; x64)AppleWebKit/537.36 (KHTML, like Gecko)Chrome/145.0.0.0 Safari/537.36 Edg/145.0.0.0"
100.28.194.104 - - [04/May/2026:01:39:21 -0500] "GET /wp-json/wp/v2/users?order=asc&per_page=100&page=3 HTTP/2.0" 200 6 "-" "Mozilla/5.0 (Windows NT 10.0; Win64; x64)AppleWebKit/537.36 (KHTML, like Gecko)Chrome/145.0.0.0 Safari/537.36 Edg/145.0.0.0"
100.28.194.104 - - [04/May/2026:01:39:21 -0500] "GET /wp-json/wp/v2/users?order=asc&per_page=100&page=4 HTTP/2.0" 200 6 "-" "Mozilla/5.0 (Windows NT 10.0; Win64; x64)AppleWebKit/537.36 (KHTML, like Gecko)Chrome/145.0.0.0 Safari/537.36 Edg/145.0.0.0"
100.28.194.104 - - [04/May/2026:01:39:21 -0500] "GET /wp-json/wp/v2/users?order=asc&per_page=100&page=1 HTTP/2.0" 200 518 "-" "Mozilla/5.0 (Windows NT 10.0; Win64; x64)AppleWebKit/537.36 (KHTML, like Gecko)Chrome/145.0.0.0 Safari/537.36 Edg/145.0.0.0"
100.28.194.104 - - [04/May/2026:01:39:22 -0500] "GET /wp-json/wp/v2/users?order=asc&per_page=100&page=2 HTTP/2.0" 200 6 "-" "Mozilla/5.0 (Windows NT 10.0; Win64; x64)AppleWebKit/537.36 (KHTML, like Gecko)Chrome/145.0.0.0 Safari/537.36 Edg/145.0.0.0"
54.152.161.156 - - [04/May/2026:01:39:24 -0500] "GET /crispy-chicken-caesar-pasta-salad/ HTTP/1.1" 200 128758 "-" "Mozilla/5.0 (compatible; proximic; +https://www.comscore.com/Web-Crawler)"
66.249.66.77 - - [04/May/2026:01:39:41 -0500] "GET /wp-content/uploads/2023/04/Michigan-Salad-00.jpg HTTP/1.1" 200 1562094 "-" "Googlebot-Image/1.0"
57.141.0.50 - - [04/May/2026:01:40:58 -0500] "GET /classic-chicken-salad/ HTTP/2.0" 200 540373 "-" "meta-externalagent/1.1 (+https://developers.facebook.com/docs/sharing/webmasters/crawler)"
154.18.244.252 - - [04/May/2026:01:41:04 -0500] "POST /wp-cron.php?doing_wp_cron=1777876864.6982328891754150390625 HTTP/1.1" 200 11 "-" "WordPress/6.9.4; https://easysalads.com"
57.128.189.19 - - [04/May/2026:01:41:04 -0500] "GET /?nocache=1777876801 HTTP/2.0" 200 89175 "-" "BigScootsMonitor Mozilla/5.0 (Windows NT 10.0; Win64; x64) AppleWebKit/537.36 (KHTML, like Gecko) Chrome/74.0.3729.169 Safari/537.36"
154.18.244.252 - - [04/May/2026:01:41:04 -0500] "POST /wp-cron.php?doing_wp_cron=1777876864.8788011074066162109375 HTTP/1.1" 200 11 "-" "WordPress/6.9.4; https://easysalads.com"
51.222.136.175 - - [04/May/2026:01:41:04 -0500] "GET /?nocache=1777876801 HTTP/2.0" 200 89175 "-" "BigScootsMonitor Mozilla/5.0 (Windows NT 10.0; Win64; x64) AppleWebKit/537.36 (KHTML, like Gecko) Chrome/74.0.3729.169 Safari/537.36"
72.167.150.128 - - [04/May/2026:01:41:11 -0500] "GET /wp-login.php HTTP/2.0" 444 0 "-" "Mozilla/5.0 (X11; Linux x86_64) AppleWebKit/537.36 (KHTML, like Gecko) Chrome/65.0.3325.146 Safari/537.36"
66.249.66.198 - - [04/May/2026:01:42:58 -0500] "GET /wp-content/uploads/2023/04/Michigan-Salad-01-500x500.jpg HTTP/1.1" 200 85982 "-" "Googlebot-Image/1.0"
154.18.244.252 - - [04/May/2026:01:43:03 -0500] "POST /wp-cron.php?doing_wp_cron=1777876983.8913149833679199218750 HTTP/1.1" 200 11 "-" "WordPress/6.9.4; https://easysalads.com"
57.128.189.19 - - [04/May/2026:01:43:03 -0500] "GET /?nocache=1777876921 HTTP/2.0" 200 89175 "-" "BigScootsMonitor Mozilla/5.0 (Windows NT 10.0; Win64; x64) AppleWebKit/537.36 (KHTML, like Gecko) Chrome/74.0.3729.169 Safari/537.36"
51.222.136.175 - - [04/May/2026:01:43:04 -0500] "GET /?nocache=1777876921 HTTP/2.0" 200 89175 "-" "BigScootsMonitor Mozilla/5.0 (Windows NT 10.0; Win64; x64) AppleWebKit/537.36 (KHTML, like Gecko) Chrome/74.0.3729.169 Safari/537.36"
138.197.106.215 - - [04/May/2026:01:43:15 -0500] "GET /wp-login.php HTTP/2.0" 444 0 "-" "Mozilla/5.0 (X11; Linux x86_64) AppleWebKit/537.36 (KHTML, like Gecko) Chrome/66.0.3359.139 Safari/537.36"
72.63.128.118 - - [04/May/2026:01:43:16 -0500] "GET /wprm_print/82783 HTTP/2.0" 302 0 "-" "Mozilla/5.0 (Linux; Android 6.0; Nexus 5 Build/MRA58N) AppleWebKit/537.36 (KHTML, like Gecko) Chrome/56.0.9741.1576 Mobile Safari/537.36"
72.63.128.118 - - [04/May/2026:01:43:17 -0500] "GET / HTTP/2.0" 200 89176 "-" "Mozilla/5.0 (Linux; Android 6.0; Nexus 5 Build/MRA58N) AppleWebKit/537.36 (KHTML, like Gecko) Chrome/56.0.9741.1576 Mobile Safari/537.36"
72.63.128.118 - - [04/May/2026:01:43:19 -0500] "GET /wp-content/uploads/2022/09/panera-tomato-basil-cucumber-salad-00-150x225.jpg HTTP/2.0" 206 500 "https://easysalads.com/" "Mozilla/5.0 (Linux; Android 6.0; Nexus 5 Build/MRA58N) AppleWebKit/537.36 (KHTML, like Gecko) Chrome/56.0.9741.1576 Mobile Safari/537.36"
154.18.244.252 - - [04/May/2026:01:45:04 -0500] "POST /wp-cron.php?doing_wp_cron=1777877104.2067921161651611328125 HTTP/1.1" 200 11 "-" "WordPress/6.9.4; https://easysalads.com"
57.128.189.19 - - [04/May/2026:01:45:04 -0500] "GET /?nocache=1777877041 HTTP/2.0" 200 89175 "-" "BigScootsMonitor Mozilla/5.0 (Windows NT 10.0; Win64; x64) AppleWebKit/537.36 (KHTML, like Gecko) Chrome/74.0.3729.169 Safari/537.36"
51.222.136.175 - - [04/May/2026:01:45:05 -0500] "GET /?nocache=1777877041 HTTP/2.0" 200 89175 "-" "BigScootsMonitor Mozilla/5.0 (Windows NT 10.0; Win64; x64) AppleWebKit/537.36 (KHTML, like Gecko) Chrome/74.0.3729.169 Safari/537.36"
154.18.244.252 - - [04/May/2026:01:47:04 -0500] "POST /wp-cron.php?doing_wp_cron=1777877224.1126930713653564453125 HTTP/1.1" 200 11 "-" "WordPress/6.9.4; https://easysalads.com"
57.128.189.19 - - [04/May/2026:01:47:04 -0500] "GET /?nocache=1777877161 HTTP/2.0" 200 89176 "-" "BigScootsMonitor Mozilla/5.0 (Windows NT 10.0; Win64; x64) AppleWebKit/537.36 (KHTML, like Gecko) Chrome/74.0.3729.169 Safari/537.36"
51.222.136.175 - - [04/May/2026:01:47:05 -0500] "GET /?nocache=1777877161 HTTP/2.0" 200 89176 "-" "BigScootsMonitor Mozilla/5.0 (Windows NT 10.0; Win64; x64) AppleWebKit/537.36 (KHTML, like Gecko) Chrome/74.0.3729.169 Safari/537.36"
69.171.230.20 - - [04/May/2026:01:47:13 -0500] "GET / HTTP/2.0" 200 536589 "-" "meta-webindexer/1.1 (+https://developers.facebook.com/docs/sharing/webmasters/crawler)"
66.249.66.75 - - [04/May/2026:01:47:15 -0500] "GET /wp-content/uploads/2024/02/mediterranean-cucumber-salad-03.jpg HTTP/1.1" 200 680324 "-" "Googlebot-Image/1.0"
146.190.155.17 - - [04/May/2026:01:48:02 -0500] "POST /wp-login.php HTTP/1.1" 444 0 "-" "Mozilla/5.0 (Windows NT 10.0; Win64; x64; rv:142.0) Gecko/20100101 Firefox/142.0"
154.18.244.252 - - [04/May/2026:01:49:02 -0500] "POST /wp-cron.php?doing_wp_cron=1777877342.1287429332733154296875 HTTP/1.1" 200 11 "-" "WordPress/6.9.4; https://easysalads.com"
69.167.32.19 - - [04/May/2026:01:49:03 -0500] "GET /cucumber-strawberry-salad/ HTTP/1.0" 200 558658 "https://easysalads.com/cucumber-strawberry-salad/" "Mozilla/5.0 (Windows NT 10.0; Win64; x64) AppleWebKit/537.36 (KHTML, like Gecko) Chrome/131.0.0.0 Safari/537.36"
57.128.189.19 - - [04/May/2026:01:49:04 -0500] "GET /?nocache=1777877281 HTTP/2.0" 200 89175 "-" "BigScootsMonitor Mozilla/5.0 (Windows NT 10.0; Win64; x64) AppleWebKit/537.36 (KHTML, like Gecko) Chrome/74.0.3729.169 Safari/537.36"
51.222.136.175 - - [04/May/2026:01:49:05 -0500] "GET /?nocache=1777877281 HTTP/2.0" 200 89175 "-" "BigScootsMonitor Mozilla/5.0 (Windows NT 10.0; Win64; x64) AppleWebKit/537.36 (KHTML, like Gecko) Chrome/74.0.3729.169 Safari/537.36"
69.167.32.19 - - [04/May/2026:01:49:12 -0500] "POST /wp-comments-post.php HTTP/1.0" 403 2571 "https://easysalads.com/cucumber-strawberry-salad/" "Mozilla/5.0 (Windows NT 10.0; Win64; x64) AppleWebKit/537.36 (KHTML, like Gecko) Chrome/131.0.0.0 Safari/537.36"
44.199.118.85 - - [04/May/2026:01:49:35 -0500] "GET /ads.txt HTTP/1.1" 301 5 "-" "Trade Desk ads.txt & sellers.json crawler"
35.212.81.89 - - [04/May/2026:01:49:44 -0500] "GET /ads.txt HTTP/2.0" 301 0 "-" "Mozilla/5.0 (Macintosh; Intel Mac OS X 10_12_6) AppleWebKit/537.36 (KHTML, like Gecko) Chrome/63.0.3239.84 Safari/537.36"
209.42.27.89 - - [04/May/2026:01:49:53 -0500] "GET /wp-login.php HTTP/2.0" 200 1882 "-" "Mozilla/5.0 (Macintosh; Intel Mac OS X 10_13_4) AppleWebKit/537.36 (KHTML, like Gecko) Chrome/67.0.3396.62 Safari/537.36"
209.42.27.89 - - [04/May/2026:01:49:53 -0500] "POST /wp-login.php HTTP/2.0" 200 2018 "https://easysalads.com/wp-login.php" "Mozilla/5.0 (Macintosh; Intel Mac OS X 10_13_4) AppleWebKit/537.36 (KHTML, like Gecko) Chrome/67.0.3396.62 Safari/537.36"
172.56.31.228 - - [04/May/2026:01:50:35 -0500] "GET /lemon-orzo-salad-feta/ HTTP/1.1" 200 101416 "-" "Mozilla/5.0 (Windows NT 10.0; Win64; x64) AppleWebKit/537.36 (KHTML, like Gecko) Chrome/107.0.0.0 Safari/537.36"
202.92.6.73 - - [04/May/2026:01:50:37 -0500] "GET /wp-login.php HTTP/2.0" 444 0 "-" "Mozilla/5.0 (Windows NT 10.0; Win64; x64) AppleWebKit/537.36 (KHTML, like Gecko) Chrome/65.0.3325.146 Safari/537.36"
154.18.244.252 - - [04/May/2026:01:51:04 -0500] "POST /wp-cron.php?doing_wp_cron=1777877464.3792920112609863281250 HTTP/1.1" 200 11 "-" "WordPress/6.9.4; https://easysalads.com"
57.128.189.19 - - [04/May/2026:01:51:04 -0500] "GET /?nocache=1777877401 HTTP/2.0" 200 89175 "-" "BigScootsMonitor Mozilla/5.0 (Windows NT 10.0; Win64; x64) AppleWebKit/537.36 (KHTML, like Gecko) Chrome/74.0.3729.169 Safari/537.36"
51.222.136.175 - - [04/May/2026:01:51:04 -0500] "GET /?nocache=1777877401 HTTP/2.0" 200 89175 "-" "BigScootsMonitor Mozilla/5.0 (Windows NT 10.0; Win64; x64) AppleWebKit/537.36 (KHTML, like Gecko) Chrome/74.0.3729.169 Safari/537.36"
14.225.206.111 - - [04/May/2026:01:51:26 -0500] "GET /wp-login.php HTTP/2.0" 444 0 "-" "Mozilla/5.0 (X11; CrOS x86_64 10452.96.0) AppleWebKit/537.36 (KHTML, like Gecko) Chrome/66.0.3359.181 Safari/537.36"
66.249.66.77 - - [04/May/2026:01:51:33 -0500] "GET /wp-content/uploads/2023/04/Michigan-Salad-03.jpg HTTP/1.1" 200 1099737 "-" "Googlebot-Image/1.0"
154.18.244.252 - - [04/May/2026:01:52:03 -0500] "POST /wp-cron.php?doing_wp_cron=1777877523.3863830566406250000000 HTTP/1.1" 200 11 "-" "WordPress/6.9.4; https://easysalads.com"
57.141.0.34 - - [04/May/2026:01:52:03 -0500] "GET /sitemap_index.xml HTTP/2.0" 200 912 "-" "meta-externalagent/1.1 (+https://developers.facebook.com/docs/sharing/webmasters/crawler)"
154.18.244.252 - - [04/May/2026:01:53:04 -0500] "POST /wp-cron.php?doing_wp_cron=1777877584.4131140708923339843750 HTTP/1.1" 200 11 "-" "WordPress/6.9.4; https://easysalads.com"
57.128.189.19 - - [04/May/2026:01:53:04 -0500] "GET /?nocache=1777877521 HTTP/2.0" 200 89175 "-" "BigScootsMonitor Mozilla/5.0 (Windows NT 10.0; Win64; x64) AppleWebKit/537.36 (KHTML, like Gecko) Chrome/74.0.3729.169 Safari/537.36"
34.234.116.23 - - [04/May/2026:01:53:05 -0500] "GET /ads.txt HTTP/1.1" 301 5 "-" "Amazon-Advertising-ad-standards-bot/1.0"
51.222.136.175 - - [04/May/2026:01:53:05 -0500] "GET /?nocache=1777877521 HTTP/2.0" 200 89175 "-" "BigScootsMonitor Mozilla/5.0 (Windows NT 10.0; Win64; x64) AppleWebKit/537.36 (KHTML, like Gecko) Chrome/74.0.3729.169 Safari/537.36"
112.213.247.163 - - [04/May/2026:01:53:12 -0500] "GET /sweet-potato-feta-salad/ HTTP/2.0" 200 99830 "https://www.google.com/" "Mozilla/5.0 (iPhone; CPU iPhone OS 18_7 like Mac OS X) AppleWebKit/605.1.15 (KHTML, like Gecko) Version/26.3 Mobile/15E148 Safari/604.1"
112.213.247.163 - - [04/May/2026:01:53:13 -0500] "GET /wp-content/plugins/kadence-blocks/dist/style-blocks-rowlayout.css?ver=3.6.7 HTTP/2.0" 200 1771 "https://easysalads.com/sweet-potato-feta-salad/" "Mozilla/5.0 (iPhone; CPU iPhone OS 18_7 like Mac OS X) AppleWebKit/605.1.15 (KHTML, like Gecko) Version/26.3 Mobile/15E148 Safari/604.1"
112.213.247.163 - - [04/May/2026:01:53:13 -0500] "GET /wp-content/plugins/kadence-blocks/dist/style-blocks-column.css?ver=3.6.7 HTTP/2.0" 200 428 "https://easysalads.com/sweet-potato-feta-salad/" "Mozilla/5.0 (iPhone; CPU iPhone OS 18_7 like Mac OS X) AppleWebKit/605.1.15 (KHTML, like Gecko) Version/26.3 Mobile/15E148 Safari/604.1"
112.213.247.163 - - [04/May/2026:01:53:13 -0500] "GET /wp-content/plugins/kadence-blocks/dist/style-blocks-infobox.css?ver=3.6.7 HTTP/2.0" 200 1340 "https://easysalads.com/sweet-potato-feta-salad/" "Mozilla/5.0 (iPhone; CPU iPhone OS 18_7 like Mac OS X) AppleWebKit/605.1.15 (KHTML, like Gecko) Version/26.3 Mobile/15E148 Safari/604.1"
112.213.247.163 - - [04/May/2026:01:53:13 -0500] "GET /wp-content/plugins/kadence-blocks/dist/style-blocks-advancedbtn.css?ver=3.6.7 HTTP/2.0" 200 705 "https://easysalads.com/sweet-potato-feta-salad/" "Mozilla/5.0 (iPhone; CPU iPhone OS 18_7 like Mac OS X) AppleWebKit/605.1.15 (KHTML, like Gecko) Version/26.3 Mobile/15E148 Safari/604.1"
112.213.247.163 - - [04/May/2026:01:53:13 -0500] "GET /wp-content/plugins/kadence-blocks-pro/dist/style-blocks-postgrid.css?ver=2.8.13.1 HTTP/2.0" 200 2795 "https://easysalads.com/sweet-potato-feta-salad/" "Mozilla/5.0 (iPhone; CPU iPhone OS 18_7 like Mac OS X) AppleWebKit/605.1.15 (KHTML, like Gecko) Version/26.3 Mobile/15E148 Safari/604.1"
112.213.247.163 - - [04/May/2026:01:53:13 -0500] "GET /wp-content/plugins/wp-recipe-maker/dist/public-modern.css?ver=10.5.0 HTTP/2.0" 200 7712 "https://easysalads.com/sweet-potato-feta-salad/" "Mozilla/5.0 (iPhone; CPU iPhone OS 18_7 like Mac OS X) AppleWebKit/605.1.15 (KHTML, like Gecko) Version/26.3 Mobile/15E148 Safari/604.1"
112.213.247.163 - - [04/May/2026:01:53:13 -0500] "GET /wp-content/plugins/wp-recipe-maker-premium/dist/public-pro.css?ver=10.5.0 HTTP/2.0" 200 6796 "https://easysalads.com/sweet-potato-feta-salad/" "Mozilla/5.0 (iPhone; CPU iPhone OS 18_7 like Mac OS X) AppleWebKit/605.1.15 (KHTML, like Gecko) Version/26.3 Mobile/15E148 Safari/604.1"
112.213.247.163 - - [04/May/2026:01:53:13 -0500] "GET /wp-content/themes/kadence/assets/css/global.min.css?ver=1.1.22 HTTP/2.0" 200 4256 "https://easysalads.com/sweet-potato-feta-salad/" "Mozilla/5.0 (iPhone; CPU iPhone OS 18_7 like Mac OS X) AppleWebKit/605.1.15 (KHTML, like Gecko) Version/26.3 Mobile/15E148 Safari/604.1"
112.213.247.163 - - [04/May/2026:01:53:13 -0500] "GET /wp-content/themes/kadence/assets/css/header.min.css?ver=1.1.22 HTTP/2.0" 200 4295 "https://easysalads.com/sweet-potato-feta-salad/" "Mozilla/5.0 (iPhone; CPU iPhone OS 18_7 like Mac OS X) AppleWebKit/605.1.15 (KHTML, like Gecko) Version/26.3 Mobile/15E148 Safari/604.1"
112.213.247.163 - - [04/May/2026:01:53:13 -0500] "GET /wp-content/themes/kadence/assets/css/content.min.css?ver=1.1.22 HTTP/2.0" 200 5512 "https://easysalads.com/sweet-potato-feta-salad/" "Mozilla/5.0 (iPhone; CPU iPhone OS 18_7 like Mac OS X) AppleWebKit/605.1.15 (KHTML, like Gecko) Version/26.3 Mobile/15E148 Safari/604.1"
112.213.247.163 - - [04/May/2026:01:53:13 -0500] "GET /wp-content/themes/kadence/assets/css/comments.min.css?ver=1.1.22 HTTP/2.0" 200 1289 "https://easysalads.com/sweet-potato-feta-salad/" "Mozilla/5.0 (iPhone; CPU iPhone OS 18_7 like Mac OS X) AppleWebKit/605.1.15 (KHTML, like Gecko) Version/26.3 Mobile/15E148 Safari/604.1"
