47.128.115.229 - - [04/May/2026:04:05:52 -0500] "GET /wp-content/uploads/2024/03/bruschetta-pasta-salad-01-683x1024.jpg HTTP/2.0" 206 210588 "https://easysalads.com/bruschetta-pasta-salad/" "Mozilla/5.0 (Linux; Android 5.0) AppleWebKit/537.36 (KHTML, like Gecko) Mobile Safari/537.36 (compatible; TikTokSpider; [email protected])"
47.128.115.229 - - [04/May/2026:04:05:52 -0500] "GET /wp-content/uploads/2024/03/bruschetta-pasta-salad-00-683x1024.jpg HTTP/2.0" 206 500 "https://easysalads.com/bruschetta-pasta-salad/" "Mozilla/5.0 (Linux; Android 5.0) AppleWebKit/537.36 (KHTML, like Gecko) Mobile Safari/537.36 (compatible; TikTokSpider; [email protected])"
47.128.115.229 - - [04/May/2026:04:05:52 -0500] "GET /wp-content/uploads/2024/03/bruschetta-pasta-salad-01-683x1024.jpg HTTP/2.0" 304 0 "https://easysalads.com/bruschetta-pasta-salad/" "Mozilla/5.0 (Linux; Android 5.0) AppleWebKit/537.36 (KHTML, like Gecko) Mobile Safari/537.36 (compatible; TikTokSpider; [email protected])"
47.128.115.229 - - [04/May/2026:04:05:53 -0500] "GET /bruschetta-pasta-salad/ HTTP/2.0" 200 100541 "https://easysalads.com/bruschetta-pasta-salad/" "Mozilla/5.0 (Linux; Android 5.0) AppleWebKit/537.36 (KHTML, like Gecko) Mobile Safari/537.36 (compatible; TikTokSpider; [email protected])"
47.128.115.229 - - [04/May/2026:04:05:53 -0500] "GET /wp-content/uploads/2024/03/bruschetta-pasta-salad-01-683x1024.jpg HTTP/2.0" 304 0 "https://easysalads.com/bruschetta-pasta-salad/" "Mozilla/5.0 (Linux; Android 5.0) AppleWebKit/537.36 (KHTML, like Gecko) Mobile Safari/537.36 (compatible; TikTokSpider; [email protected])"
47.128.115.229 - - [04/May/2026:04:05:53 -0500] "GET /wp-content/uploads/2024/03/bruschetta-pasta-salad-00-683x1024.jpg HTTP/2.0" 304 0 "https://easysalads.com/bruschetta-pasta-salad/" "Mozilla/5.0 (Linux; Android 5.0) AppleWebKit/537.36 (KHTML, like Gecko) Mobile Safari/537.36 (compatible; TikTokSpider; [email protected])"
47.128.115.229 - - [04/May/2026:04:05:53 -0500] "GET /wp-content/uploads/2024/03/bruschetta-pasta-salad-01-683x1024.jpg HTTP/2.0" 206 500 "https://easysalads.com/bruschetta-pasta-salad/" "Mozilla/5.0 (Linux; Android 5.0) AppleWebKit/537.36 (KHTML, like Gecko) Mobile Safari/537.36 (compatible; TikTokSpider; [email protected])"
47.128.115.229 - - [04/May/2026:04:05:53 -0500] "GET /wp-content/uploads/2024/03/bruschetta-pasta-salad-00-683x1024.jpg HTTP/2.0" 206 500 "https://easysalads.com/bruschetta-pasta-salad/" "Mozilla/5.0 (Linux; Android 5.0) AppleWebKit/537.36 (KHTML, like Gecko) Mobile Safari/537.36 (compatible; TikTokSpider; [email protected])"
47.128.115.229 - - [04/May/2026:04:05:53 -0500] "GET /wp-content/uploads/2024/03/bruschetta-pasta-salad-01-683x1024.jpg HTTP/2.0" 304 0 "https://easysalads.com/bruschetta-pasta-salad/" "Mozilla/5.0 (Linux; Android 5.0) AppleWebKit/537.36 (KHTML, like Gecko) Mobile Safari/537.36 (compatible; TikTokSpider; [email protected])"
47.128.115.229 - - [04/May/2026:04:05:53 -0500] "GET /bruschetta-pasta-salad/ HTTP/2.0" 200 100489 "https://easysalads.com/bruschetta-pasta-salad/" "Mozilla/5.0 (Linux; Android 5.0) AppleWebKit/537.36 (KHTML, like Gecko) Mobile Safari/537.36 (compatible; TikTokSpider; [email protected])"
47.128.115.229 - - [04/May/2026:04:05:54 -0500] "GET /wp-content/uploads/2024/03/bruschetta-pasta-salad-00-683x1024.jpg HTTP/2.0" 304 0 "https://easysalads.com/bruschetta-pasta-salad/" "Mozilla/5.0 (Linux; Android 5.0) AppleWebKit/537.36 (KHTML, like Gecko) Mobile Safari/537.36 (compatible; TikTokSpider; [email protected])"
47.128.115.229 - - [04/May/2026:04:05:54 -0500] "GET /wp-content/uploads/2024/03/bruschetta-pasta-salad-01-683x1024.jpg HTTP/2.0" 206 210588 "https://easysalads.com/bruschetta-pasta-salad/" "Mozilla/5.0 (Linux; Android 5.0) AppleWebKit/537.36 (KHTML, like Gecko) Mobile Safari/537.36 (compatible; TikTokSpider; [email protected])"
47.128.115.229 - - [04/May/2026:04:05:54 -0500] "GET /wp-content/uploads/2024/03/bruschetta-pasta-salad-00-683x1024.jpg HTTP/2.0" 206 500 "https://easysalads.com/bruschetta-pasta-salad/" "Mozilla/5.0 (Linux; Android 5.0) AppleWebKit/537.36 (KHTML, like Gecko) Mobile Safari/537.36 (compatible; TikTokSpider; [email protected])"
47.128.115.229 - - [04/May/2026:04:05:54 -0500] "GET /wp-content/uploads/2024/03/bruschetta-pasta-salad-01-683x1024.jpg HTTP/2.0" 304 0 "https://easysalads.com/bruschetta-pasta-salad/" "Mozilla/5.0 (Linux; Android 5.0) AppleWebKit/537.36 (KHTML, like Gecko) Mobile Safari/537.36 (compatible; TikTokSpider; [email protected])"
47.128.115.229 - - [04/May/2026:04:05:54 -0500] "GET /bruschetta-pasta-salad/ HTTP/2.0" 200 100488 "https://easysalads.com/bruschetta-pasta-salad/" "Mozilla/5.0 (Linux; Android 5.0) AppleWebKit/537.36 (KHTML, like Gecko) Mobile Safari/537.36 (compatible; TikTokSpider; [email protected])"
47.128.115.229 - - [04/May/2026:04:05:54 -0500] "GET /wp-content/uploads/2024/03/bruschetta-pasta-salad-01-683x1024.jpg HTTP/2.0" 304 0 "https://easysalads.com/bruschetta-pasta-salad/" "Mozilla/5.0 (Linux; Android 5.0) AppleWebKit/537.36 (KHTML, like Gecko) Mobile Safari/537.36 (compatible; TikTokSpider; [email protected])"
47.128.115.229 - - [04/May/2026:04:05:54 -0500] "GET /wp-content/uploads/2024/03/bruschetta-pasta-salad-00-683x1024.jpg HTTP/2.0" 304 0 "https://easysalads.com/bruschetta-pasta-salad/" "Mozilla/5.0 (Linux; Android 5.0) AppleWebKit/537.36 (KHTML, like Gecko) Mobile Safari/537.36 (compatible; TikTokSpider; [email protected])"
47.128.115.229 - - [04/May/2026:04:05:55 -0500] "GET /wp-content/uploads/2024/03/bruschetta-pasta-salad-00-683x1024.jpg HTTP/2.0" 304 0 "https://easysalads.com/bruschetta-pasta-salad/" "Mozilla/5.0 (Linux; Android 5.0) AppleWebKit/537.36 (KHTML, like Gecko) Mobile Safari/537.36 (compatible; TikTokSpider; [email protected])"
47.128.115.229 - - [04/May/2026:04:05:55 -0500] "GET /wp-content/uploads/2024/03/bruschetta-pasta-salad-01-683x1024.jpg HTTP/2.0" 304 0 "https://easysalads.com/bruschetta-pasta-salad/" "Mozilla/5.0 (Linux; Android 5.0) AppleWebKit/537.36 (KHTML, like Gecko) Mobile Safari/537.36 (compatible; TikTokSpider; [email protected])"
154.18.244.252 - - [04/May/2026:04:05:55 -0500] "POST /wp-cron.php?doing_wp_cron=1777885555.7890861034393310546875 HTTP/1.1" 200 11 "-" "WordPress/6.9.4; https://easysalads.com"
47.128.115.229 - - [04/May/2026:04:05:55 -0500] "GET /bruschetta-pasta-salad/ HTTP/2.0" 200 100512 "https://easysalads.com/bruschetta-pasta-salad/" "Mozilla/5.0 (Linux; Android 5.0) AppleWebKit/537.36 (KHTML, like Gecko) Mobile Safari/537.36 (compatible; TikTokSpider; [email protected])"
47.128.115.229 - - [04/May/2026:04:05:55 -0500] "GET /wp-content/uploads/2024/03/bruschetta-pasta-salad-00-683x1024.jpg HTTP/2.0" 304 0 "https://easysalads.com/bruschetta-pasta-salad/" "Mozilla/5.0 (Linux; Android 5.0) AppleWebKit/537.36 (KHTML, like Gecko) Mobile Safari/537.36 (compatible; TikTokSpider; [email protected])"
47.128.115.229 - - [04/May/2026:04:05:55 -0500] "GET /wp-content/uploads/2024/03/bruschetta-pasta-salad-01-683x1024.jpg HTTP/2.0" 304 0 "https://easysalads.com/bruschetta-pasta-salad/" "Mozilla/5.0 (Linux; Android 5.0) AppleWebKit/537.36 (KHTML, like Gecko) Mobile Safari/537.36 (compatible; TikTokSpider; [email protected])"
47.128.115.229 - - [04/May/2026:04:05:56 -0500] "GET /wp-content/uploads/2024/03/bruschetta-pasta-salad-01-683x1024.jpg HTTP/2.0" 206 500 "https://easysalads.com/bruschetta-pasta-salad/" "Mozilla/5.0 (Linux; Android 5.0) AppleWebKit/537.36 (KHTML, like Gecko) Mobile Safari/537.36 (compatible; TikTokSpider; [email protected])"
47.128.115.229 - - [04/May/2026:04:05:56 -0500] "GET /wp-content/uploads/2024/03/bruschetta-pasta-salad-00-683x1024.jpg HTTP/2.0" 206 500 "https://easysalads.com/bruschetta-pasta-salad/" "Mozilla/5.0 (Linux; Android 5.0) AppleWebKit/537.36 (KHTML, like Gecko) Mobile Safari/537.36 (compatible; TikTokSpider; [email protected])"
47.128.115.229 - - [04/May/2026:04:05:56 -0500] "GET /bruschetta-pasta-salad/ HTTP/2.0" 200 100511 "https://easysalads.com/bruschetta-pasta-salad/" "Mozilla/5.0 (Linux; Android 5.0) AppleWebKit/537.36 (KHTML, like Gecko) Mobile Safari/537.36 (compatible; TikTokSpider; [email protected])"
47.128.115.229 - - [04/May/2026:04:05:56 -0500] "GET /wp-content/uploads/2024/03/bruschetta-pasta-salad-01-683x1024.jpg HTTP/2.0" 304 0 "https://easysalads.com/bruschetta-pasta-salad/" "Mozilla/5.0 (Linux; Android 5.0) AppleWebKit/537.36 (KHTML, like Gecko) Mobile Safari/537.36 (compatible; TikTokSpider; [email protected])"
47.128.115.229 - - [04/May/2026:04:05:56 -0500] "GET /wp-content/uploads/2024/03/bruschetta-pasta-salad-00-683x1024.jpg HTTP/2.0" 304 0 "https://easysalads.com/bruschetta-pasta-salad/" "Mozilla/5.0 (Linux; Android 5.0) AppleWebKit/537.36 (KHTML, like Gecko) Mobile Safari/537.36 (compatible; TikTokSpider; [email protected])"
47.128.115.229 - - [04/May/2026:04:05:57 -0500] "GET /wp-content/uploads/2024/03/bruschetta-pasta-salad-00-683x1024.jpg HTTP/2.0" 206 500 "https://easysalads.com/bruschetta-pasta-salad/" "Mozilla/5.0 (Linux; Android 5.0) AppleWebKit/537.36 (KHTML, like Gecko) Mobile Safari/537.36 (compatible; TikTokSpider; [email protected])"
47.128.115.229 - - [04/May/2026:04:05:57 -0500] "GET /wp-content/uploads/2024/03/bruschetta-pasta-salad-01-683x1024.jpg HTTP/2.0" 206 500 "https://easysalads.com/bruschetta-pasta-salad/" "Mozilla/5.0 (Linux; Android 5.0) AppleWebKit/537.36 (KHTML, like Gecko) Mobile Safari/537.36 (compatible; TikTokSpider; [email protected])"
47.128.115.229 - - [04/May/2026:04:05:57 -0500] "GET /wp-content/uploads/2024/03/bruschetta-pasta-salad-00-683x1024.jpg HTTP/2.0" 304 0 "https://easysalads.com/bruschetta-pasta-salad/" "Mozilla/5.0 (Linux; Android 5.0) AppleWebKit/537.36 (KHTML, like Gecko) Mobile Safari/537.36 (compatible; TikTokSpider; [email protected])"
47.128.115.229 - - [04/May/2026:04:05:57 -0500] "GET /bruschetta-pasta-salad/ HTTP/2.0" 200 100506 "https://easysalads.com/bruschetta-pasta-salad/" "Mozilla/5.0 (Linux; Android 5.0) AppleWebKit/537.36 (KHTML, like Gecko) Mobile Safari/537.36 (compatible; TikTokSpider; [email protected])"
47.128.115.229 - - [04/May/2026:04:05:57 -0500] "GET /wp-content/uploads/2024/03/bruschetta-pasta-salad-01-683x1024.jpg HTTP/2.0" 304 0 "https://easysalads.com/bruschetta-pasta-salad/" "Mozilla/5.0 (Linux; Android 5.0) AppleWebKit/537.36 (KHTML, like Gecko) Mobile Safari/537.36 (compatible; TikTokSpider; [email protected])"
47.128.115.229 - - [04/May/2026:04:05:57 -0500] "GET /wp-content/uploads/2024/03/bruschetta-pasta-salad-00-683x1024.jpg HTTP/2.0" 206 241409 "https://easysalads.com/bruschetta-pasta-salad/" "Mozilla/5.0 (Linux; Android 5.0) AppleWebKit/537.36 (KHTML, like Gecko) Mobile Safari/537.36 (compatible; TikTokSpider; [email protected])"
47.128.115.229 - - [04/May/2026:04:05:57 -0500] "GET /wp-content/uploads/2024/03/bruschetta-pasta-salad-01-683x1024.jpg HTTP/2.0" 206 500 "https://easysalads.com/bruschetta-pasta-salad/" "Mozilla/5.0 (Linux; Android 5.0) AppleWebKit/537.36 (KHTML, like Gecko) Mobile Safari/537.36 (compatible; TikTokSpider; [email protected])"
47.128.115.229 - - [04/May/2026:04:05:57 -0500] "GET /wp-content/uploads/2024/03/bruschetta-pasta-salad-00-683x1024.jpg HTTP/2.0" 304 0 "https://easysalads.com/bruschetta-pasta-salad/" "Mozilla/5.0 (Linux; Android 5.0) AppleWebKit/537.36 (KHTML, like Gecko) Mobile Safari/537.36 (compatible; TikTokSpider; [email protected])"
47.128.115.229 - - [04/May/2026:04:05:58 -0500] "GET /bruschetta-pasta-salad/ HTTP/2.0" 200 100455 "https://easysalads.com/bruschetta-pasta-salad/" "Mozilla/5.0 (Linux; Android 5.0) AppleWebKit/537.36 (KHTML, like Gecko) Mobile Safari/537.36 (compatible; TikTokSpider; [email protected])"
47.128.115.229 - - [04/May/2026:04:05:58 -0500] "GET /wp-content/uploads/2024/03/bruschetta-pasta-salad-01-683x1024.jpg HTTP/2.0" 304 0 "https://easysalads.com/bruschetta-pasta-salad/" "Mozilla/5.0 (Linux; Android 5.0) AppleWebKit/537.36 (KHTML, like Gecko) Mobile Safari/537.36 (compatible; TikTokSpider; [email protected])"
47.128.115.229 - - [04/May/2026:04:05:58 -0500] "GET /wp-content/uploads/2024/03/bruschetta-pasta-salad-00-683x1024.jpg HTTP/2.0" 304 0 "https://easysalads.com/bruschetta-pasta-salad/" "Mozilla/5.0 (Linux; Android 5.0) AppleWebKit/537.36 (KHTML, like Gecko) Mobile Safari/537.36 (compatible; TikTokSpider; [email protected])"
47.128.115.229 - - [04/May/2026:04:05:58 -0500] "GET /wp-content/uploads/2024/03/bruschetta-pasta-salad-00-683x1024.jpg HTTP/2.0" 206 500 "https://easysalads.com/bruschetta-pasta-salad/" "Mozilla/5.0 (Linux; Android 5.0) AppleWebKit/537.36 (KHTML, like Gecko) Mobile Safari/537.36 (compatible; TikTokSpider; [email protected])"
47.128.115.229 - - [04/May/2026:04:05:58 -0500] "GET /wp-content/uploads/2024/03/bruschetta-pasta-salad-01-683x1024.jpg HTTP/2.0" 206 500 "https://easysalads.com/bruschetta-pasta-salad/" "Mozilla/5.0 (Linux; Android 5.0) AppleWebKit/537.36 (KHTML, like Gecko) Mobile Safari/537.36 (compatible; TikTokSpider; [email protected])"
47.128.115.229 - - [04/May/2026:04:05:58 -0500] "GET /bruschetta-pasta-salad/ HTTP/2.0" 200 100473 "https://easysalads.com/bruschetta-pasta-salad/" "Mozilla/5.0 (Linux; Android 5.0) AppleWebKit/537.36 (KHTML, like Gecko) Mobile Safari/537.36 (compatible; TikTokSpider; [email protected])"
47.128.115.229 - - [04/May/2026:04:05:59 -0500] "GET /wp-content/uploads/2024/03/bruschetta-pasta-salad-00-683x1024.jpg HTTP/2.0" 304 0 "https://easysalads.com/bruschetta-pasta-salad/" "Mozilla/5.0 (Linux; Android 5.0) AppleWebKit/537.36 (KHTML, like Gecko) Mobile Safari/537.36 (compatible; TikTokSpider; [email protected])"
47.128.115.229 - - [04/May/2026:04:05:59 -0500] "GET /wp-content/uploads/2024/03/bruschetta-pasta-salad-01-683x1024.jpg HTTP/2.0" 304 0 "https://easysalads.com/bruschetta-pasta-salad/" "Mozilla/5.0 (Linux; Android 5.0) AppleWebKit/537.36 (KHTML, like Gecko) Mobile Safari/537.36 (compatible; TikTokSpider; [email protected])"
47.128.115.229 - - [04/May/2026:04:05:59 -0500] "GET /wp-content/uploads/2024/03/bruschetta-pasta-salad-01-683x1024.jpg HTTP/2.0" 206 500 "https://easysalads.com/bruschetta-pasta-salad/" "Mozilla/5.0 (Linux; Android 5.0) AppleWebKit/537.36 (KHTML, like Gecko) Mobile Safari/537.36 (compatible; TikTokSpider; [email protected])"
47.128.115.229 - - [04/May/2026:04:05:59 -0500] "GET /wp-content/uploads/2024/03/bruschetta-pasta-salad-00-683x1024.jpg HTTP/2.0" 206 500 "https://easysalads.com/bruschetta-pasta-salad/" "Mozilla/5.0 (Linux; Android 5.0) AppleWebKit/537.36 (KHTML, like Gecko) Mobile Safari/537.36 (compatible; TikTokSpider; [email protected])"
47.128.115.229 - - [04/May/2026:04:05:59 -0500] "GET /wp-content/uploads/2024/03/bruschetta-pasta-salad-01-683x1024.jpg HTTP/2.0" 304 0 "https://easysalads.com/bruschetta-pasta-salad/" "Mozilla/5.0 (Linux; Android 5.0) AppleWebKit/537.36 (KHTML, like Gecko) Mobile Safari/537.36 (compatible; TikTokSpider; [email protected])"
66.249.66.75 - - [04/May/2026:04:05:59 -0500] "GET /feed/ HTTP/1.1" 200 13158 "-" "Mozilla/5.0 (Linux; Android 6.0.1; Nexus 5X Build/MMB29P) AppleWebKit/537.36 (KHTML, like Gecko) Chrome/147.0.7727.137 Mobile Safari/537.36 (compatible; GoogleOther)"
47.128.115.229 - - [04/May/2026:04:05:59 -0500] "GET /bruschetta-pasta-salad/ HTTP/2.0" 200 100510 "https://easysalads.com/bruschetta-pasta-salad/" "Mozilla/5.0 (Linux; Android 5.0) AppleWebKit/537.36 (KHTML, like Gecko) Mobile Safari/537.36 (compatible; TikTokSpider; [email protected])"
38.95.35.85 - - [04/May/2026:04:05:59 -0500] "GET /wp-login.php HTTP/2.0" 200 1882 "-" "Mozilla/5.0 (Windows NT 6.1; WOW64) AppleWebKit/537.36 (KHTML, like Gecko) Chrome/67.0.3396.87 Safari/537.36"
47.128.115.229 - - [04/May/2026:04:05:59 -0500] "GET /wp-content/uploads/2024/03/bruschetta-pasta-salad-00-683x1024.jpg HTTP/2.0" 304 0 "https://easysalads.com/bruschetta-pasta-salad/" "Mozilla/5.0 (Linux; Android 5.0) AppleWebKit/537.36 (KHTML, like Gecko) Mobile Safari/537.36 (compatible; TikTokSpider; [email protected])"
38.95.35.85 - - [04/May/2026:04:06:00 -0500] "POST /wp-login.php HTTP/2.0" 200 2020 "https://easysalads.com/wp-login.php" "Mozilla/5.0 (Windows NT 6.1; WOW64) AppleWebKit/537.36 (KHTML, like Gecko) Chrome/67.0.3396.87 Safari/537.36"
47.128.115.229 - - [04/May/2026:04:06:00 -0500] "GET /wp-content/uploads/2024/03/bruschetta-pasta-salad-01-683x1024.jpg HTTP/2.0" 206 210588 "https://easysalads.com/bruschetta-pasta-salad/" "Mozilla/5.0 (Linux; Android 5.0) AppleWebKit/537.36 (KHTML, like Gecko) Mobile Safari/537.36 (compatible; TikTokSpider; [email protected])"
47.128.115.229 - - [04/May/2026:04:06:00 -0500] "GET /wp-content/uploads/2024/03/bruschetta-pasta-salad-00-683x1024.jpg HTTP/2.0" 206 500 "https://easysalads.com/bruschetta-pasta-salad/" "Mozilla/5.0 (Linux; Android 5.0) AppleWebKit/537.36 (KHTML, like Gecko) Mobile Safari/537.36 (compatible; TikTokSpider; [email protected])"
47.128.115.229 - - [04/May/2026:04:06:00 -0500] "GET /wp-content/uploads/2024/03/bruschetta-pasta-salad-01-683x1024.jpg HTTP/2.0" 304 0 "https://easysalads.com/bruschetta-pasta-salad/" "Mozilla/5.0 (Linux; Android 5.0) AppleWebKit/537.36 (KHTML, like Gecko) Mobile Safari/537.36 (compatible; TikTokSpider; [email protected])"
47.128.115.229 - - [04/May/2026:04:06:00 -0500] "GET /bruschetta-pasta-salad/ HTTP/2.0" 200 100466 "https://easysalads.com/bruschetta-pasta-salad/" "Mozilla/5.0 (Linux; Android 5.0) AppleWebKit/537.36 (KHTML, like Gecko) Mobile Safari/537.36 (compatible; TikTokSpider; [email protected])"
47.128.115.229 - - [04/May/2026:04:06:00 -0500] "GET /wp-content/uploads/2024/03/bruschetta-pasta-salad-00-683x1024.jpg HTTP/2.0" 304 0 "https://easysalads.com/bruschetta-pasta-salad/" "Mozilla/5.0 (Linux; Android 5.0) AppleWebKit/537.36 (KHTML, like Gecko) Mobile Safari/537.36 (compatible; TikTokSpider; [email protected])"
47.128.115.229 - - [04/May/2026:04:06:00 -0500] "GET /wp-content/uploads/2024/03/bruschetta-pasta-salad-01-683x1024.jpg HTTP/2.0" 304 0 "https://easysalads.com/bruschetta-pasta-salad/" "Mozilla/5.0 (Linux; Android 5.0) AppleWebKit/537.36 (KHTML, like Gecko) Mobile Safari/537.36 (compatible; TikTokSpider; [email protected])"
47.128.115.229 - - [04/May/2026:04:06:01 -0500] "GET /wp-content/uploads/2024/03/bruschetta-pasta-salad-01-683x1024.jpg HTTP/2.0" 206 500 "https://easysalads.com/bruschetta-pasta-salad/" "Mozilla/5.0 (Linux; Android 5.0) AppleWebKit/537.36 (KHTML, like Gecko) Mobile Safari/537.36 (compatible; TikTokSpider; [email protected])"
47.128.115.229 - - [04/May/2026:04:06:01 -0500] "GET /wp-content/uploads/2024/03/bruschetta-pasta-salad-00-683x1024.jpg HTTP/2.0" 206 500 "https://easysalads.com/bruschetta-pasta-salad/" "Mozilla/5.0 (Linux; Android 5.0) AppleWebKit/537.36 (KHTML, like Gecko) Mobile Safari/537.36 (compatible; TikTokSpider; [email protected])"
47.128.115.229 - - [04/May/2026:04:06:01 -0500] "GET /wp-content/uploads/2024/03/bruschetta-pasta-salad-01-683x1024.jpg HTTP/2.0" 304 0 "https://easysalads.com/bruschetta-pasta-salad/" "Mozilla/5.0 (Linux; Android 5.0) AppleWebKit/537.36 (KHTML, like Gecko) Mobile Safari/537.36 (compatible; TikTokSpider; [email protected])"
47.128.115.229 - - [04/May/2026:04:06:01 -0500] "GET /wp-content/uploads/2024/03/bruschetta-pasta-salad-00-683x1024.jpg HTTP/2.0" 304 0 "https://easysalads.com/bruschetta-pasta-salad/" "Mozilla/5.0 (Linux; Android 5.0) AppleWebKit/537.36 (KHTML, like Gecko) Mobile Safari/537.36 (compatible; TikTokSpider; [email protected])"
47.128.115.229 - - [04/May/2026:04:06:01 -0500] "GET /bruschetta-pasta-salad/ HTTP/2.0" 200 100490 "https://easysalads.com/bruschetta-pasta-salad/" "Mozilla/5.0 (Linux; Android 5.0) AppleWebKit/537.36 (KHTML, like Gecko) Mobile Safari/537.36 (compatible; TikTokSpider; [email protected])"
47.128.115.229 - - [04/May/2026:04:06:02 -0500] "GET /wp-content/uploads/2024/03/bruschetta-pasta-salad-01-683x1024.jpg HTTP/2.0" 206 210588 "https://easysalads.com/bruschetta-pasta-salad/" "Mozilla/5.0 (Linux; Android 5.0) AppleWebKit/537.36 (KHTML, like Gecko) Mobile Safari/537.36 (compatible; TikTokSpider; [email protected])"
47.128.115.229 - - [04/May/2026:04:06:02 -0500] "GET /wp-content/uploads/2024/03/bruschetta-pasta-salad-00-683x1024.jpg HTTP/2.0" 206 241409 "https://easysalads.com/bruschetta-pasta-salad/" "Mozilla/5.0 (Linux; Android 5.0) AppleWebKit/537.36 (KHTML, like Gecko) Mobile Safari/537.36 (compatible; TikTokSpider; [email protected])"
47.128.115.229 - - [04/May/2026:04:06:02 -0500] "GET /wp-content/uploads/2024/03/bruschetta-pasta-salad-00-683x1024.jpg HTTP/2.0" 304 0 "https://easysalads.com/bruschetta-pasta-salad/" "Mozilla/5.0 (Linux; Android 5.0) AppleWebKit/537.36 (KHTML, like Gecko) Mobile Safari/537.36 (compatible; TikTokSpider; [email protected])"
47.128.115.229 - - [04/May/2026:04:06:02 -0500] "GET /wp-content/uploads/2024/03/bruschetta-pasta-salad-01-683x1024.jpg HTTP/2.0" 304 0 "https://easysalads.com/bruschetta-pasta-salad/" "Mozilla/5.0 (Linux; Android 5.0) AppleWebKit/537.36 (KHTML, like Gecko) Mobile Safari/537.36 (compatible; TikTokSpider; [email protected])"
47.128.115.229 - - [04/May/2026:04:06:02 -0500] "GET /wp-content/uploads/2024/03/bruschetta-pasta-salad-00-683x1024.jpg HTTP/2.0" 304 0 "https://easysalads.com/bruschetta-pasta-salad/" "Mozilla/5.0 (Linux; Android 5.0) AppleWebKit/537.36 (KHTML, like Gecko) Mobile Safari/537.36 (compatible; TikTokSpider; [email protected])"
47.128.115.229 - - [04/May/2026:04:06:02 -0500] "GET /wp-content/uploads/2024/03/bruschetta-pasta-salad-01-683x1024.jpg HTTP/2.0" 304 0 "https://easysalads.com/bruschetta-pasta-salad/" "Mozilla/5.0 (Linux; Android 5.0) AppleWebKit/537.36 (KHTML, like Gecko) Mobile Safari/537.36 (compatible; TikTokSpider; [email protected])"
47.128.115.229 - - [04/May/2026:04:06:02 -0500] "GET /bruschetta-pasta-salad/ HTTP/2.0" 200 100497 "https://easysalads.com/bruschetta-pasta-salad/" "Mozilla/5.0 (Linux; Android 5.0) AppleWebKit/537.36 (KHTML, like Gecko) Mobile Safari/537.36 (compatible; TikTokSpider; [email protected])"
47.128.115.229 - - [04/May/2026:04:06:03 -0500] "GET /wp-content/uploads/2024/03/bruschetta-pasta-salad-00-683x1024.jpg HTTP/2.0" 206 241409 "https://easysalads.com/bruschetta-pasta-salad/" "Mozilla/5.0 (Linux; Android 5.0) AppleWebKit/537.36 (KHTML, like Gecko) Mobile Safari/537.36 (compatible; TikTokSpider; [email protected])"
47.128.115.229 - - [04/May/2026:04:06:03 -0500] "GET /wp-content/uploads/2024/03/bruschetta-pasta-salad-01-683x1024.jpg HTTP/2.0" 206 210588 "https://easysalads.com/bruschetta-pasta-salad/" "Mozilla/5.0 (Linux; Android 5.0) AppleWebKit/537.36 (KHTML, like Gecko) Mobile Safari/537.36 (compatible; TikTokSpider; [email protected])"
47.128.115.229 - - [04/May/2026:04:06:03 -0500] "GET /wp-content/uploads/2024/03/bruschetta-pasta-salad-00-683x1024.jpg HTTP/2.0" 304 0 "https://easysalads.com/bruschetta-pasta-salad/" "Mozilla/5.0 (Linux; Android 5.0) AppleWebKit/537.36 (KHTML, like Gecko) Mobile Safari/537.36 (compatible; TikTokSpider; [email protected])"
47.128.115.229 - - [04/May/2026:04:06:03 -0500] "GET /wp-content/uploads/2024/03/bruschetta-pasta-salad-01-683x1024.jpg HTTP/2.0" 304 0 "https://easysalads.com/bruschetta-pasta-salad/" "Mozilla/5.0 (Linux; Android 5.0) AppleWebKit/537.36 (KHTML, like Gecko) Mobile Safari/537.36 (compatible; TikTokSpider; [email protected])"
47.128.115.229 - - [04/May/2026:04:06:03 -0500] "GET /bruschetta-pasta-salad/ HTTP/2.0" 200 100471 "https://easysalads.com/bruschetta-pasta-salad/" "Mozilla/5.0 (Linux; Android 5.0) AppleWebKit/537.36 (KHTML, like Gecko) Mobile Safari/537.36 (compatible; TikTokSpider; [email protected])"
47.128.115.229 - - [04/May/2026:04:06:03 -0500] "GET /wp-content/uploads/2024/03/bruschetta-pasta-salad-00-683x1024.jpg HTTP/2.0" 304 0 "https://easysalads.com/bruschetta-pasta-salad/" "Mozilla/5.0 (Linux; Android 5.0) AppleWebKit/537.36 (KHTML, like Gecko) Mobile Safari/537.36 (compatible; TikTokSpider; [email protected])"
47.128.115.229 - - [04/May/2026:04:06:03 -0500] "GET /wp-content/uploads/2024/03/bruschetta-pasta-salad-01-683x1024.jpg HTTP/2.0" 304 0 "https://easysalads.com/bruschetta-pasta-salad/" "Mozilla/5.0 (Linux; Android 5.0) AppleWebKit/537.36 (KHTML, like Gecko) Mobile Safari/537.36 (compatible; TikTokSpider; [email protected])"
47.128.115.229 - - [04/May/2026:04:06:04 -0500] "GET /wp-content/uploads/2024/03/bruschetta-pasta-salad-01-683x1024.jpg HTTP/2.0" 206 500 "https://easysalads.com/bruschetta-pasta-salad/" "Mozilla/5.0 (Linux; Android 5.0) AppleWebKit/537.36 (KHTML, like Gecko) Mobile Safari/537.36 (compatible; TikTokSpider; [email protected])"
47.128.115.229 - - [04/May/2026:04:06:04 -0500] "GET /wp-content/uploads/2024/03/bruschetta-pasta-salad-00-683x1024.jpg HTTP/2.0" 206 500 "https://easysalads.com/bruschetta-pasta-salad/" "Mozilla/5.0 (Linux; Android 5.0) AppleWebKit/537.36 (KHTML, like Gecko) Mobile Safari/537.36 (compatible; TikTokSpider; [email protected])"
47.128.115.229 - - [04/May/2026:04:06:04 -0500] "GET /wp-content/uploads/2024/03/bruschetta-pasta-salad-01-683x1024.jpg HTTP/2.0" 304 0 "https://easysalads.com/bruschetta-pasta-salad/" "Mozilla/5.0 (Linux; Android 5.0) AppleWebKit/537.36 (KHTML, like Gecko) Mobile Safari/537.36 (compatible; TikTokSpider; [email protected])"
47.128.115.229 - - [04/May/2026:04:06:04 -0500] "GET /bruschetta-pasta-salad/ HTTP/2.0" 200 100552 "https://easysalads.com/bruschetta-pasta-salad/" "Mozilla/5.0 (Linux; Android 5.0) AppleWebKit/537.36 (KHTML, like Gecko) Mobile Safari/537.36 (compatible; TikTokSpider; [email protected])"
47.128.115.229 - - [04/May/2026:04:06:04 -0500] "GET /wp-content/uploads/2024/03/bruschetta-pasta-salad-00-683x1024.jpg HTTP/2.0" 304 0 "https://easysalads.com/bruschetta-pasta-salad/" "Mozilla/5.0 (Linux; Android 5.0) AppleWebKit/537.36 (KHTML, like Gecko) Mobile Safari/537.36 (compatible; TikTokSpider; [email protected])"
47.128.115.229 - - [04/May/2026:04:06:05 -0500] "GET /wp-content/uploads/2024/03/bruschetta-pasta-salad-01-683x1024.jpg HTTP/2.0" 206 210588 "https://easysalads.com/bruschetta-pasta-salad/" "Mozilla/5.0 (Linux; Android 5.0) AppleWebKit/537.36 (KHTML, like Gecko) Mobile Safari/537.36 (compatible; TikTokSpider; [email protected])"
47.128.115.229 - - [04/May/2026:04:06:05 -0500] "GET /wp-content/uploads/2024/03/bruschetta-pasta-salad-00-683x1024.jpg HTTP/2.0" 206 500 "https://easysalads.com/bruschetta-pasta-salad/" "Mozilla/5.0 (Linux; Android 5.0) AppleWebKit/537.36 (KHTML, like Gecko) Mobile Safari/537.36 (compatible; TikTokSpider; [email protected])"
47.128.115.229 - - [04/May/2026:04:06:05 -0500] "GET /wp-content/uploads/2024/03/bruschetta-pasta-salad-01-683x1024.jpg HTTP/2.0" 304 0 "https://easysalads.com/bruschetta-pasta-salad/" "Mozilla/5.0 (Linux; Android 5.0) AppleWebKit/537.36 (KHTML, like Gecko) Mobile Safari/537.36 (compatible; TikTokSpider; [email protected])"
47.128.115.229 - - [04/May/2026:04:06:05 -0500] "GET /bruschetta-pasta-salad/ HTTP/2.0" 200 100452 "https://easysalads.com/bruschetta-pasta-salad/" "Mozilla/5.0 (Linux; Android 5.0) AppleWebKit/537.36 (KHTML, like Gecko) Mobile Safari/537.36 (compatible; TikTokSpider; [email protected])"
47.128.115.229 - - [04/May/2026:04:06:05 -0500] "GET /wp-content/uploads/2024/03/bruschetta-pasta-salad-01-683x1024.jpg HTTP/2.0" 304 0 "https://easysalads.com/bruschetta-pasta-salad/" "Mozilla/5.0 (Linux; Android 5.0) AppleWebKit/537.36 (KHTML, like Gecko) Mobile Safari/537.36 (compatible; TikTokSpider; [email protected])"
47.128.115.229 - - [04/May/2026:04:06:05 -0500] "GET /wp-content/uploads/2024/03/bruschetta-pasta-salad-00-683x1024.jpg HTTP/2.0" 304 0 "https://easysalads.com/bruschetta-pasta-salad/" "Mozilla/5.0 (Linux; Android 5.0) AppleWebKit/537.36 (KHTML, like Gecko) Mobile Safari/537.36 (compatible; TikTokSpider; [email protected])"
47.128.115.229 - - [04/May/2026:04:06:06 -0500] "GET /wp-content/uploads/2024/03/bruschetta-pasta-salad-01-683x1024.jpg HTTP/2.0" 206 500 "https://easysalads.com/bruschetta-pasta-salad/" "Mozilla/5.0 (Linux; Android 5.0) AppleWebKit/537.36 (KHTML, like Gecko) Mobile Safari/537.36 (compatible; TikTokSpider; [email protected])"
47.128.115.229 - - [04/May/2026:04:06:06 -0500] "GET /wp-content/uploads/2024/03/bruschetta-pasta-salad-00-683x1024.jpg HTTP/2.0" 206 500 "https://easysalads.com/bruschetta-pasta-salad/" "Mozilla/5.0 (Linux; Android 5.0) AppleWebKit/537.36 (KHTML, like Gecko) Mobile Safari/537.36 (compatible; TikTokSpider; [email protected])"
47.128.115.229 - - [04/May/2026:04:06:06 -0500] "GET /wp-content/uploads/2024/03/bruschetta-pasta-salad-01-683x1024.jpg HTTP/2.0" 304 0 "https://easysalads.com/bruschetta-pasta-salad/" "Mozilla/5.0 (Linux; Android 5.0) AppleWebKit/537.36 (KHTML, like Gecko) Mobile Safari/537.36 (compatible; TikTokSpider; [email protected])"
47.128.115.229 - - [04/May/2026:04:06:06 -0500] "GET /bruschetta-pasta-salad/ HTTP/2.0" 200 100547 "https://easysalads.com/bruschetta-pasta-salad/" "Mozilla/5.0 (Linux; Android 5.0) AppleWebKit/537.36 (KHTML, like Gecko) Mobile Safari/537.36 (compatible; TikTokSpider; [email protected])"
47.128.115.229 - - [04/May/2026:04:06:06 -0500] "GET /wp-content/uploads/2024/03/bruschetta-pasta-salad-00-683x1024.jpg HTTP/2.0" 304 0 "https://easysalads.com/bruschetta-pasta-salad/" "Mozilla/5.0 (Linux; Android 5.0) AppleWebKit/537.36 (KHTML, like Gecko) Mobile Safari/537.36 (compatible; TikTokSpider; [email protected])"
47.128.115.229 - - [04/May/2026:04:06:06 -0500] "GET /wp-content/uploads/2024/03/bruschetta-pasta-salad-01-683x1024.jpg HTTP/2.0" 206 210588 "https://easysalads.com/bruschetta-pasta-salad/" "Mozilla/5.0 (Linux; Android 5.0) AppleWebKit/537.36 (KHTML, like Gecko) Mobile Safari/537.36 (compatible; TikTokSpider; [email protected])"
47.128.115.229 - - [04/May/2026:04:06:06 -0500] "GET /wp-content/uploads/2024/03/bruschetta-pasta-salad-00-683x1024.jpg HTTP/2.0" 206 500 "https://easysalads.com/bruschetta-pasta-salad/" "Mozilla/5.0 (Linux; Android 5.0) AppleWebKit/537.36 (KHTML, like Gecko) Mobile Safari/537.36 (compatible; TikTokSpider; [email protected])"
47.128.115.229 - - [04/May/2026:04:06:06 -0500] "GET /wp-content/uploads/2024/03/bruschetta-pasta-salad-01-683x1024.jpg HTTP/2.0" 304 0 "https://easysalads.com/bruschetta-pasta-salad/" "Mozilla/5.0 (Linux; Android 5.0) AppleWebKit/537.36 (KHTML, like Gecko) Mobile Safari/537.36 (compatible; TikTokSpider; [email protected])"
47.128.115.229 - - [04/May/2026:04:06:07 -0500] "GET /wp-content/uploads/2024/03/bruschetta-pasta-salad-00-683x1024.jpg HTTP/2.0" 304 0 "https://easysalads.com/bruschetta-pasta-salad/" "Mozilla/5.0 (Linux; Android 5.0) AppleWebKit/537.36 (KHTML, like Gecko) Mobile Safari/537.36 (compatible; TikTokSpider; [email protected])"
47.128.115.229 - - [04/May/2026:04:06:07 -0500] "GET /wp-content/uploads/2024/03/bruschetta-pasta-salad-01-683x1024.jpg HTTP/2.0" 304 0 "https://easysalads.com/bruschetta-pasta-salad/" "Mozilla/5.0 (Linux; Android 5.0) AppleWebKit/537.36 (KHTML, like Gecko) Mobile Safari/537.36 (compatible; TikTokSpider; [email protected])"
47.128.115.229 - - [04/May/2026:04:06:07 -0500] "GET /bruschetta-pasta-salad/ HTTP/2.0" 200 100541 "https://easysalads.com/bruschetta-pasta-salad/" "Mozilla/5.0 (Linux; Android 5.0) AppleWebKit/537.36 (KHTML, like Gecko) Mobile Safari/537.36 (compatible; TikTokSpider; [email protected])"
47.128.115.229 - - [04/May/2026:04:06:07 -0500] "GET /wp-content/uploads/2024/03/bruschetta-pasta-salad-00-683x1024.jpg HTTP/2.0" 206 241409 "https://easysalads.com/bruschetta-pasta-salad/" "Mozilla/5.0 (Linux; Android 5.0) AppleWebKit/537.36 (KHTML, like Gecko) Mobile Safari/537.36 (compatible; TikTokSpider; [email protected])"
47.128.115.229 - - [04/May/2026:04:06:07 -0500] "GET /wp-content/uploads/2024/03/bruschetta-pasta-salad-01-683x1024.jpg HTTP/2.0" 206 210588 "https://easysalads.com/bruschetta-pasta-salad/" "Mozilla/5.0 (Linux; Android 5.0) AppleWebKit/537.36 (KHTML, like Gecko) Mobile Safari/537.36 (compatible; TikTokSpider; [email protected])"
47.128.115.229 - - [04/May/2026:04:06:07 -0500] "GET /wp-content/uploads/2024/03/bruschetta-pasta-salad-01-683x1024.jpg HTTP/2.0" 304 0 "https://easysalads.com/bruschetta-pasta-salad/" "Mozilla/5.0 (Linux; Android 5.0) AppleWebKit/537.36 (KHTML, like Gecko) Mobile Safari/537.36 (compatible; TikTokSpider; [email protected])"
47.128.115.229 - - [04/May/2026:04:06:07 -0500] "GET /wp-content/uploads/2024/03/bruschetta-pasta-salad-00-683x1024.jpg HTTP/2.0" 304 0 "https://easysalads.com/bruschetta-pasta-salad/" "Mozilla/5.0 (Linux; Android 5.0) AppleWebKit/537.36 (KHTML, like Gecko) Mobile Safari/537.36 (compatible; TikTokSpider; [email protected])"
91.227.37.60 - - [04/May/2026:04:06:08 -0500] "GET /wp-login.php HTTP/2.0" 444 0 "-" "Mozilla/5.0 (Macintosh; Intel Mac OS X 10_12_5) AppleWebKit/603.2.4 (KHTML, like Gecko) Version/10.1.1 Safari/603.2.4"
47.128.115.229 - - [04/May/2026:04:06:08 -0500] "GET /bruschetta-pasta-salad/ HTTP/2.0" 200 100498 "https://easysalads.com/bruschetta-pasta-salad/" "Mozilla/5.0 (Linux; Android 5.0) AppleWebKit/537.36 (KHTML, like Gecko) Mobile Safari/537.36 (compatible; TikTokSpider; [email protected])"
47.128.115.229 - - [04/May/2026:04:06:08 -0500] "GET /wp-content/uploads/2024/03/bruschetta-pasta-salad-01-683x1024.jpg HTTP/2.0" 304 0 "https://easysalads.com/bruschetta-pasta-salad/" "Mozilla/5.0 (Linux; Android 5.0) AppleWebKit/537.36 (KHTML, like Gecko) Mobile Safari/537.36 (compatible; TikTokSpider; [email protected])"
47.128.115.229 - - [04/May/2026:04:06:08 -0500] "GET /wp-content/uploads/2024/03/bruschetta-pasta-salad-00-683x1024.jpg HTTP/2.0" 304 0 "https://easysalads.com/bruschetta-pasta-salad/" "Mozilla/5.0 (Linux; Android 5.0) AppleWebKit/537.36 (KHTML, like Gecko) Mobile Safari/537.36 (compatible; TikTokSpider; [email protected])"
47.128.115.229 - - [04/May/2026:04:06:08 -0500] "GET /wp-content/uploads/2024/03/bruschetta-pasta-salad-01-683x1024.jpg HTTP/2.0" 206 500 "https://easysalads.com/bruschetta-pasta-salad/" "Mozilla/5.0 (Linux; Android 5.0) AppleWebKit/537.36 (KHTML, like Gecko) Mobile Safari/537.36 (compatible; TikTokSpider; [email protected])"
47.128.115.229 - - [04/May/2026:04:06:08 -0500] "GET /wp-content/uploads/2024/03/bruschetta-pasta-salad-00-683x1024.jpg HTTP/2.0" 206 500 "https://easysalads.com/bruschetta-pasta-salad/" "Mozilla/5.0 (Linux; Android 5.0) AppleWebKit/537.36 (KHTML, like Gecko) Mobile Safari/537.36 (compatible; TikTokSpider; [email protected])"
47.128.115.229 - - [04/May/2026:04:06:08 -0500] "GET /wp-content/uploads/2024/03/bruschetta-pasta-salad-01-683x1024.jpg HTTP/2.0" 304 0 "https://easysalads.com/bruschetta-pasta-salad/" "Mozilla/5.0 (Linux; Android 5.0) AppleWebKit/537.36 (KHTML, like Gecko) Mobile Safari/537.36 (compatible; TikTokSpider; [email protected])"
47.128.115.229 - - [04/May/2026:04:06:09 -0500] "GET /bruschetta-pasta-salad/ HTTP/2.0" 200 100452 "https://easysalads.com/bruschetta-pasta-salad/" "Mozilla/5.0 (Linux; Android 5.0) AppleWebKit/537.36 (KHTML, like Gecko) Mobile Safari/537.36 (compatible; TikTokSpider; [email protected])"
47.128.115.229 - - [04/May/2026:04:06:09 -0500] "GET /wp-content/uploads/2024/03/bruschetta-pasta-salad-00-683x1024.jpg HTTP/2.0" 304 0 "https://easysalads.com/bruschetta-pasta-salad/" "Mozilla/5.0 (Linux; Android 5.0) AppleWebKit/537.36 (KHTML, like Gecko) Mobile Safari/537.36 (compatible; TikTokSpider; [email protected])"
47.128.115.229 - - [04/May/2026:04:06:09 -0500] "GET /wp-content/uploads/2024/03/bruschetta-pasta-salad-01-683x1024.jpg HTTP/2.0" 206 210588 "https://easysalads.com/bruschetta-pasta-salad/" "Mozilla/5.0 (Linux; Android 5.0) AppleWebKit/537.36 (KHTML, like Gecko) Mobile Safari/537.36 (compatible; TikTokSpider; [email protected])"
47.128.115.229 - - [04/May/2026:04:06:09 -0500] "GET /wp-content/uploads/2024/03/bruschetta-pasta-salad-00-683x1024.jpg HTTP/2.0" 206 500 "https://easysalads.com/bruschetta-pasta-salad/" "Mozilla/5.0 (Linux; Android 5.0) AppleWebKit/537.36 (KHTML, like Gecko) Mobile Safari/537.36 (compatible; TikTokSpider; [email protected])"
47.128.115.229 - - [04/May/2026:04:06:09 -0500] "GET /wp-content/uploads/2024/03/bruschetta-pasta-salad-01-683x1024.jpg HTTP/2.0" 304 0 "https://easysalads.com/bruschetta-pasta-salad/" "Mozilla/5.0 (Linux; Android 5.0) AppleWebKit/537.36 (KHTML, like Gecko) Mobile Safari/537.36 (compatible; TikTokSpider; [email protected])"
47.128.115.229 - - [04/May/2026:04:06:09 -0500] "GET /bruschetta-pasta-salad/ HTTP/2.0" 200 100472 "https://easysalads.com/bruschetta-pasta-salad/" "Mozilla/5.0 (Linux; Android 5.0) AppleWebKit/537.36 (KHTML, like Gecko) Mobile Safari/537.36 (compatible; TikTokSpider; [email protected])"
47.128.115.229 - - [04/May/2026:04:06:09 -0500] "GET /wp-content/uploads/2024/03/bruschetta-pasta-salad-00-683x1024.jpg HTTP/2.0" 304 0 "https://easysalads.com/bruschetta-pasta-salad/" "Mozilla/5.0 (Linux; Android 5.0) AppleWebKit/537.36 (KHTML, like Gecko) Mobile Safari/537.36 (compatible; TikTokSpider; [email protected])"
47.128.115.229 - - [04/May/2026:04:06:09 -0500] "GET /wp-content/uploads/2024/03/bruschetta-pasta-salad-01-683x1024.jpg HTTP/2.0" 304 0 "https://easysalads.com/bruschetta-pasta-salad/" "Mozilla/5.0 (Linux; Android 5.0) AppleWebKit/537.36 (KHTML, like Gecko) Mobile Safari/537.36 (compatible; TikTokSpider; [email protected])"
47.128.115.229 - - [04/May/2026:04:06:10 -0500] "GET /wp-content/uploads/2024/03/bruschetta-pasta-salad-01-683x1024.jpg HTTP/2.0" 206 500 "https://easysalads.com/bruschetta-pasta-salad/" "Mozilla/5.0 (Linux; Android 5.0) AppleWebKit/537.36 (KHTML, like Gecko) Mobile Safari/537.36 (compatible; TikTokSpider; [email protected])"
47.128.115.229 - - [04/May/2026:04:06:10 -0500] "GET /wp-content/uploads/2024/03/bruschetta-pasta-salad-00-683x1024.jpg HTTP/2.0" 206 500 "https://easysalads.com/bruschetta-pasta-salad/" "Mozilla/5.0 (Linux; Android 5.0) AppleWebKit/537.36 (KHTML, like Gecko) Mobile Safari/537.36 (compatible; TikTokSpider; [email protected])"
47.128.115.229 - - [04/May/2026:04:06:10 -0500] "GET /bruschetta-pasta-salad/ HTTP/2.0" 200 100507 "https://easysalads.com/bruschetta-pasta-salad/" "Mozilla/5.0 (Linux; Android 5.0) AppleWebKit/537.36 (KHTML, like Gecko) Mobile Safari/537.36 (compatible; TikTokSpider; [email protected])"
47.128.115.229 - - [04/May/2026:04:06:10 -0500] "GET /wp-content/uploads/2024/03/bruschetta-pasta-salad-01-683x1024.jpg HTTP/2.0" 304 0 "https://easysalads.com/bruschetta-pasta-salad/" "Mozilla/5.0 (Linux; Android 5.0) AppleWebKit/537.36 (KHTML, like Gecko) Mobile Safari/537.36 (compatible; TikTokSpider; [email protected])"
47.128.115.229 - - [04/May/2026:04:06:10 -0500] "GET /wp-content/uploads/2024/03/bruschetta-pasta-salad-00-683x1024.jpg HTTP/2.0" 304 0 "https://easysalads.com/bruschetta-pasta-salad/" "Mozilla/5.0 (Linux; Android 5.0) AppleWebKit/537.36 (KHTML, like Gecko) Mobile Safari/537.36 (compatible; TikTokSpider; [email protected])"
47.128.115.229 - - [04/May/2026:04:06:11 -0500] "GET /wp-content/uploads/2024/03/bruschetta-pasta-salad-01-683x1024.jpg HTTP/2.0" 206 500 "https://easysalads.com/bruschetta-pasta-salad/" "Mozilla/5.0 (Linux; Android 5.0) AppleWebKit/537.36 (KHTML, like Gecko) Mobile Safari/537.36 (compatible; TikTokSpider; [email protected])"
47.128.115.229 - - [04/May/2026:04:06:11 -0500] "GET /wp-content/uploads/2024/03/bruschetta-pasta-salad-00-683x1024.jpg HTTP/2.0" 206 500 "https://easysalads.com/bruschetta-pasta-salad/" "Mozilla/5.0 (Linux; Android 5.0) AppleWebKit/537.36 (KHTML, like Gecko) Mobile Safari/537.36 (compatible; TikTokSpider; [email protected])"
47.128.115.229 - - [04/May/2026:04:06:11 -0500] "GET /wp-content/uploads/2024/03/bruschetta-pasta-salad-01-683x1024.jpg HTTP/2.0" 304 0 "https://easysalads.com/bruschetta-pasta-salad/" "Mozilla/5.0 (Linux; Android 5.0) AppleWebKit/537.36 (KHTML, like Gecko) Mobile Safari/537.36 (compatible; TikTokSpider; [email protected])"
47.128.115.229 - - [04/May/2026:04:06:11 -0500] "GET /bruschetta-pasta-salad/ HTTP/2.0" 200 100463 "https://easysalads.com/bruschetta-pasta-salad/" "Mozilla/5.0 (Linux; Android 5.0) AppleWebKit/537.36 (KHTML, like Gecko) Mobile Safari/537.36 (compatible; TikTokSpider; [email protected])"
47.128.115.229 - - [04/May/2026:04:06:11 -0500] "GET /wp-content/uploads/2024/03/bruschetta-pasta-salad-00-683x1024.jpg HTTP/2.0" 304 0 "https://easysalads.com/bruschetta-pasta-salad/" "Mozilla/5.0 (Linux; Android 5.0) AppleWebKit/537.36 (KHTML, like Gecko) Mobile Safari/537.36 (compatible; TikTokSpider; [email protected])"
47.128.115.229 - - [04/May/2026:04:06:11 -0500] "GET /wp-content/uploads/2024/03/bruschetta-pasta-salad-01-683x1024.jpg HTTP/2.0" 206 210588 "https://easysalads.com/bruschetta-pasta-salad/" "Mozilla/5.0 (Linux; Android 5.0) AppleWebKit/537.36 (KHTML, like Gecko) Mobile Safari/537.36 (compatible; TikTokSpider; [email protected])"
47.128.115.229 - - [04/May/2026:04:06:11 -0500] "GET /wp-content/uploads/2024/03/bruschetta-pasta-salad-00-683x1024.jpg HTTP/2.0" 206 500 "https://easysalads.com/bruschetta-pasta-salad/" "Mozilla/5.0 (Linux; Android 5.0) AppleWebKit/537.36 (KHTML, like Gecko) Mobile Safari/537.36 (compatible; TikTokSpider; [email protected])"
47.128.115.229 - - [04/May/2026:04:06:11 -0500] "GET /wp-content/uploads/2024/03/bruschetta-pasta-salad-01-683x1024.jpg HTTP/2.0" 304 0 "https://easysalads.com/bruschetta-pasta-salad/" "Mozilla/5.0 (Linux; Android 5.0) AppleWebKit/537.36 (KHTML, like Gecko) Mobile Safari/537.36 (compatible; TikTokSpider; [email protected])"
47.128.115.229 - - [04/May/2026:04:06:12 -0500] "GET /bruschetta-pasta-salad/ HTTP/2.0" 200 100501 "https://easysalads.com/bruschetta-pasta-salad/" "Mozilla/5.0 (Linux; Android 5.0) AppleWebKit/537.36 (KHTML, like Gecko) Mobile Safari/537.36 (compatible; TikTokSpider; [email protected])"
47.128.115.229 - - [04/May/2026:04:06:12 -0500] "GET /wp-content/uploads/2024/03/bruschetta-pasta-salad-00-683x1024.jpg HTTP/2.0" 304 0 "https://easysalads.com/bruschetta-pasta-salad/" "Mozilla/5.0 (Linux; Android 5.0) AppleWebKit/537.36 (KHTML, like Gecko) Mobile Safari/537.36 (compatible; TikTokSpider; [email protected])"
47.128.115.229 - - [04/May/2026:04:06:12 -0500] "GET /wp-content/uploads/2024/03/bruschetta-pasta-salad-01-683x1024.jpg HTTP/2.0" 304 0 "https://easysalads.com/bruschetta-pasta-salad/" "Mozilla/5.0 (Linux; Android 5.0) AppleWebKit/537.36 (KHTML, like Gecko) Mobile Safari/537.36 (compatible; TikTokSpider; [email protected])"
47.128.115.229 - - [04/May/2026:04:06:12 -0500] "GET /wp-content/uploads/2024/03/bruschetta-pasta-salad-01-683x1024.jpg HTTP/2.0" 304 0 "https://easysalads.com/bruschetta-pasta-salad/" "Mozilla/5.0 (Linux; Android 5.0) AppleWebKit/537.36 (KHTML, like Gecko) Mobile Safari/537.36 (compatible; TikTokSpider; [email protected])"
47.128.115.229 - - [04/May/2026:04:06:12 -0500] "GET /wp-content/uploads/2024/03/bruschetta-pasta-salad-00-683x1024.jpg HTTP/2.0" 304 0 "https://easysalads.com/bruschetta-pasta-salad/" "Mozilla/5.0 (Linux; Android 5.0) AppleWebKit/537.36 (KHTML, like Gecko) Mobile Safari/537.36 (compatible; TikTokSpider; [email protected])"
90.206.46.45 - - [04/May/2026:04:06:40 -0500] "GET /wp-content/uploads/2024/02/southern-potato-salad-02.jpg HTTP/2.0" 200 504740 "-" "Claude/25086780873 CFNetwork/3860.400.51 Darwin/25.3.0"
154.18.244.252 - - [04/May/2026:04:07:04 -0500] "POST /wp-cron.php?doing_wp_cron=1777885624.3552560806274414062500 HTTP/1.1" 200 11 "-" "WordPress/6.9.4; https://easysalads.com"
57.128.189.19 - - [04/May/2026:04:07:04 -0500] "GET /?nocache=1777885561 HTTP/2.0" 200 89176 "-" "BigScootsMonitor Mozilla/5.0 (Windows NT 10.0; Win64; x64) AppleWebKit/537.36 (KHTML, like Gecko) Chrome/74.0.3729.169 Safari/537.36"
51.222.136.175 - - [04/May/2026:04:07:05 -0500] "GET /?nocache=1777885561 HTTP/2.0" 200 89176 "-" "BigScootsMonitor Mozilla/5.0 (Windows NT 10.0; Win64; x64) AppleWebKit/537.36 (KHTML, like Gecko) Chrome/74.0.3729.169 Safari/537.36"
66.249.66.77 - - [04/May/2026:04:07:26 -0500] "GET /wp-content/uploads/2024/02/parmesan-pasta-salad-05-200x300.jpg HTTP/1.1" 200 28016 "-" "Googlebot-Image/1.0"
213.238.191.143 - - [04/May/2026:04:07:34 -0500] "GET /wp-login.php HTTP/2.0" 200 1882 "-" "Mozilla/5.0 (Windows NT 10.0; Win64; x64) AppleWebKit/537.36 (KHTML, like Gecko) Chrome/58.0.3029.110 Safari/537.36 Edge/16.16299"
213.238.191.143 - - [04/May/2026:04:07:34 -0500] "POST /wp-login.php HTTP/2.0" 200 2018 "https://easysalads.com/wp-login.php" "Mozilla/5.0 (Windows NT 10.0; Win64; x64) AppleWebKit/537.36 (KHTML, like Gecko) Chrome/58.0.3029.110 Safari/537.36 Edge/16.16299"
154.18.244.252 - - [04/May/2026:04:09:04 -0500] "POST /wp-cron.php?doing_wp_cron=1777885744.7925748825073242187500 HTTP/1.1" 200 11 "-" "WordPress/6.9.4; https://easysalads.com"
57.128.189.19 - - [04/May/2026:04:09:04 -0500] "GET /?nocache=1777885681 HTTP/2.0" 200 89176 "-" "BigScootsMonitor Mozilla/5.0 (Windows NT 10.0; Win64; x64) AppleWebKit/537.36 (KHTML, like Gecko) Chrome/74.0.3729.169 Safari/537.36"
51.222.136.175 - - [04/May/2026:04:09:05 -0500] "GET /?nocache=1777885681 HTTP/2.0" 200 89176 "-" "BigScootsMonitor Mozilla/5.0 (Windows NT 10.0; Win64; x64) AppleWebKit/537.36 (KHTML, like Gecko) Chrome/74.0.3729.169 Safari/537.36"
34.228.236.234 - - [04/May/2026:04:09:23 -0500] "GET /bruschetta-pasta-salad/ HTTP/1.1" 200 127074 "-" "Mozilla/5.0 (compatible; proximic; +https://www.comscore.com/Web-Crawler)"
176.151.201.163 - - [04/May/2026:04:09:24 -0500] "GET /wp-content/uploads/2024/11/sweet-potato-feta-salad-00.jpg HTTP/2.0" 200 886828 "https://www.google.com/" "Mozilla/5.0 (iPhone; CPU iPhone OS 18_7 like Mac OS X) AppleWebKit/605.1.15 (KHTML, like Gecko) Version/26.3 Mobile/15E148 Safari/604.1"
57.141.0.70 - - [04/May/2026:04:09:28 -0500] "GET /taffy-apple-salad/ HTTP/2.0" 200 538542 "-" "meta-externalagent/1.1 (+https://developers.facebook.com/docs/sharing/webmasters/crawler)"
23.236.55.230 - - [04/May/2026:04:10:03 -0500] "HEAD /tomato-onion-salad HTTP/2.0" 444 0 "-" "Mozilla/5.0 AppleWebKit/537.36 (KHTML, like Gecko); compatible; ShapBot/0.1.0"
154.18.244.252 - - [04/May/2026:04:10:11 -0500] "POST /wp-cron.php?doing_wp_cron=1777885811.4870998859405517578125 HTTP/1.1" 200 11 "-" "WordPress/6.9.4; https://easysalads.com"
129.121.76.191 - - [04/May/2026:04:10:11 -0500] "GET /wp-login.php HTTP/2.0" 200 1882 "-" "Mozilla/5.0 (Windows NT 6.3; WOW64; Trident/7.0; MAMIJS; rv:11.0) like Gecko"
129.121.76.191 - - [04/May/2026:04:10:11 -0500] "POST /wp-login.php HTTP/2.0" 200 2018 "https://easysalads.com/wp-login.php" "Mozilla/5.0 (Windows NT 6.3; WOW64; Trident/7.0; MAMIJS; rv:11.0) like Gecko"
136.119.129.236 - - [04/May/2026:04:10:14 -0500] "GET /tomato-onion-salad HTTP/2.0" 444 0 "-" "Mozilla/5.0 (X11; Linux x86_64) AppleWebKit/537.36 (KHTML, like Gecko) Chrome/144.0.0.0 Safari/537.36"
66.249.66.197 - - [04/May/2026:04:10:17 -0500] "GET /wp-content/uploads/2023/07/grilled-peach-burrata-salad03-300x300.jpg HTTP/1.1" 200 43638 "-" "Googlebot-Image/1.0"
198.175.24.218 - - [04/May/2026:04:10:25 -0500] "GET /?v=nocache-1739936881 HTTP/2.0" 200 89176 "-" "BigScoots Monitoring"
154.18.244.252 - - [04/May/2026:04:11:04 -0500] "POST /wp-cron.php?doing_wp_cron=1777885864.2107059955596923828125 HTTP/1.1" 200 11 "-" "WordPress/6.9.4; https://easysalads.com"
57.128.189.19 - - [04/May/2026:04:11:04 -0500] "GET /?nocache=1777885801 HTTP/2.0" 200 89176 "-" "BigScootsMonitor Mozilla/5.0 (Windows NT 10.0; Win64; x64) AppleWebKit/537.36 (KHTML, like Gecko) Chrome/74.0.3729.169 Safari/537.36"
51.222.136.175 - - [04/May/2026:04:11:04 -0500] "GET /?nocache=1777885801 HTTP/2.0" 200 89176 "-" "BigScootsMonitor Mozilla/5.0 (Windows NT 10.0; Win64; x64) AppleWebKit/537.36 (KHTML, like Gecko) Chrome/74.0.3729.169 Safari/537.36"
154.18.244.252 - - [04/May/2026:04:13:04 -0500] "POST /wp-cron.php?doing_wp_cron=1777885984.3217740058898925781250 HTTP/1.1" 200 11 "-" "WordPress/6.9.4; https://easysalads.com"
57.128.189.19 - - [04/May/2026:04:13:04 -0500] "GET /?nocache=1777885922 HTTP/2.0" 200 89176 "-" "BigScootsMonitor Mozilla/5.0 (Windows NT 10.0; Win64; x64) AppleWebKit/537.36 (KHTML, like Gecko) Chrome/74.0.3729.169 Safari/537.36"
51.222.136.175 - - [04/May/2026:04:13:04 -0500] "GET /?nocache=1777885922 HTTP/2.0" 200 89176 "-" "BigScootsMonitor Mozilla/5.0 (Windows NT 10.0; Win64; x64) AppleWebKit/537.36 (KHTML, like Gecko) Chrome/74.0.3729.169 Safari/537.36"
154.18.244.252 - - [04/May/2026:04:14:00 -0500] "POST /wp-cron.php?doing_wp_cron=1777886040.6488089561462402343750 HTTP/1.1" 200 11 "-" "WordPress/6.9.4; https://easysalads.com"
217.70.186.133 - - [04/May/2026:04:14:00 -0500] "POST /wp-login.php HTTP/1.1" 200 2303 "-" "Mozilla/5.0 (Windows NT 10.0) AppleWebKit/537.36 (KHTML, like Gecko) Chrome/139.0.0.0 Safari/537.36 Edg/139.0.0.0"
66.249.66.75 - - [04/May/2026:04:14:14 -0500] "GET /wp-content/uploads/2024/03/yogurt-dill-dressing-00-200x300.jpg HTTP/1.1" 200 20544 "-" "Googlebot-Image/1.0"
66.249.66.75 - - [04/May/2026:04:14:16 -0500] "GET /ads.txt HTTP/1.1" 301 5 "-" "Google-adstxt"
20.118.20.77 - - [04/May/2026:04:14:57 -0500] "GET /wp-login.php HTTP/2.0" 444 0 "-" "Mozilla/4.0 (compatible; MSIE 7.0; Windows NT 6.1; WOW64; Trident/7.0; SLCC2; .NET CLR 2.0.50727; .NET CLR 3.5.30729; .NET CLR 3.0.30729; Media Center PC 6.0; .NET4.0C; .NET4.0E; MS-RTC LM 8)"
154.18.244.252 - - [04/May/2026:04:15:04 -0500] "POST /wp-cron.php?doing_wp_cron=1777886104.5916190147399902343750 HTTP/1.1" 200 11 "-" "WordPress/6.9.4; https://easysalads.com"
57.128.189.19 - - [04/May/2026:04:15:04 -0500] "GET /?nocache=1777886041 HTTP/2.0" 200 89176 "-" "BigScootsMonitor Mozilla/5.0 (Windows NT 10.0; Win64; x64) AppleWebKit/537.36 (KHTML, like Gecko) Chrome/74.0.3729.169 Safari/537.36"
51.222.136.175 - - [04/May/2026:04:15:04 -0500] "GET /?nocache=1777886041 HTTP/2.0" 200 89176 "-" "BigScootsMonitor Mozilla/5.0 (Windows NT 10.0; Win64; x64) AppleWebKit/537.36 (KHTML, like Gecko) Chrome/74.0.3729.169 Safari/537.36"
