66.249.92.137 - - [04/May/2026:00:14:42 -0500] "GET /wp-content/plugins/wpforms-lite/assets/js/frontend/fields/address.min.js?ver=1.10.0.4 HTTP/1.1" 200 685 "https://easysalads.com/easy-5-bean-salad/" "Mozilla/5.0 (Linux; Android 4.0.4; Galaxy Nexus Build/IMM76B) AppleWebKit/537.36 (KHTML, like Gecko; Mediapartners-Google) Chrome/147.0.7727.116 Mobile Safari/537.36"
66.249.92.128 - - [04/May/2026:00:14:42 -0500] "GET /wp-content/plugins/wpforms-lite/assets/lib/jquery.validate.min.js?ver=1.21.0 HTTP/1.1" 200 7820 "https://easysalads.com/easy-5-bean-salad/" "Mozilla/5.0 (Linux; Android 4.0.4; Galaxy Nexus Build/IMM76B) AppleWebKit/537.36 (KHTML, like Gecko; Mediapartners-Google) Chrome/147.0.7727.116 Mobile Safari/537.36"
66.249.92.134 - - [04/May/2026:00:14:42 -0500] "GET /wp-content/plugins/social-pug/assets/dist/front-end-pro.js?ver=2.28.0 HTTP/1.1" 200 9352 "https://easysalads.com/easy-5-bean-salad/" "Mozilla/5.0 (Linux; Android 4.0.4; Galaxy Nexus Build/IMM76B) AppleWebKit/537.36 (KHTML, like Gecko; Mediapartners-Google) Chrome/147.0.7727.116 Mobile Safari/537.36"
66.249.92.139 - - [04/May/2026:00:14:42 -0500] "GET /wp-includes/js/jquery/jquery.min.js?ver=3.7.1 HTTP/1.1" 200 29782 "https://easysalads.com/easy-5-bean-salad/" "Mozilla/5.0 (Linux; Android 4.0.4; Galaxy Nexus Build/IMM76B) AppleWebKit/537.36 (KHTML, like Gecko; Mediapartners-Google) Chrome/147.0.7727.116 Mobile Safari/537.36"
66.249.92.138 - - [04/May/2026:00:14:42 -0500] "GET /wp-content/plugins/wp-recipe-maker-premium/dist/public-pro.js?ver=10.5.0 HTTP/1.1" 200 20153 "https://easysalads.com/easy-5-bean-salad/" "Mozilla/5.0 (Linux; Android 4.0.4; Galaxy Nexus Build/IMM76B) AppleWebKit/537.36 (KHTML, like Gecko; Mediapartners-Google) Chrome/147.0.7727.116 Mobile Safari/537.36"
66.249.92.141 - - [04/May/2026:00:14:42 -0500] "GET /wp-content/plugins/wpforms-lite/assets/images/submit-spin.svg HTTP/1.1" 200 509 "https://easysalads.com/easy-5-bean-salad/" "Mozilla/5.0 (Linux; Android 4.0.4; Galaxy Nexus Build/IMM76B) AppleWebKit/537.36 (KHTML, like Gecko; Mediapartners-Google) Chrome/147.0.7727.116 Mobile Safari/537.36"
66.249.92.135 - - [04/May/2026:00:14:42 -0500] "GET /wp-includes/js/jquery/jquery-migrate.min.js?ver=3.4.1 HTTP/1.1" 200 4692 "https://easysalads.com/easy-5-bean-salad/" "Mozilla/5.0 (Linux; Android 4.0.4; Galaxy Nexus Build/IMM76B) AppleWebKit/537.36 (KHTML, like Gecko; Mediapartners-Google) Chrome/147.0.7727.116 Mobile Safari/537.36"
66.249.92.140 - - [04/May/2026:00:14:42 -0500] "GET /wp-content/plugins/wpforms-lite/assets/js/frontend/wpforms.min.js?ver=1.10.0.4 HTTP/1.1" 200 14627 "https://easysalads.com/easy-5-bean-salad/" "Mozilla/5.0 (Linux; Android 4.0.4; Galaxy Nexus Build/IMM76B) AppleWebKit/537.36 (KHTML, like Gecko; Mediapartners-Google) Chrome/147.0.7727.116 Mobile Safari/537.36"
66.249.92.130 - - [04/May/2026:00:14:42 -0500] "GET /wp-content/themes/kadence/assets/js/navigation-lite.min.js?ver=1.1.21 HTTP/1.1" 200 2095 "https://easysalads.com/easy-5-bean-salad/" "Mozilla/5.0 (Linux; Android 4.0.4; Galaxy Nexus Build/IMM76B) AppleWebKit/537.36 (KHTML, like Gecko; Mediapartners-Google) Chrome/147.0.7727.116 Mobile Safari/537.36"
66.249.92.133 - - [04/May/2026:00:14:42 -0500] "GET /wp-content/plugins/wp-recipe-maker/assets/icons/rating/stars-alt-5.svg HTTP/1.1" 200 976 "https://easysalads.com/easy-5-bean-salad/" "Mozilla/5.0 (Macintosh; Intel Mac OS X 10_7_3) AppleWebKit/537.36 (KHTML, like Gecko, Mediapartners-Google) Chrome/147.0.7727.116 Safari/537.36"
66.249.92.136 - - [04/May/2026:00:14:42 -0500] "GET /wp-content/plugins/social-pug/assets/dist/front-end-pro.js?ver=2.28.0 HTTP/1.1" 200 9352 "https://easysalads.com/easy-5-bean-salad/" "Mozilla/5.0 (Macintosh; Intel Mac OS X 10_7_3) AppleWebKit/537.36 (KHTML, like Gecko, Mediapartners-Google) Chrome/147.0.7727.116 Safari/537.36"
66.249.92.136 - - [04/May/2026:00:14:42 -0500] "GET /wp-content/plugins/wp-recipe-maker/assets/icons/rating/stars-alt-5.svg HTTP/1.1" 200 976 "https://easysalads.com/easy-5-bean-salad/" "Mozilla/5.0 (Linux; Android 4.0.4; Galaxy Nexus Build/IMM76B) AppleWebKit/537.36 (KHTML, like Gecko; Mediapartners-Google) Chrome/147.0.7727.116 Mobile Safari/537.36"
66.249.92.136 - - [04/May/2026:00:14:42 -0500] "GET /wp-includes/js/comment-reply.min.js?ver=6.9.4 HTTP/1.1" 200 1260 "https://easysalads.com/easy-5-bean-salad/" "Mozilla/5.0 (Linux; Android 4.0.4; Galaxy Nexus Build/IMM76B) AppleWebKit/537.36 (KHTML, like Gecko; Mediapartners-Google) Chrome/147.0.7727.116 Mobile Safari/537.36"
66.249.92.139 - - [04/May/2026:00:14:46 -0500] "GET /tomato-onion-salad/ HTTP/1.1" 200 104265 "-" "Mozilla/5.0 (Macintosh; Intel Mac OS X 10_7_3) AppleWebKit/537.36 (KHTML, like Gecko, Mediapartners-Google) Chrome/147.0.7727.116 Safari/537.36"
66.249.92.136 - - [04/May/2026:00:14:46 -0500] "GET /wp-content/plugins/kadence-blocks/dist/style-blocks-advancedbtn.css?ver=3.6.7 HTTP/1.1" 200 717 "https://easysalads.com/tomato-onion-salad/" "Mozilla/5.0 (Macintosh; Intel Mac OS X 10_7_3) AppleWebKit/537.36 (KHTML, like Gecko, Mediapartners-Google) Chrome/147.0.7727.116 Safari/537.36"
66.249.92.133 - - [04/May/2026:00:14:46 -0500] "GET /wp-content/plugins/kadence-blocks/dist/style-blocks-rowlayout.css?ver=3.6.7 HTTP/1.1" 200 1783 "https://easysalads.com/tomato-onion-salad/" "Mozilla/5.0 (Macintosh; Intel Mac OS X 10_7_3) AppleWebKit/537.36 (KHTML, like Gecko, Mediapartners-Google) Chrome/147.0.7727.116 Safari/537.36"
66.249.92.135 - - [04/May/2026:00:14:46 -0500] "GET /wp-content/plugins/kadence-blocks-pro/dist/style-blocks-postgrid.css?ver=2.8.13.1 HTTP/1.1" 200 2807 "https://easysalads.com/tomato-onion-salad/" "Mozilla/5.0 (Macintosh; Intel Mac OS X 10_7_3) AppleWebKit/537.36 (KHTML, like Gecko, Mediapartners-Google) Chrome/147.0.7727.116 Safari/537.36"
66.249.92.135 - - [04/May/2026:00:14:46 -0500] "GET /wp-content/themes/kadence/assets/css/footer.min.css?ver=1.1.22 HTTP/1.1" 200 1592 "https://easysalads.com/tomato-onion-salad/" "Mozilla/5.0 (Macintosh; Intel Mac OS X 10_7_3) AppleWebKit/537.36 (KHTML, like Gecko, Mediapartners-Google) Chrome/147.0.7727.116 Safari/537.36"
66.249.92.136 - - [04/May/2026:00:14:46 -0500] "GET /wp-content/themes/restored316-sage/style.css?ver=1_0_1 HTTP/1.1" 200 1101 "https://easysalads.com/tomato-onion-salad/" "Mozilla/5.0 (Macintosh; Intel Mac OS X 10_7_3) AppleWebKit/537.36 (KHTML, like Gecko, Mediapartners-Google) Chrome/147.0.7727.116 Safari/537.36"
66.249.92.140 - - [04/May/2026:00:14:46 -0500] "GET /wp-content/themes/kadence/assets/css/global.min.css?ver=1.1.22 HTTP/1.1" 200 4269 "https://easysalads.com/tomato-onion-salad/" "Mozilla/5.0 (Macintosh; Intel Mac OS X 10_7_3) AppleWebKit/537.36 (KHTML, like Gecko, Mediapartners-Google) Chrome/147.0.7727.116 Safari/537.36"
66.249.92.142 - - [04/May/2026:00:14:46 -0500] "GET /wp-content/themes/kadence/assets/css/sidebar.min.css?ver=1.1.22 HTTP/1.1" 200 749 "https://easysalads.com/tomato-onion-salad/" "Mozilla/5.0 (Macintosh; Intel Mac OS X 10_7_3) AppleWebKit/537.36 (KHTML, like Gecko, Mediapartners-Google) Chrome/147.0.7727.116 Safari/537.36"
66.249.92.142 - - [04/May/2026:00:14:46 -0500] "GET /wp-content/plugins/kadence-blocks/dist/style-blocks-iconlist.css?ver=3.6.7 HTTP/1.1" 200 609 "https://easysalads.com/tomato-onion-salad/" "Mozilla/5.0 (Macintosh; Intel Mac OS X 10_7_3) AppleWebKit/537.36 (KHTML, like Gecko, Mediapartners-Google) Chrome/147.0.7727.116 Safari/537.36"
66.249.92.131 - - [04/May/2026:00:14:46 -0500] "GET /wp-content/plugins/wp-recipe-maker/dist/public-modern.css?ver=10.5.0 HTTP/1.1" 200 7725 "https://easysalads.com/tomato-onion-salad/" "Mozilla/5.0 (Macintosh; Intel Mac OS X 10_7_3) AppleWebKit/537.36 (KHTML, like Gecko, Mediapartners-Google) Chrome/147.0.7727.116 Safari/537.36"
66.249.92.141 - - [04/May/2026:00:14:46 -0500] "GET /wp-content/plugins/kadence-blocks/dist/style-blocks-column.css?ver=3.6.7 HTTP/1.1" 200 440 "https://easysalads.com/tomato-onion-salad/" "Mozilla/5.0 (Macintosh; Intel Mac OS X 10_7_3) AppleWebKit/537.36 (KHTML, like Gecko, Mediapartners-Google) Chrome/147.0.7727.116 Safari/537.36"
66.249.92.128 - - [04/May/2026:00:14:46 -0500] "GET /wp-content/plugins/social-pug/assets/dist/style-frontend-pro.css?ver=2.28.0 HTTP/1.1" 200 11467 "https://easysalads.com/tomato-onion-salad/" "Mozilla/5.0 (Macintosh; Intel Mac OS X 10_7_3) AppleWebKit/537.36 (KHTML, like Gecko, Mediapartners-Google) Chrome/147.0.7727.116 Safari/537.36"
66.249.92.134 - - [04/May/2026:00:14:46 -0500] "GET /wp-content/plugins/wp-recipe-maker-premium/dist/public-pro.css?ver=10.5.0 HTTP/1.1" 200 6809 "https://easysalads.com/tomato-onion-salad/" "Mozilla/5.0 (Macintosh; Intel Mac OS X 10_7_3) AppleWebKit/537.36 (KHTML, like Gecko, Mediapartners-Google) Chrome/147.0.7727.116 Safari/537.36"
66.249.92.131 - - [04/May/2026:00:14:46 -0500] "GET /wp-content/themes/kadence/assets/css/content.min.css?ver=1.1.22 HTTP/1.1" 200 5525 "https://easysalads.com/tomato-onion-salad/" "Mozilla/5.0 (Macintosh; Intel Mac OS X 10_7_3) AppleWebKit/537.36 (KHTML, like Gecko, Mediapartners-Google) Chrome/147.0.7727.116 Safari/537.36"
66.249.92.134 - - [04/May/2026:00:14:46 -0500] "GET /wp-content/themes/kadence/assets/css/comments.min.css?ver=1.1.22 HTTP/1.1" 200 1301 "https://easysalads.com/tomato-onion-salad/" "Mozilla/5.0 (Macintosh; Intel Mac OS X 10_7_3) AppleWebKit/537.36 (KHTML, like Gecko, Mediapartners-Google) Chrome/147.0.7727.116 Safari/537.36"
66.249.92.141 - - [04/May/2026:00:14:46 -0500] "GET /wp-content/plugins/kadence-pro/dist/mega-menu/menu-addon.css?ver=1.1.19 HTTP/1.1" 200 1138 "https://easysalads.com/tomato-onion-salad/" "Mozilla/5.0 (Macintosh; Intel Mac OS X 10_7_3) AppleWebKit/537.36 (KHTML, like Gecko, Mediapartners-Google) Chrome/147.0.7727.116 Safari/537.36"
66.249.92.137 - - [04/May/2026:00:14:46 -0500] "GET /wp-content/themes/kadence/assets/css/header.min.css?ver=1.1.22 HTTP/1.1" 200 4308 "https://easysalads.com/tomato-onion-salad/" "Mozilla/5.0 (Macintosh; Intel Mac OS X 10_7_3) AppleWebKit/537.36 (KHTML, like Gecko, Mediapartners-Google) Chrome/147.0.7727.116 Safari/537.36"
66.249.92.141 - - [04/May/2026:00:14:46 -0500] "GET /wp-content/plugins/wpforms-lite/assets/css/frontend/modern/wpforms-full.min.css?ver=1.10.0.4 HTTP/1.1" 200 14805 "https://easysalads.com/tomato-onion-salad/" "Mozilla/5.0 (Macintosh; Intel Mac OS X 10_7_3) AppleWebKit/537.36 (KHTML, like Gecko, Mediapartners-Google) Chrome/147.0.7727.116 Safari/537.36"
66.249.92.141 - - [04/May/2026:00:14:46 -0500] "GET /wp-content/uploads/2022/09/Easy-Salads-website-logo-2048x601.png HTTP/1.1" 200 99062 "https://easysalads.com/tomato-onion-salad/" "Mozilla/5.0 (Macintosh; Intel Mac OS X 10_7_3) AppleWebKit/537.36 (KHTML, like Gecko, Mediapartners-Google) Chrome/147.0.7727.116 Safari/537.36"
66.249.92.139 - - [04/May/2026:00:14:46 -0500] "GET /wp-content/uploads/2024/01/tomato-onion-salad-04.jpg HTTP/1.1" 200 712014 "https://easysalads.com/tomato-onion-salad/" "Mozilla/5.0 (Macintosh; Intel Mac OS X 10_7_3) AppleWebKit/537.36 (KHTML, like Gecko, Mediapartners-Google) Chrome/147.0.7727.116 Safari/537.36"
66.249.92.132 - - [04/May/2026:00:14:46 -0500] "GET /wp-content/uploads/2024/01/tomato-onion-salad-06.jpg HTTP/1.1" 200 1661522 "https://easysalads.com/tomato-onion-salad/" "Mozilla/5.0 (Macintosh; Intel Mac OS X 10_7_3) AppleWebKit/537.36 (KHTML, like Gecko, Mediapartners-Google) Chrome/147.0.7727.116 Safari/537.36"
66.249.92.141 - - [04/May/2026:00:14:46 -0500] "GET /tomato-onion-salad/ HTTP/1.1" 200 101409 "-" "Mozilla/5.0 (Linux; Android 4.0.4; Galaxy Nexus Build/IMM76B) AppleWebKit/537.36 (KHTML, like Gecko; Mediapartners-Google) Chrome/147.0.7727.116 Mobile Safari/537.36"
66.249.92.129 - - [04/May/2026:00:14:47 -0500] "GET /wp-content/plugins/kadence-blocks/dist/style-blocks-spacer.css?ver=3.6.7 HTTP/1.1" 200 397 "https://easysalads.com/tomato-onion-salad/" "Mozilla/5.0 (Macintosh; Intel Mac OS X 10_7_3) AppleWebKit/537.36 (KHTML, like Gecko, Mediapartners-Google) Chrome/147.0.7727.116 Safari/537.36"
66.249.92.129 - - [04/May/2026:00:14:47 -0500] "GET /wp-content/plugins/kadence-blocks/dist/style-blocks-infobox.css?ver=3.6.7 HTTP/1.1" 200 1352 "https://easysalads.com/tomato-onion-salad/" "Mozilla/5.0 (Macintosh; Intel Mac OS X 10_7_3) AppleWebKit/537.36 (KHTML, like Gecko, Mediapartners-Google) Chrome/147.0.7727.116 Safari/537.36"
66.249.92.128 - - [04/May/2026:00:14:47 -0500] "GET /wp-content/plugins/kadence-blocks/dist/style-blocks-rowlayout.css?ver=3.6.7 HTTP/1.1" 200 1783 "https://easysalads.com/tomato-onion-salad/" "Mozilla/5.0 (Linux; Android 4.0.4; Galaxy Nexus Build/IMM76B) AppleWebKit/537.36 (KHTML, like Gecko; Mediapartners-Google) Chrome/147.0.7727.116 Mobile Safari/537.36"
66.249.92.139 - - [04/May/2026:00:14:47 -0500] "GET /wp-content/plugins/kadence-blocks/dist/style-blocks-advancedbtn.css?ver=3.6.7 HTTP/1.1" 200 717 "https://easysalads.com/tomato-onion-salad/" "Mozilla/5.0 (Linux; Android 4.0.4; Galaxy Nexus Build/IMM76B) AppleWebKit/537.36 (KHTML, like Gecko; Mediapartners-Google) Chrome/147.0.7727.116 Mobile Safari/537.36"
66.249.92.131 - - [04/May/2026:00:14:47 -0500] "GET /wp-content/plugins/kadence-blocks/dist/style-blocks-infobox.css?ver=3.6.7 HTTP/1.1" 200 1352 "https://easysalads.com/tomato-onion-salad/" "Mozilla/5.0 (Linux; Android 4.0.4; Galaxy Nexus Build/IMM76B) AppleWebKit/537.36 (KHTML, like Gecko; Mediapartners-Google) Chrome/147.0.7727.116 Mobile Safari/537.36"
66.249.92.135 - - [04/May/2026:00:14:47 -0500] "GET /wp-content/plugins/wp-recipe-maker-premium/dist/public-pro.css?ver=10.5.0 HTTP/1.1" 200 6809 "https://easysalads.com/tomato-onion-salad/" "Mozilla/5.0 (Linux; Android 4.0.4; Galaxy Nexus Build/IMM76B) AppleWebKit/537.36 (KHTML, like Gecko; Mediapartners-Google) Chrome/147.0.7727.116 Mobile Safari/537.36"
66.249.92.141 - - [04/May/2026:00:14:47 -0500] "GET /wp-content/plugins/kadence-blocks-pro/dist/style-blocks-postgrid.css?ver=2.8.13.1 HTTP/1.1" 200 2807 "https://easysalads.com/tomato-onion-salad/" "Mozilla/5.0 (Linux; Android 4.0.4; Galaxy Nexus Build/IMM76B) AppleWebKit/537.36 (KHTML, like Gecko; Mediapartners-Google) Chrome/147.0.7727.116 Mobile Safari/537.36"
66.249.92.133 - - [04/May/2026:00:14:47 -0500] "GET /wp-content/plugins/kadence-blocks/dist/style-blocks-iconlist.css?ver=3.6.7 HTTP/1.1" 200 609 "https://easysalads.com/tomato-onion-salad/" "Mozilla/5.0 (Linux; Android 4.0.4; Galaxy Nexus Build/IMM76B) AppleWebKit/537.36 (KHTML, like Gecko; Mediapartners-Google) Chrome/147.0.7727.116 Mobile Safari/537.36"
66.249.92.137 - - [04/May/2026:00:14:47 -0500] "GET /wp-content/themes/kadence/assets/css/global.min.css?ver=1.1.22 HTTP/1.1" 200 4269 "https://easysalads.com/tomato-onion-salad/" "Mozilla/5.0 (Linux; Android 4.0.4; Galaxy Nexus Build/IMM76B) AppleWebKit/537.36 (KHTML, like Gecko; Mediapartners-Google) Chrome/147.0.7727.116 Mobile Safari/537.36"
66.249.92.142 - - [04/May/2026:00:14:47 -0500] "GET /wp-content/themes/kadence/assets/css/footer.min.css?ver=1.1.22 HTTP/1.1" 200 1592 "https://easysalads.com/tomato-onion-salad/" "Mozilla/5.0 (Linux; Android 4.0.4; Galaxy Nexus Build/IMM76B) AppleWebKit/537.36 (KHTML, like Gecko; Mediapartners-Google) Chrome/147.0.7727.116 Mobile Safari/537.36"
66.249.92.139 - - [04/May/2026:00:14:47 -0500] "GET /wp-content/plugins/kadence-blocks/dist/style-blocks-column.css?ver=3.6.7 HTTP/1.1" 200 440 "https://easysalads.com/tomato-onion-salad/" "Mozilla/5.0 (Linux; Android 4.0.4; Galaxy Nexus Build/IMM76B) AppleWebKit/537.36 (KHTML, like Gecko; Mediapartners-Google) Chrome/147.0.7727.116 Mobile Safari/537.36"
66.249.92.128 - - [04/May/2026:00:14:47 -0500] "GET /wp-content/themes/kadence/assets/css/comments.min.css?ver=1.1.22 HTTP/1.1" 200 1301 "https://easysalads.com/tomato-onion-salad/" "Mozilla/5.0 (Linux; Android 4.0.4; Galaxy Nexus Build/IMM76B) AppleWebKit/537.36 (KHTML, like Gecko; Mediapartners-Google) Chrome/147.0.7727.116 Mobile Safari/537.36"
66.249.92.129 - - [04/May/2026:00:14:47 -0500] "GET /wp-content/plugins/wp-recipe-maker/dist/public-modern.css?ver=10.5.0 HTTP/1.1" 200 7725 "https://easysalads.com/tomato-onion-salad/" "Mozilla/5.0 (Linux; Android 4.0.4; Galaxy Nexus Build/IMM76B) AppleWebKit/537.36 (KHTML, like Gecko; Mediapartners-Google) Chrome/147.0.7727.116 Mobile Safari/537.36"
66.249.92.137 - - [04/May/2026:00:14:47 -0500] "GET /wp-content/plugins/social-pug/assets/dist/style-frontend-pro.css?ver=2.28.0 HTTP/1.1" 200 11467 "https://easysalads.com/tomato-onion-salad/" "Mozilla/5.0 (Linux; Android 4.0.4; Galaxy Nexus Build/IMM76B) AppleWebKit/537.36 (KHTML, like Gecko; Mediapartners-Google) Chrome/147.0.7727.116 Mobile Safari/537.36"
66.249.92.137 - - [04/May/2026:00:14:47 -0500] "GET /wp-content/themes/kadence/assets/css/content.min.css?ver=1.1.22 HTTP/1.1" 200 5525 "https://easysalads.com/tomato-onion-salad/" "Mozilla/5.0 (Linux; Android 4.0.4; Galaxy Nexus Build/IMM76B) AppleWebKit/537.36 (KHTML, like Gecko; Mediapartners-Google) Chrome/147.0.7727.116 Mobile Safari/537.36"
66.249.92.132 - - [04/May/2026:00:14:47 -0500] "GET /wp-content/plugins/kadence-pro/dist/mega-menu/menu-addon.css?ver=1.1.19 HTTP/1.1" 200 1138 "https://easysalads.com/tomato-onion-salad/" "Mozilla/5.0 (Linux; Android 4.0.4; Galaxy Nexus Build/IMM76B) AppleWebKit/537.36 (KHTML, like Gecko; Mediapartners-Google) Chrome/147.0.7727.116 Mobile Safari/537.36"
66.249.92.141 - - [04/May/2026:00:14:47 -0500] "GET /wp-content/themes/kadence/assets/css/header.min.css?ver=1.1.22 HTTP/1.1" 200 4308 "https://easysalads.com/tomato-onion-salad/" "Mozilla/5.0 (Linux; Android 4.0.4; Galaxy Nexus Build/IMM76B) AppleWebKit/537.36 (KHTML, like Gecko; Mediapartners-Google) Chrome/147.0.7727.116 Mobile Safari/537.36"
66.249.92.132 - - [04/May/2026:00:14:47 -0500] "GET /wp-content/themes/restored316-sage/style.css?ver=1_0_1 HTTP/1.1" 200 1101 "https://easysalads.com/tomato-onion-salad/" "Mozilla/5.0 (Linux; Android 4.0.4; Galaxy Nexus Build/IMM76B) AppleWebKit/537.36 (KHTML, like Gecko; Mediapartners-Google) Chrome/147.0.7727.116 Mobile Safari/537.36"
66.249.92.136 - - [04/May/2026:00:14:47 -0500] "GET /wp-content/uploads/2022/09/Easy-Salads-website-logo-768x226.png HTTP/1.1" 200 32242 "https://easysalads.com/tomato-onion-salad/" "Mozilla/5.0 (Linux; Android 4.0.4; Galaxy Nexus Build/IMM76B) AppleWebKit/537.36 (KHTML, like Gecko; Mediapartners-Google) Chrome/147.0.7727.116 Mobile Safari/537.36"
66.249.92.138 - - [04/May/2026:00:14:47 -0500] "GET /wp-content/plugins/wpforms-lite/assets/css/frontend/modern/wpforms-full.min.css?ver=1.10.0.4 HTTP/1.1" 200 14805 "https://easysalads.com/tomato-onion-salad/" "Mozilla/5.0 (Linux; Android 4.0.4; Galaxy Nexus Build/IMM76B) AppleWebKit/537.36 (KHTML, like Gecko; Mediapartners-Google) Chrome/147.0.7727.116 Mobile Safari/537.36"
66.249.92.142 - - [04/May/2026:00:14:47 -0500] "GET /wp-content/uploads/2024/01/tomato-onion-salad-06-768x1152.jpg HTTP/1.1" 200 257562 "https://easysalads.com/tomato-onion-salad/" "Mozilla/5.0 (Linux; Android 4.0.4; Galaxy Nexus Build/IMM76B) AppleWebKit/537.36 (KHTML, like Gecko; Mediapartners-Google) Chrome/147.0.7727.116 Mobile Safari/537.36"
66.249.92.133 - - [04/May/2026:00:14:47 -0500] "GET /wp-content/uploads/2024/01/tomato-onion-salad-04-768x512.jpg HTTP/1.1" 200 122750 "https://easysalads.com/tomato-onion-salad/" "Mozilla/5.0 (Linux; Android 4.0.4; Galaxy Nexus Build/IMM76B) AppleWebKit/537.36 (KHTML, like Gecko; Mediapartners-Google) Chrome/147.0.7727.116 Mobile Safari/537.36"
66.249.92.128 - - [04/May/2026:00:14:47 -0500] "GET /wp-content/plugins/social-pug/assets/dist/front-end-pro.js?ver=2.28.0 HTTP/1.1" 200 9352 "https://easysalads.com/tomato-onion-salad/" "Mozilla/5.0 (Macintosh; Intel Mac OS X 10_7_3) AppleWebKit/537.36 (KHTML, like Gecko, Mediapartners-Google) Chrome/147.0.7727.116 Safari/537.36"
66.249.92.134 - - [04/May/2026:00:14:47 -0500] "GET /wp-content/plugins/wpforms-lite/assets/images/submit-spin.svg HTTP/1.1" 200 509 "https://easysalads.com/tomato-onion-salad/" "Mozilla/5.0 (Macintosh; Intel Mac OS X 10_7_3) AppleWebKit/537.36 (KHTML, like Gecko, Mediapartners-Google) Chrome/147.0.7727.116 Safari/537.36"
66.249.92.137 - - [04/May/2026:00:14:47 -0500] "GET /wp-content/themes/kadence/assets/css/sidebar.min.css?ver=1.1.22 HTTP/1.1" 200 749 "https://easysalads.com/tomato-onion-salad/" "Mozilla/5.0 (Linux; Android 4.0.4; Galaxy Nexus Build/IMM76B) AppleWebKit/537.36 (KHTML, like Gecko; Mediapartners-Google) Chrome/147.0.7727.116 Mobile Safari/537.36"
66.249.92.129 - - [04/May/2026:00:14:47 -0500] "GET /wp-content/plugins/kadence-blocks/dist/style-blocks-spacer.css?ver=3.6.7 HTTP/1.1" 200 397 "https://easysalads.com/tomato-onion-salad/" "Mozilla/5.0 (Linux; Android 4.0.4; Galaxy Nexus Build/IMM76B) AppleWebKit/537.36 (KHTML, like Gecko; Mediapartners-Google) Chrome/147.0.7727.116 Mobile Safari/537.36"
66.249.92.135 - - [04/May/2026:00:14:47 -0500] "GET /wp-content/plugins/wpforms-lite/assets/lib/jquery.validate.min.js?ver=1.21.0 HTTP/1.1" 200 7820 "https://easysalads.com/tomato-onion-salad/" "Mozilla/5.0 (Linux; Android 4.0.4; Galaxy Nexus Build/IMM76B) AppleWebKit/537.36 (KHTML, like Gecko; Mediapartners-Google) Chrome/147.0.7727.116 Mobile Safari/537.36"
66.249.92.128 - - [04/May/2026:00:14:47 -0500] "GET /wp-content/plugins/akismet/_inc/akismet-frontend.js?ver=1764724306 HTTP/1.1" 200 3028 "https://easysalads.com/tomato-onion-salad/" "Mozilla/5.0 (Linux; Android 4.0.4; Galaxy Nexus Build/IMM76B) AppleWebKit/537.36 (KHTML, like Gecko; Mediapartners-Google) Chrome/147.0.7727.116 Mobile Safari/537.36"
66.249.92.136 - - [04/May/2026:00:14:47 -0500] "GET /wp-content/plugins/wpforms-lite/assets/js/frontend/wpforms.min.js?ver=1.10.0.4 HTTP/1.1" 200 14627 "https://easysalads.com/tomato-onion-salad/" "Mozilla/5.0 (Linux; Android 4.0.4; Galaxy Nexus Build/IMM76B) AppleWebKit/537.36 (KHTML, like Gecko; Mediapartners-Google) Chrome/147.0.7727.116 Mobile Safari/537.36"
66.249.92.132 - - [04/May/2026:00:14:47 -0500] "GET /wp-content/plugins/wpforms-lite/assets/js/frontend/fields/address.min.js?ver=1.10.0.4 HTTP/1.1" 200 685 "https://easysalads.com/tomato-onion-salad/" "Mozilla/5.0 (Linux; Android 4.0.4; Galaxy Nexus Build/IMM76B) AppleWebKit/537.36 (KHTML, like Gecko; Mediapartners-Google) Chrome/147.0.7727.116 Mobile Safari/537.36"
66.249.92.142 - - [04/May/2026:00:14:47 -0500] "GET /wp-includes/js/jquery/jquery-migrate.min.js?ver=3.4.1 HTTP/1.1" 200 4692 "https://easysalads.com/tomato-onion-salad/" "Mozilla/5.0 (Linux; Android 4.0.4; Galaxy Nexus Build/IMM76B) AppleWebKit/537.36 (KHTML, like Gecko; Mediapartners-Google) Chrome/147.0.7727.116 Mobile Safari/537.36"
66.249.92.135 - - [04/May/2026:00:14:47 -0500] "GET /wp-content/plugins/wp-recipe-maker-premium/dist/public-pro.js?ver=10.5.0 HTTP/1.1" 200 20153 "https://easysalads.com/tomato-onion-salad/" "Mozilla/5.0 (Linux; Android 4.0.4; Galaxy Nexus Build/IMM76B) AppleWebKit/537.36 (KHTML, like Gecko; Mediapartners-Google) Chrome/147.0.7727.116 Mobile Safari/537.36"
66.249.92.132 - - [04/May/2026:00:14:47 -0500] "GET /wp-content/plugins/social-pug/assets/dist/front-end-pro.js?ver=2.28.0 HTTP/1.1" 200 9352 "https://easysalads.com/tomato-onion-salad/" "Mozilla/5.0 (Linux; Android 4.0.4; Galaxy Nexus Build/IMM76B) AppleWebKit/537.36 (KHTML, like Gecko; Mediapartners-Google) Chrome/147.0.7727.116 Mobile Safari/537.36"
66.249.92.142 - - [04/May/2026:00:14:47 -0500] "GET /wp-includes/js/jquery/jquery.min.js?ver=3.7.1 HTTP/1.1" 200 29782 "https://easysalads.com/tomato-onion-salad/" "Mozilla/5.0 (Linux; Android 4.0.4; Galaxy Nexus Build/IMM76B) AppleWebKit/537.36 (KHTML, like Gecko; Mediapartners-Google) Chrome/147.0.7727.116 Mobile Safari/537.36"
66.249.92.128 - - [04/May/2026:00:14:47 -0500] "GET /wp-content/plugins/kadence-pro/dist/mega-menu/kadence-mega-menu.min.js?ver=1.1.19 HTTP/1.1" 200 469 "https://easysalads.com/tomato-onion-salad/" "Mozilla/5.0 (Linux; Android 4.0.4; Galaxy Nexus Build/IMM76B) AppleWebKit/537.36 (KHTML, like Gecko; Mediapartners-Google) Chrome/147.0.7727.116 Mobile Safari/537.36"
66.249.92.130 - - [04/May/2026:00:14:47 -0500] "GET /wp-content/plugins/wp-recipe-maker/dist/public-modern.js?ver=10.5.0 HTTP/1.1" 200 23757 "https://easysalads.com/tomato-onion-salad/" "Mozilla/5.0 (Linux; Android 4.0.4; Galaxy Nexus Build/IMM76B) AppleWebKit/537.36 (KHTML, like Gecko; Mediapartners-Google) Chrome/147.0.7727.116 Mobile Safari/537.36"
66.249.92.141 - - [04/May/2026:00:14:47 -0500] "GET /wp-content/plugins/wpforms-lite/assets/lib/punycode.min.js?ver=1.0.0 HTTP/1.1" 200 846 "https://easysalads.com/tomato-onion-salad/" "Mozilla/5.0 (Linux; Android 4.0.4; Galaxy Nexus Build/IMM76B) AppleWebKit/537.36 (KHTML, like Gecko; Mediapartners-Google) Chrome/147.0.7727.116 Mobile Safari/537.36"
66.249.92.130 - - [04/May/2026:00:14:47 -0500] "GET /wp-content/plugins/wpforms-lite/assets/lib/mailcheck.min.js?ver=1.1.2 HTTP/1.1" 200 1628 "https://easysalads.com/tomato-onion-salad/" "Mozilla/5.0 (Linux; Android 4.0.4; Galaxy Nexus Build/IMM76B) AppleWebKit/537.36 (KHTML, like Gecko; Mediapartners-Google) Chrome/147.0.7727.116 Mobile Safari/537.36"
66.249.92.135 - - [04/May/2026:00:14:47 -0500] "GET /wp-content/plugins/wpforms-lite/assets/js/share/utils.min.js?ver=1.10.0.4 HTTP/1.1" 200 739 "https://easysalads.com/tomato-onion-salad/" "Mozilla/5.0 (Linux; Android 4.0.4; Galaxy Nexus Build/IMM76B) AppleWebKit/537.36 (KHTML, like Gecko; Mediapartners-Google) Chrome/147.0.7727.116 Mobile Safari/537.36"
66.249.92.136 - - [04/May/2026:00:14:47 -0500] "GET /wp-content/plugins/wpforms-lite/assets/images/submit-spin.svg HTTP/1.1" 200 509 "https://easysalads.com/tomato-onion-salad/" "Mozilla/5.0 (Linux; Android 4.0.4; Galaxy Nexus Build/IMM76B) AppleWebKit/537.36 (KHTML, like Gecko; Mediapartners-Google) Chrome/147.0.7727.116 Mobile Safari/537.36"
66.249.92.129 - - [04/May/2026:00:14:47 -0500] "GET /wp-content/plugins/wpforms-lite/assets/js/frontend/wpforms-modern.min.js?ver=1.10.0.4 HTTP/1.1" 200 1878 "https://easysalads.com/tomato-onion-salad/" "Mozilla/5.0 (Linux; Android 4.0.4; Galaxy Nexus Build/IMM76B) AppleWebKit/537.36 (KHTML, like Gecko; Mediapartners-Google) Chrome/147.0.7727.116 Mobile Safari/537.36"
66.249.92.129 - - [04/May/2026:00:14:47 -0500] "GET /wp-includes/js/comment-reply.min.js?ver=6.9.4 HTTP/1.1" 200 1260 "https://easysalads.com/tomato-onion-salad/" "Mozilla/5.0 (Linux; Android 4.0.4; Galaxy Nexus Build/IMM76B) AppleWebKit/537.36 (KHTML, like Gecko; Mediapartners-Google) Chrome/147.0.7727.116 Mobile Safari/537.36"
66.249.92.135 - - [04/May/2026:00:14:47 -0500] "GET /wp-content/themes/kadence/assets/js/navigation-lite.min.js?ver=1.1.21 HTTP/1.1" 200 2095 "https://easysalads.com/tomato-onion-salad/" "Mozilla/5.0 (Linux; Android 4.0.4; Galaxy Nexus Build/IMM76B) AppleWebKit/537.36 (KHTML, like Gecko; Mediapartners-Google) Chrome/147.0.7727.116 Mobile Safari/537.36"
66.249.92.133 - - [04/May/2026:00:14:47 -0500] "GET /wp-content/uploads/2024/07/shrimp-corn-salad-00-150x225.jpg HTTP/1.1" 200 18133 "https://easysalads.com/tomato-onion-salad/" "Mozilla/5.0 (Macintosh; Intel Mac OS X 10_7_3) AppleWebKit/537.36 (KHTML, like Gecko, Mediapartners-Google) Chrome/147.0.7727.116 Safari/537.36"
66.249.92.137 - - [04/May/2026:00:14:47 -0500] "GET /wp-content/uploads/2024/02/jasons-deli-pasta-salad-02-150x100.jpg HTTP/1.1" 200 7129 "https://easysalads.com/tomato-onion-salad/" "Mozilla/5.0 (Macintosh; Intel Mac OS X 10_7_3) AppleWebKit/537.36 (KHTML, like Gecko, Mediapartners-Google) Chrome/147.0.7727.116 Safari/537.36"
66.249.92.142 - - [04/May/2026:00:14:47 -0500] "GET /wp-content/uploads/2024/07/Classic-Chicken-Salad05-150x225.jpg HTTP/1.1" 200 18079 "https://easysalads.com/tomato-onion-salad/" "Mozilla/5.0 (Macintosh; Intel Mac OS X 10_7_3) AppleWebKit/537.36 (KHTML, like Gecko, Mediapartners-Google) Chrome/147.0.7727.116 Safari/537.36"
66.249.92.136 - - [04/May/2026:00:14:47 -0500] "GET /wp-content/uploads/2022/01/courtney-whitmore-easy-salads02-150x150.jpg HTTP/1.1" 200 32777 "https://easysalads.com/tomato-onion-salad/" "Mozilla/5.0 (Macintosh; Intel Mac OS X 10_7_3) AppleWebKit/537.36 (KHTML, like Gecko, Mediapartners-Google) Chrome/147.0.7727.116 Safari/537.36"
66.249.92.134 - - [04/May/2026:00:14:47 -0500] "GET /wp-content/uploads/2024/02/southern-potato-salad-02-150x225.jpg HTTP/1.1" 200 15355 "https://easysalads.com/tomato-onion-salad/" "Mozilla/5.0 (Macintosh; Intel Mac OS X 10_7_3) AppleWebKit/537.36 (KHTML, like Gecko, Mediapartners-Google) Chrome/147.0.7727.116 Safari/537.36"
66.249.92.128 - - [04/May/2026:00:14:50 -0500] "GET /wp-content/plugins/kadence-blocks/dist/style-blocks-column.css?ver=3.6.7 HTTP/1.1" 200 440 "https://easysalads.com/tomato-onion-salad/" "Mozilla/5.0 (Linux; Android 4.0.4; Galaxy Nexus Build/IMM76B) AppleWebKit/537.36 (KHTML, like Gecko; Mediapartners-Google) Chrome/147.0.7727.116 Mobile Safari/537.36"
66.249.92.133 - - [04/May/2026:00:14:50 -0500] "GET /wp-content/themes/kadence/assets/css/global.min.css?ver=1.1.22 HTTP/1.1" 200 4269 "https://easysalads.com/tomato-onion-salad/" "Mozilla/5.0 (Linux; Android 4.0.4; Galaxy Nexus Build/IMM76B) AppleWebKit/537.36 (KHTML, like Gecko; Mediapartners-Google) Chrome/147.0.7727.116 Mobile Safari/537.36"
66.249.92.139 - - [04/May/2026:00:14:50 -0500] "GET /wp-content/plugins/wp-recipe-maker/dist/public-modern.css?ver=10.5.0 HTTP/1.1" 200 7725 "https://easysalads.com/tomato-onion-salad/" "Mozilla/5.0 (Linux; Android 4.0.4; Galaxy Nexus Build/IMM76B) AppleWebKit/537.36 (KHTML, like Gecko; Mediapartners-Google) Chrome/147.0.7727.116 Mobile Safari/537.36"
66.249.92.136 - - [04/May/2026:00:14:50 -0500] "GET /wp-content/plugins/wp-recipe-maker-premium/dist/public-pro.css?ver=10.5.0 HTTP/1.1" 200 6809 "https://easysalads.com/tomato-onion-salad/" "Mozilla/5.0 (Linux; Android 4.0.4; Galaxy Nexus Build/IMM76B) AppleWebKit/537.36 (KHTML, like Gecko; Mediapartners-Google) Chrome/147.0.7727.116 Mobile Safari/537.36"
66.249.92.135 - - [04/May/2026:00:14:50 -0500] "GET /wp-content/plugins/kadence-blocks/dist/style-blocks-rowlayout.css?ver=3.6.7 HTTP/1.1" 200 1783 "https://easysalads.com/tomato-onion-salad/" "Mozilla/5.0 (Linux; Android 4.0.4; Galaxy Nexus Build/IMM76B) AppleWebKit/537.36 (KHTML, like Gecko; Mediapartners-Google) Chrome/147.0.7727.116 Mobile Safari/537.36"
66.249.92.129 - - [04/May/2026:00:14:50 -0500] "GET /wp-content/plugins/kadence-pro/dist/mega-menu/menu-addon.css?ver=1.1.19 HTTP/1.1" 200 1138 "https://easysalads.com/tomato-onion-salad/" "Mozilla/5.0 (Linux; Android 4.0.4; Galaxy Nexus Build/IMM76B) AppleWebKit/537.36 (KHTML, like Gecko; Mediapartners-Google) Chrome/147.0.7727.116 Mobile Safari/537.36"
66.249.92.138 - - [04/May/2026:00:14:50 -0500] "GET /wp-content/themes/kadence/assets/css/comments.min.css?ver=1.1.22 HTTP/1.1" 200 1301 "https://easysalads.com/tomato-onion-salad/" "Mozilla/5.0 (Linux; Android 4.0.4; Galaxy Nexus Build/IMM76B) AppleWebKit/537.36 (KHTML, like Gecko; Mediapartners-Google) Chrome/147.0.7727.116 Mobile Safari/537.36"
66.249.92.130 - - [04/May/2026:00:14:50 -0500] "GET /wp-content/plugins/kadence-blocks/dist/style-blocks-advancedbtn.css?ver=3.6.7 HTTP/1.1" 200 717 "https://easysalads.com/tomato-onion-salad/" "Mozilla/5.0 (Linux; Android 4.0.4; Galaxy Nexus Build/IMM76B) AppleWebKit/537.36 (KHTML, like Gecko; Mediapartners-Google) Chrome/147.0.7727.116 Mobile Safari/537.36"
66.249.92.131 - - [04/May/2026:00:14:50 -0500] "GET /wp-content/themes/kadence/assets/css/footer.min.css?ver=1.1.22 HTTP/1.1" 200 1592 "https://easysalads.com/tomato-onion-salad/" "Mozilla/5.0 (Linux; Android 4.0.4; Galaxy Nexus Build/IMM76B) AppleWebKit/537.36 (KHTML, like Gecko; Mediapartners-Google) Chrome/147.0.7727.116 Mobile Safari/537.36"
66.249.92.140 - - [04/May/2026:00:14:50 -0500] "GET /wp-content/plugins/social-pug/assets/dist/style-frontend-pro.css?ver=2.28.0 HTTP/1.1" 200 11467 "https://easysalads.com/tomato-onion-salad/" "Mozilla/5.0 (Linux; Android 4.0.4; Galaxy Nexus Build/IMM76B) AppleWebKit/537.36 (KHTML, like Gecko; Mediapartners-Google) Chrome/147.0.7727.116 Mobile Safari/537.36"
66.249.92.139 - - [04/May/2026:00:14:50 -0500] "GET /wp-content/plugins/kadence-blocks-pro/dist/style-blocks-postgrid.css?ver=2.8.13.1 HTTP/1.1" 200 2807 "https://easysalads.com/tomato-onion-salad/" "Mozilla/5.0 (Linux; Android 4.0.4; Galaxy Nexus Build/IMM76B) AppleWebKit/537.36 (KHTML, like Gecko; Mediapartners-Google) Chrome/147.0.7727.116 Mobile Safari/537.36"
66.249.92.141 - - [04/May/2026:00:14:50 -0500] "GET /wp-content/plugins/kadence-blocks/dist/style-blocks-infobox.css?ver=3.6.7 HTTP/1.1" 200 1352 "https://easysalads.com/tomato-onion-salad/" "Mozilla/5.0 (Linux; Android 4.0.4; Galaxy Nexus Build/IMM76B) AppleWebKit/537.36 (KHTML, like Gecko; Mediapartners-Google) Chrome/147.0.7727.116 Mobile Safari/537.36"
66.249.92.130 - - [04/May/2026:00:14:50 -0500] "GET /wp-content/plugins/kadence-blocks/dist/style-blocks-iconlist.css?ver=3.6.7 HTTP/1.1" 200 609 "https://easysalads.com/tomato-onion-salad/" "Mozilla/5.0 (Linux; Android 4.0.4; Galaxy Nexus Build/IMM76B) AppleWebKit/537.36 (KHTML, like Gecko; Mediapartners-Google) Chrome/147.0.7727.116 Mobile Safari/537.36"
66.249.92.138 - - [04/May/2026:00:14:50 -0500] "GET /wp-content/themes/kadence/assets/css/content.min.css?ver=1.1.22 HTTP/1.1" 200 5525 "https://easysalads.com/tomato-onion-salad/" "Mozilla/5.0 (Linux; Android 4.0.4; Galaxy Nexus Build/IMM76B) AppleWebKit/537.36 (KHTML, like Gecko; Mediapartners-Google) Chrome/147.0.7727.116 Mobile Safari/537.36"
66.249.92.140 - - [04/May/2026:00:14:50 -0500] "GET /wp-content/themes/kadence/assets/css/sidebar.min.css?ver=1.1.22 HTTP/1.1" 200 749 "https://easysalads.com/tomato-onion-salad/" "Mozilla/5.0 (Linux; Android 4.0.4; Galaxy Nexus Build/IMM76B) AppleWebKit/537.36 (KHTML, like Gecko; Mediapartners-Google) Chrome/147.0.7727.116 Mobile Safari/537.36"
66.249.92.135 - - [04/May/2026:00:14:50 -0500] "GET /wp-content/themes/kadence/assets/css/header.min.css?ver=1.1.22 HTTP/1.1" 200 4308 "https://easysalads.com/tomato-onion-salad/" "Mozilla/5.0 (Linux; Android 4.0.4; Galaxy Nexus Build/IMM76B) AppleWebKit/537.36 (KHTML, like Gecko; Mediapartners-Google) Chrome/147.0.7727.116 Mobile Safari/537.36"
66.249.92.128 - - [04/May/2026:00:14:50 -0500] "GET /wp-content/plugins/wpforms-lite/assets/css/frontend/modern/wpforms-full.min.css?ver=1.10.0.4 HTTP/1.1" 200 14805 "https://easysalads.com/tomato-onion-salad/" "Mozilla/5.0 (Linux; Android 4.0.4; Galaxy Nexus Build/IMM76B) AppleWebKit/537.36 (KHTML, like Gecko; Mediapartners-Google) Chrome/147.0.7727.116 Mobile Safari/537.36"
66.249.92.142 - - [04/May/2026:00:14:50 -0500] "GET /wp-content/uploads/2024/01/tomato-onion-salad-06-1024x1536.jpg HTTP/1.1" 200 410167 "https://easysalads.com/tomato-onion-salad/" "Mozilla/5.0 (Linux; Android 4.0.4; Galaxy Nexus Build/IMM76B) AppleWebKit/537.36 (KHTML, like Gecko; Mediapartners-Google) Chrome/147.0.7727.116 Mobile Safari/537.36"
66.249.92.136 - - [04/May/2026:00:14:50 -0500] "GET /wp-content/uploads/2024/01/tomato-onion-salad-04-1024x683.jpg HTTP/1.1" 200 191132 "https://easysalads.com/tomato-onion-salad/" "Mozilla/5.0 (Linux; Android 4.0.4; Galaxy Nexus Build/IMM76B) AppleWebKit/537.36 (KHTML, like Gecko; Mediapartners-Google) Chrome/147.0.7727.116 Mobile Safari/537.36"
66.249.92.128 - - [04/May/2026:00:14:50 -0500] "GET /wp-content/uploads/2022/09/Easy-Salads-website-logo-1024x301.png HTTP/1.1" 200 44390 "https://easysalads.com/tomato-onion-salad/" "Mozilla/5.0 (Linux; Android 4.0.4; Galaxy Nexus Build/IMM76B) AppleWebKit/537.36 (KHTML, like Gecko; Mediapartners-Google) Chrome/147.0.7727.116 Mobile Safari/537.36"
66.249.92.130 - - [04/May/2026:00:14:50 -0500] "GET /wp-content/plugins/kadence-blocks/dist/style-blocks-column.css?ver=3.6.7 HTTP/1.1" 200 440 "https://easysalads.com/tomato-onion-salad/" "Mozilla/5.0 (Macintosh; Intel Mac OS X 10_7_3) AppleWebKit/537.36 (KHTML, like Gecko, Mediapartners-Google) Chrome/147.0.7727.116 Safari/537.36"
66.249.92.136 - - [04/May/2026:00:14:50 -0500] "GET /wp-content/plugins/kadence-blocks/dist/style-blocks-rowlayout.css?ver=3.6.7 HTTP/1.1" 200 1783 "https://easysalads.com/tomato-onion-salad/" "Mozilla/5.0 (Macintosh; Intel Mac OS X 10_7_3) AppleWebKit/537.36 (KHTML, like Gecko, Mediapartners-Google) Chrome/147.0.7727.116 Safari/537.36"
66.249.92.133 - - [04/May/2026:00:14:50 -0500] "GET /wp-content/plugins/kadence-blocks-pro/dist/style-blocks-postgrid.css?ver=2.8.13.1 HTTP/1.1" 200 2807 "https://easysalads.com/tomato-onion-salad/" "Mozilla/5.0 (Macintosh; Intel Mac OS X 10_7_3) AppleWebKit/537.36 (KHTML, like Gecko, Mediapartners-Google) Chrome/147.0.7727.116 Safari/537.36"
66.249.92.135 - - [04/May/2026:00:14:50 -0500] "GET /wp-content/plugins/kadence-blocks/dist/style-blocks-advancedbtn.css?ver=3.6.7 HTTP/1.1" 200 717 "https://easysalads.com/tomato-onion-salad/" "Mozilla/5.0 (Macintosh; Intel Mac OS X 10_7_3) AppleWebKit/537.36 (KHTML, like Gecko, Mediapartners-Google) Chrome/147.0.7727.116 Safari/537.36"
66.249.92.130 - - [04/May/2026:00:14:50 -0500] "GET /wp-content/plugins/kadence-blocks/dist/style-blocks-infobox.css?ver=3.6.7 HTTP/1.1" 200 1352 "https://easysalads.com/tomato-onion-salad/" "Mozilla/5.0 (Macintosh; Intel Mac OS X 10_7_3) AppleWebKit/537.36 (KHTML, like Gecko, Mediapartners-Google) Chrome/147.0.7727.116 Safari/537.36"
66.249.92.138 - - [04/May/2026:00:14:50 -0500] "GET /wp-content/themes/restored316-sage/style.css?ver=1_0_1 HTTP/1.1" 200 1101 "https://easysalads.com/tomato-onion-salad/" "Mozilla/5.0 (Linux; Android 4.0.4; Galaxy Nexus Build/IMM76B) AppleWebKit/537.36 (KHTML, like Gecko; Mediapartners-Google) Chrome/147.0.7727.116 Mobile Safari/537.36"
66.249.92.137 - - [04/May/2026:00:14:50 -0500] "GET /wp-content/themes/kadence/assets/css/global.min.css?ver=1.1.22 HTTP/1.1" 200 4269 "https://easysalads.com/tomato-onion-salad/" "Mozilla/5.0 (Macintosh; Intel Mac OS X 10_7_3) AppleWebKit/537.36 (KHTML, like Gecko, Mediapartners-Google) Chrome/147.0.7727.116 Safari/537.36"
66.249.92.139 - - [04/May/2026:00:14:50 -0500] "GET /wp-content/plugins/wp-recipe-maker/dist/public-modern.css?ver=10.5.0 HTTP/1.1" 200 7725 "https://easysalads.com/tomato-onion-salad/" "Mozilla/5.0 (Macintosh; Intel Mac OS X 10_7_3) AppleWebKit/537.36 (KHTML, like Gecko, Mediapartners-Google) Chrome/147.0.7727.116 Safari/537.36"
66.249.92.133 - - [04/May/2026:00:14:50 -0500] "GET /wp-content/plugins/wp-recipe-maker-premium/dist/public-pro.css?ver=10.5.0 HTTP/1.1" 200 6809 "https://easysalads.com/tomato-onion-salad/" "Mozilla/5.0 (Macintosh; Intel Mac OS X 10_7_3) AppleWebKit/537.36 (KHTML, like Gecko, Mediapartners-Google) Chrome/147.0.7727.116 Safari/537.36"
66.249.92.142 - - [04/May/2026:00:14:50 -0500] "GET /wp-content/themes/kadence/assets/css/header.min.css?ver=1.1.22 HTTP/1.1" 200 4308 "https://easysalads.com/tomato-onion-salad/" "Mozilla/5.0 (Macintosh; Intel Mac OS X 10_7_3) AppleWebKit/537.36 (KHTML, like Gecko, Mediapartners-Google) Chrome/147.0.7727.116 Safari/537.36"
66.249.92.130 - - [04/May/2026:00:14:50 -0500] "GET /wp-content/themes/kadence/assets/css/comments.min.css?ver=1.1.22 HTTP/1.1" 200 1301 "https://easysalads.com/tomato-onion-salad/" "Mozilla/5.0 (Macintosh; Intel Mac OS X 10_7_3) AppleWebKit/537.36 (KHTML, like Gecko, Mediapartners-Google) Chrome/147.0.7727.116 Safari/537.36"
66.249.92.136 - - [04/May/2026:00:14:50 -0500] "GET /wp-content/themes/restored316-sage/style.css?ver=1_0_1 HTTP/1.1" 200 1101 "https://easysalads.com/tomato-onion-salad/" "Mozilla/5.0 (Macintosh; Intel Mac OS X 10_7_3) AppleWebKit/537.36 (KHTML, like Gecko, Mediapartners-Google) Chrome/147.0.7727.116 Safari/537.36"
66.249.92.142 - - [04/May/2026:00:14:50 -0500] "GET /wp-content/themes/kadence/assets/css/content.min.css?ver=1.1.22 HTTP/1.1" 200 5525 "https://easysalads.com/tomato-onion-salad/" "Mozilla/5.0 (Macintosh; Intel Mac OS X 10_7_3) AppleWebKit/537.36 (KHTML, like Gecko, Mediapartners-Google) Chrome/147.0.7727.116 Safari/537.36"
66.249.92.134 - - [04/May/2026:00:14:50 -0500] "GET /wp-content/plugins/kadence-blocks/dist/style-blocks-iconlist.css?ver=3.6.7 HTTP/1.1" 200 609 "https://easysalads.com/tomato-onion-salad/" "Mozilla/5.0 (Macintosh; Intel Mac OS X 10_7_3) AppleWebKit/537.36 (KHTML, like Gecko, Mediapartners-Google) Chrome/147.0.7727.116 Safari/537.36"
66.249.92.129 - - [04/May/2026:00:14:50 -0500] "GET /wp-content/plugins/social-pug/assets/dist/style-frontend-pro.css?ver=2.28.0 HTTP/1.1" 200 11467 "https://easysalads.com/tomato-onion-salad/" "Mozilla/5.0 (Macintosh; Intel Mac OS X 10_7_3) AppleWebKit/537.36 (KHTML, like Gecko, Mediapartners-Google) Chrome/147.0.7727.116 Safari/537.36"
66.249.92.129 - - [04/May/2026:00:14:50 -0500] "GET /wp-content/plugins/kadence-pro/dist/mega-menu/menu-addon.css?ver=1.1.19 HTTP/1.1" 200 1138 "https://easysalads.com/tomato-onion-salad/" "Mozilla/5.0 (Macintosh; Intel Mac OS X 10_7_3) AppleWebKit/537.36 (KHTML, like Gecko, Mediapartners-Google) Chrome/147.0.7727.116 Safari/537.36"
66.249.92.132 - - [04/May/2026:00:14:50 -0500] "GET /wp-content/themes/kadence/assets/css/sidebar.min.css?ver=1.1.22 HTTP/1.1" 200 749 "https://easysalads.com/tomato-onion-salad/" "Mozilla/5.0 (Macintosh; Intel Mac OS X 10_7_3) AppleWebKit/537.36 (KHTML, like Gecko, Mediapartners-Google) Chrome/147.0.7727.116 Safari/537.36"
66.249.92.135 - - [04/May/2026:00:14:50 -0500] "GET /wp-content/themes/kadence/assets/css/footer.min.css?ver=1.1.22 HTTP/1.1" 200 1592 "https://easysalads.com/tomato-onion-salad/" "Mozilla/5.0 (Macintosh; Intel Mac OS X 10_7_3) AppleWebKit/537.36 (KHTML, like Gecko, Mediapartners-Google) Chrome/147.0.7727.116 Safari/537.36"
66.249.92.134 - - [04/May/2026:00:14:50 -0500] "GET /wp-content/uploads/2022/09/Easy-Salads-website-logo-1024x301.png HTTP/1.1" 200 44390 "https://easysalads.com/tomato-onion-salad/" "Mozilla/5.0 (Macintosh; Intel Mac OS X 10_7_3) AppleWebKit/537.36 (KHTML, like Gecko, Mediapartners-Google) Chrome/147.0.7727.116 Safari/537.36"
66.249.92.129 - - [04/May/2026:00:14:50 -0500] "GET /wp-content/plugins/wpforms-lite/assets/css/frontend/modern/wpforms-full.min.css?ver=1.10.0.4 HTTP/1.1" 200 14805 "https://easysalads.com/tomato-onion-salad/" "Mozilla/5.0 (Macintosh; Intel Mac OS X 10_7_3) AppleWebKit/537.36 (KHTML, like Gecko, Mediapartners-Google) Chrome/147.0.7727.116 Safari/537.36"
66.249.92.139 - - [04/May/2026:00:14:50 -0500] "GET /wp-content/uploads/2024/01/tomato-onion-salad-06-1024x1536.jpg HTTP/1.1" 200 410167 "https://easysalads.com/tomato-onion-salad/" "Mozilla/5.0 (Macintosh; Intel Mac OS X 10_7_3) AppleWebKit/537.36 (KHTML, like Gecko, Mediapartners-Google) Chrome/147.0.7727.116 Safari/537.36"
66.249.92.135 - - [04/May/2026:00:14:50 -0500] "GET /wp-content/plugins/kadence-blocks/dist/style-blocks-spacer.css?ver=3.6.7 HTTP/1.1" 200 397 "https://easysalads.com/tomato-onion-salad/" "Mozilla/5.0 (Linux; Android 4.0.4; Galaxy Nexus Build/IMM76B) AppleWebKit/537.36 (KHTML, like Gecko; Mediapartners-Google) Chrome/147.0.7727.116 Mobile Safari/537.36"
66.249.92.129 - - [04/May/2026:00:14:50 -0500] "GET /wp-content/plugins/wpforms-lite/assets/lib/mailcheck.min.js?ver=1.1.2 HTTP/1.1" 200 1628 "https://easysalads.com/tomato-onion-salad/" "Mozilla/5.0 (Linux; Android 4.0.4; Galaxy Nexus Build/IMM76B) AppleWebKit/537.36 (KHTML, like Gecko; Mediapartners-Google) Chrome/147.0.7727.116 Mobile Safari/537.36"
66.249.92.137 - - [04/May/2026:00:14:50 -0500] "GET /wp-content/plugins/wpforms-lite/assets/js/frontend/fields/address.min.js?ver=1.10.0.4 HTTP/1.1" 200 685 "https://easysalads.com/tomato-onion-salad/" "Mozilla/5.0 (Linux; Android 4.0.4; Galaxy Nexus Build/IMM76B) AppleWebKit/537.36 (KHTML, like Gecko; Mediapartners-Google) Chrome/147.0.7727.116 Mobile Safari/537.36"
66.249.92.134 - - [04/May/2026:00:14:50 -0500] "GET /wp-content/plugins/wp-recipe-maker-premium/dist/public-pro.js?ver=10.5.0 HTTP/1.1" 200 20153 "https://easysalads.com/tomato-onion-salad/" "Mozilla/5.0 (Linux; Android 4.0.4; Galaxy Nexus Build/IMM76B) AppleWebKit/537.36 (KHTML, like Gecko; Mediapartners-Google) Chrome/147.0.7727.116 Mobile Safari/537.36"
66.249.92.128 - - [04/May/2026:00:14:50 -0500] "GET /wp-content/plugins/kadence-pro/dist/mega-menu/kadence-mega-menu.min.js?ver=1.1.19 HTTP/1.1" 200 469 "https://easysalads.com/tomato-onion-salad/" "Mozilla/5.0 (Linux; Android 4.0.4; Galaxy Nexus Build/IMM76B) AppleWebKit/537.36 (KHTML, like Gecko; Mediapartners-Google) Chrome/147.0.7727.116 Mobile Safari/537.36"
66.249.92.138 - - [04/May/2026:00:14:50 -0500] "GET /wp-content/plugins/wpforms-lite/assets/js/share/utils.min.js?ver=1.10.0.4 HTTP/1.1" 200 739 "https://easysalads.com/tomato-onion-salad/" "Mozilla/5.0 (Linux; Android 4.0.4; Galaxy Nexus Build/IMM76B) AppleWebKit/537.36 (KHTML, like Gecko; Mediapartners-Google) Chrome/147.0.7727.116 Mobile Safari/537.36"
66.249.92.133 - - [04/May/2026:00:14:50 -0500] "GET /wp-content/plugins/social-pug/assets/dist/front-end-pro.js?ver=2.28.0 HTTP/1.1" 200 9352 "https://easysalads.com/tomato-onion-salad/" "Mozilla/5.0 (Linux; Android 4.0.4; Galaxy Nexus Build/IMM76B) AppleWebKit/537.36 (KHTML, like Gecko; Mediapartners-Google) Chrome/147.0.7727.116 Mobile Safari/537.36"
66.249.92.132 - - [04/May/2026:00:14:50 -0500] "GET /wp-content/plugins/wpforms-lite/assets/lib/punycode.min.js?ver=1.0.0 HTTP/1.1" 200 846 "https://easysalads.com/tomato-onion-salad/" "Mozilla/5.0 (Linux; Android 4.0.4; Galaxy Nexus Build/IMM76B) AppleWebKit/537.36 (KHTML, like Gecko; Mediapartners-Google) Chrome/147.0.7727.116 Mobile Safari/537.36"
66.249.92.141 - - [04/May/2026:00:14:50 -0500] "GET /wp-content/plugins/wp-recipe-maker/dist/public-modern.js?ver=10.5.0 HTTP/1.1" 200 23757 "https://easysalads.com/tomato-onion-salad/" "Mozilla/5.0 (Linux; Android 4.0.4; Galaxy Nexus Build/IMM76B) AppleWebKit/537.36 (KHTML, like Gecko; Mediapartners-Google) Chrome/147.0.7727.116 Mobile Safari/537.36"
66.249.92.139 - - [04/May/2026:00:14:50 -0500] "GET /wp-includes/js/jquery/jquery.min.js?ver=3.7.1 HTTP/1.1" 200 29782 "https://easysalads.com/tomato-onion-salad/" "Mozilla/5.0 (Linux; Android 4.0.4; Galaxy Nexus Build/IMM76B) AppleWebKit/537.36 (KHTML, like Gecko; Mediapartners-Google) Chrome/147.0.7727.116 Mobile Safari/537.36"
66.249.92.137 - - [04/May/2026:00:14:50 -0500] "GET /wp-content/plugins/wpforms-lite/assets/js/frontend/wpforms-modern.min.js?ver=1.10.0.4 HTTP/1.1" 200 1878 "https://easysalads.com/tomato-onion-salad/" "Mozilla/5.0 (Linux; Android 4.0.4; Galaxy Nexus Build/IMM76B) AppleWebKit/537.36 (KHTML, like Gecko; Mediapartners-Google) Chrome/147.0.7727.116 Mobile Safari/537.36"
66.249.92.139 - - [04/May/2026:00:14:50 -0500] "GET /wp-includes/js/jquery/jquery-migrate.min.js?ver=3.4.1 HTTP/1.1" 200 4692 "https://easysalads.com/tomato-onion-salad/" "Mozilla/5.0 (Linux; Android 4.0.4; Galaxy Nexus Build/IMM76B) AppleWebKit/537.36 (KHTML, like Gecko; Mediapartners-Google) Chrome/147.0.7727.116 Mobile Safari/537.36"
66.249.92.134 - - [04/May/2026:00:14:50 -0500] "GET /wp-content/plugins/akismet/_inc/akismet-frontend.js?ver=1764724306 HTTP/1.1" 200 3028 "https://easysalads.com/tomato-onion-salad/" "Mozilla/5.0 (Linux; Android 4.0.4; Galaxy Nexus Build/IMM76B) AppleWebKit/537.36 (KHTML, like Gecko; Mediapartners-Google) Chrome/147.0.7727.116 Mobile Safari/537.36"
66.249.92.141 - - [04/May/2026:00:14:50 -0500] "GET /wp-content/plugins/wpforms-lite/assets/js/frontend/wpforms.min.js?ver=1.10.0.4 HTTP/1.1" 200 14627 "https://easysalads.com/tomato-onion-salad/" "Mozilla/5.0 (Linux; Android 4.0.4; Galaxy Nexus Build/IMM76B) AppleWebKit/537.36 (KHTML, like Gecko; Mediapartners-Google) Chrome/147.0.7727.116 Mobile Safari/537.36"
66.249.92.133 - - [04/May/2026:00:14:50 -0500] "GET /wp-includes/js/comment-reply.min.js?ver=6.9.4 HTTP/1.1" 200 1260 "https://easysalads.com/tomato-onion-salad/" "Mozilla/5.0 (Linux; Android 4.0.4; Galaxy Nexus Build/IMM76B) AppleWebKit/537.36 (KHTML, like Gecko; Mediapartners-Google) Chrome/147.0.7727.116 Mobile Safari/537.36"
66.249.92.129 - - [04/May/2026:00:14:50 -0500] "GET /wp-content/plugins/kadence-blocks/dist/style-blocks-spacer.css?ver=3.6.7 HTTP/1.1" 200 397 "https://easysalads.com/tomato-onion-salad/" "Mozilla/5.0 (Macintosh; Intel Mac OS X 10_7_3) AppleWebKit/537.36 (KHTML, like Gecko, Mediapartners-Google) Chrome/147.0.7727.116 Safari/537.36"
66.249.92.139 - - [04/May/2026:00:14:50 -0500] "GET /wp-content/plugins/wpforms-lite/assets/images/submit-spin.svg HTTP/1.1" 200 509 "https://easysalads.com/tomato-onion-salad/" "Mozilla/5.0 (Macintosh; Intel Mac OS X 10_7_3) AppleWebKit/537.36 (KHTML, like Gecko, Mediapartners-Google) Chrome/147.0.7727.116 Safari/537.36"
66.249.92.132 - - [04/May/2026:00:14:50 -0500] "GET /wp-content/plugins/social-pug/assets/dist/front-end-pro.js?ver=2.28.0 HTTP/1.1" 200 9352 "https://easysalads.com/tomato-onion-salad/" "Mozilla/5.0 (Macintosh; Intel Mac OS X 10_7_3) AppleWebKit/537.36 (KHTML, like Gecko, Mediapartners-Google) Chrome/147.0.7727.116 Safari/537.36"
66.249.92.130 - - [04/May/2026:00:14:50 -0500] "GET /wp-content/plugins/wpforms-lite/assets/images/submit-spin.svg HTTP/1.1" 200 509 "https://easysalads.com/tomato-onion-salad/" "Mozilla/5.0 (Linux; Android 4.0.4; Galaxy Nexus Build/IMM76B) AppleWebKit/537.36 (KHTML, like Gecko; Mediapartners-Google) Chrome/147.0.7727.116 Mobile Safari/537.36"
66.249.92.134 - - [04/May/2026:00:14:50 -0500] "GET /wp-content/uploads/2024/01/tomato-onion-salad-04-1024x683.jpg HTTP/1.1" 200 191132 "https://easysalads.com/tomato-onion-salad/" "Mozilla/5.0 (Macintosh; Intel Mac OS X 10_7_3) AppleWebKit/537.36 (KHTML, like Gecko, Mediapartners-Google) Chrome/147.0.7727.116 Safari/537.36"
66.249.92.130 - - [04/May/2026:00:14:50 -0500] "GET /wp-content/plugins/wpforms-lite/assets/lib/jquery.validate.min.js?ver=1.21.0 HTTP/1.1" 200 7820 "https://easysalads.com/tomato-onion-salad/" "Mozilla/5.0 (Linux; Android 4.0.4; Galaxy Nexus Build/IMM76B) AppleWebKit/537.36 (KHTML, like Gecko; Mediapartners-Google) Chrome/147.0.7727.116 Mobile Safari/537.36"
