66.249.92.141 - - [04/May/2026:00:14:06 -0500] "GET /wp-content/themes/kadence/assets/css/global.min.css?ver=1.1.22 HTTP/1.1" 200 4269 "https://easysalads.com/mediterranean-cucumber-salad/" "Mozilla/5.0 (Macintosh; Intel Mac OS X 10_7_3) AppleWebKit/537.36 (KHTML, like Gecko, Mediapartners-Google) Chrome/147.0.7727.116 Safari/537.36"
66.249.92.140 - - [04/May/2026:00:14:06 -0500] "GET /wp-content/themes/restored316-sage/style.css?ver=1_0_1 HTTP/1.1" 200 1101 "https://easysalads.com/mediterranean-cucumber-salad/" "Mozilla/5.0 (Macintosh; Intel Mac OS X 10_7_3) AppleWebKit/537.36 (KHTML, like Gecko, Mediapartners-Google) Chrome/147.0.7727.116 Safari/537.36"
66.249.92.128 - - [04/May/2026:00:14:06 -0500] "GET /wp-content/plugins/social-pug/assets/dist/style-frontend-pro.css?ver=2.28.0 HTTP/1.1" 200 11467 "https://easysalads.com/mediterranean-cucumber-salad/" "Mozilla/5.0 (Macintosh; Intel Mac OS X 10_7_3) AppleWebKit/537.36 (KHTML, like Gecko, Mediapartners-Google) Chrome/147.0.7727.116 Safari/537.36"
66.249.92.140 - - [04/May/2026:00:14:06 -0500] "GET /wp-content/plugins/kadence-pro/dist/mega-menu/menu-addon.css?ver=1.1.19 HTTP/1.1" 200 1138 "https://easysalads.com/mediterranean-cucumber-salad/" "Mozilla/5.0 (Macintosh; Intel Mac OS X 10_7_3) AppleWebKit/537.36 (KHTML, like Gecko, Mediapartners-Google) Chrome/147.0.7727.116 Safari/537.36"
66.249.92.129 - - [04/May/2026:00:14:06 -0500] "GET /wp-content/themes/kadence/assets/css/sidebar.min.css?ver=1.1.22 HTTP/1.1" 200 749 "https://easysalads.com/mediterranean-cucumber-salad/" "Mozilla/5.0 (Macintosh; Intel Mac OS X 10_7_3) AppleWebKit/537.36 (KHTML, like Gecko, Mediapartners-Google) Chrome/147.0.7727.116 Safari/537.36"
66.249.92.139 - - [04/May/2026:00:14:06 -0500] "GET /wp-content/themes/kadence/assets/css/comments.min.css?ver=1.1.22 HTTP/1.1" 200 1301 "https://easysalads.com/mediterranean-cucumber-salad/" "Mozilla/5.0 (Macintosh; Intel Mac OS X 10_7_3) AppleWebKit/537.36 (KHTML, like Gecko, Mediapartners-Google) Chrome/147.0.7727.116 Safari/537.36"
66.249.92.130 - - [04/May/2026:00:14:06 -0500] "GET /wp-content/uploads/2022/09/Easy-Salads-website-logo-2048x601.png HTTP/1.1" 200 99062 "https://easysalads.com/mediterranean-cucumber-salad/" "Mozilla/5.0 (Macintosh; Intel Mac OS X 10_7_3) AppleWebKit/537.36 (KHTML, like Gecko, Mediapartners-Google) Chrome/147.0.7727.116 Safari/537.36"
66.249.92.129 - - [04/May/2026:00:14:06 -0500] "GET /wp-content/plugins/wpforms-lite/assets/css/frontend/modern/wpforms-full.min.css?ver=1.10.0.4 HTTP/1.1" 200 14805 "https://easysalads.com/mediterranean-cucumber-salad/" "Mozilla/5.0 (Macintosh; Intel Mac OS X 10_7_3) AppleWebKit/537.36 (KHTML, like Gecko, Mediapartners-Google) Chrome/147.0.7727.116 Safari/537.36"
66.249.92.139 - - [04/May/2026:00:14:06 -0500] "GET /wp-content/uploads/2024/02/mediterranean-cucumber-salad-01.jpg HTTP/1.1" 200 756810 "https://easysalads.com/mediterranean-cucumber-salad/" "Mozilla/5.0 (Macintosh; Intel Mac OS X 10_7_3) AppleWebKit/537.36 (KHTML, like Gecko, Mediapartners-Google) Chrome/147.0.7727.116 Safari/537.36"
66.249.92.141 - - [04/May/2026:00:14:06 -0500] "GET /wp-content/uploads/2024/02/mediterranean-cucumber-salad-03.jpg HTTP/1.1" 200 680324 "https://easysalads.com/mediterranean-cucumber-salad/" "Mozilla/5.0 (Macintosh; Intel Mac OS X 10_7_3) AppleWebKit/537.36 (KHTML, like Gecko, Mediapartners-Google) Chrome/147.0.7727.116 Safari/537.36"
66.249.92.142 - - [04/May/2026:00:14:06 -0500] "GET /wp-content/plugins/kadence-blocks/dist/style-blocks-spacer.css?ver=3.6.7 HTTP/1.1" 200 397 "https://easysalads.com/mediterranean-cucumber-salad/" "Mozilla/5.0 (Macintosh; Intel Mac OS X 10_7_3) AppleWebKit/537.36 (KHTML, like Gecko, Mediapartners-Google) Chrome/147.0.7727.116 Safari/537.36"
66.249.92.128 - - [04/May/2026:00:14:06 -0500] "GET /wp-content/plugins/kadence-blocks/dist/style-blocks-iconlist.css?ver=3.6.7 HTTP/1.1" 200 609 "https://easysalads.com/mediterranean-cucumber-salad/" "Mozilla/5.0 (Macintosh; Intel Mac OS X 10_7_3) AppleWebKit/537.36 (KHTML, like Gecko, Mediapartners-Google) Chrome/147.0.7727.116 Safari/537.36"
66.249.92.130 - - [04/May/2026:00:14:06 -0500] "GET /wp-content/plugins/social-pug/assets/dist/front-end-pro.js?ver=2.28.0 HTTP/1.1" 200 9352 "https://easysalads.com/mediterranean-cucumber-salad/" "Mozilla/5.0 (Macintosh; Intel Mac OS X 10_7_3) AppleWebKit/537.36 (KHTML, like Gecko, Mediapartners-Google) Chrome/147.0.7727.116 Safari/537.36"
66.249.92.141 - - [04/May/2026:00:14:06 -0500] "GET /wp-content/plugins/wpforms-lite/assets/images/submit-spin.svg HTTP/1.1" 200 509 "https://easysalads.com/mediterranean-cucumber-salad/" "Mozilla/5.0 (Macintosh; Intel Mac OS X 10_7_3) AppleWebKit/537.36 (KHTML, like Gecko, Mediapartners-Google) Chrome/147.0.7727.116 Safari/537.36"
154.18.244.252 - - [04/May/2026:00:14:06 -0500] "POST /wp-cron.php?doing_wp_cron=1777871646.8052210807800292968750 HTTP/1.1" 200 11 "-" "WordPress/6.9.4; https://easysalads.com"
66.249.92.129 - - [04/May/2026:00:14:06 -0500] "GET /mediterranean-cucumber-salad/ HTTP/1.1" 200 101695 "-" "Mozilla/5.0 (Linux; Android 4.0.4; Galaxy Nexus Build/IMM76B) AppleWebKit/537.36 (KHTML, like Gecko; Mediapartners-Google) Chrome/147.0.7727.116 Mobile Safari/537.36"
66.249.92.130 - - [04/May/2026:00:14:06 -0500] "GET /wp-content/plugins/kadence-blocks/dist/style-blocks-infobox.css?ver=3.6.7 HTTP/1.1" 200 1352 "https://easysalads.com/mediterranean-cucumber-salad/" "Mozilla/5.0 (Linux; Android 4.0.4; Galaxy Nexus Build/IMM76B) AppleWebKit/537.36 (KHTML, like Gecko; Mediapartners-Google) Chrome/147.0.7727.116 Mobile Safari/537.36"
66.249.92.129 - - [04/May/2026:00:14:06 -0500] "GET /wp-content/plugins/kadence-blocks/dist/style-blocks-column.css?ver=3.6.7 HTTP/1.1" 200 440 "https://easysalads.com/mediterranean-cucumber-salad/" "Mozilla/5.0 (Linux; Android 4.0.4; Galaxy Nexus Build/IMM76B) AppleWebKit/537.36 (KHTML, like Gecko; Mediapartners-Google) Chrome/147.0.7727.116 Mobile Safari/537.36"
66.249.92.142 - - [04/May/2026:00:14:06 -0500] "GET /wp-content/plugins/kadence-blocks/dist/style-blocks-advancedbtn.css?ver=3.6.7 HTTP/1.1" 200 717 "https://easysalads.com/mediterranean-cucumber-salad/" "Mozilla/5.0 (Linux; Android 4.0.4; Galaxy Nexus Build/IMM76B) AppleWebKit/537.36 (KHTML, like Gecko; Mediapartners-Google) Chrome/147.0.7727.116 Mobile Safari/537.36"
66.249.92.130 - - [04/May/2026:00:14:06 -0500] "GET /wp-content/themes/kadence/assets/css/global.min.css?ver=1.1.22 HTTP/1.1" 200 4269 "https://easysalads.com/mediterranean-cucumber-salad/" "Mozilla/5.0 (Linux; Android 4.0.4; Galaxy Nexus Build/IMM76B) AppleWebKit/537.36 (KHTML, like Gecko; Mediapartners-Google) Chrome/147.0.7727.116 Mobile Safari/537.36"
66.249.92.141 - - [04/May/2026:00:14:06 -0500] "GET /wp-content/themes/kadence/assets/css/content.min.css?ver=1.1.22 HTTP/1.1" 200 5525 "https://easysalads.com/mediterranean-cucumber-salad/" "Mozilla/5.0 (Linux; Android 4.0.4; Galaxy Nexus Build/IMM76B) AppleWebKit/537.36 (KHTML, like Gecko; Mediapartners-Google) Chrome/147.0.7727.116 Mobile Safari/537.36"
66.249.92.142 - - [04/May/2026:00:14:06 -0500] "GET /wp-content/themes/kadence/assets/css/header.min.css?ver=1.1.22 HTTP/1.1" 200 4308 "https://easysalads.com/mediterranean-cucumber-salad/" "Mozilla/5.0 (Linux; Android 4.0.4; Galaxy Nexus Build/IMM76B) AppleWebKit/537.36 (KHTML, like Gecko; Mediapartners-Google) Chrome/147.0.7727.116 Mobile Safari/537.36"
66.249.92.130 - - [04/May/2026:00:14:06 -0500] "GET /wp-content/themes/kadence/assets/css/sidebar.min.css?ver=1.1.22 HTTP/1.1" 200 749 "https://easysalads.com/mediterranean-cucumber-salad/" "Mozilla/5.0 (Linux; Android 4.0.4; Galaxy Nexus Build/IMM76B) AppleWebKit/537.36 (KHTML, like Gecko; Mediapartners-Google) Chrome/147.0.7727.116 Mobile Safari/537.36"
66.249.92.142 - - [04/May/2026:00:14:06 -0500] "GET /wp-content/themes/kadence/assets/css/comments.min.css?ver=1.1.22 HTTP/1.1" 200 1301 "https://easysalads.com/mediterranean-cucumber-salad/" "Mozilla/5.0 (Linux; Android 4.0.4; Galaxy Nexus Build/IMM76B) AppleWebKit/537.36 (KHTML, like Gecko; Mediapartners-Google) Chrome/147.0.7727.116 Mobile Safari/537.36"
66.249.92.130 - - [04/May/2026:00:14:06 -0500] "GET /wp-content/plugins/kadence-blocks/dist/style-blocks-rowlayout.css?ver=3.6.7 HTTP/1.1" 200 1783 "https://easysalads.com/mediterranean-cucumber-salad/" "Mozilla/5.0 (Linux; Android 4.0.4; Galaxy Nexus Build/IMM76B) AppleWebKit/537.36 (KHTML, like Gecko; Mediapartners-Google) Chrome/147.0.7727.116 Mobile Safari/537.36"
66.249.92.139 - - [04/May/2026:00:14:06 -0500] "GET /wp-content/plugins/wp-recipe-maker-premium/dist/public-pro.css?ver=10.5.0 HTTP/1.1" 200 6809 "https://easysalads.com/mediterranean-cucumber-salad/" "Mozilla/5.0 (Linux; Android 4.0.4; Galaxy Nexus Build/IMM76B) AppleWebKit/537.36 (KHTML, like Gecko; Mediapartners-Google) Chrome/147.0.7727.116 Mobile Safari/537.36"
66.249.92.141 - - [04/May/2026:00:14:06 -0500] "GET /wp-content/plugins/kadence-blocks-pro/dist/style-blocks-postgrid.css?ver=2.8.13.1 HTTP/1.1" 200 2807 "https://easysalads.com/mediterranean-cucumber-salad/" "Mozilla/5.0 (Linux; Android 4.0.4; Galaxy Nexus Build/IMM76B) AppleWebKit/537.36 (KHTML, like Gecko; Mediapartners-Google) Chrome/147.0.7727.116 Mobile Safari/537.36"
66.249.92.140 - - [04/May/2026:00:14:06 -0500] "GET /wp-content/plugins/wp-recipe-maker/dist/public-modern.css?ver=10.5.0 HTTP/1.1" 200 7725 "https://easysalads.com/mediterranean-cucumber-salad/" "Mozilla/5.0 (Linux; Android 4.0.4; Galaxy Nexus Build/IMM76B) AppleWebKit/537.36 (KHTML, like Gecko; Mediapartners-Google) Chrome/147.0.7727.116 Mobile Safari/537.36"
66.249.92.128 - - [04/May/2026:00:14:06 -0500] "GET /wp-content/themes/kadence/assets/css/footer.min.css?ver=1.1.22 HTTP/1.1" 200 1592 "https://easysalads.com/mediterranean-cucumber-salad/" "Mozilla/5.0 (Linux; Android 4.0.4; Galaxy Nexus Build/IMM76B) AppleWebKit/537.36 (KHTML, like Gecko; Mediapartners-Google) Chrome/147.0.7727.116 Mobile Safari/537.36"
66.249.92.129 - - [04/May/2026:00:14:06 -0500] "GET /wp-content/themes/restored316-sage/style.css?ver=1_0_1 HTTP/1.1" 200 1101 "https://easysalads.com/mediterranean-cucumber-salad/" "Mozilla/5.0 (Linux; Android 4.0.4; Galaxy Nexus Build/IMM76B) AppleWebKit/537.36 (KHTML, like Gecko; Mediapartners-Google) Chrome/147.0.7727.116 Mobile Safari/537.36"
66.249.92.130 - - [04/May/2026:00:14:06 -0500] "GET /wp-content/plugins/kadence-pro/dist/mega-menu/menu-addon.css?ver=1.1.19 HTTP/1.1" 200 1138 "https://easysalads.com/mediterranean-cucumber-salad/" "Mozilla/5.0 (Linux; Android 4.0.4; Galaxy Nexus Build/IMM76B) AppleWebKit/537.36 (KHTML, like Gecko; Mediapartners-Google) Chrome/147.0.7727.116 Mobile Safari/537.36"
66.249.92.140 - - [04/May/2026:00:14:06 -0500] "GET /wp-content/plugins/social-pug/assets/dist/style-frontend-pro.css?ver=2.28.0 HTTP/1.1" 200 11467 "https://easysalads.com/mediterranean-cucumber-salad/" "Mozilla/5.0 (Linux; Android 4.0.4; Galaxy Nexus Build/IMM76B) AppleWebKit/537.36 (KHTML, like Gecko; Mediapartners-Google) Chrome/147.0.7727.116 Mobile Safari/537.36"
66.249.92.141 - - [04/May/2026:00:14:06 -0500] "GET /wp-content/plugins/wpforms-lite/assets/css/frontend/modern/wpforms-full.min.css?ver=1.10.0.4 HTTP/1.1" 200 14805 "https://easysalads.com/mediterranean-cucumber-salad/" "Mozilla/5.0 (Linux; Android 4.0.4; Galaxy Nexus Build/IMM76B) AppleWebKit/537.36 (KHTML, like Gecko; Mediapartners-Google) Chrome/147.0.7727.116 Mobile Safari/537.36"
66.249.92.139 - - [04/May/2026:00:14:06 -0500] "GET /wp-content/uploads/2024/02/mediterranean-cucumber-salad-01-768x1152.jpg HTTP/1.1" 200 279479 "https://easysalads.com/mediterranean-cucumber-salad/" "Mozilla/5.0 (Linux; Android 4.0.4; Galaxy Nexus Build/IMM76B) AppleWebKit/537.36 (KHTML, like Gecko; Mediapartners-Google) Chrome/147.0.7727.116 Mobile Safari/537.36"
66.249.92.141 - - [04/May/2026:00:14:07 -0500] "GET /wp-content/uploads/2022/09/Easy-Salads-website-logo-768x226.png HTTP/1.1" 200 32242 "https://easysalads.com/mediterranean-cucumber-salad/" "Mozilla/5.0 (Linux; Android 4.0.4; Galaxy Nexus Build/IMM76B) AppleWebKit/537.36 (KHTML, like Gecko; Mediapartners-Google) Chrome/147.0.7727.116 Mobile Safari/537.36"
66.249.92.130 - - [04/May/2026:00:14:07 -0500] "GET /wp-content/uploads/2024/02/mediterranean-cucumber-salad-03-768x1152.jpg HTTP/1.1" 200 249209 "https://easysalads.com/mediterranean-cucumber-salad/" "Mozilla/5.0 (Linux; Android 4.0.4; Galaxy Nexus Build/IMM76B) AppleWebKit/537.36 (KHTML, like Gecko; Mediapartners-Google) Chrome/147.0.7727.116 Mobile Safari/537.36"
66.249.92.139 - - [04/May/2026:00:14:07 -0500] "GET /wp-content/plugins/kadence-blocks/dist/style-blocks-iconlist.css?ver=3.6.7 HTTP/1.1" 200 609 "https://easysalads.com/mediterranean-cucumber-salad/" "Mozilla/5.0 (Linux; Android 4.0.4; Galaxy Nexus Build/IMM76B) AppleWebKit/537.36 (KHTML, like Gecko; Mediapartners-Google) Chrome/147.0.7727.116 Mobile Safari/537.36"
66.249.92.141 - - [04/May/2026:00:14:07 -0500] "GET /wp-includes/js/jquery/jquery-migrate.min.js?ver=3.4.1 HTTP/1.1" 200 4692 "https://easysalads.com/mediterranean-cucumber-salad/" "Mozilla/5.0 (Linux; Android 4.0.4; Galaxy Nexus Build/IMM76B) AppleWebKit/537.36 (KHTML, like Gecko; Mediapartners-Google) Chrome/147.0.7727.116 Mobile Safari/537.36"
66.249.92.129 - - [04/May/2026:00:14:07 -0500] "GET /wp-content/plugins/akismet/_inc/akismet-frontend.js?ver=1764724306 HTTP/1.1" 200 3028 "https://easysalads.com/mediterranean-cucumber-salad/" "Mozilla/5.0 (Linux; Android 4.0.4; Galaxy Nexus Build/IMM76B) AppleWebKit/537.36 (KHTML, like Gecko; Mediapartners-Google) Chrome/147.0.7727.116 Mobile Safari/537.36"
66.249.92.128 - - [04/May/2026:00:14:07 -0500] "GET /wp-content/plugins/wpforms-lite/assets/lib/jquery.validate.min.js?ver=1.21.0 HTTP/1.1" 200 7820 "https://easysalads.com/mediterranean-cucumber-salad/" "Mozilla/5.0 (Linux; Android 4.0.4; Galaxy Nexus Build/IMM76B) AppleWebKit/537.36 (KHTML, like Gecko; Mediapartners-Google) Chrome/147.0.7727.116 Mobile Safari/537.36"
66.249.92.142 - - [04/May/2026:00:14:07 -0500] "GET /wp-content/plugins/wpforms-lite/assets/js/frontend/wpforms.min.js?ver=1.10.0.4 HTTP/1.1" 200 14627 "https://easysalads.com/mediterranean-cucumber-salad/" "Mozilla/5.0 (Linux; Android 4.0.4; Galaxy Nexus Build/IMM76B) AppleWebKit/537.36 (KHTML, like Gecko; Mediapartners-Google) Chrome/147.0.7727.116 Mobile Safari/537.36"
66.249.92.128 - - [04/May/2026:00:14:07 -0500] "GET /wp-content/plugins/wp-recipe-maker-premium/dist/public-pro.js?ver=10.5.0 HTTP/1.1" 200 20153 "https://easysalads.com/mediterranean-cucumber-salad/" "Mozilla/5.0 (Linux; Android 4.0.4; Galaxy Nexus Build/IMM76B) AppleWebKit/537.36 (KHTML, like Gecko; Mediapartners-Google) Chrome/147.0.7727.116 Mobile Safari/537.36"
66.249.92.139 - - [04/May/2026:00:14:07 -0500] "GET /wp-content/plugins/wpforms-lite/assets/js/share/utils.min.js?ver=1.10.0.4 HTTP/1.1" 200 739 "https://easysalads.com/mediterranean-cucumber-salad/" "Mozilla/5.0 (Linux; Android 4.0.4; Galaxy Nexus Build/IMM76B) AppleWebKit/537.36 (KHTML, like Gecko; Mediapartners-Google) Chrome/147.0.7727.116 Mobile Safari/537.36"
66.249.92.129 - - [04/May/2026:00:14:07 -0500] "GET /wp-content/plugins/wp-recipe-maker/dist/public-modern.js?ver=10.5.0 HTTP/1.1" 200 23757 "https://easysalads.com/mediterranean-cucumber-salad/" "Mozilla/5.0 (Linux; Android 4.0.4; Galaxy Nexus Build/IMM76B) AppleWebKit/537.36 (KHTML, like Gecko; Mediapartners-Google) Chrome/147.0.7727.116 Mobile Safari/537.36"
66.249.92.141 - - [04/May/2026:00:14:07 -0500] "GET /wp-content/plugins/kadence-blocks/dist/style-blocks-spacer.css?ver=3.6.7 HTTP/1.1" 200 397 "https://easysalads.com/mediterranean-cucumber-salad/" "Mozilla/5.0 (Linux; Android 4.0.4; Galaxy Nexus Build/IMM76B) AppleWebKit/537.36 (KHTML, like Gecko; Mediapartners-Google) Chrome/147.0.7727.116 Mobile Safari/537.36"
66.249.92.139 - - [04/May/2026:00:14:07 -0500] "GET /wp-content/plugins/wpforms-lite/assets/js/frontend/fields/address.min.js?ver=1.10.0.4 HTTP/1.1" 200 685 "https://easysalads.com/mediterranean-cucumber-salad/" "Mozilla/5.0 (Linux; Android 4.0.4; Galaxy Nexus Build/IMM76B) AppleWebKit/537.36 (KHTML, like Gecko; Mediapartners-Google) Chrome/147.0.7727.116 Mobile Safari/537.36"
66.249.92.141 - - [04/May/2026:00:14:07 -0500] "GET /wp-content/plugins/kadence-pro/dist/mega-menu/kadence-mega-menu.min.js?ver=1.1.19 HTTP/1.1" 200 469 "https://easysalads.com/mediterranean-cucumber-salad/" "Mozilla/5.0 (Linux; Android 4.0.4; Galaxy Nexus Build/IMM76B) AppleWebKit/537.36 (KHTML, like Gecko; Mediapartners-Google) Chrome/147.0.7727.116 Mobile Safari/537.36"
66.249.92.140 - - [04/May/2026:00:14:07 -0500] "GET /wp-includes/js/comment-reply.min.js?ver=6.9.4 HTTP/1.1" 200 1260 "https://easysalads.com/mediterranean-cucumber-salad/" "Mozilla/5.0 (Linux; Android 4.0.4; Galaxy Nexus Build/IMM76B) AppleWebKit/537.36 (KHTML, like Gecko; Mediapartners-Google) Chrome/147.0.7727.116 Mobile Safari/537.36"
66.249.92.140 - - [04/May/2026:00:14:07 -0500] "GET /wp-content/plugins/wpforms-lite/assets/lib/punycode.min.js?ver=1.0.0 HTTP/1.1" 200 846 "https://easysalads.com/mediterranean-cucumber-salad/" "Mozilla/5.0 (Linux; Android 4.0.4; Galaxy Nexus Build/IMM76B) AppleWebKit/537.36 (KHTML, like Gecko; Mediapartners-Google) Chrome/147.0.7727.116 Mobile Safari/537.36"
66.249.92.139 - - [04/May/2026:00:14:07 -0500] "GET /wp-content/plugins/wpforms-lite/assets/images/submit-spin.svg HTTP/1.1" 200 509 "https://easysalads.com/mediterranean-cucumber-salad/" "Mozilla/5.0 (Linux; Android 4.0.4; Galaxy Nexus Build/IMM76B) AppleWebKit/537.36 (KHTML, like Gecko; Mediapartners-Google) Chrome/147.0.7727.116 Mobile Safari/537.36"
66.249.92.142 - - [04/May/2026:00:14:07 -0500] "GET /wp-content/plugins/wpforms-lite/assets/js/frontend/wpforms-modern.min.js?ver=1.10.0.4 HTTP/1.1" 200 1878 "https://easysalads.com/mediterranean-cucumber-salad/" "Mozilla/5.0 (Linux; Android 4.0.4; Galaxy Nexus Build/IMM76B) AppleWebKit/537.36 (KHTML, like Gecko; Mediapartners-Google) Chrome/147.0.7727.116 Mobile Safari/537.36"
66.249.92.141 - - [04/May/2026:00:14:07 -0500] "GET /wp-content/plugins/wpforms-lite/assets/lib/mailcheck.min.js?ver=1.1.2 HTTP/1.1" 200 1628 "https://easysalads.com/mediterranean-cucumber-salad/" "Mozilla/5.0 (Linux; Android 4.0.4; Galaxy Nexus Build/IMM76B) AppleWebKit/537.36 (KHTML, like Gecko; Mediapartners-Google) Chrome/147.0.7727.116 Mobile Safari/537.36"
66.249.92.141 - - [04/May/2026:00:14:07 -0500] "GET /wp-content/plugins/social-pug/assets/dist/front-end-pro.js?ver=2.28.0 HTTP/1.1" 200 9352 "https://easysalads.com/mediterranean-cucumber-salad/" "Mozilla/5.0 (Linux; Android 4.0.4; Galaxy Nexus Build/IMM76B) AppleWebKit/537.36 (KHTML, like Gecko; Mediapartners-Google) Chrome/147.0.7727.116 Mobile Safari/537.36"
66.249.92.142 - - [04/May/2026:00:14:07 -0500] "GET /wp-includes/js/jquery/jquery.min.js?ver=3.7.1 HTTP/1.1" 200 29782 "https://easysalads.com/mediterranean-cucumber-salad/" "Mozilla/5.0 (Linux; Android 4.0.4; Galaxy Nexus Build/IMM76B) AppleWebKit/537.36 (KHTML, like Gecko; Mediapartners-Google) Chrome/147.0.7727.116 Mobile Safari/537.36"
66.249.92.140 - - [04/May/2026:00:14:07 -0500] "GET /wp-content/themes/kadence/assets/js/navigation-lite.min.js?ver=1.1.21 HTTP/1.1" 200 2095 "https://easysalads.com/mediterranean-cucumber-salad/" "Mozilla/5.0 (Linux; Android 4.0.4; Galaxy Nexus Build/IMM76B) AppleWebKit/537.36 (KHTML, like Gecko; Mediapartners-Google) Chrome/147.0.7727.116 Mobile Safari/537.36"
66.249.92.129 - - [04/May/2026:00:14:07 -0500] "GET /wp-content/uploads/2022/11/creamy-apple-cider-dressing-01-150x100.jpg HTTP/1.1" 200 4960 "https://easysalads.com/mediterranean-cucumber-salad/" "Mozilla/5.0 (Macintosh; Intel Mac OS X 10_7_3) AppleWebKit/537.36 (KHTML, like Gecko, Mediapartners-Google) Chrome/147.0.7727.116 Safari/537.36"
66.249.92.130 - - [04/May/2026:00:14:07 -0500] "GET /wp-content/uploads/2022/12/Grinder-Salad-00-150x225.jpg HTTP/1.1" 200 15473 "https://easysalads.com/mediterranean-cucumber-salad/" "Mozilla/5.0 (Macintosh; Intel Mac OS X 10_7_3) AppleWebKit/537.36 (KHTML, like Gecko, Mediapartners-Google) Chrome/147.0.7727.116 Safari/537.36"
66.249.92.130 - - [04/May/2026:00:14:07 -0500] "GET /wp-content/uploads/2026/04/creamy-cucumber-salad-03-150x150.jpg HTTP/1.1" 200 13406 "https://easysalads.com/mediterranean-cucumber-salad/" "Mozilla/5.0 (Macintosh; Intel Mac OS X 10_7_3) AppleWebKit/537.36 (KHTML, like Gecko, Mediapartners-Google) Chrome/147.0.7727.116 Safari/537.36"
66.249.92.140 - - [04/May/2026:00:14:07 -0500] "GET /wp-content/uploads/2024/09/crispy-chicken-caesar-pasta-salad02-150x225.jpg HTTP/1.1" 200 21148 "https://easysalads.com/mediterranean-cucumber-salad/" "Mozilla/5.0 (Macintosh; Intel Mac OS X 10_7_3) AppleWebKit/537.36 (KHTML, like Gecko, Mediapartners-Google) Chrome/147.0.7727.116 Safari/537.36"
66.249.92.140 - - [04/May/2026:00:14:07 -0500] "GET /wp-content/uploads/2022/01/courtney-whitmore-easy-salads02-150x150.jpg HTTP/1.1" 200 32777 "https://easysalads.com/mediterranean-cucumber-salad/" "Mozilla/5.0 (Macintosh; Intel Mac OS X 10_7_3) AppleWebKit/537.36 (KHTML, like Gecko, Mediapartners-Google) Chrome/147.0.7727.116 Safari/537.36"
66.249.92.129 - - [04/May/2026:00:14:10 -0500] "GET /wp-content/plugins/kadence-blocks/dist/style-blocks-advancedbtn.css?ver=3.6.7 HTTP/1.1" 200 717 "https://easysalads.com/mediterranean-cucumber-salad/" "Mozilla/5.0 (Macintosh; Intel Mac OS X 10_7_3) AppleWebKit/537.36 (KHTML, like Gecko, Mediapartners-Google) Chrome/147.0.7727.116 Safari/537.36"
66.249.92.141 - - [04/May/2026:00:14:10 -0500] "GET /wp-content/plugins/kadence-blocks-pro/dist/style-blocks-postgrid.css?ver=2.8.13.1 HTTP/1.1" 200 2807 "https://easysalads.com/mediterranean-cucumber-salad/" "Mozilla/5.0 (Macintosh; Intel Mac OS X 10_7_3) AppleWebKit/537.36 (KHTML, like Gecko, Mediapartners-Google) Chrome/147.0.7727.116 Safari/537.36"
66.249.92.128 - - [04/May/2026:00:14:10 -0500] "GET /wp-content/themes/kadence/assets/css/sidebar.min.css?ver=1.1.22 HTTP/1.1" 200 749 "https://easysalads.com/mediterranean-cucumber-salad/" "Mozilla/5.0 (Macintosh; Intel Mac OS X 10_7_3) AppleWebKit/537.36 (KHTML, like Gecko, Mediapartners-Google) Chrome/147.0.7727.116 Safari/537.36"
66.249.92.128 - - [04/May/2026:00:14:10 -0500] "GET /wp-content/themes/kadence/assets/css/global.min.css?ver=1.1.22 HTTP/1.1" 200 4269 "https://easysalads.com/mediterranean-cucumber-salad/" "Mozilla/5.0 (Macintosh; Intel Mac OS X 10_7_3) AppleWebKit/537.36 (KHTML, like Gecko, Mediapartners-Google) Chrome/147.0.7727.116 Safari/537.36"
66.249.92.139 - - [04/May/2026:00:14:10 -0500] "GET /wp-content/plugins/kadence-blocks/dist/style-blocks-rowlayout.css?ver=3.6.7 HTTP/1.1" 200 1783 "https://easysalads.com/mediterranean-cucumber-salad/" "Mozilla/5.0 (Macintosh; Intel Mac OS X 10_7_3) AppleWebKit/537.36 (KHTML, like Gecko, Mediapartners-Google) Chrome/147.0.7727.116 Safari/537.36"
66.249.92.142 - - [04/May/2026:00:14:10 -0500] "GET /wp-content/plugins/social-pug/assets/dist/style-frontend-pro.css?ver=2.28.0 HTTP/1.1" 200 11467 "https://easysalads.com/mediterranean-cucumber-salad/" "Mozilla/5.0 (Macintosh; Intel Mac OS X 10_7_3) AppleWebKit/537.36 (KHTML, like Gecko, Mediapartners-Google) Chrome/147.0.7727.116 Safari/537.36"
66.249.92.141 - - [04/May/2026:00:14:10 -0500] "GET /wp-content/plugins/wp-recipe-maker/dist/public-modern.css?ver=10.5.0 HTTP/1.1" 200 7725 "https://easysalads.com/mediterranean-cucumber-salad/" "Mozilla/5.0 (Macintosh; Intel Mac OS X 10_7_3) AppleWebKit/537.36 (KHTML, like Gecko, Mediapartners-Google) Chrome/147.0.7727.116 Safari/537.36"
66.249.92.128 - - [04/May/2026:00:14:10 -0500] "GET /wp-content/plugins/kadence-blocks/dist/style-blocks-column.css?ver=3.6.7 HTTP/1.1" 200 440 "https://easysalads.com/mediterranean-cucumber-salad/" "Mozilla/5.0 (Macintosh; Intel Mac OS X 10_7_3) AppleWebKit/537.36 (KHTML, like Gecko, Mediapartners-Google) Chrome/147.0.7727.116 Safari/537.36"
66.249.92.129 - - [04/May/2026:00:14:10 -0500] "GET /wp-content/plugins/kadence-blocks/dist/style-blocks-infobox.css?ver=3.6.7 HTTP/1.1" 200 1352 "https://easysalads.com/mediterranean-cucumber-salad/" "Mozilla/5.0 (Macintosh; Intel Mac OS X 10_7_3) AppleWebKit/537.36 (KHTML, like Gecko, Mediapartners-Google) Chrome/147.0.7727.116 Safari/537.36"
66.249.92.142 - - [04/May/2026:00:14:10 -0500] "GET /wp-content/plugins/wp-recipe-maker-premium/dist/public-pro.css?ver=10.5.0 HTTP/1.1" 200 6809 "https://easysalads.com/mediterranean-cucumber-salad/" "Mozilla/5.0 (Macintosh; Intel Mac OS X 10_7_3) AppleWebKit/537.36 (KHTML, like Gecko, Mediapartners-Google) Chrome/147.0.7727.116 Safari/537.36"
66.249.92.129 - - [04/May/2026:00:14:10 -0500] "GET /wp-content/plugins/kadence-pro/dist/mega-menu/menu-addon.css?ver=1.1.19 HTTP/1.1" 200 1138 "https://easysalads.com/mediterranean-cucumber-salad/" "Mozilla/5.0 (Macintosh; Intel Mac OS X 10_7_3) AppleWebKit/537.36 (KHTML, like Gecko, Mediapartners-Google) Chrome/147.0.7727.116 Safari/537.36"
66.249.92.142 - - [04/May/2026:00:14:10 -0500] "GET /wp-content/themes/kadence/assets/css/comments.min.css?ver=1.1.22 HTTP/1.1" 200 1301 "https://easysalads.com/mediterranean-cucumber-salad/" "Mozilla/5.0 (Macintosh; Intel Mac OS X 10_7_3) AppleWebKit/537.36 (KHTML, like Gecko, Mediapartners-Google) Chrome/147.0.7727.116 Safari/537.36"
66.249.92.139 - - [04/May/2026:00:14:10 -0500] "GET /wp-content/themes/kadence/assets/css/header.min.css?ver=1.1.22 HTTP/1.1" 200 4308 "https://easysalads.com/mediterranean-cucumber-salad/" "Mozilla/5.0 (Macintosh; Intel Mac OS X 10_7_3) AppleWebKit/537.36 (KHTML, like Gecko, Mediapartners-Google) Chrome/147.0.7727.116 Safari/537.36"
66.249.92.129 - - [04/May/2026:00:14:10 -0500] "GET /wp-content/themes/restored316-sage/style.css?ver=1_0_1 HTTP/1.1" 200 1101 "https://easysalads.com/mediterranean-cucumber-salad/" "Mozilla/5.0 (Macintosh; Intel Mac OS X 10_7_3) AppleWebKit/537.36 (KHTML, like Gecko, Mediapartners-Google) Chrome/147.0.7727.116 Safari/537.36"
66.249.92.141 - - [04/May/2026:00:14:10 -0500] "GET /wp-content/themes/kadence/assets/css/content.min.css?ver=1.1.22 HTTP/1.1" 200 5525 "https://easysalads.com/mediterranean-cucumber-salad/" "Mozilla/5.0 (Macintosh; Intel Mac OS X 10_7_3) AppleWebKit/537.36 (KHTML, like Gecko, Mediapartners-Google) Chrome/147.0.7727.116 Safari/537.36"
66.249.92.142 - - [04/May/2026:00:14:10 -0500] "GET /wp-content/themes/kadence/assets/css/footer.min.css?ver=1.1.22 HTTP/1.1" 200 1592 "https://easysalads.com/mediterranean-cucumber-salad/" "Mozilla/5.0 (Macintosh; Intel Mac OS X 10_7_3) AppleWebKit/537.36 (KHTML, like Gecko, Mediapartners-Google) Chrome/147.0.7727.116 Safari/537.36"
66.249.92.139 - - [04/May/2026:00:14:10 -0500] "GET /wp-content/uploads/2024/02/mediterranean-cucumber-salad-03-1024x1536.jpg HTTP/1.1" 200 394473 "https://easysalads.com/mediterranean-cucumber-salad/" "Mozilla/5.0 (Macintosh; Intel Mac OS X 10_7_3) AppleWebKit/537.36 (KHTML, like Gecko, Mediapartners-Google) Chrome/147.0.7727.116 Safari/537.36"
66.249.92.141 - - [04/May/2026:00:14:10 -0500] "GET /wp-content/uploads/2022/09/Easy-Salads-website-logo-1024x301.png HTTP/1.1" 200 44390 "https://easysalads.com/mediterranean-cucumber-salad/" "Mozilla/5.0 (Macintosh; Intel Mac OS X 10_7_3) AppleWebKit/537.36 (KHTML, like Gecko, Mediapartners-Google) Chrome/147.0.7727.116 Safari/537.36"
66.249.92.140 - - [04/May/2026:00:14:10 -0500] "GET /wp-content/plugins/wpforms-lite/assets/css/frontend/modern/wpforms-full.min.css?ver=1.10.0.4 HTTP/1.1" 200 14805 "https://easysalads.com/mediterranean-cucumber-salad/" "Mozilla/5.0 (Macintosh; Intel Mac OS X 10_7_3) AppleWebKit/537.36 (KHTML, like Gecko, Mediapartners-Google) Chrome/147.0.7727.116 Safari/537.36"
66.249.92.139 - - [04/May/2026:00:14:10 -0500] "GET /wp-content/plugins/kadence-blocks/dist/style-blocks-column.css?ver=3.6.7 HTTP/1.1" 200 440 "https://easysalads.com/mediterranean-cucumber-salad/" "Mozilla/5.0 (Linux; Android 4.0.4; Galaxy Nexus Build/IMM76B) AppleWebKit/537.36 (KHTML, like Gecko; Mediapartners-Google) Chrome/147.0.7727.116 Mobile Safari/537.36"
66.249.92.139 - - [04/May/2026:00:14:10 -0500] "GET /wp-content/plugins/kadence-blocks-pro/dist/style-blocks-postgrid.css?ver=2.8.13.1 HTTP/1.1" 200 2807 "https://easysalads.com/mediterranean-cucumber-salad/" "Mozilla/5.0 (Linux; Android 4.0.4; Galaxy Nexus Build/IMM76B) AppleWebKit/537.36 (KHTML, like Gecko; Mediapartners-Google) Chrome/147.0.7727.116 Mobile Safari/537.36"
66.249.92.128 - - [04/May/2026:00:14:10 -0500] "GET /wp-content/plugins/kadence-blocks/dist/style-blocks-infobox.css?ver=3.6.7 HTTP/1.1" 200 1352 "https://easysalads.com/mediterranean-cucumber-salad/" "Mozilla/5.0 (Linux; Android 4.0.4; Galaxy Nexus Build/IMM76B) AppleWebKit/537.36 (KHTML, like Gecko; Mediapartners-Google) Chrome/147.0.7727.116 Mobile Safari/537.36"
66.249.92.142 - - [04/May/2026:00:14:10 -0500] "GET /wp-content/plugins/wp-recipe-maker/dist/public-modern.css?ver=10.5.0 HTTP/1.1" 200 7725 "https://easysalads.com/mediterranean-cucumber-salad/" "Mozilla/5.0 (Linux; Android 4.0.4; Galaxy Nexus Build/IMM76B) AppleWebKit/537.36 (KHTML, like Gecko; Mediapartners-Google) Chrome/147.0.7727.116 Mobile Safari/537.36"
66.249.92.141 - - [04/May/2026:00:14:10 -0500] "GET /wp-content/plugins/kadence-blocks/dist/style-blocks-rowlayout.css?ver=3.6.7 HTTP/1.1" 200 1783 "https://easysalads.com/mediterranean-cucumber-salad/" "Mozilla/5.0 (Linux; Android 4.0.4; Galaxy Nexus Build/IMM76B) AppleWebKit/537.36 (KHTML, like Gecko; Mediapartners-Google) Chrome/147.0.7727.116 Mobile Safari/537.36"
66.249.92.141 - - [04/May/2026:00:14:10 -0500] "GET /wp-content/plugins/kadence-blocks/dist/style-blocks-advancedbtn.css?ver=3.6.7 HTTP/1.1" 200 717 "https://easysalads.com/mediterranean-cucumber-salad/" "Mozilla/5.0 (Linux; Android 4.0.4; Galaxy Nexus Build/IMM76B) AppleWebKit/537.36 (KHTML, like Gecko; Mediapartners-Google) Chrome/147.0.7727.116 Mobile Safari/537.36"
66.249.92.139 - - [04/May/2026:00:14:10 -0500] "GET /wp-content/themes/kadence/assets/css/global.min.css?ver=1.1.22 HTTP/1.1" 200 4269 "https://easysalads.com/mediterranean-cucumber-salad/" "Mozilla/5.0 (Linux; Android 4.0.4; Galaxy Nexus Build/IMM76B) AppleWebKit/537.36 (KHTML, like Gecko; Mediapartners-Google) Chrome/147.0.7727.116 Mobile Safari/537.36"
66.249.92.139 - - [04/May/2026:00:14:10 -0500] "GET /wp-content/plugins/wp-recipe-maker-premium/dist/public-pro.css?ver=10.5.0 HTTP/1.1" 200 6809 "https://easysalads.com/mediterranean-cucumber-salad/" "Mozilla/5.0 (Linux; Android 4.0.4; Galaxy Nexus Build/IMM76B) AppleWebKit/537.36 (KHTML, like Gecko; Mediapartners-Google) Chrome/147.0.7727.116 Mobile Safari/537.36"
66.249.92.141 - - [04/May/2026:00:14:10 -0500] "GET /wp-content/themes/kadence/assets/css/header.min.css?ver=1.1.22 HTTP/1.1" 200 4308 "https://easysalads.com/mediterranean-cucumber-salad/" "Mozilla/5.0 (Linux; Android 4.0.4; Galaxy Nexus Build/IMM76B) AppleWebKit/537.36 (KHTML, like Gecko; Mediapartners-Google) Chrome/147.0.7727.116 Mobile Safari/537.36"
66.249.92.142 - - [04/May/2026:00:14:10 -0500] "GET /wp-content/plugins/kadence-pro/dist/mega-menu/menu-addon.css?ver=1.1.19 HTTP/1.1" 200 1138 "https://easysalads.com/mediterranean-cucumber-salad/" "Mozilla/5.0 (Linux; Android 4.0.4; Galaxy Nexus Build/IMM76B) AppleWebKit/537.36 (KHTML, like Gecko; Mediapartners-Google) Chrome/147.0.7727.116 Mobile Safari/537.36"
66.249.92.139 - - [04/May/2026:00:14:10 -0500] "GET /wp-content/themes/kadence/assets/css/comments.min.css?ver=1.1.22 HTTP/1.1" 200 1301 "https://easysalads.com/mediterranean-cucumber-salad/" "Mozilla/5.0 (Linux; Android 4.0.4; Galaxy Nexus Build/IMM76B) AppleWebKit/537.36 (KHTML, like Gecko; Mediapartners-Google) Chrome/147.0.7727.116 Mobile Safari/537.36"
66.249.92.142 - - [04/May/2026:00:14:10 -0500] "GET /wp-content/plugins/social-pug/assets/dist/style-frontend-pro.css?ver=2.28.0 HTTP/1.1" 200 11467 "https://easysalads.com/mediterranean-cucumber-salad/" "Mozilla/5.0 (Linux; Android 4.0.4; Galaxy Nexus Build/IMM76B) AppleWebKit/537.36 (KHTML, like Gecko; Mediapartners-Google) Chrome/147.0.7727.116 Mobile Safari/537.36"
66.249.92.142 - - [04/May/2026:00:14:10 -0500] "GET /wp-content/themes/restored316-sage/style.css?ver=1_0_1 HTTP/1.1" 200 1101 "https://easysalads.com/mediterranean-cucumber-salad/" "Mozilla/5.0 (Linux; Android 4.0.4; Galaxy Nexus Build/IMM76B) AppleWebKit/537.36 (KHTML, like Gecko; Mediapartners-Google) Chrome/147.0.7727.116 Mobile Safari/537.36"
66.249.92.140 - - [04/May/2026:00:14:10 -0500] "GET /wp-content/themes/kadence/assets/css/footer.min.css?ver=1.1.22 HTTP/1.1" 200 1592 "https://easysalads.com/mediterranean-cucumber-salad/" "Mozilla/5.0 (Linux; Android 4.0.4; Galaxy Nexus Build/IMM76B) AppleWebKit/537.36 (KHTML, like Gecko; Mediapartners-Google) Chrome/147.0.7727.116 Mobile Safari/537.36"
66.249.92.139 - - [04/May/2026:00:14:10 -0500] "GET /wp-content/themes/kadence/assets/css/content.min.css?ver=1.1.22 HTTP/1.1" 200 5525 "https://easysalads.com/mediterranean-cucumber-salad/" "Mozilla/5.0 (Linux; Android 4.0.4; Galaxy Nexus Build/IMM76B) AppleWebKit/537.36 (KHTML, like Gecko; Mediapartners-Google) Chrome/147.0.7727.116 Mobile Safari/537.36"
66.249.92.129 - - [04/May/2026:00:14:10 -0500] "GET /wp-content/plugins/wpforms-lite/assets/css/frontend/modern/wpforms-full.min.css?ver=1.10.0.4 HTTP/1.1" 200 14805 "https://easysalads.com/mediterranean-cucumber-salad/" "Mozilla/5.0 (Linux; Android 4.0.4; Galaxy Nexus Build/IMM76B) AppleWebKit/537.36 (KHTML, like Gecko; Mediapartners-Google) Chrome/147.0.7727.116 Mobile Safari/537.36"
66.249.92.142 - - [04/May/2026:00:14:10 -0500] "GET /wp-content/themes/kadence/assets/css/sidebar.min.css?ver=1.1.22 HTTP/1.1" 200 749 "https://easysalads.com/mediterranean-cucumber-salad/" "Mozilla/5.0 (Linux; Android 4.0.4; Galaxy Nexus Build/IMM76B) AppleWebKit/537.36 (KHTML, like Gecko; Mediapartners-Google) Chrome/147.0.7727.116 Mobile Safari/537.36"
66.249.92.139 - - [04/May/2026:00:14:10 -0500] "GET /wp-content/uploads/2024/02/mediterranean-cucumber-salad-01-1024x1536.jpg HTTP/1.1" 200 442324 "https://easysalads.com/mediterranean-cucumber-salad/" "Mozilla/5.0 (Macintosh; Intel Mac OS X 10_7_3) AppleWebKit/537.36 (KHTML, like Gecko, Mediapartners-Google) Chrome/147.0.7727.116 Safari/537.36"
66.249.92.129 - - [04/May/2026:00:14:10 -0500] "GET /wp-content/uploads/2024/02/mediterranean-cucumber-salad-03-1024x1536.jpg HTTP/1.1" 200 394473 "https://easysalads.com/mediterranean-cucumber-salad/" "Mozilla/5.0 (Linux; Android 4.0.4; Galaxy Nexus Build/IMM76B) AppleWebKit/537.36 (KHTML, like Gecko; Mediapartners-Google) Chrome/147.0.7727.116 Mobile Safari/537.36"
66.249.92.142 - - [04/May/2026:00:14:10 -0500] "GET /wp-content/uploads/2022/09/Easy-Salads-website-logo-1024x301.png HTTP/1.1" 200 44390 "https://easysalads.com/mediterranean-cucumber-salad/" "Mozilla/5.0 (Linux; Android 4.0.4; Galaxy Nexus Build/IMM76B) AppleWebKit/537.36 (KHTML, like Gecko; Mediapartners-Google) Chrome/147.0.7727.116 Mobile Safari/537.36"
66.249.92.140 - - [04/May/2026:00:14:10 -0500] "GET /wp-content/uploads/2024/02/mediterranean-cucumber-salad-01-1024x1536.jpg HTTP/1.1" 200 442324 "https://easysalads.com/mediterranean-cucumber-salad/" "Mozilla/5.0 (Linux; Android 4.0.4; Galaxy Nexus Build/IMM76B) AppleWebKit/537.36 (KHTML, like Gecko; Mediapartners-Google) Chrome/147.0.7727.116 Mobile Safari/537.36"
66.249.92.139 - - [04/May/2026:00:14:10 -0500] "GET /wp-content/plugins/wpforms-lite/assets/images/submit-spin.svg HTTP/1.1" 200 509 "https://easysalads.com/mediterranean-cucumber-salad/" "Mozilla/5.0 (Macintosh; Intel Mac OS X 10_7_3) AppleWebKit/537.36 (KHTML, like Gecko, Mediapartners-Google) Chrome/147.0.7727.116 Safari/537.36"
66.249.92.128 - - [04/May/2026:00:14:10 -0500] "GET /wp-content/plugins/kadence-blocks/dist/style-blocks-spacer.css?ver=3.6.7 HTTP/1.1" 200 397 "https://easysalads.com/mediterranean-cucumber-salad/" "Mozilla/5.0 (Macintosh; Intel Mac OS X 10_7_3) AppleWebKit/537.36 (KHTML, like Gecko, Mediapartners-Google) Chrome/147.0.7727.116 Safari/537.36"
66.249.92.141 - - [04/May/2026:00:14:10 -0500] "GET /wp-content/plugins/social-pug/assets/dist/front-end-pro.js?ver=2.28.0 HTTP/1.1" 200 9352 "https://easysalads.com/mediterranean-cucumber-salad/" "Mozilla/5.0 (Macintosh; Intel Mac OS X 10_7_3) AppleWebKit/537.36 (KHTML, like Gecko, Mediapartners-Google) Chrome/147.0.7727.116 Safari/537.36"
66.249.92.139 - - [04/May/2026:00:14:10 -0500] "GET /wp-content/plugins/kadence-blocks/dist/style-blocks-iconlist.css?ver=3.6.7 HTTP/1.1" 200 609 "https://easysalads.com/mediterranean-cucumber-salad/" "Mozilla/5.0 (Macintosh; Intel Mac OS X 10_7_3) AppleWebKit/537.36 (KHTML, like Gecko, Mediapartners-Google) Chrome/147.0.7727.116 Safari/537.36"
66.249.92.128 - - [04/May/2026:00:14:10 -0500] "GET /wp-content/plugins/kadence-pro/dist/mega-menu/kadence-mega-menu.min.js?ver=1.1.19 HTTP/1.1" 200 469 "https://easysalads.com/mediterranean-cucumber-salad/" "Mozilla/5.0 (Linux; Android 4.0.4; Galaxy Nexus Build/IMM76B) AppleWebKit/537.36 (KHTML, like Gecko; Mediapartners-Google) Chrome/147.0.7727.116 Mobile Safari/537.36"
66.249.92.128 - - [04/May/2026:00:14:10 -0500] "GET /wp-includes/js/jquery/jquery-migrate.min.js?ver=3.4.1 HTTP/1.1" 200 4692 "https://easysalads.com/mediterranean-cucumber-salad/" "Mozilla/5.0 (Linux; Android 4.0.4; Galaxy Nexus Build/IMM76B) AppleWebKit/537.36 (KHTML, like Gecko; Mediapartners-Google) Chrome/147.0.7727.116 Mobile Safari/537.36"
66.249.92.128 - - [04/May/2026:00:14:10 -0500] "GET /wp-includes/js/comment-reply.min.js?ver=6.9.4 HTTP/1.1" 200 1260 "https://easysalads.com/mediterranean-cucumber-salad/" "Mozilla/5.0 (Linux; Android 4.0.4; Galaxy Nexus Build/IMM76B) AppleWebKit/537.36 (KHTML, like Gecko; Mediapartners-Google) Chrome/147.0.7727.116 Mobile Safari/537.36"
66.249.92.140 - - [04/May/2026:00:14:10 -0500] "GET /wp-content/plugins/wpforms-lite/assets/lib/jquery.validate.min.js?ver=1.21.0 HTTP/1.1" 200 7820 "https://easysalads.com/mediterranean-cucumber-salad/" "Mozilla/5.0 (Linux; Android 4.0.4; Galaxy Nexus Build/IMM76B) AppleWebKit/537.36 (KHTML, like Gecko; Mediapartners-Google) Chrome/147.0.7727.116 Mobile Safari/537.36"
66.249.92.141 - - [04/May/2026:00:14:10 -0500] "GET /wp-content/plugins/wp-recipe-maker-premium/dist/public-pro.js?ver=10.5.0 HTTP/1.1" 200 20153 "https://easysalads.com/mediterranean-cucumber-salad/" "Mozilla/5.0 (Linux; Android 4.0.4; Galaxy Nexus Build/IMM76B) AppleWebKit/537.36 (KHTML, like Gecko; Mediapartners-Google) Chrome/147.0.7727.116 Mobile Safari/537.36"
66.249.92.129 - - [04/May/2026:00:14:10 -0500] "GET /wp-content/plugins/social-pug/assets/dist/front-end-pro.js?ver=2.28.0 HTTP/1.1" 200 9352 "https://easysalads.com/mediterranean-cucumber-salad/" "Mozilla/5.0 (Linux; Android 4.0.4; Galaxy Nexus Build/IMM76B) AppleWebKit/537.36 (KHTML, like Gecko; Mediapartners-Google) Chrome/147.0.7727.116 Mobile Safari/537.36"
66.249.92.128 - - [04/May/2026:00:14:10 -0500] "GET /wp-content/plugins/wp-recipe-maker/dist/public-modern.js?ver=10.5.0 HTTP/1.1" 200 23757 "https://easysalads.com/mediterranean-cucumber-salad/" "Mozilla/5.0 (Linux; Android 4.0.4; Galaxy Nexus Build/IMM76B) AppleWebKit/537.36 (KHTML, like Gecko; Mediapartners-Google) Chrome/147.0.7727.116 Mobile Safari/537.36"
66.249.92.141 - - [04/May/2026:00:14:10 -0500] "GET /wp-content/plugins/wpforms-lite/assets/lib/punycode.min.js?ver=1.0.0 HTTP/1.1" 200 846 "https://easysalads.com/mediterranean-cucumber-salad/" "Mozilla/5.0 (Linux; Android 4.0.4; Galaxy Nexus Build/IMM76B) AppleWebKit/537.36 (KHTML, like Gecko; Mediapartners-Google) Chrome/147.0.7727.116 Mobile Safari/537.36"
66.249.92.140 - - [04/May/2026:00:14:10 -0500] "GET /wp-content/plugins/wpforms-lite/assets/lib/mailcheck.min.js?ver=1.1.2 HTTP/1.1" 200 1628 "https://easysalads.com/mediterranean-cucumber-salad/" "Mozilla/5.0 (Linux; Android 4.0.4; Galaxy Nexus Build/IMM76B) AppleWebKit/537.36 (KHTML, like Gecko; Mediapartners-Google) Chrome/147.0.7727.116 Mobile Safari/537.36"
66.249.92.129 - - [04/May/2026:00:14:10 -0500] "GET /wp-content/plugins/wpforms-lite/assets/js/frontend/wpforms-modern.min.js?ver=1.10.0.4 HTTP/1.1" 200 1878 "https://easysalads.com/mediterranean-cucumber-salad/" "Mozilla/5.0 (Linux; Android 4.0.4; Galaxy Nexus Build/IMM76B) AppleWebKit/537.36 (KHTML, like Gecko; Mediapartners-Google) Chrome/147.0.7727.116 Mobile Safari/537.36"
66.249.92.141 - - [04/May/2026:00:14:10 -0500] "GET /wp-content/plugins/akismet/_inc/akismet-frontend.js?ver=1764724306 HTTP/1.1" 200 3028 "https://easysalads.com/mediterranean-cucumber-salad/" "Mozilla/5.0 (Linux; Android 4.0.4; Galaxy Nexus Build/IMM76B) AppleWebKit/537.36 (KHTML, like Gecko; Mediapartners-Google) Chrome/147.0.7727.116 Mobile Safari/537.36"
66.249.92.141 - - [04/May/2026:00:14:10 -0500] "GET /wp-content/plugins/wpforms-lite/assets/js/frontend/wpforms.min.js?ver=1.10.0.4 HTTP/1.1" 200 14627 "https://easysalads.com/mediterranean-cucumber-salad/" "Mozilla/5.0 (Linux; Android 4.0.4; Galaxy Nexus Build/IMM76B) AppleWebKit/537.36 (KHTML, like Gecko; Mediapartners-Google) Chrome/147.0.7727.116 Mobile Safari/537.36"
66.249.92.140 - - [04/May/2026:00:14:10 -0500] "GET /wp-includes/js/jquery/jquery.min.js?ver=3.7.1 HTTP/1.1" 200 29782 "https://easysalads.com/mediterranean-cucumber-salad/" "Mozilla/5.0 (Linux; Android 4.0.4; Galaxy Nexus Build/IMM76B) AppleWebKit/537.36 (KHTML, like Gecko; Mediapartners-Google) Chrome/147.0.7727.116 Mobile Safari/537.36"
66.249.92.128 - - [04/May/2026:00:14:10 -0500] "GET /wp-content/plugins/wpforms-lite/assets/js/frontend/fields/address.min.js?ver=1.10.0.4 HTTP/1.1" 200 685 "https://easysalads.com/mediterranean-cucumber-salad/" "Mozilla/5.0 (Linux; Android 4.0.4; Galaxy Nexus Build/IMM76B) AppleWebKit/537.36 (KHTML, like Gecko; Mediapartners-Google) Chrome/147.0.7727.116 Mobile Safari/537.36"
66.249.92.139 - - [04/May/2026:00:14:10 -0500] "GET /wp-content/themes/kadence/assets/js/navigation-lite.min.js?ver=1.1.21 HTTP/1.1" 200 2095 "https://easysalads.com/mediterranean-cucumber-salad/" "Mozilla/5.0 (Linux; Android 4.0.4; Galaxy Nexus Build/IMM76B) AppleWebKit/537.36 (KHTML, like Gecko; Mediapartners-Google) Chrome/147.0.7727.116 Mobile Safari/537.36"
66.249.92.139 - - [04/May/2026:00:14:10 -0500] "GET /wp-content/plugins/kadence-blocks/dist/style-blocks-iconlist.css?ver=3.6.7 HTTP/1.1" 200 609 "https://easysalads.com/mediterranean-cucumber-salad/" "Mozilla/5.0 (Linux; Android 4.0.4; Galaxy Nexus Build/IMM76B) AppleWebKit/537.36 (KHTML, like Gecko; Mediapartners-Google) Chrome/147.0.7727.116 Mobile Safari/537.36"
66.249.92.139 - - [04/May/2026:00:14:10 -0500] "GET /wp-content/plugins/wpforms-lite/assets/images/submit-spin.svg HTTP/1.1" 200 509 "https://easysalads.com/mediterranean-cucumber-salad/" "Mozilla/5.0 (Linux; Android 4.0.4; Galaxy Nexus Build/IMM76B) AppleWebKit/537.36 (KHTML, like Gecko; Mediapartners-Google) Chrome/147.0.7727.116 Mobile Safari/537.36"
66.249.92.129 - - [04/May/2026:00:14:10 -0500] "GET /wp-content/plugins/wpforms-lite/assets/js/share/utils.min.js?ver=1.10.0.4 HTTP/1.1" 200 739 "https://easysalads.com/mediterranean-cucumber-salad/" "Mozilla/5.0 (Linux; Android 4.0.4; Galaxy Nexus Build/IMM76B) AppleWebKit/537.36 (KHTML, like Gecko; Mediapartners-Google) Chrome/147.0.7727.116 Mobile Safari/537.36"
66.249.92.139 - - [04/May/2026:00:14:10 -0500] "GET /wp-content/plugins/kadence-blocks/dist/style-blocks-spacer.css?ver=3.6.7 HTTP/1.1" 200 397 "https://easysalads.com/mediterranean-cucumber-salad/" "Mozilla/5.0 (Linux; Android 4.0.4; Galaxy Nexus Build/IMM76B) AppleWebKit/537.36 (KHTML, like Gecko; Mediapartners-Google) Chrome/147.0.7727.116 Mobile Safari/537.36"
66.249.92.142 - - [04/May/2026:00:14:14 -0500] "GET / HTTP/1.1" 200 91583 "-" "Mozilla/5.0 (Macintosh; Intel Mac OS X 10_7_3) AppleWebKit/537.36 (KHTML, like Gecko, Mediapartners-Google) Chrome/147.0.7727.116 Safari/537.36"
66.249.92.128 - - [04/May/2026:00:14:14 -0500] "GET /wp-content/plugins/kadence-blocks/includes/assets/css/kadence-splide.min.css?ver=3.6.7 HTTP/1.1" 200 1713 "https://easysalads.com/" "Mozilla/5.0 (Macintosh; Intel Mac OS X 10_7_3) AppleWebKit/537.36 (KHTML, like Gecko, Mediapartners-Google) Chrome/147.0.7727.116 Safari/537.36"
66.249.92.142 - - [04/May/2026:00:14:14 -0500] "GET /wp-content/plugins/kadence-blocks/includes/assets/css/kb-blocks-splide.min.css?ver=3.6.7 HTTP/1.1" 200 339 "https://easysalads.com/" "Mozilla/5.0 (Macintosh; Intel Mac OS X 10_7_3) AppleWebKit/537.36 (KHTML, like Gecko, Mediapartners-Google) Chrome/147.0.7727.116 Safari/537.36"
66.249.92.142 - - [04/May/2026:00:14:14 -0500] "GET /wp-content/uploads/2024/03/yogurt-dill-dressing-00-683x1024.jpg HTTP/1.1" 200 117704 "https://easysalads.com/" "Mozilla/5.0 (Macintosh; Intel Mac OS X 10_7_3) AppleWebKit/537.36 (KHTML, like Gecko, Mediapartners-Google) Chrome/147.0.7727.116 Safari/537.36"
66.249.92.139 - - [04/May/2026:00:14:14 -0500] "GET /wp-content/plugins/kadence-blocks/dist/style-blocks-icon.css?ver=3.6.7 HTTP/1.1" 200 1043 "https://easysalads.com/" "Mozilla/5.0 (Macintosh; Intel Mac OS X 10_7_3) AppleWebKit/537.36 (KHTML, like Gecko, Mediapartners-Google) Chrome/147.0.7727.116 Safari/537.36"
66.249.92.129 - - [04/May/2026:00:14:14 -0500] "GET /wp-content/plugins/wp-recipe-maker/dist/public-modern.css?ver=10.5.0 HTTP/1.1" 200 7725 "https://easysalads.com/" "Mozilla/5.0 (Macintosh; Intel Mac OS X 10_7_3) AppleWebKit/537.36 (KHTML, like Gecko, Mediapartners-Google) Chrome/147.0.7727.116 Safari/537.36"
66.249.92.129 - - [04/May/2026:00:14:14 -0500] "GET /wp-content/themes/kadence/assets/css/content.min.css?ver=1.1.22 HTTP/1.1" 200 5525 "https://easysalads.com/" "Mozilla/5.0 (Macintosh; Intel Mac OS X 10_7_3) AppleWebKit/537.36 (KHTML, like Gecko, Mediapartners-Google) Chrome/147.0.7727.116 Safari/537.36"
66.249.92.129 - - [04/May/2026:00:14:14 -0500] "GET /wp-content/plugins/kadence-blocks/dist/style-blocks-column.css?ver=3.6.7 HTTP/1.1" 200 440 "https://easysalads.com/" "Mozilla/5.0 (Macintosh; Intel Mac OS X 10_7_3) AppleWebKit/537.36 (KHTML, like Gecko, Mediapartners-Google) Chrome/147.0.7727.116 Safari/537.36"
66.249.92.142 - - [04/May/2026:00:14:14 -0500] "GET /wp-content/themes/kadence/assets/css/global.min.css?ver=1.1.22 HTTP/1.1" 200 4269 "https://easysalads.com/" "Mozilla/5.0 (Macintosh; Intel Mac OS X 10_7_3) AppleWebKit/537.36 (KHTML, like Gecko, Mediapartners-Google) Chrome/147.0.7727.116 Safari/537.36"
66.249.92.128 - - [04/May/2026:00:14:14 -0500] "GET /wp-content/plugins/wp-recipe-maker-premium/dist/public-pro.css?ver=10.5.0 HTTP/1.1" 200 6809 "https://easysalads.com/" "Mozilla/5.0 (Macintosh; Intel Mac OS X 10_7_3) AppleWebKit/537.36 (KHTML, like Gecko, Mediapartners-Google) Chrome/147.0.7727.116 Safari/537.36"
66.249.92.128 - - [04/May/2026:00:14:14 -0500] "GET /wp-content/plugins/social-pug/assets/dist/style-frontend-pro.css?ver=2.28.0 HTTP/1.1" 200 11467 "https://easysalads.com/" "Mozilla/5.0 (Macintosh; Intel Mac OS X 10_7_3) AppleWebKit/537.36 (KHTML, like Gecko, Mediapartners-Google) Chrome/147.0.7727.116 Safari/537.36"
66.249.92.129 - - [04/May/2026:00:14:14 -0500] "GET /wp-content/plugins/kadence-blocks/dist/style-blocks-rowlayout.css?ver=3.6.7 HTTP/1.1" 200 1783 "https://easysalads.com/" "Mozilla/5.0 (Macintosh; Intel Mac OS X 10_7_3) AppleWebKit/537.36 (KHTML, like Gecko, Mediapartners-Google) Chrome/147.0.7727.116 Safari/537.36"
66.249.92.139 - - [04/May/2026:00:14:14 -0500] "GET /wp-content/uploads/2022/09/Easy-Salads-website-logo-2048x601.png HTTP/1.1" 200 99062 "https://easysalads.com/" "Mozilla/5.0 (Macintosh; Intel Mac OS X 10_7_3) AppleWebKit/537.36 (KHTML, like Gecko, Mediapartners-Google) Chrome/147.0.7727.116 Safari/537.36"
66.249.92.141 - - [04/May/2026:00:14:14 -0500] "GET /wp-content/plugins/kadence-blocks/dist/style-blocks-infobox.css?ver=3.6.7 HTTP/1.1" 200 1352 "https://easysalads.com/" "Mozilla/5.0 (Macintosh; Intel Mac OS X 10_7_3) AppleWebKit/537.36 (KHTML, like Gecko, Mediapartners-Google) Chrome/147.0.7727.116 Safari/537.36"
66.249.92.141 - - [04/May/2026:00:14:14 -0500] "GET /wp-content/plugins/kadence-blocks-pro/dist/style-blocks-postgrid.css?ver=2.8.13.1 HTTP/1.1" 200 2807 "https://easysalads.com/" "Mozilla/5.0 (Macintosh; Intel Mac OS X 10_7_3) AppleWebKit/537.36 (KHTML, like Gecko, Mediapartners-Google) Chrome/147.0.7727.116 Safari/537.36"
66.249.92.128 - - [04/May/2026:00:14:14 -0500] "GET /wp-content/plugins/kadence-blocks/dist/style-blocks-advancedgallery.css?ver=3.6.7 HTTP/1.1" 200 3535 "https://easysalads.com/" "Mozilla/5.0 (Macintosh; Intel Mac OS X 10_7_3) AppleWebKit/537.36 (KHTML, like Gecko, Mediapartners-Google) Chrome/147.0.7727.116 Safari/537.36"
66.249.92.139 - - [04/May/2026:00:14:14 -0500] "GET /wp-content/plugins/kadence-blocks/dist/style-blocks-spacer.css?ver=3.6.7 HTTP/1.1" 200 397 "https://easysalads.com/" "Mozilla/5.0 (Macintosh; Intel Mac OS X 10_7_3) AppleWebKit/537.36 (KHTML, like Gecko, Mediapartners-Google) Chrome/147.0.7727.116 Safari/537.36"
66.249.92.128 - - [04/May/2026:00:14:14 -0500] "GET /wp-content/uploads/2024/07/Classic-Chicken-Salad05-683x1024.jpg HTTP/1.1" 200 190110 "https://easysalads.com/" "Mozilla/5.0 (Macintosh; Intel Mac OS X 10_7_3) AppleWebKit/537.36 (KHTML, like Gecko, Mediapartners-Google) Chrome/147.0.7727.116 Safari/537.36"
66.249.92.142 - - [04/May/2026:00:14:14 -0500] "GET /wp-content/themes/restored316-sage/style.css?ver=1_0_1 HTTP/1.1" 200 1101 "https://easysalads.com/" "Mozilla/5.0 (Macintosh; Intel Mac OS X 10_7_3) AppleWebKit/537.36 (KHTML, like Gecko, Mediapartners-Google) Chrome/147.0.7727.116 Safari/537.36"
66.249.92.129 - - [04/May/2026:00:14:14 -0500] "GET /wp-content/plugins/kadence-blocks/dist/style-blocks-posts.css?ver=3.6.7 HTTP/1.1" 200 1377 "https://easysalads.com/" "Mozilla/5.0 (Macintosh; Intel Mac OS X 10_7_3) AppleWebKit/537.36 (KHTML, like Gecko, Mediapartners-Google) Chrome/147.0.7727.116 Safari/537.36"
