57.128.189.19 - - [05/May/2026:02:04:14 -0500] "GET /?nocache=1777964641 HTTP/2.0" 200 18601 "-" "BigScootsMonitor Mozilla/5.0 (Windows NT 10.0; Win64; x64) AppleWebKit/537.36 (KHTML, like Gecko) Chrome/74.0.3729.169 Safari/537.36"
51.222.71.146 - - [05/May/2026:02:05:11 -0500] "GET /wp-login.php HTTP/2.0" 200 2157 "-" "Mozilla/4.0 (compatible; MSIE 7.0; Windows NT 6.2; Trident/7.0; .NET4.0C; .NET4.0E; .NET CLR 2.0.50727; .NET CLR 3.0.30729; .NET CLR 3.5.30729; SLCC2; Media Center PC 6.0; Tablet PC 2.0; EIE10;ENUSWOL)"
51.222.71.146 - - [05/May/2026:02:05:12 -0500] "POST /wp-login.php HTTP/2.0" 200 2227 "https://www.phronsiesgarden.com/wp-login.php" "Mozilla/4.0 (compatible; MSIE 7.0; Windows NT 6.2; Trident/7.0; .NET4.0C; .NET4.0E; .NET CLR 2.0.50727; .NET CLR 3.0.30729; .NET CLR 3.5.30729; SLCC2; Media Center PC 6.0; Tablet PC 2.0; EIE10;ENUSWOL)"
47.128.51.18 - - [05/May/2026:02:05:22 -0500] "GET /kwanzan-cherry-tree/amp/ HTTP/2.0" 499 0 "-" "Mozilla/5.0 (Linux; Android 5.0) AppleWebKit/537.36 (KHTML, like Gecko) Mobile Safari/537.36 (compatible; Bytespider; [email protected])"
141.94.139.189 - - [05/May/2026:02:05:38 -0500] "POST /wp-login.php HTTP/2.0" 200 2221 "-" "Mozilla/5.0 (Windows NT 10.0) AppleWebKit/537.36 (KHTML, like Gecko) Chrome/141.0.0.0 Safari/537.36 Edg/141.0.0.0"
57.128.189.19 - - [05/May/2026:02:06:14 -0500] "GET /?nocache=1777964701 HTTP/2.0" 301 0 "-" "BigScootsMonitor Mozilla/5.0 (Windows NT 10.0; Win64; x64) AppleWebKit/537.36 (KHTML, like Gecko) Chrome/74.0.3729.169 Safari/537.36"
2607:5300:205:200::273 - - [05/May/2026:02:06:14 -0500] "GET /?nocache=1777964701 HTTP/2.0" 301 0 "-" "BigScootsMonitor Mozilla/5.0 (Windows NT 10.0; Win64; x64) AppleWebKit/537.36 (KHTML, like Gecko) Chrome/74.0.3729.169 Safari/537.36"
2607:5300:205:200::273 - - [05/May/2026:02:06:14 -0500] "GET /?nocache=1777964701 HTTP/2.0" 200 18601 "-" "BigScootsMonitor Mozilla/5.0 (Windows NT 10.0; Win64; x64) AppleWebKit/537.36 (KHTML, like Gecko) Chrome/74.0.3729.169 Safari/537.36"
57.128.189.19 - - [05/May/2026:02:06:15 -0500] "GET /?nocache=1777964701 HTTP/2.0" 200 18601 "-" "BigScootsMonitor Mozilla/5.0 (Windows NT 10.0; Win64; x64) AppleWebKit/537.36 (KHTML, like Gecko) Chrome/74.0.3729.169 Safari/537.36"
57.128.189.19 - - [05/May/2026:02:08:14 -0500] "GET /?nocache=1777964821 HTTP/2.0" 301 0 "-" "BigScootsMonitor Mozilla/5.0 (Windows NT 10.0; Win64; x64) AppleWebKit/537.36 (KHTML, like Gecko) Chrome/74.0.3729.169 Safari/537.36"
57.128.189.19 - - [05/May/2026:02:08:14 -0500] "GET /?nocache=1777964821 HTTP/2.0" 200 18601 "-" "BigScootsMonitor Mozilla/5.0 (Windows NT 10.0; Win64; x64) AppleWebKit/537.36 (KHTML, like Gecko) Chrome/74.0.3729.169 Safari/537.36"
2607:5300:205:200::273 - - [05/May/2026:02:08:15 -0500] "GET /?nocache=1777964821 HTTP/2.0" 301 0 "-" "BigScootsMonitor Mozilla/5.0 (Windows NT 10.0; Win64; x64) AppleWebKit/537.36 (KHTML, like Gecko) Chrome/74.0.3729.169 Safari/537.36"
2607:5300:205:200::273 - - [05/May/2026:02:08:15 -0500] "GET /?nocache=1777964821 HTTP/2.0" 200 18601 "-" "BigScootsMonitor Mozilla/5.0 (Windows NT 10.0; Win64; x64) AppleWebKit/537.36 (KHTML, like Gecko) Chrome/74.0.3729.169 Safari/537.36"
103.211.200.45 - - [05/May/2026:02:08:19 -0500] "GET /wp-login.php HTTP/2.0" 444 0 "-" "Mozilla/5.0 (Macintosh; Intel Mac OS X 10_13_1) AppleWebKit/604.3.1 (KHTML, like Gecko) Version/11.0.1 Safari/604.3.1"
103.211.200.45 - - [05/May/2026:02:08:20 -0500] "POST /wp-login.php HTTP/2.0" 444 0 "https://www.phronsiesgarden.com/wp-login.php" "Mozilla/5.0 (Macintosh; Intel Mac OS X 10_13_1) AppleWebKit/604.3.1 (KHTML, like Gecko) Version/11.0.1 Safari/604.3.1"
65.108.110.225 - - [05/May/2026:02:09:38 -0500] "GET /wp-login.php HTTP/2.0" 200 2157 "-" "Mozilla/5.0 (Windows NT 6.1; WOW64; Trident/7.0; studenthousing.com; rv:11.0) like Gecko"
65.108.110.225 - - [05/May/2026:02:09:39 -0500] "POST /wp-login.php HTTP/2.0" 200 2227 "https://phronsiesgarden.com/wp-login.php" "Mozilla/5.0 (Windows NT 6.1; WOW64; Trident/7.0; studenthousing.com; rv:11.0) like Gecko"
57.128.189.19 - - [05/May/2026:02:10:14 -0500] "GET /?nocache=1777965001 HTTP/2.0" 301 0 "-" "BigScootsMonitor Mozilla/5.0 (Windows NT 10.0; Win64; x64) AppleWebKit/537.36 (KHTML, like Gecko) Chrome/74.0.3729.169 Safari/537.36"
2607:5300:205:200::273 - - [05/May/2026:02:10:14 -0500] "GET /?nocache=1777965001 HTTP/2.0" 301 0 "-" "BigScootsMonitor Mozilla/5.0 (Windows NT 10.0; Win64; x64) AppleWebKit/537.36 (KHTML, like Gecko) Chrome/74.0.3729.169 Safari/537.36"
2607:5300:205:200::273 - - [05/May/2026:02:10:14 -0500] "GET /?nocache=1777965001 HTTP/2.0" 200 18601 "-" "BigScootsMonitor Mozilla/5.0 (Windows NT 10.0; Win64; x64) AppleWebKit/537.36 (KHTML, like Gecko) Chrome/74.0.3729.169 Safari/537.36"
57.128.189.19 - - [05/May/2026:02:10:15 -0500] "GET /?nocache=1777965001 HTTP/2.0" 200 18601 "-" "BigScootsMonitor Mozilla/5.0 (Windows NT 10.0; Win64; x64) AppleWebKit/537.36 (KHTML, like Gecko) Chrome/74.0.3729.169 Safari/537.36"
38.65.224.152 - - [05/May/2026:02:10:27 -0500] "GET / HTTP/2.0" 301 0 "-" "axios/1.15.0"
38.65.224.152 - - [05/May/2026:02:10:27 -0500] "GET / HTTP/2.0" 200 18601 "-" "axios/1.15.0"
38.65.224.152 - - [05/May/2026:02:10:27 -0500] "GET / HTTP/2.0" 301 0 "-" "axios/1.15.0"
38.65.224.152 - - [05/May/2026:02:10:27 -0500] "GET / HTTP/2.0" 200 18601 "-" "axios/1.15.0"
50.6.229.148 - - [05/May/2026:02:11:13 -0500] "GET /wp-login.php HTTP/2.0" 444 0 "-" "Mozilla/5.0 (Windows NT 6.3; Trident/7.0; Touch; rv:11.0) like Gecko"
50.6.229.148 - - [05/May/2026:02:11:13 -0500] "POST /wp-login.php HTTP/2.0" 444 0 "https://phronsiesgarden.com/wp-login.php" "Mozilla/5.0 (Windows NT 6.3; Trident/7.0; Touch; rv:11.0) like Gecko"
154.18.244.252 - - [05/May/2026:02:12:14 -0500] "POST /wp-cron.php?doing_wp_cron=1777965134.0599439144134521484375 HTTP/2.0" 200 1 "https://www.phronsiesgarden.com/wp-cron.php?doing_wp_cron=1777965134.0599439144134521484375" "WordPress/5.7.15; https://www.phronsiesgarden.com"
57.128.189.19 - - [05/May/2026:02:12:14 -0500] "GET /?nocache=1777965121 HTTP/2.0" 301 0 "-" "BigScootsMonitor Mozilla/5.0 (Windows NT 10.0; Win64; x64) AppleWebKit/537.36 (KHTML, like Gecko) Chrome/74.0.3729.169 Safari/537.36"
2607:5300:205:200::273 - - [05/May/2026:02:12:14 -0500] "GET /?nocache=1777965121 HTTP/2.0" 301 0 "-" "BigScootsMonitor Mozilla/5.0 (Windows NT 10.0; Win64; x64) AppleWebKit/537.36 (KHTML, like Gecko) Chrome/74.0.3729.169 Safari/537.36"
57.128.189.19 - - [05/May/2026:02:12:14 -0500] "GET /?nocache=1777965121 HTTP/2.0" 200 18601 "-" "BigScootsMonitor Mozilla/5.0 (Windows NT 10.0; Win64; x64) AppleWebKit/537.36 (KHTML, like Gecko) Chrome/74.0.3729.169 Safari/537.36"
2607:5300:205:200::273 - - [05/May/2026:02:12:15 -0500] "GET /?nocache=1777965121 HTTP/2.0" 200 18601 "-" "BigScootsMonitor Mozilla/5.0 (Windows NT 10.0; Win64; x64) AppleWebKit/537.36 (KHTML, like Gecko) Chrome/74.0.3729.169 Safari/537.36"
57.128.189.19 - - [05/May/2026:02:14:14 -0500] "GET /?nocache=1777965241 HTTP/2.0" 301 0 "-" "BigScootsMonitor Mozilla/5.0 (Windows NT 10.0; Win64; x64) AppleWebKit/537.36 (KHTML, like Gecko) Chrome/74.0.3729.169 Safari/537.36"
2607:5300:205:200::273 - - [05/May/2026:02:14:14 -0500] "GET /?nocache=1777965241 HTTP/2.0" 301 0 "-" "BigScootsMonitor Mozilla/5.0 (Windows NT 10.0; Win64; x64) AppleWebKit/537.36 (KHTML, like Gecko) Chrome/74.0.3729.169 Safari/537.36"
2607:5300:205:200::273 - - [05/May/2026:02:14:14 -0500] "GET /?nocache=1777965241 HTTP/2.0" 200 18601 "-" "BigScootsMonitor Mozilla/5.0 (Windows NT 10.0; Win64; x64) AppleWebKit/537.36 (KHTML, like Gecko) Chrome/74.0.3729.169 Safari/537.36"
57.128.189.19 - - [05/May/2026:02:14:14 -0500] "GET /?nocache=1777965241 HTTP/2.0" 200 18601 "-" "BigScootsMonitor Mozilla/5.0 (Windows NT 10.0; Win64; x64) AppleWebKit/537.36 (KHTML, like Gecko) Chrome/74.0.3729.169 Safari/537.36"
67.207.82.74 - - [05/May/2026:02:15:39 -0500] "GET /home/copy-of-untitled-2/ HTTP/2.0" 301 0 "https://www.phronsiesgarden.com/" "Mozilla/5.0 (Windows NT 10.0; Win64; x64) AppleWebKit/537.36 (KHTML, like Gecko) Chrome/105.0.0.0 Safari/537.3"
67.207.82.74 - - [05/May/2026:02:15:41 -0500] "GET /wp-content/uploads/2021/03/Copy-of-Untitled-2.jpg HTTP/2.0" 200 289235 "https://www.phronsiesgarden.com/" "Mozilla/5.0 (Windows NT 10.0; Win64; x64) AppleWebKit/537.36 (KHTML, like Gecko) Chrome/105.0.0.0 Safari/537.3"
35.226.7.126 - - [05/May/2026:02:15:47 -0500] "GET /wp-login.php HTTP/2.0" 200 2157 "-" "Mozilla/5.0 (Macintosh; Intel Mac OS X 10_12_6) AppleWebKit/537.36 (KHTML, like Gecko) Chrome/67.0.3396.62 Safari/537.36"
35.226.7.126 - - [05/May/2026:02:15:47 -0500] "POST /wp-login.php HTTP/2.0" 200 2227 "https://www.phronsiesgarden.com/wp-login.php" "Mozilla/5.0 (Macintosh; Intel Mac OS X 10_12_6) AppleWebKit/537.36 (KHTML, like Gecko) Chrome/67.0.3396.62 Safari/537.36"
57.128.189.19 - - [05/May/2026:02:16:13 -0500] "GET /?nocache=1777965361 HTTP/2.0" 301 0 "-" "BigScootsMonitor Mozilla/5.0 (Windows NT 10.0; Win64; x64) AppleWebKit/537.36 (KHTML, like Gecko) Chrome/74.0.3729.169 Safari/537.36"
57.128.189.19 - - [05/May/2026:02:16:14 -0500] "GET /?nocache=1777965361 HTTP/2.0" 200 18601 "-" "BigScootsMonitor Mozilla/5.0 (Windows NT 10.0; Win64; x64) AppleWebKit/537.36 (KHTML, like Gecko) Chrome/74.0.3729.169 Safari/537.36"
2607:5300:205:200::273 - - [05/May/2026:02:16:14 -0500] "GET /?nocache=1777965361 HTTP/2.0" 301 0 "-" "BigScootsMonitor Mozilla/5.0 (Windows NT 10.0; Win64; x64) AppleWebKit/537.36 (KHTML, like Gecko) Chrome/74.0.3729.169 Safari/537.36"
2607:5300:205:200::273 - - [05/May/2026:02:16:15 -0500] "GET /?nocache=1777965361 HTTP/2.0" 200 18601 "-" "BigScootsMonitor Mozilla/5.0 (Windows NT 10.0; Win64; x64) AppleWebKit/537.36 (KHTML, like Gecko) Chrome/74.0.3729.169 Safari/537.36"
154.18.244.252 - - [05/May/2026:02:18:14 -0500] "POST /wp-cron.php?doing_wp_cron=1777965494.2414851188659667968750 HTTP/2.0" 200 1 "https://www.phronsiesgarden.com/wp-cron.php?doing_wp_cron=1777965494.2414851188659667968750" "WordPress/5.7.15; https://www.phronsiesgarden.com"
57.128.189.19 - - [05/May/2026:02:18:14 -0500] "GET /?nocache=1777965421 HTTP/2.0" 301 0 "-" "BigScootsMonitor Mozilla/5.0 (Windows NT 10.0; Win64; x64) AppleWebKit/537.36 (KHTML, like Gecko) Chrome/74.0.3729.169 Safari/537.36"
2607:5300:205:200::273 - - [05/May/2026:02:18:14 -0500] "GET /?nocache=1777965481 HTTP/2.0" 301 0 "-" "BigScootsMonitor Mozilla/5.0 (Windows NT 10.0; Win64; x64) AppleWebKit/537.36 (KHTML, like Gecko) Chrome/74.0.3729.169 Safari/537.36"
57.128.189.19 - - [05/May/2026:02:18:14 -0500] "GET /?nocache=1777965421 HTTP/2.0" 200 18601 "-" "BigScootsMonitor Mozilla/5.0 (Windows NT 10.0; Win64; x64) AppleWebKit/537.36 (KHTML, like Gecko) Chrome/74.0.3729.169 Safari/537.36"
2607:5300:205:200::273 - - [05/May/2026:02:18:15 -0500] "GET /?nocache=1777965481 HTTP/2.0" 200 18601 "-" "BigScootsMonitor Mozilla/5.0 (Windows NT 10.0; Win64; x64) AppleWebKit/537.36 (KHTML, like Gecko) Chrome/74.0.3729.169 Safari/537.36"
103.53.170.39 - - [05/May/2026:02:18:21 -0500] "GET /wp-login.php HTTP/2.0" 444 0 "-" "Mozilla/5.0 (Windows NT 6.3; WOW64; Trident/7.0; Touch; MAARJS; rv:11.0) like Gecko"
103.53.170.39 - - [05/May/2026:02:18:22 -0500] "POST /wp-login.php HTTP/2.0" 444 0 "https://www.phronsiesgarden.com/wp-login.php" "Mozilla/5.0 (Windows NT 6.3; WOW64; Trident/7.0; Touch; MAARJS; rv:11.0) like Gecko"
57.128.189.19 - - [05/May/2026:02:20:14 -0500] "GET /?nocache=1777965601 HTTP/2.0" 301 0 "-" "BigScootsMonitor Mozilla/5.0 (Windows NT 10.0; Win64; x64) AppleWebKit/537.36 (KHTML, like Gecko) Chrome/74.0.3729.169 Safari/537.36"
2607:5300:205:200::273 - - [05/May/2026:02:20:14 -0500] "GET /?nocache=1777965601 HTTP/2.0" 301 0 "-" "BigScootsMonitor Mozilla/5.0 (Windows NT 10.0; Win64; x64) AppleWebKit/537.36 (KHTML, like Gecko) Chrome/74.0.3729.169 Safari/537.36"
2607:5300:205:200::273 - - [05/May/2026:02:20:14 -0500] "GET /?nocache=1777965601 HTTP/2.0" 200 18601 "-" "BigScootsMonitor Mozilla/5.0 (Windows NT 10.0; Win64; x64) AppleWebKit/537.36 (KHTML, like Gecko) Chrome/74.0.3729.169 Safari/537.36"
57.128.189.19 - - [05/May/2026:02:20:14 -0500] "GET /?nocache=1777965601 HTTP/2.0" 200 18601 "-" "BigScootsMonitor Mozilla/5.0 (Windows NT 10.0; Win64; x64) AppleWebKit/537.36 (KHTML, like Gecko) Chrome/74.0.3729.169 Safari/537.36"
208.68.37.246 - - [05/May/2026:02:20:18 -0500] "GET /wp-login.php HTTP/2.0" 200 2157 "-" "Mozilla/5.0 (Macintosh; Intel Mac OS X 10_13_1) AppleWebKit/537.36 (KHTML, like Gecko) Chrome/66.0.3359.181 Safari/537.36"
208.68.37.246 - - [05/May/2026:02:20:18 -0500] "POST /wp-login.php HTTP/2.0" 200 2227 "https://www.phronsiesgarden.com/wp-login.php" "Mozilla/5.0 (Macintosh; Intel Mac OS X 10_13_1) AppleWebKit/537.36 (KHTML, like Gecko) Chrome/66.0.3359.181 Safari/537.36"
57.128.189.19 - - [05/May/2026:02:22:13 -0500] "GET /?nocache=1777965721 HTTP/2.0" 301 0 "-" "BigScootsMonitor Mozilla/5.0 (Windows NT 10.0; Win64; x64) AppleWebKit/537.36 (KHTML, like Gecko) Chrome/74.0.3729.169 Safari/537.36"
57.128.189.19 - - [05/May/2026:02:22:14 -0500] "GET /?nocache=1777965721 HTTP/2.0" 200 18601 "-" "BigScootsMonitor Mozilla/5.0 (Windows NT 10.0; Win64; x64) AppleWebKit/537.36 (KHTML, like Gecko) Chrome/74.0.3729.169 Safari/537.36"
2607:5300:205:200::273 - - [05/May/2026:02:22:14 -0500] "GET /?nocache=1777965721 HTTP/2.0" 301 0 "-" "BigScootsMonitor Mozilla/5.0 (Windows NT 10.0; Win64; x64) AppleWebKit/537.36 (KHTML, like Gecko) Chrome/74.0.3729.169 Safari/537.36"
2607:5300:205:200::273 - - [05/May/2026:02:22:15 -0500] "GET /?nocache=1777965721 HTTP/2.0" 200 18601 "-" "BigScootsMonitor Mozilla/5.0 (Windows NT 10.0; Win64; x64) AppleWebKit/537.36 (KHTML, like Gecko) Chrome/74.0.3729.169 Safari/537.36"
146.103.115.7 - - [05/May/2026:02:23:05 -0500] "GET /kwanzan-cherry-tree/ HTTP/2.0" 200 19508 "https://www.phronsiesgarden.com/kwanzan-cherry-tree/" "Mozilla/5.0 (Windows NT 10.0; Win64; x64) AppleWebKit/537.36 (KHTML, like Gecko) Chrome/131.0.0.0 Safari/537.36 Avast/131.0.0.0"
146.103.115.7 - - [05/May/2026:02:23:06 -0500] "POST /wp-comments-post.php HTTP/2.0" 302 0 "https://www.phronsiesgarden.com/kwanzan-cherry-tree/" "Mozilla/5.0 (Windows NT 10.0; Win64; x64) AppleWebKit/537.36 (KHTML, like Gecko) Chrome/131.0.0.0 Safari/537.36 Avast/131.0.0.0"
146.103.115.7 - - [05/May/2026:02:23:06 -0500] "GET /kwanzan-cherry-tree/ HTTP/2.0" 200 20291 "https://www.phronsiesgarden.com/kwanzan-cherry-tree/#comment-44525" "Mozilla/5.0 (Windows NT 10.0; Win64; x64) AppleWebKit/537.36 (KHTML, like Gecko) Chrome/131.0.0.0 Safari/537.36 Avast/131.0.0.0"
162.240.108.214 - - [05/May/2026:02:23:28 -0500] "GET /wp-login.php HTTP/2.0" 200 2222 "-" "Mozilla/5.0 (X11; Linux x86_64) AppleWebKit/537.36 (KHTML, like Gecko) Chrome/67.0.3396.87 Safari/537.36"
162.240.108.214 - - [05/May/2026:02:23:28 -0500] "POST /wp-login.php HTTP/2.0" 200 2228 "https://phronsiesgarden.com/wp-login.php" "Mozilla/5.0 (X11; Linux x86_64) AppleWebKit/537.36 (KHTML, like Gecko) Chrome/67.0.3396.87 Safari/537.36"
57.128.189.19 - - [05/May/2026:02:24:13 -0500] "GET /?nocache=1777965841 HTTP/2.0" 301 0 "-" "BigScootsMonitor Mozilla/5.0 (Windows NT 10.0; Win64; x64) AppleWebKit/537.36 (KHTML, like Gecko) Chrome/74.0.3729.169 Safari/537.36"
57.128.189.19 - - [05/May/2026:02:24:14 -0500] "GET /?nocache=1777965841 HTTP/2.0" 200 18601 "-" "BigScootsMonitor Mozilla/5.0 (Windows NT 10.0; Win64; x64) AppleWebKit/537.36 (KHTML, like Gecko) Chrome/74.0.3729.169 Safari/537.36"
2607:5300:205:200::273 - - [05/May/2026:02:24:14 -0500] "GET /?nocache=1777965841 HTTP/2.0" 301 0 "-" "BigScootsMonitor Mozilla/5.0 (Windows NT 10.0; Win64; x64) AppleWebKit/537.36 (KHTML, like Gecko) Chrome/74.0.3729.169 Safari/537.36"
2607:5300:205:200::273 - - [05/May/2026:02:24:14 -0500] "GET /?nocache=1777965841 HTTP/2.0" 200 18601 "-" "BigScootsMonitor Mozilla/5.0 (Windows NT 10.0; Win64; x64) AppleWebKit/537.36 (KHTML, like Gecko) Chrome/74.0.3729.169 Safari/537.36"
162.240.108.214 - - [05/May/2026:02:25:37 -0500] "GET /wp-login.php HTTP/2.0" 200 2222 "-" "Mozilla/5.0 (Windows NT 10.0; WOW64; Trident/7.0; Touch; MALNJS; rv:11.0) like Gecko"
162.240.108.214 - - [05/May/2026:02:25:38 -0500] "POST /wp-login.php HTTP/2.0" 200 2228 "https://www.phronsiesgarden.com/wp-login.php" "Mozilla/5.0 (Windows NT 10.0; WOW64; Trident/7.0; Touch; MALNJS; rv:11.0) like Gecko"
57.128.189.19 - - [05/May/2026:02:26:14 -0500] "GET /?nocache=1777965961 HTTP/2.0" 301 0 "-" "BigScootsMonitor Mozilla/5.0 (Windows NT 10.0; Win64; x64) AppleWebKit/537.36 (KHTML, like Gecko) Chrome/74.0.3729.169 Safari/537.36"
2607:5300:205:200::273 - - [05/May/2026:02:26:14 -0500] "GET /?nocache=1777965961 HTTP/2.0" 301 0 "-" "BigScootsMonitor Mozilla/5.0 (Windows NT 10.0; Win64; x64) AppleWebKit/537.36 (KHTML, like Gecko) Chrome/74.0.3729.169 Safari/537.36"
2607:5300:205:200::273 - - [05/May/2026:02:26:14 -0500] "GET /?nocache=1777965961 HTTP/2.0" 200 18601 "-" "BigScootsMonitor Mozilla/5.0 (Windows NT 10.0; Win64; x64) AppleWebKit/537.36 (KHTML, like Gecko) Chrome/74.0.3729.169 Safari/537.36"
57.128.189.19 - - [05/May/2026:02:26:14 -0500] "GET /?nocache=1777965961 HTTP/2.0" 200 18601 "-" "BigScootsMonitor Mozilla/5.0 (Windows NT 10.0; Win64; x64) AppleWebKit/537.36 (KHTML, like Gecko) Chrome/74.0.3729.169 Safari/537.36"
216.24.212.166 - - [05/May/2026:02:26:59 -0500] "GET /kwanzan-cherry-tree/ HTTP/2.0" 200 19512 "https://www.phronsiesgarden.com/kwanzan-cherry-tree/" "Mozilla/5.0 (Windows NT 10.0; Win64; x64) AppleWebKit/537.36 (KHTML, like Gecko) Chrome/129.0.0.0 Safari/537.36"
216.24.212.170 - - [05/May/2026:02:27:08 -0500] "POST /wp-comments-post.php HTTP/2.0" 302 0 "https://www.phronsiesgarden.com/kwanzan-cherry-tree/" "Mozilla/5.0 (Windows NT 10.0; Win64; x64) AppleWebKit/537.36 (KHTML, like Gecko) Chrome/129.0.0.0 Safari/537.36"
216.24.212.196 - - [05/May/2026:02:27:09 -0500] "GET /kwanzan-cherry-tree/ HTTP/2.0" 200 20671 "https://www.phronsiesgarden.com/kwanzan-cherry-tree/#comment-44526" "Mozilla/5.0 (Windows NT 10.0; Win64; x64) AppleWebKit/537.36 (KHTML, like Gecko) Chrome/129.0.0.0 Safari/537.36"
57.128.189.19 - - [05/May/2026:02:28:13 -0500] "GET /?nocache=1777966021 HTTP/2.0" 301 0 "-" "BigScootsMonitor Mozilla/5.0 (Windows NT 10.0; Win64; x64) AppleWebKit/537.36 (KHTML, like Gecko) Chrome/74.0.3729.169 Safari/537.36"
57.128.189.19 - - [05/May/2026:02:28:14 -0500] "GET /?nocache=1777966021 HTTP/2.0" 200 18601 "-" "BigScootsMonitor Mozilla/5.0 (Windows NT 10.0; Win64; x64) AppleWebKit/537.36 (KHTML, like Gecko) Chrome/74.0.3729.169 Safari/537.36"
2607:5300:205:200::273 - - [05/May/2026:02:28:14 -0500] "GET /?nocache=1777966081 HTTP/2.0" 301 0 "-" "BigScootsMonitor Mozilla/5.0 (Windows NT 10.0; Win64; x64) AppleWebKit/537.36 (KHTML, like Gecko) Chrome/74.0.3729.169 Safari/537.36"
2607:5300:205:200::273 - - [05/May/2026:02:28:15 -0500] "GET /?nocache=1777966081 HTTP/2.0" 200 18601 "-" "BigScootsMonitor Mozilla/5.0 (Windows NT 10.0; Win64; x64) AppleWebKit/537.36 (KHTML, like Gecko) Chrome/74.0.3729.169 Safari/537.36"
144.126.133.143 - - [05/May/2026:02:29:48 -0500] "GET /wp-login.php HTTP/2.0" 200 2157 "-" "Mozilla/5.0 (Windows NT 6.3; Win64; x64; Trident/7.0; Touch; MATBJS; rv:11.0) like Gecko"
144.126.133.143 - - [05/May/2026:02:29:48 -0500] "POST /wp-login.php HTTP/2.0" 200 2227 "https://phronsiesgarden.com/wp-login.php" "Mozilla/5.0 (Windows NT 6.3; Win64; x64; Trident/7.0; Touch; MATBJS; rv:11.0) like Gecko"
47.251.53.97 - - [05/May/2026:02:30:00 -0500] "GET /wp-login.php HTTP/2.0" 444 0 "-" "Mozilla/5.0 (Windows NT 6.2; Win64; x64) AppleWebKit/537.36 (KHTML, like Gecko) Chrome/65.0.3325.181 Safari/537.36 OPR/52.0.2871.99"
47.251.53.97 - - [05/May/2026:02:30:00 -0500] "POST /wp-login.php HTTP/2.0" 444 0 "https://www.phronsiesgarden.com/wp-login.php" "Mozilla/5.0 (Windows NT 6.2; Win64; x64) AppleWebKit/537.36 (KHTML, like Gecko) Chrome/65.0.3325.181 Safari/537.36 OPR/52.0.2871.99"
57.128.189.19 - - [05/May/2026:02:30:14 -0500] "GET /?nocache=1777966141 HTTP/2.0" 301 0 "-" "BigScootsMonitor Mozilla/5.0 (Windows NT 10.0; Win64; x64) AppleWebKit/537.36 (KHTML, like Gecko) Chrome/74.0.3729.169 Safari/537.36"
2607:5300:205:200::273 - - [05/May/2026:02:30:14 -0500] "GET /?nocache=1777966141 HTTP/2.0" 301 0 "-" "BigScootsMonitor Mozilla/5.0 (Windows NT 10.0; Win64; x64) AppleWebKit/537.36 (KHTML, like Gecko) Chrome/74.0.3729.169 Safari/537.36"
2607:5300:205:200::273 - - [05/May/2026:02:30:14 -0500] "GET /?nocache=1777966141 HTTP/2.0" 200 18601 "-" "BigScootsMonitor Mozilla/5.0 (Windows NT 10.0; Win64; x64) AppleWebKit/537.36 (KHTML, like Gecko) Chrome/74.0.3729.169 Safari/537.36"
57.128.189.19 - - [05/May/2026:02:30:14 -0500] "GET /?nocache=1777966141 HTTP/2.0" 200 18601 "-" "BigScootsMonitor Mozilla/5.0 (Windows NT 10.0; Win64; x64) AppleWebKit/537.36 (KHTML, like Gecko) Chrome/74.0.3729.169 Safari/537.36"
52.165.198.204 - - [05/May/2026:02:30:52 -0500] "GET /wp-good.php HTTP/2.0" 404 548 "-" "Mozilla/5.0 (Windows NT 10.0; Win64; x64) AppleWebKit/537.36 (KHTML, like Gecko) Chrome/120.0.0.0 Safari/537.36"
52.165.198.204 - - [05/May/2026:02:30:52 -0500] "GET /file.php HTTP/2.0" 404 548 "-" "Mozilla/5.0 (Windows NT 10.0; Win64; x64) AppleWebKit/537.36 (KHTML, like Gecko) Chrome/120.0.0.0 Safari/537.36"
52.165.198.204 - - [05/May/2026:02:30:52 -0500] "GET /bless.php HTTP/2.0" 404 548 "-" "Mozilla/5.0 (Windows NT 10.0; Win64; x64) AppleWebKit/537.36 (KHTML, like Gecko) Chrome/120.0.0.0 Safari/537.36"
52.165.198.204 - - [05/May/2026:02:30:52 -0500] "GET /admin.php HTTP/2.0" 404 548 "-" "Mozilla/5.0 (Windows NT 10.0; Win64; x64) AppleWebKit/537.36 (KHTML, like Gecko) Chrome/120.0.0.0 Safari/537.36"
52.165.198.204 - - [05/May/2026:02:30:52 -0500] "GET /ioxi-o.php HTTP/2.0" 404 548 "-" "Mozilla/5.0 (Windows NT 10.0; Win64; x64) AppleWebKit/537.36 (KHTML, like Gecko) Chrome/120.0.0.0 Safari/537.36"
52.165.198.204 - - [05/May/2026:02:30:52 -0500] "GET /adminfuns.php HTTP/2.0" 404 548 "-" "Mozilla/5.0 (Windows NT 10.0; Win64; x64) AppleWebKit/537.36 (KHTML, like Gecko) Chrome/120.0.0.0 Safari/537.36"
52.165.198.204 - - [05/May/2026:02:30:52 -0500] "GET /wp-content/admin.php HTTP/2.0" 403 548 "-" "Mozilla/5.0 (Windows NT 10.0; Win64; x64) AppleWebKit/537.36 (KHTML, like Gecko) Chrome/120.0.0.0 Safari/537.36"
52.165.198.204 - - [05/May/2026:02:30:52 -0500] "GET /aa.php HTTP/2.0" 404 548 "-" "Mozilla/5.0 (Windows NT 10.0; Win64; x64) AppleWebKit/537.36 (KHTML, like Gecko) Chrome/120.0.0.0 Safari/537.36"
52.165.198.204 - - [05/May/2026:02:30:52 -0500] "GET /xmrlpc.php HTTP/2.0" 404 548 "-" "Mozilla/5.0 (Windows NT 10.0; Win64; x64) AppleWebKit/537.36 (KHTML, like Gecko) Chrome/120.0.0.0 Safari/537.36"
52.165.198.204 - - [05/May/2026:02:30:52 -0500] "GET /class.php HTTP/2.0" 404 548 "-" "Mozilla/5.0 (Windows NT 10.0; Win64; x64) AppleWebKit/537.36 (KHTML, like Gecko) Chrome/120.0.0.0 Safari/537.36"
52.165.198.204 - - [05/May/2026:02:30:52 -0500] "GET /goods.php HTTP/2.0" 404 548 "-" "Mozilla/5.0 (Windows NT 10.0; Win64; x64) AppleWebKit/537.36 (KHTML, like Gecko) Chrome/120.0.0.0 Safari/537.36"
52.165.198.204 - - [05/May/2026:02:30:52 -0500] "GET /info.php HTTP/2.0" 404 548 "-" "Mozilla/5.0 (Windows NT 10.0; Win64; x64) AppleWebKit/537.36 (KHTML, like Gecko) Chrome/120.0.0.0 Safari/537.36"
52.165.198.204 - - [05/May/2026:02:30:52 -0500] "GET /as.php HTTP/2.0" 404 548 "-" "Mozilla/5.0 (Windows NT 10.0; Win64; x64) AppleWebKit/537.36 (KHTML, like Gecko) Chrome/120.0.0.0 Safari/537.36"
52.165.198.204 - - [05/May/2026:02:30:52 -0500] "GET /aw.php HTTP/2.0" 404 548 "-" "Mozilla/5.0 (Windows NT 10.0; Win64; x64) AppleWebKit/537.36 (KHTML, like Gecko) Chrome/120.0.0.0 Safari/537.36"
52.165.198.204 - - [05/May/2026:02:30:52 -0500] "GET /bb.php HTTP/2.0" 404 548 "-" "Mozilla/5.0 (Windows NT 10.0; Win64; x64) AppleWebKit/537.36 (KHTML, like Gecko) Chrome/120.0.0.0 Safari/537.36"
52.165.198.204 - - [05/May/2026:02:30:52 -0500] "GET /about.php HTTP/2.0" 404 548 "-" "Mozilla/5.0 (Windows NT 10.0; Win64; x64) AppleWebKit/537.36 (KHTML, like Gecko) Chrome/120.0.0.0 Safari/537.36"
52.165.198.204 - - [05/May/2026:02:30:53 -0500] "GET /222.php HTTP/2.0" 404 548 "-" "Mozilla/5.0 (Windows NT 10.0; Win64; x64) AppleWebKit/537.36 (KHTML, like Gecko) Chrome/120.0.0.0 Safari/537.36"
52.165.198.204 - - [05/May/2026:02:30:53 -0500] "GET /test1.php HTTP/2.0" 404 548 "-" "Mozilla/5.0 (Windows NT 10.0; Win64; x64) AppleWebKit/537.36 (KHTML, like Gecko) Chrome/120.0.0.0 Safari/537.36"
52.165.198.204 - - [05/May/2026:02:30:53 -0500] "GET /classwithtostring.php HTTP/2.0" 404 548 "-" "Mozilla/5.0 (Windows NT 10.0; Win64; x64) AppleWebKit/537.36 (KHTML, like Gecko) Chrome/120.0.0.0 Safari/537.36"
52.165.198.204 - - [05/May/2026:02:30:53 -0500] "GET /css/autoload_classmap.php HTTP/2.0" 404 548 "-" "Mozilla/5.0 (Windows NT 10.0; Win64; x64) AppleWebKit/537.36 (KHTML, like Gecko) Chrome/120.0.0.0 Safari/537.36"
52.165.198.204 - - [05/May/2026:02:30:53 -0500] "GET /fx.php HTTP/2.0" 404 548 "-" "Mozilla/5.0 (Windows NT 10.0; Win64; x64) AppleWebKit/537.36 (KHTML, like Gecko) Chrome/120.0.0.0 Safari/537.36"
52.165.198.204 - - [05/May/2026:02:30:53 -0500] "GET /gelay.php HTTP/2.0" 404 548 "-" "Mozilla/5.0 (Windows NT 10.0; Win64; x64) AppleWebKit/537.36 (KHTML, like Gecko) Chrome/120.0.0.0 Safari/537.36"
52.165.198.204 - - [05/May/2026:02:30:53 -0500] "GET /god4m.php HTTP/2.0" 404 548 "-" "Mozilla/5.0 (Windows NT 10.0; Win64; x64) AppleWebKit/537.36 (KHTML, like Gecko) Chrome/120.0.0.0 Safari/537.36"
52.165.198.204 - - [05/May/2026:02:30:53 -0500] "GET /mari.php HTTP/2.0" 404 548 "-" "Mozilla/5.0 (Windows NT 10.0; Win64; x64) AppleWebKit/537.36 (KHTML, like Gecko) Chrome/120.0.0.0 Safari/537.36"
52.165.198.204 - - [05/May/2026:02:30:53 -0500] "GET /moon.php HTTP/2.0" 404 548 "-" "Mozilla/5.0 (Windows NT 10.0; Win64; x64) AppleWebKit/537.36 (KHTML, like Gecko) Chrome/120.0.0.0 Safari/537.36"
52.165.198.204 - - [05/May/2026:02:30:53 -0500] "GET /o.php HTTP/2.0" 404 548 "-" "Mozilla/5.0 (Windows NT 10.0; Win64; x64) AppleWebKit/537.36 (KHTML, like Gecko) Chrome/120.0.0.0 Safari/537.36"
52.165.198.204 - - [05/May/2026:02:30:53 -0500] "GET /tmp.php HTTP/2.0" 404 548 "-" "Mozilla/5.0 (Windows NT 10.0; Win64; x64) AppleWebKit/537.36 (KHTML, like Gecko) Chrome/120.0.0.0 Safari/537.36"
52.165.198.204 - - [05/May/2026:02:30:53 -0500] "GET /wp-admin/js/ HTTP/2.0" 403 548 "-" "Mozilla/5.0 (Windows NT 10.0; Win64; x64) AppleWebKit/537.36 (KHTML, like Gecko) Chrome/120.0.0.0 Safari/537.36"
52.165.198.204 - - [05/May/2026:02:30:53 -0500] "GET /wp-admin/a.php HTTP/2.0" 404 548 "-" "Mozilla/5.0 (Windows NT 10.0; Win64; x64) AppleWebKit/537.36 (KHTML, like Gecko) Chrome/120.0.0.0 Safari/537.36"
52.165.198.204 - - [05/May/2026:02:30:53 -0500] "GET /wp-admin/alfa.php HTTP/2.0" 404 548 "-" "Mozilla/5.0 (Windows NT 10.0; Win64; x64) AppleWebKit/537.36 (KHTML, like Gecko) Chrome/120.0.0.0 Safari/537.36"
52.165.198.204 - - [05/May/2026:02:30:53 -0500] "GET /wp-admin/css/colors HTTP/2.0" 301 162 "-" "Mozilla/5.0 (Windows NT 10.0; Win64; x64) AppleWebKit/537.36 (KHTML, like Gecko) Chrome/120.0.0.0 Safari/537.36"
52.165.198.204 - - [05/May/2026:02:30:53 -0500] "GET /wp-admin/js/widgets/ HTTP/2.0" 403 548 "-" "Mozilla/5.0 (Windows NT 10.0; Win64; x64) AppleWebKit/537.36 (KHTML, like Gecko) Chrome/120.0.0.0 Safari/537.36"
52.165.198.204 - - [05/May/2026:02:30:53 -0500] "GET /wp-admin/network/index.php HTTP/2.0" 302 0 "-" "Mozilla/5.0 (Windows NT 10.0; Win64; x64) AppleWebKit/537.36 (KHTML, like Gecko) Chrome/120.0.0.0 Safari/537.36"
52.165.198.204 - - [05/May/2026:02:30:54 -0500] "GET /wp-content/plugins/core-plugin/include.php HTTP/2.0" 403 548 "-" "Mozilla/5.0 (Windows NT 10.0; Win64; x64) AppleWebKit/537.36 (KHTML, like Gecko) Chrome/120.0.0.0 Safari/537.36"
52.165.198.204 - - [05/May/2026:02:30:54 -0500] "GET /wp-includes/IXR/test1.php HTTP/2.0" 403 548 "-" "Mozilla/5.0 (Windows NT 10.0; Win64; x64) AppleWebKit/537.36 (KHTML, like Gecko) Chrome/120.0.0.0 Safari/537.36"
52.165.198.204 - - [05/May/2026:02:30:54 -0500] "GET /wp-includes/js/crop/cropper.php HTTP/2.0" 403 548 "-" "Mozilla/5.0 (Windows NT 10.0; Win64; x64) AppleWebKit/537.36 (KHTML, like Gecko) Chrome/120.0.0.0 Safari/537.36"
52.165.198.204 - - [05/May/2026:02:30:54 -0500] "GET /wp-content/themes/ HTTP/2.0" 403 548 "-" "Mozilla/5.0 (Windows NT 10.0; Win64; x64) AppleWebKit/537.36 (KHTML, like Gecko) Chrome/120.0.0.0 Safari/537.36"
52.165.198.204 - - [05/May/2026:02:30:54 -0500] "GET /wp-includes/ID3/ HTTP/2.0" 403 548 "-" "Mozilla/5.0 (Windows NT 10.0; Win64; x64) AppleWebKit/537.36 (KHTML, like Gecko) Chrome/120.0.0.0 Safari/537.36"
121.200.216.56 - - [05/May/2026:02:31:15 -0500] "GET /wp-login.php HTTP/2.0" 200 2222 "-" "Mozilla/5.0 (Macintosh; Intel Mac OS X 10.13; rv:60.0) Gecko/20100101 Firefox/60.0"
121.200.216.56 - - [05/May/2026:02:31:16 -0500] "POST /wp-login.php HTTP/2.0" 200 2228 "https://phronsiesgarden.com/wp-login.php" "Mozilla/5.0 (Macintosh; Intel Mac OS X 10.13; rv:60.0) Gecko/20100101 Firefox/60.0"
57.128.189.19 - - [05/May/2026:02:32:14 -0500] "GET /?nocache=1777966261 HTTP/2.0" 301 0 "-" "BigScootsMonitor Mozilla/5.0 (Windows NT 10.0; Win64; x64) AppleWebKit/537.36 (KHTML, like Gecko) Chrome/74.0.3729.169 Safari/537.36"
2607:5300:205:200::273 - - [05/May/2026:02:32:14 -0500] "GET /?nocache=1777966261 HTTP/2.0" 301 0 "-" "BigScootsMonitor Mozilla/5.0 (Windows NT 10.0; Win64; x64) AppleWebKit/537.36 (KHTML, like Gecko) Chrome/74.0.3729.169 Safari/537.36"
2607:5300:205:200::273 - - [05/May/2026:02:32:15 -0500] "GET /?nocache=1777966261 HTTP/2.0" 200 18601 "-" "BigScootsMonitor Mozilla/5.0 (Windows NT 10.0; Win64; x64) AppleWebKit/537.36 (KHTML, like Gecko) Chrome/74.0.3729.169 Safari/537.36"
57.128.189.19 - - [05/May/2026:02:32:15 -0500] "GET /?nocache=1777966261 HTTP/2.0" 200 18601 "-" "BigScootsMonitor Mozilla/5.0 (Windows NT 10.0; Win64; x64) AppleWebKit/537.36 (KHTML, like Gecko) Chrome/74.0.3729.169 Safari/537.36"
57.128.189.19 - - [05/May/2026:02:34:13 -0500] "GET /?nocache=1777966381 HTTP/2.0" 301 0 "-" "BigScootsMonitor Mozilla/5.0 (Windows NT 10.0; Win64; x64) AppleWebKit/537.36 (KHTML, like Gecko) Chrome/74.0.3729.169 Safari/537.36"
2607:5300:205:200::273 - - [05/May/2026:02:34:14 -0500] "GET /?nocache=1777966381 HTTP/2.0" 301 0 "-" "BigScootsMonitor Mozilla/5.0 (Windows NT 10.0; Win64; x64) AppleWebKit/537.36 (KHTML, like Gecko) Chrome/74.0.3729.169 Safari/537.36"
57.128.189.19 - - [05/May/2026:02:34:14 -0500] "GET /?nocache=1777966381 HTTP/2.0" 200 18601 "-" "BigScootsMonitor Mozilla/5.0 (Windows NT 10.0; Win64; x64) AppleWebKit/537.36 (KHTML, like Gecko) Chrome/74.0.3729.169 Safari/537.36"
2607:5300:205:200::273 - - [05/May/2026:02:34:14 -0500] "GET /?nocache=1777966381 HTTP/2.0" 200 18601 "-" "BigScootsMonitor Mozilla/5.0 (Windows NT 10.0; Win64; x64) AppleWebKit/537.36 (KHTML, like Gecko) Chrome/74.0.3729.169 Safari/537.36"
50.6.7.129 - - [05/May/2026:02:34:53 -0500] "GET /wp-login.php HTTP/2.0" 444 0 "-" "Mozilla/4.0 (compatible; MSIE 7.0; Windows NT 6.2; Win64; x64; Trident/7.0; .NET4.0C; .NET4.0E; .NET CLR 2.0.50727; .NET CLR 3.0.30729; .NET CLR 3.5.30729; InfoPath.3)"
50.6.7.129 - - [05/May/2026:02:34:53 -0500] "POST /wp-login.php HTTP/2.0" 444 0 "https://www.phronsiesgarden.com/wp-login.php" "Mozilla/4.0 (compatible; MSIE 7.0; Windows NT 6.2; Win64; x64; Trident/7.0; .NET4.0C; .NET4.0E; .NET CLR 2.0.50727; .NET CLR 3.0.30729; .NET CLR 3.5.30729; InfoPath.3)"
57.128.189.19 - - [05/May/2026:02:36:13 -0500] "GET /?nocache=1777966561 HTTP/2.0" 301 0 "-" "BigScootsMonitor Mozilla/5.0 (Windows NT 10.0; Win64; x64) AppleWebKit/537.36 (KHTML, like Gecko) Chrome/74.0.3729.169 Safari/537.36"
57.128.189.19 - - [05/May/2026:02:36:14 -0500] "GET /?nocache=1777966561 HTTP/2.0" 200 18601 "-" "BigScootsMonitor Mozilla/5.0 (Windows NT 10.0; Win64; x64) AppleWebKit/537.36 (KHTML, like Gecko) Chrome/74.0.3729.169 Safari/537.36"
2607:5300:205:200::273 - - [05/May/2026:02:36:14 -0500] "GET /?nocache=1777966561 HTTP/2.0" 301 0 "-" "BigScootsMonitor Mozilla/5.0 (Windows NT 10.0; Win64; x64) AppleWebKit/537.36 (KHTML, like Gecko) Chrome/74.0.3729.169 Safari/537.36"
2607:5300:205:200::273 - - [05/May/2026:02:36:15 -0500] "GET /?nocache=1777966561 HTTP/2.0" 200 18601 "-" "BigScootsMonitor Mozilla/5.0 (Windows NT 10.0; Win64; x64) AppleWebKit/537.36 (KHTML, like Gecko) Chrome/74.0.3729.169 Safari/537.36"
43.164.194.198 - - [05/May/2026:02:36:56 -0500] "GET / HTTP/2.0" 200 18601 "http://phronsiesgarden.com" "Mozilla/5.0 (iPhone; CPU iPhone OS 13_2_3 like Mac OS X) AppleWebKit/605.1.15 (KHTML, like Gecko) Version/13.0.3 Mobile/15E148 Safari/604.1"
57.128.189.19 - - [05/May/2026:02:38:13 -0500] "GET /?nocache=1777966681 HTTP/2.0" 301 0 "-" "BigScootsMonitor Mozilla/5.0 (Windows NT 10.0; Win64; x64) AppleWebKit/537.36 (KHTML, like Gecko) Chrome/74.0.3729.169 Safari/537.36"
2607:5300:205:200::273 - - [05/May/2026:02:38:14 -0500] "GET /?nocache=1777966681 HTTP/2.0" 301 0 "-" "BigScootsMonitor Mozilla/5.0 (Windows NT 10.0; Win64; x64) AppleWebKit/537.36 (KHTML, like Gecko) Chrome/74.0.3729.169 Safari/537.36"
57.128.189.19 - - [05/May/2026:02:38:14 -0500] "GET /?nocache=1777966681 HTTP/2.0" 200 18601 "-" "BigScootsMonitor Mozilla/5.0 (Windows NT 10.0; Win64; x64) AppleWebKit/537.36 (KHTML, like Gecko) Chrome/74.0.3729.169 Safari/537.36"
2607:5300:205:200::273 - - [05/May/2026:02:38:14 -0500] "GET /?nocache=1777966681 HTTP/2.0" 200 18601 "-" "BigScootsMonitor Mozilla/5.0 (Windows NT 10.0; Win64; x64) AppleWebKit/537.36 (KHTML, like Gecko) Chrome/74.0.3729.169 Safari/537.36"
222.165.190.235 - - [05/May/2026:02:39:21 -0500] "GET /wp-login.php HTTP/2.0" 444 0 "-" "Mozilla/4.0 (compatible; MSIE 7.0; Windows NT 6.3; WOW64; Trident/7.0; .NET4.0E; .NET4.0C; .NET CLR 3.5.30729; .NET CLR 2.0.50727; .NET CLR 3.0.30729)"
222.165.190.235 - - [05/May/2026:02:39:27 -0500] "POST /wp-login.php HTTP/2.0" 444 0 "https://phronsiesgarden.com/wp-login.php" "Mozilla/4.0 (compatible; MSIE 7.0; Windows NT 6.3; WOW64; Trident/7.0; .NET4.0E; .NET4.0C; .NET CLR 3.5.30729; .NET CLR 2.0.50727; .NET CLR 3.0.30729)"
78.142.18.172 - - [05/May/2026:02:39:54 -0500] "GET /wp-login.php HTTP/2.0" 200 2222 "-" "Mozilla/5.0 (Windows NT 6.3; Win64; x64) AppleWebKit/537.36 (KHTML, like Gecko) Chrome/58.0.3029.110 Safari/537.36 Edge/16.16299"
78.142.18.172 - - [05/May/2026:02:39:54 -0500] "POST /wp-login.php HTTP/2.0" 200 2229 "https://www.phronsiesgarden.com/wp-login.php" "Mozilla/5.0 (Windows NT 6.3; Win64; x64) AppleWebKit/537.36 (KHTML, like Gecko) Chrome/58.0.3029.110 Safari/537.36 Edge/16.16299"
57.128.189.19 - - [05/May/2026:02:40:13 -0500] "GET /?nocache=1777966801 HTTP/2.0" 301 0 "-" "BigScootsMonitor Mozilla/5.0 (Windows NT 10.0; Win64; x64) AppleWebKit/537.36 (KHTML, like Gecko) Chrome/74.0.3729.169 Safari/537.36"
2607:5300:205:200::273 - - [05/May/2026:02:40:14 -0500] "GET /?nocache=1777966801 HTTP/2.0" 301 0 "-" "BigScootsMonitor Mozilla/5.0 (Windows NT 10.0; Win64; x64) AppleWebKit/537.36 (KHTML, like Gecko) Chrome/74.0.3729.169 Safari/537.36"
57.128.189.19 - - [05/May/2026:02:40:14 -0500] "GET /?nocache=1777966801 HTTP/2.0" 200 18601 "-" "BigScootsMonitor Mozilla/5.0 (Windows NT 10.0; Win64; x64) AppleWebKit/537.36 (KHTML, like Gecko) Chrome/74.0.3729.169 Safari/537.36"
2607:5300:205:200::273 - - [05/May/2026:02:40:14 -0500] "GET /?nocache=1777966801 HTTP/2.0" 200 18601 "-" "BigScootsMonitor Mozilla/5.0 (Windows NT 10.0; Win64; x64) AppleWebKit/537.36 (KHTML, like Gecko) Chrome/74.0.3729.169 Safari/537.36"
51.15.160.8 - - [05/May/2026:02:40:43 -0500] "GET /wp-login.php HTTP/2.0" 444 0 "-" "Mozilla/5.0 (Windows NT 6.3; Win64; x64; rv:60.0) Gecko/20100101 Firefox/60.0"
51.15.160.8 - - [05/May/2026:02:40:43 -0500] "POST /wp-login.php HTTP/2.0" 444 0 "https://phronsiesgarden.com/wp-login.php" "Mozilla/5.0 (Windows NT 6.3; Win64; x64; rv:60.0) Gecko/20100101 Firefox/60.0"
57.128.189.19 - - [05/May/2026:02:42:14 -0500] "GET /?nocache=1777966861 HTTP/2.0" 301 0 "-" "BigScootsMonitor Mozilla/5.0 (Windows NT 10.0; Win64; x64) AppleWebKit/537.36 (KHTML, like Gecko) Chrome/74.0.3729.169 Safari/537.36"
57.128.189.19 - - [05/May/2026:02:42:14 -0500] "GET /?nocache=1777966861 HTTP/2.0" 200 18601 "-" "BigScootsMonitor Mozilla/5.0 (Windows NT 10.0; Win64; x64) AppleWebKit/537.36 (KHTML, like Gecko) Chrome/74.0.3729.169 Safari/537.36"
2607:5300:205:200::273 - - [05/May/2026:02:42:14 -0500] "GET /?nocache=1777966861 HTTP/2.0" 301 0 "-" "BigScootsMonitor Mozilla/5.0 (Windows NT 10.0; Win64; x64) AppleWebKit/537.36 (KHTML, like Gecko) Chrome/74.0.3729.169 Safari/537.36"
2607:5300:205:200::273 - - [05/May/2026:02:42:15 -0500] "GET /?nocache=1777966861 HTTP/2.0" 200 18601 "-" "BigScootsMonitor Mozilla/5.0 (Windows NT 10.0; Win64; x64) AppleWebKit/537.36 (KHTML, like Gecko) Chrome/74.0.3729.169 Safari/537.36"
50.6.229.148 - - [05/May/2026:02:43:12 -0500] "GET /wp-login.php HTTP/2.0" 444 0 "-" "Mozilla/5.0 (X11; Linux x86_64) AppleWebKit/537.36 (KHTML, like Gecko) Chrome/67.0.3396.62 Safari/537.36"
50.6.229.148 - - [05/May/2026:02:43:12 -0500] "POST /wp-login.php HTTP/2.0" 444 0 "https://phronsiesgarden.com/wp-login.php" "Mozilla/5.0 (X11; Linux x86_64) AppleWebKit/537.36 (KHTML, like Gecko) Chrome/67.0.3396.62 Safari/537.36"
57.128.189.19 - - [05/May/2026:02:44:14 -0500] "GET /?nocache=1777967041 HTTP/2.0" 301 0 "-" "BigScootsMonitor Mozilla/5.0 (Windows NT 10.0; Win64; x64) AppleWebKit/537.36 (KHTML, like Gecko) Chrome/74.0.3729.169 Safari/537.36"
2607:5300:205:200::273 - - [05/May/2026:02:44:14 -0500] "GET /?nocache=1777967041 HTTP/2.0" 301 0 "-" "BigScootsMonitor Mozilla/5.0 (Windows NT 10.0; Win64; x64) AppleWebKit/537.36 (KHTML, like Gecko) Chrome/74.0.3729.169 Safari/537.36"
57.128.189.19 - - [05/May/2026:02:44:14 -0500] "GET /?nocache=1777967041 HTTP/2.0" 200 18601 "-" "BigScootsMonitor Mozilla/5.0 (Windows NT 10.0; Win64; x64) AppleWebKit/537.36 (KHTML, like Gecko) Chrome/74.0.3729.169 Safari/537.36"
2607:5300:205:200::273 - - [05/May/2026:02:44:15 -0500] "GET /?nocache=1777967041 HTTP/2.0" 200 18601 "-" "BigScootsMonitor Mozilla/5.0 (Windows NT 10.0; Win64; x64) AppleWebKit/537.36 (KHTML, like Gecko) Chrome/74.0.3729.169 Safari/537.36"
2607:5300:205:200::273 - - [05/May/2026:02:46:14 -0500] "GET /?nocache=1777967161 HTTP/2.0" 301 0 "-" "BigScootsMonitor Mozilla/5.0 (Windows NT 10.0; Win64; x64) AppleWebKit/537.36 (KHTML, like Gecko) Chrome/74.0.3729.169 Safari/537.36"
57.128.189.19 - - [05/May/2026:02:46:14 -0500] "GET /?nocache=1777967161 HTTP/2.0" 301 0 "-" "BigScootsMonitor Mozilla/5.0 (Windows NT 10.0; Win64; x64) AppleWebKit/537.36 (KHTML, like Gecko) Chrome/74.0.3729.169 Safari/537.36"
2607:5300:205:200::273 - - [05/May/2026:02:46:14 -0500] "GET /?nocache=1777967161 HTTP/2.0" 200 18601 "-" "BigScootsMonitor Mozilla/5.0 (Windows NT 10.0; Win64; x64) AppleWebKit/537.36 (KHTML, like Gecko) Chrome/74.0.3729.169 Safari/537.36"
57.128.189.19 - - [05/May/2026:02:46:14 -0500] "GET /?nocache=1777967161 HTTP/2.0" 200 18601 "-" "BigScootsMonitor Mozilla/5.0 (Windows NT 10.0; Win64; x64) AppleWebKit/537.36 (KHTML, like Gecko) Chrome/74.0.3729.169 Safari/537.36"
168.187.5.210 - - [05/May/2026:02:48:02 -0500] "GET /wp-login.php HTTP/2.0" 444 0 "-" "Mozilla/5.0 (Windows NT 10.0; WOW64) AppleWebKit/537.36 (KHTML, like Gecko) Chrome/65.0.3325.162 Safari/537.36"
168.187.5.210 - - [05/May/2026:02:48:03 -0500] "POST /wp-login.php HTTP/2.0" 444 0 "https://www.phronsiesgarden.com/wp-login.php" "Mozilla/5.0 (Windows NT 10.0; WOW64) AppleWebKit/537.36 (KHTML, like Gecko) Chrome/65.0.3325.162 Safari/537.36"
57.128.189.19 - - [05/May/2026:02:48:13 -0500] "GET /?nocache=1777967281 HTTP/2.0" 301 0 "-" "BigScootsMonitor Mozilla/5.0 (Windows NT 10.0; Win64; x64) AppleWebKit/537.36 (KHTML, like Gecko) Chrome/74.0.3729.169 Safari/537.36"
57.128.189.19 - - [05/May/2026:02:48:14 -0500] "GET /?nocache=1777967281 HTTP/2.0" 200 18601 "-" "BigScootsMonitor Mozilla/5.0 (Windows NT 10.0; Win64; x64) AppleWebKit/537.36 (KHTML, like Gecko) Chrome/74.0.3729.169 Safari/537.36"
2607:5300:205:200::273 - - [05/May/2026:02:48:15 -0500] "GET /?nocache=1777967281 HTTP/2.0" 301 0 "-" "BigScootsMonitor Mozilla/5.0 (Windows NT 10.0; Win64; x64) AppleWebKit/537.36 (KHTML, like Gecko) Chrome/74.0.3729.169 Safari/537.36"
2607:5300:205:200::273 - - [05/May/2026:02:48:15 -0500] "GET /?nocache=1777967281 HTTP/2.0" 200 18601 "-" "BigScootsMonitor Mozilla/5.0 (Windows NT 10.0; Win64; x64) AppleWebKit/537.36 (KHTML, like Gecko) Chrome/74.0.3729.169 Safari/537.36"
51.15.160.8 - - [05/May/2026:02:49:42 -0500] "GET /wp-login.php HTTP/2.0" 444 0 "-" "Mozilla/5.0 (Windows NT 6.1; Win64; x64) AppleWebKit/537.36 (KHTML, like Gecko) Chrome/66.0.3359.181 Safari/537.36"
51.15.160.8 - - [05/May/2026:02:49:42 -0500] "POST /wp-login.php HTTP/2.0" 444 0 "https://www.phronsiesgarden.com/wp-login.php" "Mozilla/5.0 (Windows NT 6.1; Win64; x64) AppleWebKit/537.36 (KHTML, like Gecko) Chrome/66.0.3359.181 Safari/537.36"
57.128.189.19 - - [05/May/2026:02:50:14 -0500] "GET /?nocache=1777967401 HTTP/2.0" 301 0 "-" "BigScootsMonitor Mozilla/5.0 (Windows NT 10.0; Win64; x64) AppleWebKit/537.36 (KHTML, like Gecko) Chrome/74.0.3729.169 Safari/537.36"
57.128.189.19 - - [05/May/2026:02:50:14 -0500] "GET /?nocache=1777967401 HTTP/2.0" 200 18601 "-" "BigScootsMonitor Mozilla/5.0 (Windows NT 10.0; Win64; x64) AppleWebKit/537.36 (KHTML, like Gecko) Chrome/74.0.3729.169 Safari/537.36"
2607:5300:205:200::273 - - [05/May/2026:02:50:14 -0500] "GET /?nocache=1777967401 HTTP/2.0" 301 0 "-" "BigScootsMonitor Mozilla/5.0 (Windows NT 10.0; Win64; x64) AppleWebKit/537.36 (KHTML, like Gecko) Chrome/74.0.3729.169 Safari/537.36"
2607:5300:205:200::273 - - [05/May/2026:02:50:15 -0500] "GET /?nocache=1777967401 HTTP/2.0" 200 18601 "-" "BigScootsMonitor Mozilla/5.0 (Windows NT 10.0; Win64; x64) AppleWebKit/537.36 (KHTML, like Gecko) Chrome/74.0.3729.169 Safari/537.36"
57.128.189.19 - - [05/May/2026:02:52:13 -0500] "GET /?nocache=1777967521 HTTP/2.0" 301 0 "-" "BigScootsMonitor Mozilla/5.0 (Windows NT 10.0; Win64; x64) AppleWebKit/537.36 (KHTML, like Gecko) Chrome/74.0.3729.169 Safari/537.36"
57.128.189.19 - - [05/May/2026:02:52:14 -0500] "GET /?nocache=1777967521 HTTP/2.0" 200 18601 "-" "BigScootsMonitor Mozilla/5.0 (Windows NT 10.0; Win64; x64) AppleWebKit/537.36 (KHTML, like Gecko) Chrome/74.0.3729.169 Safari/537.36"
2607:5300:205:200::273 - - [05/May/2026:02:52:14 -0500] "GET /?nocache=1777967521 HTTP/2.0" 301 0 "-" "BigScootsMonitor Mozilla/5.0 (Windows NT 10.0; Win64; x64) AppleWebKit/537.36 (KHTML, like Gecko) Chrome/74.0.3729.169 Safari/537.36"
2607:5300:205:200::273 - - [05/May/2026:02:52:14 -0500] "GET /?nocache=1777967521 HTTP/2.0" 200 18601 "-" "BigScootsMonitor Mozilla/5.0 (Windows NT 10.0; Win64; x64) AppleWebKit/537.36 (KHTML, like Gecko) Chrome/74.0.3729.169 Safari/537.36"
3.70.164.132 - - [05/May/2026:02:52:36 -0500] "GET /wp-login.php HTTP/2.0" 200 2157 "-" "Mozilla/5.0 (Windows NT 6.1) AppleWebKit/537.36 (KHTML, like Gecko) Chrome/66.0.3359.170 Safari/537.36"
3.70.164.132 - - [05/May/2026:02:52:37 -0500] "POST /wp-login.php HTTP/2.0" 200 2227 "https://phronsiesgarden.com/wp-login.php" "Mozilla/5.0 (Windows NT 6.1) AppleWebKit/537.36 (KHTML, like Gecko) Chrome/66.0.3359.170 Safari/537.36"
57.128.189.19 - - [05/May/2026:02:54:14 -0500] "GET /?nocache=1777967641 HTTP/2.0" 301 0 "-" "BigScootsMonitor Mozilla/5.0 (Windows NT 10.0; Win64; x64) AppleWebKit/537.36 (KHTML, like Gecko) Chrome/74.0.3729.169 Safari/537.36"
2607:5300:205:200::273 - - [05/May/2026:02:54:14 -0500] "GET /?nocache=1777967641 HTTP/2.0" 301 0 "-" "BigScootsMonitor Mozilla/5.0 (Windows NT 10.0; Win64; x64) AppleWebKit/537.36 (KHTML, like Gecko) Chrome/74.0.3729.169 Safari/537.36"
2607:5300:205:200::273 - - [05/May/2026:02:54:14 -0500] "GET /?nocache=1777967641 HTTP/2.0" 200 18601 "-" "BigScootsMonitor Mozilla/5.0 (Windows NT 10.0; Win64; x64) AppleWebKit/537.36 (KHTML, like Gecko) Chrome/74.0.3729.169 Safari/537.36"
57.128.189.19 - - [05/May/2026:02:54:15 -0500] "GET /?nocache=1777967641 HTTP/2.0" 200 18601 "-" "BigScootsMonitor Mozilla/5.0 (Windows NT 10.0; Win64; x64) AppleWebKit/537.36 (KHTML, like Gecko) Chrome/74.0.3729.169 Safari/537.36"
57.128.189.19 - - [05/May/2026:02:56:13 -0500] "GET /?nocache=1777967701 HTTP/2.0" 301 0 "-" "BigScootsMonitor Mozilla/5.0 (Windows NT 10.0; Win64; x64) AppleWebKit/537.36 (KHTML, like Gecko) Chrome/74.0.3729.169 Safari/537.36"
57.128.189.19 - - [05/May/2026:02:56:14 -0500] "GET /?nocache=1777967701 HTTP/2.0" 200 18601 "-" "BigScootsMonitor Mozilla/5.0 (Windows NT 10.0; Win64; x64) AppleWebKit/537.36 (KHTML, like Gecko) Chrome/74.0.3729.169 Safari/537.36"
2607:5300:205:200::273 - - [05/May/2026:02:56:14 -0500] "GET /?nocache=1777967701 HTTP/2.0" 301 0 "-" "BigScootsMonitor Mozilla/5.0 (Windows NT 10.0; Win64; x64) AppleWebKit/537.36 (KHTML, like Gecko) Chrome/74.0.3729.169 Safari/537.36"
2607:5300:205:200::273 - - [05/May/2026:02:56:14 -0500] "GET /?nocache=1777967701 HTTP/2.0" 200 18601 "-" "BigScootsMonitor Mozilla/5.0 (Windows NT 10.0; Win64; x64) AppleWebKit/537.36 (KHTML, like Gecko) Chrome/74.0.3729.169 Safari/537.36"
179.108.84.136 - - [05/May/2026:02:56:55 -0500] "GET /wp-login.php HTTP/2.0" 444 0 "-" "Mozilla/5.0 (Windows NT 6.3; WOW64; Trident/7.0; MATPJS; rv:11.0) like Gecko"
179.108.84.136 - - [05/May/2026:02:56:55 -0500] "POST /wp-login.php HTTP/2.0" 444 0 "https://www.phronsiesgarden.com/wp-login.php" "Mozilla/5.0 (Windows NT 6.3; WOW64; Trident/7.0; MATPJS; rv:11.0) like Gecko"
154.18.244.252 - - [05/May/2026:02:58:13 -0500] "POST /wp-cron.php?doing_wp_cron=1777967894.0484418869018554687500 HTTP/2.0" 200 1 "https://www.phronsiesgarden.com/wp-cron.php?doing_wp_cron=1777967894.0484418869018554687500" "WordPress/5.7.15; https://www.phronsiesgarden.com"
57.128.189.19 - - [05/May/2026:02:58:14 -0500] "GET /?nocache=1777967821 HTTP/2.0" 301 0 "-" "BigScootsMonitor Mozilla/5.0 (Windows NT 10.0; Win64; x64) AppleWebKit/537.36 (KHTML, like Gecko) Chrome/74.0.3729.169 Safari/537.36"
57.128.189.19 - - [05/May/2026:02:58:14 -0500] "GET /?nocache=1777967821 HTTP/2.0" 200 18601 "-" "BigScootsMonitor Mozilla/5.0 (Windows NT 10.0; Win64; x64) AppleWebKit/537.36 (KHTML, like Gecko) Chrome/74.0.3729.169 Safari/537.36"
2607:5300:205:200::273 - - [05/May/2026:02:58:14 -0500] "GET /?nocache=1777967821 HTTP/2.0" 301 0 "-" "BigScootsMonitor Mozilla/5.0 (Windows NT 10.0; Win64; x64) AppleWebKit/537.36 (KHTML, like Gecko) Chrome/74.0.3729.169 Safari/537.36"
2607:5300:205:200::273 - - [05/May/2026:02:58:15 -0500] "GET /?nocache=1777967821 HTTP/2.0" 200 18601 "-" "BigScootsMonitor Mozilla/5.0 (Windows NT 10.0; Win64; x64) AppleWebKit/537.36 (KHTML, like Gecko) Chrome/74.0.3729.169 Safari/537.36"
41.140.202.233 - - [05/May/2026:02:58:45 -0500] "GET /category/flowers/peonies/ HTTP/2.0" 200 12968 "-" "Mozilla/5.0 (compatible; MSIE 7.0; Windows NT 10.0; Trident/4.1)"
79.169.110.191 - - [05/May/2026:02:58:47 -0500] "GET /sage-services/ HTTP/2.0" 200 16865 "-" "Mozilla/5.0 (compatible; MSIE 5.0; Windows NT 6.1; Trident/3.0)"
74.91.224.220 - - [05/May/2026:02:58:52 -0500] "GET /wp-login.php HTTP/2.0" 444 0 "-" "Mozilla/5.0 (Windows NT 10.0; WOW64) AppleWebKit/537.36 (KHTML, like Gecko) Chrome/66.0.3359.170 Safari/537.36 OPR/53.0.2907.99"
74.91.224.220 - - [05/May/2026:02:58:52 -0500] "POST /wp-login.php HTTP/2.0" 444 0 "https://www.phronsiesgarden.com/wp-login.php" "Mozilla/5.0 (Windows NT 10.0; WOW64) AppleWebKit/537.36 (KHTML, like Gecko) Chrome/66.0.3359.170 Safari/537.36 OPR/53.0.2907.99"
57.128.189.19 - - [05/May/2026:03:00:13 -0500] "GET /?nocache=1777967941 HTTP/2.0" 301 0 "-" "BigScootsMonitor Mozilla/5.0 (Windows NT 10.0; Win64; x64) AppleWebKit/537.36 (KHTML, like Gecko) Chrome/74.0.3729.169 Safari/537.36"
2607:5300:205:200::273 - - [05/May/2026:03:00:14 -0500] "GET /?nocache=1777967941 HTTP/2.0" 301 0 "-" "BigScootsMonitor Mozilla/5.0 (Windows NT 10.0; Win64; x64) AppleWebKit/537.36 (KHTML, like Gecko) Chrome/74.0.3729.169 Safari/537.36"
57.128.189.19 - - [05/May/2026:03:00:14 -0500] "GET /?nocache=1777967941 HTTP/2.0" 200 18601 "-" "BigScootsMonitor Mozilla/5.0 (Windows NT 10.0; Win64; x64) AppleWebKit/537.36 (KHTML, like Gecko) Chrome/74.0.3729.169 Safari/537.36"
2607:5300:205:200::273 - - [05/May/2026:03:00:14 -0500] "GET /?nocache=1777967941 HTTP/2.0" 200 18601 "-" "BigScootsMonitor Mozilla/5.0 (Windows NT 10.0; Win64; x64) AppleWebKit/537.36 (KHTML, like Gecko) Chrome/74.0.3729.169 Safari/537.36"
74.91.224.220 - - [05/May/2026:03:00:56 -0500] "GET /wp-login.php HTTP/2.0" 444 0 "-" "Mozilla/5.0 (Windows NT 6.3; WOW64; Trident/7.0; MANMJS; rv:11.0) like Gecko"
74.91.224.220 - - [05/May/2026:03:00:56 -0500] "POST /wp-login.php HTTP/2.0" 444 0 "https://phronsiesgarden.com/wp-login.php" "Mozilla/5.0 (Windows NT 6.3; WOW64; Trident/7.0; MANMJS; rv:11.0) like Gecko"
57.128.189.19 - - [05/May/2026:03:02:13 -0500] "GET /?nocache=1777968121 HTTP/2.0" 301 0 "-" "BigScootsMonitor Mozilla/5.0 (Windows NT 10.0; Win64; x64) AppleWebKit/537.36 (KHTML, like Gecko) Chrome/74.0.3729.169 Safari/537.36"
2607:5300:205:200::273 - - [05/May/2026:03:02:14 -0500] "GET /?nocache=1777968121 HTTP/2.0" 301 0 "-" "BigScootsMonitor Mozilla/5.0 (Windows NT 10.0; Win64; x64) AppleWebKit/537.36 (KHTML, like Gecko) Chrome/74.0.3729.169 Safari/537.36"
57.128.189.19 - - [05/May/2026:03:02:14 -0500] "GET /?nocache=1777968121 HTTP/2.0" 200 18601 "-" "BigScootsMonitor Mozilla/5.0 (Windows NT 10.0; Win64; x64) AppleWebKit/537.36 (KHTML, like Gecko) Chrome/74.0.3729.169 Safari/537.36"
2607:5300:205:200::273 - - [05/May/2026:03:02:14 -0500] "GET /?nocache=1777968121 HTTP/2.0" 200 18601 "-" "BigScootsMonitor Mozilla/5.0 (Windows NT 10.0; Win64; x64) AppleWebKit/537.36 (KHTML, like Gecko) Chrome/74.0.3729.169 Safari/537.36"
