2607:5300:205:200::273 - - [05/May/2026:13:08:14 -0500] "GET /?nocache=1778004481 HTTP/2.0" 301 0 "-" "BigScootsMonitor Mozilla/5.0 (Windows NT 10.0; Win64; x64) AppleWebKit/537.36 (KHTML, like Gecko) Chrome/74.0.3729.169 Safari/537.36"
57.128.189.19 - - [05/May/2026:13:08:14 -0500] "GET /?nocache=1778004481 HTTP/2.0" 200 18601 "-" "BigScootsMonitor Mozilla/5.0 (Windows NT 10.0; Win64; x64) AppleWebKit/537.36 (KHTML, like Gecko) Chrome/74.0.3729.169 Safari/537.36"
2607:5300:205:200::273 - - [05/May/2026:13:08:14 -0500] "GET /?nocache=1778004481 HTTP/2.0" 200 18601 "-" "BigScootsMonitor Mozilla/5.0 (Windows NT 10.0; Win64; x64) AppleWebKit/537.36 (KHTML, like Gecko) Chrome/74.0.3729.169 Safari/537.36"
57.128.189.19 - - [05/May/2026:13:10:13 -0500] "GET /?nocache=1778004601 HTTP/2.0" 301 0 "-" "BigScootsMonitor Mozilla/5.0 (Windows NT 10.0; Win64; x64) AppleWebKit/537.36 (KHTML, like Gecko) Chrome/74.0.3729.169 Safari/537.36"
2607:5300:205:200::273 - - [05/May/2026:13:10:14 -0500] "GET /?nocache=1778004601 HTTP/2.0" 301 0 "-" "BigScootsMonitor Mozilla/5.0 (Windows NT 10.0; Win64; x64) AppleWebKit/537.36 (KHTML, like Gecko) Chrome/74.0.3729.169 Safari/537.36"
2607:5300:205:200::273 - - [05/May/2026:13:10:14 -0500] "GET /?nocache=1778004601 HTTP/2.0" 200 18601 "-" "BigScootsMonitor Mozilla/5.0 (Windows NT 10.0; Win64; x64) AppleWebKit/537.36 (KHTML, like Gecko) Chrome/74.0.3729.169 Safari/537.36"
57.128.189.19 - - [05/May/2026:13:10:14 -0500] "GET /?nocache=1778004601 HTTP/2.0" 200 18601 "-" "BigScootsMonitor Mozilla/5.0 (Windows NT 10.0; Win64; x64) AppleWebKit/537.36 (KHTML, like Gecko) Chrome/74.0.3729.169 Safari/537.36"
64.176.221.209 - - [05/May/2026:13:11:13 -0500] "GET /wp-login.php HTTP/2.0" 200 2159 "-" "Mozilla/5.0 (Windows NT 6.1; WOW64; Trident/7.0; CTL_11; rv:11.0) like Gecko"
64.176.221.209 - - [05/May/2026:13:11:14 -0500] "POST /wp-login.php HTTP/2.0" 200 2228 "https://www.phronsiesgarden.com/wp-login.php" "Mozilla/5.0 (Windows NT 6.1; WOW64; Trident/7.0; CTL_11; rv:11.0) like Gecko"
57.128.189.19 - - [05/May/2026:13:12:13 -0500] "GET /?nocache=1778004721 HTTP/2.0" 301 0 "-" "BigScootsMonitor Mozilla/5.0 (Windows NT 10.0; Win64; x64) AppleWebKit/537.36 (KHTML, like Gecko) Chrome/74.0.3729.169 Safari/537.36"
57.128.189.19 - - [05/May/2026:13:12:14 -0500] "GET /?nocache=1778004721 HTTP/2.0" 200 18601 "-" "BigScootsMonitor Mozilla/5.0 (Windows NT 10.0; Win64; x64) AppleWebKit/537.36 (KHTML, like Gecko) Chrome/74.0.3729.169 Safari/537.36"
2607:5300:205:200::273 - - [05/May/2026:13:12:14 -0500] "GET /?nocache=1778004721 HTTP/2.0" 301 0 "-" "BigScootsMonitor Mozilla/5.0 (Windows NT 10.0; Win64; x64) AppleWebKit/537.36 (KHTML, like Gecko) Chrome/74.0.3729.169 Safari/537.36"
2607:5300:205:200::273 - - [05/May/2026:13:12:15 -0500] "GET /?nocache=1778004721 HTTP/2.0" 200 18601 "-" "BigScootsMonitor Mozilla/5.0 (Windows NT 10.0; Win64; x64) AppleWebKit/537.36 (KHTML, like Gecko) Chrome/74.0.3729.169 Safari/537.36"
67.222.24.114 - - [05/May/2026:13:13:07 -0500] "GET /wp-login.php HTTP/2.0" 200 2159 "-" "Mozilla/5.0 (Windows NT 10.0; Win64; x64) AppleWebKit/537.36 (KHTML, like Gecko) Chrome/63.0.3239.132 Safari/537.36 OPR/50.0.2762.58"
67.222.24.114 - - [05/May/2026:13:13:08 -0500] "POST /wp-login.php HTTP/2.0" 200 2228 "https://phronsiesgarden.com/wp-login.php" "Mozilla/5.0 (Windows NT 10.0; Win64; x64) AppleWebKit/537.36 (KHTML, like Gecko) Chrome/63.0.3239.132 Safari/537.36 OPR/50.0.2762.58"
57.128.189.19 - - [05/May/2026:13:14:14 -0500] "GET /?nocache=1778004781 HTTP/2.0" 301 0 "-" "BigScootsMonitor Mozilla/5.0 (Windows NT 10.0; Win64; x64) AppleWebKit/537.36 (KHTML, like Gecko) Chrome/74.0.3729.169 Safari/537.36"
2607:5300:205:200::273 - - [05/May/2026:13:14:14 -0500] "GET /?nocache=1778004841 HTTP/2.0" 301 0 "-" "BigScootsMonitor Mozilla/5.0 (Windows NT 10.0; Win64; x64) AppleWebKit/537.36 (KHTML, like Gecko) Chrome/74.0.3729.169 Safari/537.36"
2607:5300:205:200::273 - - [05/May/2026:13:14:14 -0500] "GET /?nocache=1778004841 HTTP/2.0" 200 18601 "-" "BigScootsMonitor Mozilla/5.0 (Windows NT 10.0; Win64; x64) AppleWebKit/537.36 (KHTML, like Gecko) Chrome/74.0.3729.169 Safari/537.36"
57.128.189.19 - - [05/May/2026:13:14:15 -0500] "GET /?nocache=1778004781 HTTP/2.0" 200 18601 "-" "BigScootsMonitor Mozilla/5.0 (Windows NT 10.0; Win64; x64) AppleWebKit/537.36 (KHTML, like Gecko) Chrome/74.0.3729.169 Safari/537.36"
50.6.224.46 - - [05/May/2026:13:14:43 -0500] "GET /wp-login.php HTTP/2.0" 200 2159 "-" "Mozilla/5.0 (Windows NT 6.1; Trident/7.0; MATP; rv:11.0) like Gecko"
50.6.224.46 - - [05/May/2026:13:14:43 -0500] "POST /wp-login.php HTTP/2.0" 200 2228 "https://phronsiesgarden.com/wp-login.php" "Mozilla/5.0 (Windows NT 6.1; Trident/7.0; MATP; rv:11.0) like Gecko"
103.216.117.42 - - [05/May/2026:13:14:47 -0500] "GET /wp-login.php HTTP/2.0" 444 0 "-" "Mozilla/5.0 (Windows NT 10.0; Win64; x64) AppleWebKit/537.36 (KHTML, like Gecko) Chrome/63.0.3239.132 Safari/537.36 OPR/50.0.2762.67"
103.216.117.42 - - [05/May/2026:13:14:52 -0500] "POST /wp-login.php HTTP/2.0" 444 0 "https://www.phronsiesgarden.com/wp-login.php" "Mozilla/5.0 (Windows NT 10.0; Win64; x64) AppleWebKit/537.36 (KHTML, like Gecko) Chrome/63.0.3239.132 Safari/537.36 OPR/50.0.2762.67"
57.128.189.19 - - [05/May/2026:13:16:14 -0500] "GET /?nocache=1778004901 HTTP/2.0" 301 0 "-" "BigScootsMonitor Mozilla/5.0 (Windows NT 10.0; Win64; x64) AppleWebKit/537.36 (KHTML, like Gecko) Chrome/74.0.3729.169 Safari/537.36"
2607:5300:205:200::273 - - [05/May/2026:13:16:14 -0500] "GET /?nocache=1778004901 HTTP/2.0" 301 0 "-" "BigScootsMonitor Mozilla/5.0 (Windows NT 10.0; Win64; x64) AppleWebKit/537.36 (KHTML, like Gecko) Chrome/74.0.3729.169 Safari/537.36"
57.128.189.19 - - [05/May/2026:13:16:14 -0500] "GET /?nocache=1778004901 HTTP/2.0" 200 18601 "-" "BigScootsMonitor Mozilla/5.0 (Windows NT 10.0; Win64; x64) AppleWebKit/537.36 (KHTML, like Gecko) Chrome/74.0.3729.169 Safari/537.36"
2607:5300:205:200::273 - - [05/May/2026:13:16:15 -0500] "GET /?nocache=1778004901 HTTP/2.0" 200 18601 "-" "BigScootsMonitor Mozilla/5.0 (Windows NT 10.0; Win64; x64) AppleWebKit/537.36 (KHTML, like Gecko) Chrome/74.0.3729.169 Safari/537.36"
57.128.189.19 - - [05/May/2026:13:18:13 -0500] "GET /?nocache=1778005021 HTTP/2.0" 301 0 "-" "BigScootsMonitor Mozilla/5.0 (Windows NT 10.0; Win64; x64) AppleWebKit/537.36 (KHTML, like Gecko) Chrome/74.0.3729.169 Safari/537.36"
2607:5300:205:200::273 - - [05/May/2026:13:18:14 -0500] "GET /?nocache=1778005021 HTTP/2.0" 301 0 "-" "BigScootsMonitor Mozilla/5.0 (Windows NT 10.0; Win64; x64) AppleWebKit/537.36 (KHTML, like Gecko) Chrome/74.0.3729.169 Safari/537.36"
57.128.189.19 - - [05/May/2026:13:18:14 -0500] "GET /?nocache=1778005021 HTTP/2.0" 200 18601 "-" "BigScootsMonitor Mozilla/5.0 (Windows NT 10.0; Win64; x64) AppleWebKit/537.36 (KHTML, like Gecko) Chrome/74.0.3729.169 Safari/537.36"
2607:5300:205:200::273 - - [05/May/2026:13:18:14 -0500] "GET /?nocache=1778005021 HTTP/2.0" 200 18601 "-" "BigScootsMonitor Mozilla/5.0 (Windows NT 10.0; Win64; x64) AppleWebKit/537.36 (KHTML, like Gecko) Chrome/74.0.3729.169 Safari/537.36"
13.49.28.182 - - [05/May/2026:13:19:07 -0500] "GET /wp-login.php HTTP/2.0" 200 2159 "-" "Mozilla/5.0 (compatible; MSIE 10.0; Windows NT 6.2; Win64; x64; Trident/7.0)"
13.49.28.182 - - [05/May/2026:13:19:08 -0500] "POST /wp-login.php HTTP/2.0" 200 2228 "https://www.phronsiesgarden.com/wp-login.php" "Mozilla/5.0 (compatible; MSIE 10.0; Windows NT 6.2; Win64; x64; Trident/7.0)"
57.128.189.19 - - [05/May/2026:13:20:13 -0500] "GET /?nocache=1778005201 HTTP/2.0" 301 0 "-" "BigScootsMonitor Mozilla/5.0 (Windows NT 10.0; Win64; x64) AppleWebKit/537.36 (KHTML, like Gecko) Chrome/74.0.3729.169 Safari/537.36"
57.128.189.19 - - [05/May/2026:13:20:14 -0500] "GET /?nocache=1778005201 HTTP/2.0" 200 18601 "-" "BigScootsMonitor Mozilla/5.0 (Windows NT 10.0; Win64; x64) AppleWebKit/537.36 (KHTML, like Gecko) Chrome/74.0.3729.169 Safari/537.36"
2607:5300:205:200::273 - - [05/May/2026:13:20:14 -0500] "GET /?nocache=1778005201 HTTP/2.0" 301 0 "-" "BigScootsMonitor Mozilla/5.0 (Windows NT 10.0; Win64; x64) AppleWebKit/537.36 (KHTML, like Gecko) Chrome/74.0.3729.169 Safari/537.36"
2607:5300:205:200::273 - - [05/May/2026:13:20:14 -0500] "GET /?nocache=1778005201 HTTP/2.0" 200 18601 "-" "BigScootsMonitor Mozilla/5.0 (Windows NT 10.0; Win64; x64) AppleWebKit/537.36 (KHTML, like Gecko) Chrome/74.0.3729.169 Safari/537.36"
43.129.54.214 - - [05/May/2026:13:21:29 -0500] "GET /wp-login.php HTTP/2.0" 200 2159 "-" "Mozilla/5.0 (Macintosh; Intel Mac OS X 10_13_4) AppleWebKit/537.36 (KHTML, like Gecko) Chrome/67.0.3396.62 Safari/537.36"
43.129.54.214 - - [05/May/2026:13:21:31 -0500] "POST /wp-login.php HTTP/2.0" 200 2228 "https://phronsiesgarden.com/wp-login.php" "Mozilla/5.0 (Macintosh; Intel Mac OS X 10_13_4) AppleWebKit/537.36 (KHTML, like Gecko) Chrome/67.0.3396.62 Safari/537.36"
57.128.189.19 - - [05/May/2026:13:22:13 -0500] "GET /?nocache=1778005321 HTTP/2.0" 301 0 "-" "BigScootsMonitor Mozilla/5.0 (Windows NT 10.0; Win64; x64) AppleWebKit/537.36 (KHTML, like Gecko) Chrome/74.0.3729.169 Safari/537.36"
57.128.189.19 - - [05/May/2026:13:22:14 -0500] "GET /?nocache=1778005321 HTTP/2.0" 200 18601 "-" "BigScootsMonitor Mozilla/5.0 (Windows NT 10.0; Win64; x64) AppleWebKit/537.36 (KHTML, like Gecko) Chrome/74.0.3729.169 Safari/537.36"
2607:5300:205:200::273 - - [05/May/2026:13:22:14 -0500] "GET /?nocache=1778005321 HTTP/2.0" 301 0 "-" "BigScootsMonitor Mozilla/5.0 (Windows NT 10.0; Win64; x64) AppleWebKit/537.36 (KHTML, like Gecko) Chrome/74.0.3729.169 Safari/537.36"
2607:5300:205:200::273 - - [05/May/2026:13:22:14 -0500] "GET /?nocache=1778005321 HTTP/2.0" 200 18601 "-" "BigScootsMonitor Mozilla/5.0 (Windows NT 10.0; Win64; x64) AppleWebKit/537.36 (KHTML, like Gecko) Chrome/74.0.3729.169 Safari/537.36"
51.15.160.8 - - [05/May/2026:13:23:00 -0500] "GET /wp-login.php HTTP/2.0" 444 0 "-" "Mozilla/5.0 (Windows NT 10.0; Win64; x64) AppleWebKit/537.36 (KHTML, like Gecko) Chrome/64.0.3282.186 Safari/537.36 OPR/51.0.2830.55"
51.15.160.8 - - [05/May/2026:13:23:01 -0500] "POST /wp-login.php HTTP/2.0" 444 0 "https://phronsiesgarden.com/wp-login.php" "Mozilla/5.0 (Windows NT 10.0; Win64; x64) AppleWebKit/537.36 (KHTML, like Gecko) Chrome/64.0.3282.186 Safari/537.36 OPR/51.0.2830.55"
217.79.186.19 - - [05/May/2026:13:23:12 -0500] "GET /wp-login.php HTTP/2.0" 200 2159 "-" "Mozilla/5.0 (Windows NT 10.0; WOW64) AppleWebKit/537.36 (KHTML, like Gecko) Chrome/63.0.3239.132 Safari/537.36 OPR/50.0.2762.67"
217.79.186.19 - - [05/May/2026:13:23:12 -0500] "POST /wp-login.php HTTP/2.0" 200 2228 "https://phronsiesgarden.com/wp-login.php" "Mozilla/5.0 (Windows NT 10.0; WOW64) AppleWebKit/537.36 (KHTML, like Gecko) Chrome/63.0.3239.132 Safari/537.36 OPR/50.0.2762.67"
2607:5300:205:200::273 - - [05/May/2026:13:24:14 -0500] "GET /?nocache=1778005441 HTTP/2.0" 301 0 "-" "BigScootsMonitor Mozilla/5.0 (Windows NT 10.0; Win64; x64) AppleWebKit/537.36 (KHTML, like Gecko) Chrome/74.0.3729.169 Safari/537.36"
57.128.189.19 - - [05/May/2026:13:24:14 -0500] "GET /?nocache=1778005441 HTTP/2.0" 301 0 "-" "BigScootsMonitor Mozilla/5.0 (Windows NT 10.0; Win64; x64) AppleWebKit/537.36 (KHTML, like Gecko) Chrome/74.0.3729.169 Safari/537.36"
2607:5300:205:200::273 - - [05/May/2026:13:24:14 -0500] "GET /?nocache=1778005441 HTTP/2.0" 200 18601 "-" "BigScootsMonitor Mozilla/5.0 (Windows NT 10.0; Win64; x64) AppleWebKit/537.36 (KHTML, like Gecko) Chrome/74.0.3729.169 Safari/537.36"
57.128.189.19 - - [05/May/2026:13:24:15 -0500] "GET /?nocache=1778005441 HTTP/2.0" 200 18601 "-" "BigScootsMonitor Mozilla/5.0 (Windows NT 10.0; Win64; x64) AppleWebKit/537.36 (KHTML, like Gecko) Chrome/74.0.3729.169 Safari/537.36"
57.128.189.19 - - [05/May/2026:13:26:13 -0500] "GET /?nocache=1778005501 HTTP/2.0" 301 0 "-" "BigScootsMonitor Mozilla/5.0 (Windows NT 10.0; Win64; x64) AppleWebKit/537.36 (KHTML, like Gecko) Chrome/74.0.3729.169 Safari/537.36"
57.128.189.19 - - [05/May/2026:13:26:14 -0500] "GET /?nocache=1778005501 HTTP/2.0" 200 18601 "-" "BigScootsMonitor Mozilla/5.0 (Windows NT 10.0; Win64; x64) AppleWebKit/537.36 (KHTML, like Gecko) Chrome/74.0.3729.169 Safari/537.36"
2607:5300:205:200::273 - - [05/May/2026:13:26:15 -0500] "GET /?nocache=1778005561 HTTP/2.0" 301 0 "-" "BigScootsMonitor Mozilla/5.0 (Windows NT 10.0; Win64; x64) AppleWebKit/537.36 (KHTML, like Gecko) Chrome/74.0.3729.169 Safari/537.36"
2607:5300:205:200::273 - - [05/May/2026:13:26:15 -0500] "GET /?nocache=1778005561 HTTP/2.0" 200 18601 "-" "BigScootsMonitor Mozilla/5.0 (Windows NT 10.0; Win64; x64) AppleWebKit/537.36 (KHTML, like Gecko) Chrome/74.0.3729.169 Safari/537.36"
2a03:2880:f806:: - - [05/May/2026:13:26:21 -0500] "GET /sitemap.xml HTTP/2.0" 301 0 "-" "meta-externalagent/1.1 (+https://developers.facebook.com/docs/sharing/webmasters/crawler)"
185.242.3.166 - - [05/May/2026:13:26:44 -0500] "GET /wp-login.php HTTP/2.0" 200 2159 "-" "Mozilla/5.0 (Macintosh; Intel Mac OS X 14_2_1) AppleWebKit/537.36 (KHTML, like Gecko) Chrome/120.0.0.0 Safari/537.36"
185.242.3.166 - - [05/May/2026:13:26:44 -0500] "GET /?rest_route=/wp/v2/users HTTP/2.0" 200 1057 "-" "Mozilla/5.0 (Windows NT 10.0; Win64; x64) AppleWebKit/537.36 (KHTML, like Gecko) Edge/119.0.2151.97"
185.242.3.166 - - [05/May/2026:13:26:44 -0500] "GET /xmlrpc.php HTTP/2.0" 403 146 "-" "Mozilla/5.0 (iPhone; CPU iPhone OS 17_2 like Mac OS X) AppleWebKit/605.1.15 (KHTML, like Gecko) Version/17.2 Mobile/15E148 Safari/604.1"
162.240.108.214 - - [05/May/2026:13:27:11 -0500] "GET /wp-login.php HTTP/2.0" 200 2224 "-" "Mozilla/4.0 (compatible; MSIE 7.0; Windows NT 6.1; WOW64; Trident/7.0; SLCC2; .NET CLR 2.0.50727; .NET CLR 3.5.30729; .NET CLR 3.0.30729; .NET4.0C; .NET4.0E)"
162.240.108.214 - - [05/May/2026:13:27:12 -0500] "POST /wp-login.php HTTP/2.0" 200 2231 "https://www.phronsiesgarden.com/wp-login.php" "Mozilla/4.0 (compatible; MSIE 7.0; Windows NT 6.1; WOW64; Trident/7.0; SLCC2; .NET CLR 2.0.50727; .NET CLR 3.5.30729; .NET CLR 3.0.30729; .NET4.0C; .NET4.0E)"
162.240.103.71 - - [05/May/2026:13:28:06 -0500] "GET /wp-login.php HTTP/2.0" 200 2159 "-" "Mozilla/5.0 (Windows NT 6.3; Win64; x64) AppleWebKit/537.36 (KHTML, like Gecko) Chrome/66.0.3359.170 Safari/537.36"
162.240.103.71 - - [05/May/2026:13:28:07 -0500] "POST /wp-login.php HTTP/2.0" 200 2228 "https://www.phronsiesgarden.com/wp-login.php" "Mozilla/5.0 (Windows NT 6.3; Win64; x64) AppleWebKit/537.36 (KHTML, like Gecko) Chrome/66.0.3359.170 Safari/537.36"
57.128.189.19 - - [05/May/2026:13:28:14 -0500] "GET /?nocache=1778005681 HTTP/2.0" 301 0 "-" "BigScootsMonitor Mozilla/5.0 (Windows NT 10.0; Win64; x64) AppleWebKit/537.36 (KHTML, like Gecko) Chrome/74.0.3729.169 Safari/537.36"
57.128.189.19 - - [05/May/2026:13:28:14 -0500] "GET /?nocache=1778005681 HTTP/2.0" 200 18601 "-" "BigScootsMonitor Mozilla/5.0 (Windows NT 10.0; Win64; x64) AppleWebKit/537.36 (KHTML, like Gecko) Chrome/74.0.3729.169 Safari/537.36"
2607:5300:205:200::273 - - [05/May/2026:13:28:14 -0500] "GET /?nocache=1778005681 HTTP/2.0" 301 0 "-" "BigScootsMonitor Mozilla/5.0 (Windows NT 10.0; Win64; x64) AppleWebKit/537.36 (KHTML, like Gecko) Chrome/74.0.3729.169 Safari/537.36"
2607:5300:205:200::273 - - [05/May/2026:13:28:15 -0500] "GET /?nocache=1778005681 HTTP/2.0" 200 18601 "-" "BigScootsMonitor Mozilla/5.0 (Windows NT 10.0; Win64; x64) AppleWebKit/537.36 (KHTML, like Gecko) Chrome/74.0.3729.169 Safari/537.36"
57.128.189.19 - - [05/May/2026:13:30:13 -0500] "GET /?nocache=1778005801 HTTP/2.0" 301 0 "-" "BigScootsMonitor Mozilla/5.0 (Windows NT 10.0; Win64; x64) AppleWebKit/537.36 (KHTML, like Gecko) Chrome/74.0.3729.169 Safari/537.36"
57.128.189.19 - - [05/May/2026:13:30:14 -0500] "GET /?nocache=1778005801 HTTP/2.0" 200 18601 "-" "BigScootsMonitor Mozilla/5.0 (Windows NT 10.0; Win64; x64) AppleWebKit/537.36 (KHTML, like Gecko) Chrome/74.0.3729.169 Safari/537.36"
2607:5300:205:200::273 - - [05/May/2026:13:30:15 -0500] "GET /?nocache=1778005801 HTTP/2.0" 301 0 "-" "BigScootsMonitor Mozilla/5.0 (Windows NT 10.0; Win64; x64) AppleWebKit/537.36 (KHTML, like Gecko) Chrome/74.0.3729.169 Safari/537.36"
2607:5300:205:200::273 - - [05/May/2026:13:30:15 -0500] "GET /?nocache=1778005801 HTTP/2.0" 200 18601 "-" "BigScootsMonitor Mozilla/5.0 (Windows NT 10.0; Win64; x64) AppleWebKit/537.36 (KHTML, like Gecko) Chrome/74.0.3729.169 Safari/537.36"
103.53.170.39 - - [05/May/2026:13:31:02 -0500] "GET /wp-login.php HTTP/2.0" 444 0 "-" "Mozilla/5.0 (Windows NT 10.0) AppleWebKit/537.36 (KHTML, like Gecko) Chrome/66.0.3359.139 Safari/537.36"
103.53.170.39 - - [05/May/2026:13:31:05 -0500] "POST /wp-login.php HTTP/2.0" 444 0 "https://www.phronsiesgarden.com/wp-login.php" "Mozilla/5.0 (Windows NT 10.0) AppleWebKit/537.36 (KHTML, like Gecko) Chrome/66.0.3359.139 Safari/537.36"
74.91.224.220 - - [05/May/2026:13:31:06 -0500] "GET /wp-login.php HTTP/2.0" 444 0 "-" "Mozilla/5.0 (Macintosh; Intel Mac OS X 10_13_5) AppleWebKit/537.36 (KHTML, like Gecko) Chrome/67.0.3396.62 Safari/537.36"
74.91.224.220 - - [05/May/2026:13:31:07 -0500] "POST /wp-login.php HTTP/2.0" 444 0 "https://phronsiesgarden.com/wp-login.php" "Mozilla/5.0 (Macintosh; Intel Mac OS X 10_13_5) AppleWebKit/537.36 (KHTML, like Gecko) Chrome/67.0.3396.62 Safari/537.36"
14.180.51.189 - - [05/May/2026:13:31:31 -0500] "GET / HTTP/2.0" 301 0 "https://phronsiesgarden.com/" "Mozilla/5.0 (Windows NT 10.0; Win64; x64) AppleWebKit/537.36 (KHTML, like Gecko) Chrome/121.0.0.0 Safari/537.36 Edg/121.0.0.0"
154.125.192.39 - - [05/May/2026:13:31:33 -0500] "GET / HTTP/2.0" 200 18601 "https://phronsiesgarden.com/" "Mozilla/5.0 (Windows NT 10.0; Win64; x64) AppleWebKit/537.36 (KHTML, like Gecko) Chrome/121.0.0.0 Safari/537.36 Edg/121.0.0.0"
57.128.189.19 - - [05/May/2026:13:32:13 -0500] "GET /?nocache=1778005921 HTTP/2.0" 301 0 "-" "BigScootsMonitor Mozilla/5.0 (Windows NT 10.0; Win64; x64) AppleWebKit/537.36 (KHTML, like Gecko) Chrome/74.0.3729.169 Safari/537.36"
2607:5300:205:200::273 - - [05/May/2026:13:32:14 -0500] "GET /?nocache=1778005921 HTTP/2.0" 301 0 "-" "BigScootsMonitor Mozilla/5.0 (Windows NT 10.0; Win64; x64) AppleWebKit/537.36 (KHTML, like Gecko) Chrome/74.0.3729.169 Safari/537.36"
57.128.189.19 - - [05/May/2026:13:32:14 -0500] "GET /?nocache=1778005921 HTTP/2.0" 200 18601 "-" "BigScootsMonitor Mozilla/5.0 (Windows NT 10.0; Win64; x64) AppleWebKit/537.36 (KHTML, like Gecko) Chrome/74.0.3729.169 Safari/537.36"
2607:5300:205:200::273 - - [05/May/2026:13:32:14 -0500] "GET /?nocache=1778005921 HTTP/2.0" 200 18601 "-" "BigScootsMonitor Mozilla/5.0 (Windows NT 10.0; Win64; x64) AppleWebKit/537.36 (KHTML, like Gecko) Chrome/74.0.3729.169 Safari/537.36"
57.128.189.19 - - [05/May/2026:13:34:13 -0500] "GET /?nocache=1778006041 HTTP/2.0" 301 0 "-" "BigScootsMonitor Mozilla/5.0 (Windows NT 10.0; Win64; x64) AppleWebKit/537.36 (KHTML, like Gecko) Chrome/74.0.3729.169 Safari/537.36"
2607:5300:205:200::273 - - [05/May/2026:13:34:14 -0500] "GET /?nocache=1778006041 HTTP/2.0" 301 0 "-" "BigScootsMonitor Mozilla/5.0 (Windows NT 10.0; Win64; x64) AppleWebKit/537.36 (KHTML, like Gecko) Chrome/74.0.3729.169 Safari/537.36"
57.128.189.19 - - [05/May/2026:13:34:14 -0500] "GET /?nocache=1778006041 HTTP/2.0" 200 18601 "-" "BigScootsMonitor Mozilla/5.0 (Windows NT 10.0; Win64; x64) AppleWebKit/537.36 (KHTML, like Gecko) Chrome/74.0.3729.169 Safari/537.36"
2607:5300:205:200::273 - - [05/May/2026:13:34:14 -0500] "GET /?nocache=1778006041 HTTP/2.0" 200 18601 "-" "BigScootsMonitor Mozilla/5.0 (Windows NT 10.0; Win64; x64) AppleWebKit/537.36 (KHTML, like Gecko) Chrome/74.0.3729.169 Safari/537.36"
57.128.189.19 - - [05/May/2026:13:36:14 -0500] "GET /?nocache=1778006101 HTTP/2.0" 301 0 "-" "BigScootsMonitor Mozilla/5.0 (Windows NT 10.0; Win64; x64) AppleWebKit/537.36 (KHTML, like Gecko) Chrome/74.0.3729.169 Safari/537.36"
2607:5300:205:200::273 - - [05/May/2026:13:36:14 -0500] "GET /?nocache=1778006101 HTTP/2.0" 301 0 "-" "BigScootsMonitor Mozilla/5.0 (Windows NT 10.0; Win64; x64) AppleWebKit/537.36 (KHTML, like Gecko) Chrome/74.0.3729.169 Safari/537.36"
57.128.189.19 - - [05/May/2026:13:36:14 -0500] "GET /?nocache=1778006101 HTTP/2.0" 200 18601 "-" "BigScootsMonitor Mozilla/5.0 (Windows NT 10.0; Win64; x64) AppleWebKit/537.36 (KHTML, like Gecko) Chrome/74.0.3729.169 Safari/537.36"
2607:5300:205:200::273 - - [05/May/2026:13:36:14 -0500] "GET /?nocache=1778006101 HTTP/2.0" 200 18601 "-" "BigScootsMonitor Mozilla/5.0 (Windows NT 10.0; Win64; x64) AppleWebKit/537.36 (KHTML, like Gecko) Chrome/74.0.3729.169 Safari/537.36"
52.201.37.243 - - [05/May/2026:13:36:22 -0500] "GET /wp-login.php HTTP/2.0" 200 2159 "-" "Mozilla/5.0 (Macintosh; Intel Mac OS X 10_11_6) AppleWebKit/537.36 (KHTML, like Gecko) Chrome/67.0.3396.87 Safari/537.36"
52.201.37.243 - - [05/May/2026:13:36:23 -0500] "POST /wp-login.php HTTP/2.0" 200 2228 "https://www.phronsiesgarden.com/wp-login.php" "Mozilla/5.0 (Macintosh; Intel Mac OS X 10_11_6) AppleWebKit/537.36 (KHTML, like Gecko) Chrome/67.0.3396.87 Safari/537.36"
57.128.189.19 - - [05/May/2026:13:38:14 -0500] "GET /?nocache=1778006221 HTTP/2.0" 301 0 "-" "BigScootsMonitor Mozilla/5.0 (Windows NT 10.0; Win64; x64) AppleWebKit/537.36 (KHTML, like Gecko) Chrome/74.0.3729.169 Safari/537.36"
2607:5300:205:200::273 - - [05/May/2026:13:38:14 -0500] "GET /?nocache=1778006221 HTTP/2.0" 301 0 "-" "BigScootsMonitor Mozilla/5.0 (Windows NT 10.0; Win64; x64) AppleWebKit/537.36 (KHTML, like Gecko) Chrome/74.0.3729.169 Safari/537.36"
2607:5300:205:200::273 - - [05/May/2026:13:38:14 -0500] "GET /?nocache=1778006221 HTTP/2.0" 200 18601 "-" "BigScootsMonitor Mozilla/5.0 (Windows NT 10.0; Win64; x64) AppleWebKit/537.36 (KHTML, like Gecko) Chrome/74.0.3729.169 Safari/537.36"
57.128.189.19 - - [05/May/2026:13:38:14 -0500] "GET /?nocache=1778006221 HTTP/2.0" 200 18601 "-" "BigScootsMonitor Mozilla/5.0 (Windows NT 10.0; Win64; x64) AppleWebKit/537.36 (KHTML, like Gecko) Chrome/74.0.3729.169 Safari/537.36"
222.165.190.235 - - [05/May/2026:13:39:33 -0500] "GET /wp-login.php HTTP/2.0" 444 0 "-" "Mozilla/5.0 (X11; Linux x86_64; rv:61.0) Gecko/20100101 Firefox/61.0"
222.165.190.235 - - [05/May/2026:13:39:34 -0500] "POST /wp-login.php HTTP/2.0" 444 0 "https://phronsiesgarden.com/wp-login.php" "Mozilla/5.0 (X11; Linux x86_64; rv:61.0) Gecko/20100101 Firefox/61.0"
52.201.37.243 - - [05/May/2026:13:39:37 -0500] "GET /wp-login.php HTTP/2.0" 200 2159 "-" "Mozilla/5.0 (Macintosh; Intel Mac OS X 10_13_5) AppleWebKit/537.36 (KHTML, like Gecko) Chrome/67.0.3396.87 Safari/537.36"
52.201.37.243 - - [05/May/2026:13:39:43 -0500] "POST /wp-login.php HTTP/2.0" 200 2228 "https://phronsiesgarden.com/wp-login.php" "Mozilla/5.0 (Macintosh; Intel Mac OS X 10_13_5) AppleWebKit/537.36 (KHTML, like Gecko) Chrome/67.0.3396.87 Safari/537.36"
89.124.113.81 - - [05/May/2026:13:39:49 -0500] "GET /kwanzan-cherry-tree/ HTTP/2.0" 200 19511 "https://www.phronsiesgarden.com/kwanzan-cherry-tree/" "Mozilla/5.0 (Windows NT 10.0; Win64; x64) AppleWebKit/537.36 (KHTML, like Gecko) Chrome/129.0.0.0 Safari/537.36"
89.124.113.81 - - [05/May/2026:13:39:49 -0500] "POST /wp-comments-post.php HTTP/2.0" 302 0 "https://www.phronsiesgarden.com/kwanzan-cherry-tree/" "Mozilla/5.0 (Windows NT 10.0; Win64; x64) AppleWebKit/537.36 (KHTML, like Gecko) Chrome/129.0.0.0 Safari/537.36"
89.124.113.81 - - [05/May/2026:13:39:50 -0500] "GET /kwanzan-cherry-tree/ HTTP/2.0" 200 20354 "https://www.phronsiesgarden.com/kwanzan-cherry-tree/#comment-44550" "Mozilla/5.0 (Windows NT 10.0; Win64; x64) AppleWebKit/537.36 (KHTML, like Gecko) Chrome/129.0.0.0 Safari/537.36"
57.128.189.19 - - [05/May/2026:13:40:14 -0500] "GET /?nocache=1778006341 HTTP/2.0" 301 0 "-" "BigScootsMonitor Mozilla/5.0 (Windows NT 10.0; Win64; x64) AppleWebKit/537.36 (KHTML, like Gecko) Chrome/74.0.3729.169 Safari/537.36"
2607:5300:205:200::273 - - [05/May/2026:13:40:14 -0500] "GET /?nocache=1778006341 HTTP/2.0" 301 0 "-" "BigScootsMonitor Mozilla/5.0 (Windows NT 10.0; Win64; x64) AppleWebKit/537.36 (KHTML, like Gecko) Chrome/74.0.3729.169 Safari/537.36"
57.128.189.19 - - [05/May/2026:13:40:15 -0500] "GET /?nocache=1778006341 HTTP/2.0" 200 18601 "-" "BigScootsMonitor Mozilla/5.0 (Windows NT 10.0; Win64; x64) AppleWebKit/537.36 (KHTML, like Gecko) Chrome/74.0.3729.169 Safari/537.36"
2607:5300:205:200::273 - - [05/May/2026:13:40:15 -0500] "GET /?nocache=1778006341 HTTP/2.0" 200 18601 "-" "BigScootsMonitor Mozilla/5.0 (Windows NT 10.0; Win64; x64) AppleWebKit/537.36 (KHTML, like Gecko) Chrome/74.0.3729.169 Safari/537.36"
202.92.6.73 - - [05/May/2026:13:40:50 -0500] "GET /wp-login.php HTTP/2.0" 444 0 "-" "Mozilla/5.0 (Macintosh; Intel Mac OS X 10_12_6) AppleWebKit/537.36 (KHTML, like Gecko) Chrome/66.0.3359.117 Safari/537.36"
202.92.6.73 - - [05/May/2026:13:40:50 -0500] "POST /wp-login.php HTTP/2.0" 444 0 "https://www.phronsiesgarden.com/wp-login.php" "Mozilla/5.0 (Macintosh; Intel Mac OS X 10_12_6) AppleWebKit/537.36 (KHTML, like Gecko) Chrome/66.0.3359.117 Safari/537.36"
57.128.189.19 - - [05/May/2026:13:42:13 -0500] "GET /?nocache=1778006461 HTTP/2.0" 301 0 "-" "BigScootsMonitor Mozilla/5.0 (Windows NT 10.0; Win64; x64) AppleWebKit/537.36 (KHTML, like Gecko) Chrome/74.0.3729.169 Safari/537.36"
2607:5300:205:200::273 - - [05/May/2026:13:42:14 -0500] "GET /?nocache=1778006461 HTTP/2.0" 301 0 "-" "BigScootsMonitor Mozilla/5.0 (Windows NT 10.0; Win64; x64) AppleWebKit/537.36 (KHTML, like Gecko) Chrome/74.0.3729.169 Safari/537.36"
2607:5300:205:200::273 - - [05/May/2026:13:42:14 -0500] "GET /?nocache=1778006461 HTTP/2.0" 200 18601 "-" "BigScootsMonitor Mozilla/5.0 (Windows NT 10.0; Win64; x64) AppleWebKit/537.36 (KHTML, like Gecko) Chrome/74.0.3729.169 Safari/537.36"
57.128.189.19 - - [05/May/2026:13:42:14 -0500] "GET /?nocache=1778006461 HTTP/2.0" 200 18601 "-" "BigScootsMonitor Mozilla/5.0 (Windows NT 10.0; Win64; x64) AppleWebKit/537.36 (KHTML, like Gecko) Chrome/74.0.3729.169 Safari/537.36"
57.128.189.19 - - [05/May/2026:13:44:14 -0500] "GET /?nocache=1778006581 HTTP/2.0" 301 0 "-" "BigScootsMonitor Mozilla/5.0 (Windows NT 10.0; Win64; x64) AppleWebKit/537.36 (KHTML, like Gecko) Chrome/74.0.3729.169 Safari/537.36"
2607:5300:205:200::273 - - [05/May/2026:13:44:14 -0500] "GET /?nocache=1778006581 HTTP/2.0" 301 0 "-" "BigScootsMonitor Mozilla/5.0 (Windows NT 10.0; Win64; x64) AppleWebKit/537.36 (KHTML, like Gecko) Chrome/74.0.3729.169 Safari/537.36"
2607:5300:205:200::273 - - [05/May/2026:13:44:14 -0500] "GET /?nocache=1778006581 HTTP/2.0" 200 18601 "-" "BigScootsMonitor Mozilla/5.0 (Windows NT 10.0; Win64; x64) AppleWebKit/537.36 (KHTML, like Gecko) Chrome/74.0.3729.169 Safari/537.36"
57.128.189.19 - - [05/May/2026:13:44:14 -0500] "GET /?nocache=1778006581 HTTP/2.0" 200 18601 "-" "BigScootsMonitor Mozilla/5.0 (Windows NT 10.0; Win64; x64) AppleWebKit/537.36 (KHTML, like Gecko) Chrome/74.0.3729.169 Safari/537.36"
135.236.141.8 - - [05/May/2026:13:44:45 -0500] "GET /wp-login.php HTTP/2.0" 444 0 "-" "Mozilla/5.0 (Macintosh; Intel Mac OS X 10_11_6) AppleWebKit/602.4.8 (KHTML, like Gecko) Version/10.0.3 Safari/602.4.8"
135.236.141.8 - - [05/May/2026:13:44:48 -0500] "POST /wp-login.php HTTP/2.0" 444 0 "https://www.phronsiesgarden.com/wp-login.php" "Mozilla/5.0 (Macintosh; Intel Mac OS X 10_11_6) AppleWebKit/602.4.8 (KHTML, like Gecko) Version/10.0.3 Safari/602.4.8"
88.151.8.92 - - [05/May/2026:13:45:07 -0500] "GET /kwanzan-cherry-tree/ HTTP/2.0" 200 19508 "https://www.phronsiesgarden.com/kwanzan-cherry-tree/#comment-42314" "Mozilla/5.0 (Windows NT 10.0; Win64; x64) AppleWebKit/537.36 (KHTML, like Gecko) Chrome/131.0.0.0 Safari/537.36 Avast/131.0.0.0"
88.151.8.92 - - [05/May/2026:13:45:16 -0500] "POST /wp-comments-post.php HTTP/2.0" 302 0 "https://www.phronsiesgarden.com/kwanzan-cherry-tree/#comment-42314" "Mozilla/5.0 (Windows NT 10.0; Win64; x64) AppleWebKit/537.36 (KHTML, like Gecko) Chrome/131.0.0.0 Safari/537.36 Avast/131.0.0.0"
88.151.8.92 - - [05/May/2026:13:45:16 -0500] "GET /kwanzan-cherry-tree/ HTTP/2.0" 200 44842 "https://www.phronsiesgarden.com/kwanzan-cherry-tree/#comment-44551" "Mozilla/5.0 (Windows NT 10.0; Win64; x64) AppleWebKit/537.36 (KHTML, like Gecko) Chrome/131.0.0.0 Safari/537.36 Avast/131.0.0.0"
41.76.214.94 - - [05/May/2026:13:45:26 -0500] "GET /wp-login.php HTTP/2.0" 444 0 "-" "Mozilla/4.0 (compatible; MSIE 7.0; Windows NT 6.2; WOW64; Trident/7.0; .NET4.0C; .NET4.0E; .NET CLR 2.0.50727; .NET CLR 3.0.30729; .NET CLR 3.5.30729; Tablet PC 2.0)"
41.76.214.94 - - [05/May/2026:13:45:26 -0500] "POST /wp-login.php HTTP/2.0" 444 0 "https://www.phronsiesgarden.com/wp-login.php" "Mozilla/4.0 (compatible; MSIE 7.0; Windows NT 6.2; WOW64; Trident/7.0; .NET4.0C; .NET4.0E; .NET CLR 2.0.50727; .NET CLR 3.0.30729; .NET CLR 3.5.30729; Tablet PC 2.0)"
57.128.189.19 - - [05/May/2026:13:46:14 -0500] "GET /?nocache=1778006761 HTTP/2.0" 301 0 "-" "BigScootsMonitor Mozilla/5.0 (Windows NT 10.0; Win64; x64) AppleWebKit/537.36 (KHTML, like Gecko) Chrome/74.0.3729.169 Safari/537.36"
2607:5300:205:200::273 - - [05/May/2026:13:46:14 -0500] "GET /?nocache=1778006761 HTTP/2.0" 301 0 "-" "BigScootsMonitor Mozilla/5.0 (Windows NT 10.0; Win64; x64) AppleWebKit/537.36 (KHTML, like Gecko) Chrome/74.0.3729.169 Safari/537.36"
57.128.189.19 - - [05/May/2026:13:46:14 -0500] "GET /?nocache=1778006761 HTTP/2.0" 200 18601 "-" "BigScootsMonitor Mozilla/5.0 (Windows NT 10.0; Win64; x64) AppleWebKit/537.36 (KHTML, like Gecko) Chrome/74.0.3729.169 Safari/537.36"
2607:5300:205:200::273 - - [05/May/2026:13:46:14 -0500] "GET /?nocache=1778006761 HTTP/2.0" 200 18601 "-" "BigScootsMonitor Mozilla/5.0 (Windows NT 10.0; Win64; x64) AppleWebKit/537.36 (KHTML, like Gecko) Chrome/74.0.3729.169 Safari/537.36"
121.200.216.56 - - [05/May/2026:13:47:36 -0500] "GET /wp-login.php HTTP/2.0" 200 2223 "-" "Mozilla/5.0 (Macintosh; Intel Mac OS X 10_12_6) AppleWebKit/537.36 (KHTML, like Gecko) Chrome/65.0.3325.146 Safari/537.36"
121.200.216.56 - - [05/May/2026:13:47:37 -0500] "POST /wp-login.php HTTP/2.0" 200 2230 "https://phronsiesgarden.com/wp-login.php" "Mozilla/5.0 (Macintosh; Intel Mac OS X 10_12_6) AppleWebKit/537.36 (KHTML, like Gecko) Chrome/65.0.3325.146 Safari/537.36"
50.6.229.148 - - [05/May/2026:13:48:10 -0500] "GET /wp-login.php HTTP/2.0" 444 0 "-" "Mozilla/5.0 (X11; Linux x86_64; rv:60.0) Gecko/20100101 Firefox/60.0"
57.128.189.19 - - [05/May/2026:13:48:13 -0500] "GET /?nocache=1778006881 HTTP/2.0" 301 0 "-" "BigScootsMonitor Mozilla/5.0 (Windows NT 10.0; Win64; x64) AppleWebKit/537.36 (KHTML, like Gecko) Chrome/74.0.3729.169 Safari/537.36"
57.128.189.19 - - [05/May/2026:13:48:14 -0500] "GET /?nocache=1778006881 HTTP/2.0" 200 18601 "-" "BigScootsMonitor Mozilla/5.0 (Windows NT 10.0; Win64; x64) AppleWebKit/537.36 (KHTML, like Gecko) Chrome/74.0.3729.169 Safari/537.36"
2607:5300:205:200::273 - - [05/May/2026:13:48:14 -0500] "GET /?nocache=1778006881 HTTP/2.0" 301 0 "-" "BigScootsMonitor Mozilla/5.0 (Windows NT 10.0; Win64; x64) AppleWebKit/537.36 (KHTML, like Gecko) Chrome/74.0.3729.169 Safari/537.36"
2607:5300:205:200::273 - - [05/May/2026:13:48:14 -0500] "GET /?nocache=1778006881 HTTP/2.0" 200 18601 "-" "BigScootsMonitor Mozilla/5.0 (Windows NT 10.0; Win64; x64) AppleWebKit/537.36 (KHTML, like Gecko) Chrome/74.0.3729.169 Safari/537.36"
50.6.229.148 - - [05/May/2026:13:48:14 -0500] "POST /wp-login.php HTTP/2.0" 444 0 "https://phronsiesgarden.com/wp-login.php" "Mozilla/5.0 (X11; Linux x86_64; rv:60.0) Gecko/20100101 Firefox/60.0"
40.88.21.235 - - [05/May/2026:13:48:32 -0500] "GET / HTTP/2.0" 200 18601 "http://www.phronsiesgarden.com" "DuckDuckBot/1.1; (+http://duckduckgo.com/duckduckbot.html)"
40.88.21.235 - - [05/May/2026:13:48:32 -0500] "GET /wp-content/uploads/2021/02/cropped-favicon2-32x32.png HTTP/2.0" 200 1180 "-" "DuckDuckBot/1.1; (+http://duckduckgo.com/duckduckbot.html)"
67.222.24.114 - - [05/May/2026:13:49:36 -0500] "GET /wp-login.php HTTP/2.0" 200 2159 "-" "Mozilla/5.0 (Windows NT 6.1; WOW64; Trident/7.0; MAFSJS; rv:11.0) like Gecko"
67.207.86.6 - - [05/May/2026:13:49:36 -0500] "GET /wp-login.php HTTP/2.0" 444 0 "-" "Mozilla/5.0 (Windows NT 6.2; Win64; x64) AppleWebKit/537.36 (KHTML, like Gecko) Chrome/65.0.3325.181 Safari/537.36"
67.207.86.6 - - [05/May/2026:13:49:36 -0500] "POST /wp-login.php HTTP/2.0" 444 0 "https://www.phronsiesgarden.com/wp-login.php" "Mozilla/5.0 (Windows NT 6.2; Win64; x64) AppleWebKit/537.36 (KHTML, like Gecko) Chrome/65.0.3325.181 Safari/537.36"
67.222.24.114 - - [05/May/2026:13:49:36 -0500] "POST /wp-login.php HTTP/2.0" 200 2228 "https://phronsiesgarden.com/wp-login.php" "Mozilla/5.0 (Windows NT 6.1; WOW64; Trident/7.0; MAFSJS; rv:11.0) like Gecko"
5.35.7.175 - - [05/May/2026:13:50:08 -0500] "GET /wp-login.php HTTP/2.0" 444 0 "-" "Mozilla/4.0 (compatible; MSIE 7.0; Windows NT 6.2; Win64; x64; Trident/7.0; .NET4.0C; .NET4.0E; .NET CLR 2.0.50727; .NET CLR 3.0.30729; .NET CLR 3.5.30729)"
5.35.7.175 - - [05/May/2026:13:50:09 -0500] "POST /wp-login.php HTTP/2.0" 444 0 "https://phronsiesgarden.com/wp-login.php" "Mozilla/4.0 (compatible; MSIE 7.0; Windows NT 6.2; Win64; x64; Trident/7.0; .NET4.0C; .NET4.0E; .NET CLR 2.0.50727; .NET CLR 3.0.30729; .NET CLR 3.5.30729)"
57.128.189.19 - - [05/May/2026:13:50:14 -0500] "GET /?nocache=1778007001 HTTP/2.0" 301 0 "-" "BigScootsMonitor Mozilla/5.0 (Windows NT 10.0; Win64; x64) AppleWebKit/537.36 (KHTML, like Gecko) Chrome/74.0.3729.169 Safari/537.36"
2607:5300:205:200::273 - - [05/May/2026:13:50:14 -0500] "GET /?nocache=1778007001 HTTP/2.0" 301 0 "-" "BigScootsMonitor Mozilla/5.0 (Windows NT 10.0; Win64; x64) AppleWebKit/537.36 (KHTML, like Gecko) Chrome/74.0.3729.169 Safari/537.36"
2607:5300:205:200::273 - - [05/May/2026:13:50:14 -0500] "GET /?nocache=1778007001 HTTP/2.0" 200 18601 "-" "BigScootsMonitor Mozilla/5.0 (Windows NT 10.0; Win64; x64) AppleWebKit/537.36 (KHTML, like Gecko) Chrome/74.0.3729.169 Safari/537.36"
57.128.189.19 - - [05/May/2026:13:50:15 -0500] "GET /?nocache=1778007001 HTTP/2.0" 200 18601 "-" "BigScootsMonitor Mozilla/5.0 (Windows NT 10.0; Win64; x64) AppleWebKit/537.36 (KHTML, like Gecko) Chrome/74.0.3729.169 Safari/537.36"
5.188.118.200 - - [05/May/2026:13:51:58 -0500] "GET /kwanzan-cherry-tree/ HTTP/2.0" 200 19508 "https://www.phronsiesgarden.com/kwanzan-cherry-tree/#comment-19750" "Mozilla/5.0 (Windows NT 6.3; Win64; x64) AppleWebKit/537.36 (KHTML, like Gecko) Chrome/103.0.5060.53 Safari/537.36"
5.188.118.200 - - [05/May/2026:13:52:06 -0500] "POST /wp-comments-post.php HTTP/2.0" 302 0 "https://www.phronsiesgarden.com/kwanzan-cherry-tree/#comment-19750" "Mozilla/5.0 (Windows NT 6.3; Win64; x64) AppleWebKit/537.36 (KHTML, like Gecko) Chrome/103.0.5060.53 Safari/537.36"
5.188.118.200 - - [05/May/2026:13:52:06 -0500] "GET /kwanzan-cherry-tree/ HTTP/2.0" 200 25484 "https://www.phronsiesgarden.com/kwanzan-cherry-tree/#comment-44552" "Mozilla/5.0 (Windows NT 6.3; Win64; x64) AppleWebKit/537.36 (KHTML, like Gecko) Chrome/103.0.5060.53 Safari/537.36"
57.128.189.19 - - [05/May/2026:13:52:13 -0500] "GET /?nocache=1778007061 HTTP/2.0" 301 0 "-" "BigScootsMonitor Mozilla/5.0 (Windows NT 10.0; Win64; x64) AppleWebKit/537.36 (KHTML, like Gecko) Chrome/74.0.3729.169 Safari/537.36"
57.128.189.19 - - [05/May/2026:13:52:14 -0500] "GET /?nocache=1778007061 HTTP/2.0" 200 18601 "-" "BigScootsMonitor Mozilla/5.0 (Windows NT 10.0; Win64; x64) AppleWebKit/537.36 (KHTML, like Gecko) Chrome/74.0.3729.169 Safari/537.36"
2607:5300:205:200::273 - - [05/May/2026:13:52:14 -0500] "GET /?nocache=1778007061 HTTP/2.0" 301 0 "-" "BigScootsMonitor Mozilla/5.0 (Windows NT 10.0; Win64; x64) AppleWebKit/537.36 (KHTML, like Gecko) Chrome/74.0.3729.169 Safari/537.36"
2607:5300:205:200::273 - - [05/May/2026:13:52:15 -0500] "GET /?nocache=1778007061 HTTP/2.0" 200 18601 "-" "BigScootsMonitor Mozilla/5.0 (Windows NT 10.0; Win64; x64) AppleWebKit/537.36 (KHTML, like Gecko) Chrome/74.0.3729.169 Safari/537.36"
57.128.189.19 - - [05/May/2026:13:54:13 -0500] "GET /?nocache=1778007241 HTTP/2.0" 301 0 "-" "BigScootsMonitor Mozilla/5.0 (Windows NT 10.0; Win64; x64) AppleWebKit/537.36 (KHTML, like Gecko) Chrome/74.0.3729.169 Safari/537.36"
57.128.189.19 - - [05/May/2026:13:54:14 -0500] "GET /?nocache=1778007241 HTTP/2.0" 200 18601 "-" "BigScootsMonitor Mozilla/5.0 (Windows NT 10.0; Win64; x64) AppleWebKit/537.36 (KHTML, like Gecko) Chrome/74.0.3729.169 Safari/537.36"
2607:5300:205:200::273 - - [05/May/2026:13:54:14 -0500] "GET /?nocache=1778007241 HTTP/2.0" 301 0 "-" "BigScootsMonitor Mozilla/5.0 (Windows NT 10.0; Win64; x64) AppleWebKit/537.36 (KHTML, like Gecko) Chrome/74.0.3729.169 Safari/537.36"
2607:5300:205:200::273 - - [05/May/2026:13:54:15 -0500] "GET /?nocache=1778007241 HTTP/2.0" 200 18601 "-" "BigScootsMonitor Mozilla/5.0 (Windows NT 10.0; Win64; x64) AppleWebKit/537.36 (KHTML, like Gecko) Chrome/74.0.3729.169 Safari/537.36"
216.172.172.35 - - [05/May/2026:13:54:30 -0500] "GET /wp-login.php HTTP/2.0" 200 2159 "-" "Mozilla/4.0 (compatible; MSIE 7.0; Windows NT 6.1; Win64; x64; Trident/7.0; .NET CLR 2.0.50727; SLCC2; .NET CLR 3.5.30729; .NET CLR 3.0.30729; .NET4.0C; .NET4.0E)"
216.172.172.35 - - [05/May/2026:13:54:31 -0500] "POST /wp-login.php HTTP/2.0" 200 2228 "https://www.phronsiesgarden.com/wp-login.php" "Mozilla/4.0 (compatible; MSIE 7.0; Windows NT 6.1; Win64; x64; Trident/7.0; .NET CLR 2.0.50727; SLCC2; .NET CLR 3.5.30729; .NET CLR 3.0.30729; .NET4.0C; .NET4.0E)"
51.222.71.146 - - [05/May/2026:13:54:47 -0500] "GET /wp-login.php HTTP/2.0" 200 2159 "-" "Mozilla/5.0 (Macintosh; Intel Mac OS X 10_11_6) AppleWebKit/603.1.30 (KHTML, like Gecko) Version/10.1 Safari/603.1.30"
89.124.124.95 - - [05/May/2026:13:55:42 -0500] "GET /kwanzan-cherry-tree/ HTTP/2.0" 200 19511 "https://www.phronsiesgarden.com/kwanzan-cherry-tree/" "Mozilla/5.0 (Windows NT 10.0; Win64; x64) AppleWebKit/537.36 (KHTML, like Gecko) Chrome/130.0.0.0 Safari/537.36"
89.124.124.95 - - [05/May/2026:13:55:43 -0500] "POST /wp-comments-post.php HTTP/2.0" 302 0 "https://www.phronsiesgarden.com/kwanzan-cherry-tree/" "Mozilla/5.0 (Windows NT 10.0; Win64; x64) AppleWebKit/537.36 (KHTML, like Gecko) Chrome/130.0.0.0 Safari/537.36"
89.124.124.95 - - [05/May/2026:13:55:44 -0500] "GET /kwanzan-cherry-tree/ HTTP/2.0" 200 20073 "https://www.phronsiesgarden.com/kwanzan-cherry-tree/#comment-44553" "Mozilla/5.0 (Windows NT 10.0; Win64; x64) AppleWebKit/537.36 (KHTML, like Gecko) Chrome/130.0.0.0 Safari/537.36"
74.91.224.220 - - [05/May/2026:13:55:44 -0500] "GET /wp-login.php HTTP/2.0" 444 0 "-" "Mozilla/5.0 (Macintosh; Intel Mac OS X 10_11_6) AppleWebKit/537.36 (KHTML, like Gecko) Chrome/66.0.3359.181 Safari/537.36"
74.91.224.220 - - [05/May/2026:13:55:46 -0500] "POST /wp-login.php HTTP/2.0" 444 0 "https://phronsiesgarden.com/wp-login.php" "Mozilla/5.0 (Macintosh; Intel Mac OS X 10_11_6) AppleWebKit/537.36 (KHTML, like Gecko) Chrome/66.0.3359.181 Safari/537.36"
200.84.88.244 - - [05/May/2026:13:56:08 -0500] "GET /category/herbs/ HTTP/2.0" 200 12936 "-" "Mozilla/5.0 (Windows NT 5.1; as-IN; rv:1.9.1.20) Gecko/7178-02-09 07:10:16.592255 Firefox/13.0"
194.34.249.92 - - [05/May/2026:13:56:13 -0500] "GET /kwanzan-cherry-tree/ HTTP/2.0" 200 19504 "https://www.phronsiesgarden.com/kwanzan-cherry-tree/#comment-39622" "Mozilla/5.0 (Windows NT 10.0; Win64; x64) AppleWebKit/537.36 (KHTML, like Gecko) Chrome/131.0.0.0 Safari/537.36"
57.128.189.19 - - [05/May/2026:13:56:13 -0500] "GET /?nocache=1778007361 HTTP/2.0" 301 0 "-" "BigScootsMonitor Mozilla/5.0 (Windows NT 10.0; Win64; x64) AppleWebKit/537.36 (KHTML, like Gecko) Chrome/74.0.3729.169 Safari/537.36"
57.128.189.19 - - [05/May/2026:13:56:14 -0500] "GET /?nocache=1778007361 HTTP/2.0" 200 18601 "-" "BigScootsMonitor Mozilla/5.0 (Windows NT 10.0; Win64; x64) AppleWebKit/537.36 (KHTML, like Gecko) Chrome/74.0.3729.169 Safari/537.36"
2607:5300:205:200::273 - - [05/May/2026:13:56:14 -0500] "GET /?nocache=1778007361 HTTP/2.0" 301 0 "-" "BigScootsMonitor Mozilla/5.0 (Windows NT 10.0; Win64; x64) AppleWebKit/537.36 (KHTML, like Gecko) Chrome/74.0.3729.169 Safari/537.36"
2607:5300:205:200::273 - - [05/May/2026:13:56:15 -0500] "GET /?nocache=1778007361 HTTP/2.0" 200 18601 "-" "BigScootsMonitor Mozilla/5.0 (Windows NT 10.0; Win64; x64) AppleWebKit/537.36 (KHTML, like Gecko) Chrome/74.0.3729.169 Safari/537.36"
194.34.249.92 - - [05/May/2026:13:56:19 -0500] "POST /wp-comments-post.php HTTP/2.0" 302 0 "https://www.phronsiesgarden.com/kwanzan-cherry-tree/#comment-39622" "Mozilla/5.0 (Windows NT 10.0; Win64; x64) AppleWebKit/537.36 (KHTML, like Gecko) Chrome/131.0.0.0 Safari/537.36"
194.34.249.92 - - [05/May/2026:13:56:20 -0500] "GET /kwanzan-cherry-tree/ HTTP/2.0" 200 50220 "https://www.phronsiesgarden.com/kwanzan-cherry-tree/#comment-44554" "Mozilla/5.0 (Windows NT 10.0; Win64; x64) AppleWebKit/537.36 (KHTML, like Gecko) Chrome/131.0.0.0 Safari/537.36"
154.18.244.252 - - [05/May/2026:13:57:15 -0500] "POST /wp-cron.php?doing_wp_cron=1778007435.3551459312438964843750 HTTP/2.0" 200 1 "https://www.phronsiesgarden.com/wp-cron.php?doing_wp_cron=1778007435.3551459312438964843750" "WordPress/5.7.15; https://www.phronsiesgarden.com"
113.164.132.45 - - [05/May/2026:13:57:15 -0500] "GET /category/flowers/irises/ HTTP/2.0" 200 12960 "-" "Mozilla/5.0 (Windows NT 6.2; Win64; x64) AppleWebKit/537.36 (KHTML, like Gecko) Chrome/101.0.4951.64 Safari/537.36"
195.250.20.172 - - [05/May/2026:13:57:57 -0500] "GET /wp-login.php HTTP/2.0" 200 2159 "-" "Mozilla/5.0 (Macintosh; Intel Mac OS X 10_11_6) AppleWebKit/537.36 (KHTML, like Gecko) Chrome/65.0.3325.162 Safari/537.36"
195.250.20.172 - - [05/May/2026:13:57:58 -0500] "POST /wp-login.php HTTP/2.0" 200 2228 "https://phronsiesgarden.com/wp-login.php" "Mozilla/5.0 (Macintosh; Intel Mac OS X 10_11_6) AppleWebKit/537.36 (KHTML, like Gecko) Chrome/65.0.3325.162 Safari/537.36"
35.175.189.197 - - [05/May/2026:13:58:05 -0500] "GET /.well-known/tdmrep.json HTTP/2.0" 404 146 "-" "ComplianceChecker/1.0"
57.128.189.19 - - [05/May/2026:13:58:14 -0500] "GET /?nocache=1778007481 HTTP/2.0" 301 0 "-" "BigScootsMonitor Mozilla/5.0 (Windows NT 10.0; Win64; x64) AppleWebKit/537.36 (KHTML, like Gecko) Chrome/74.0.3729.169 Safari/537.36"
57.128.189.19 - - [05/May/2026:13:58:14 -0500] "GET /?nocache=1778007481 HTTP/2.0" 200 18601 "-" "BigScootsMonitor Mozilla/5.0 (Windows NT 10.0; Win64; x64) AppleWebKit/537.36 (KHTML, like Gecko) Chrome/74.0.3729.169 Safari/537.36"
2607:5300:205:200::273 - - [05/May/2026:13:58:14 -0500] "GET /?nocache=1778007481 HTTP/2.0" 301 0 "-" "BigScootsMonitor Mozilla/5.0 (Windows NT 10.0; Win64; x64) AppleWebKit/537.36 (KHTML, like Gecko) Chrome/74.0.3729.169 Safari/537.36"
2607:5300:205:200::273 - - [05/May/2026:13:58:15 -0500] "GET /?nocache=1778007481 HTTP/2.0" 200 18601 "-" "BigScootsMonitor Mozilla/5.0 (Windows NT 10.0; Win64; x64) AppleWebKit/537.36 (KHTML, like Gecko) Chrome/74.0.3729.169 Safari/537.36"
38.45.67.230 - - [05/May/2026:13:58:23 -0500] "GET /wp-login.php HTTP/2.0" 200 2159 "-" "Mozilla/5.0 (Windows NT 10.0) AppleWebKit/537.36 (KHTML, like Gecko) Chrome/67.0.3396.87 Safari/537.36"
38.45.67.230 - - [05/May/2026:13:58:24 -0500] "POST /wp-login.php HTTP/2.0" 200 2228 "https://www.phronsiesgarden.com/wp-login.php" "Mozilla/5.0 (Windows NT 10.0) AppleWebKit/537.36 (KHTML, like Gecko) Chrome/67.0.3396.87 Safari/537.36"
116.204.148.182 - - [05/May/2026:13:58:46 -0500] "GET /category/flowers/daylilies/ HTTP/2.0" 200 12959 "-" "Mozilla/5.0 (Windows NT 6.1; WOW64) AppleWebKit/537.36 (KHTML, like Gecko) Chrome/41.0.2227.0 Safari/537.36"
147.235.195.141 - - [05/May/2026:13:58:49 -0500] "GET /wp-json/wp/v2/categories/57 HTTP/2.0" 200 1020 "-" "Mozilla/5.0 (Windows NT 6.1; WOW64) AppleWebKit/537.36 (KHTML, like Gecko) Chrome/98.0.4758.102 Safari/537.36"
38.95.35.85 - - [05/May/2026:13:59:03 -0500] "GET /wp-login.php HTTP/2.0" 200 2159 "-" "Mozilla/5.0 (Windows NT 6.1) AppleWebKit/537.36 (KHTML, like Gecko) Chrome/67.0.3396.62 Safari/537.36"
38.95.35.85 - - [05/May/2026:13:59:05 -0500] "POST /wp-login.php HTTP/2.0" 200 2228 "https://phronsiesgarden.com/wp-login.php" "Mozilla/5.0 (Windows NT 6.1) AppleWebKit/537.36 (KHTML, like Gecko) Chrome/67.0.3396.62 Safari/537.36"
177.53.214.168 - - [05/May/2026:13:59:35 -0500] "GET /wp-json/wp/v2/categories/52 HTTP/2.0" 200 979 "-" "Mozilla/5.0 (Windows NT 6.1; Win64; x64) AppleWebKit/537.36 (KHTML, like Gecko) Chrome/100.0.4896.127 Safari/537.36"
57.128.189.19 - - [05/May/2026:14:00:13 -0500] "GET /?nocache=1778007541 HTTP/2.0" 301 0 "-" "BigScootsMonitor Mozilla/5.0 (Windows NT 10.0; Win64; x64) AppleWebKit/537.36 (KHTML, like Gecko) Chrome/74.0.3729.169 Safari/537.36"
57.128.189.19 - - [05/May/2026:14:00:14 -0500] "GET /?nocache=1778007541 HTTP/2.0" 200 18601 "-" "BigScootsMonitor Mozilla/5.0 (Windows NT 10.0; Win64; x64) AppleWebKit/537.36 (KHTML, like Gecko) Chrome/74.0.3729.169 Safari/537.36"
2607:5300:205:200::273 - - [05/May/2026:14:00:14 -0500] "GET /?nocache=1778007601 HTTP/2.0" 301 0 "-" "BigScootsMonitor Mozilla/5.0 (Windows NT 10.0; Win64; x64) AppleWebKit/537.36 (KHTML, like Gecko) Chrome/74.0.3729.169 Safari/537.36"
2607:5300:205:200::273 - - [05/May/2026:14:00:15 -0500] "GET /?nocache=1778007601 HTTP/2.0" 200 18601 "-" "BigScootsMonitor Mozilla/5.0 (Windows NT 10.0; Win64; x64) AppleWebKit/537.36 (KHTML, like Gecko) Chrome/74.0.3729.169 Safari/537.36"
14.172.97.79 - - [05/May/2026:14:01:51 -0500] "GET /variegated-solomons-seal/ HTTP/2.0" 200 18961 "-" "Mozilla/5.0 (Windows NT 6.2) AppleWebKit/537.36 (KHTML, like Gecko) Chrome/87.0.4280.88 Safari/537.36"
57.128.189.19 - - [05/May/2026:14:02:14 -0500] "GET /?nocache=1778007661 HTTP/2.0" 301 0 "-" "BigScootsMonitor Mozilla/5.0 (Windows NT 10.0; Win64; x64) AppleWebKit/537.36 (KHTML, like Gecko) Chrome/74.0.3729.169 Safari/537.36"
2607:5300:205:200::273 - - [05/May/2026:14:02:14 -0500] "GET /?nocache=1778007661 HTTP/2.0" 301 0 "-" "BigScootsMonitor Mozilla/5.0 (Windows NT 10.0; Win64; x64) AppleWebKit/537.36 (KHTML, like Gecko) Chrome/74.0.3729.169 Safari/537.36"
57.128.189.19 - - [05/May/2026:14:02:14 -0500] "GET /?nocache=1778007661 HTTP/2.0" 200 18601 "-" "BigScootsMonitor Mozilla/5.0 (Windows NT 10.0; Win64; x64) AppleWebKit/537.36 (KHTML, like Gecko) Chrome/74.0.3729.169 Safari/537.36"
2607:5300:205:200::273 - - [05/May/2026:14:02:15 -0500] "GET /?nocache=1778007661 HTTP/2.0" 200 18601 "-" "BigScootsMonitor Mozilla/5.0 (Windows NT 10.0; Win64; x64) AppleWebKit/537.36 (KHTML, like Gecko) Chrome/74.0.3729.169 Safari/537.36"
168.197.218.216 - - [05/May/2026:14:02:18 -0500] "GET /category/fruits/ HTTP/2.0" 200 12937 "-" "Mozilla/5.0 (Macintosh; U; Intel Mac OS X 10_8_7; rv:1.9.4.20) Gecko/4042-10-09 03:47:03.094742 Firefox/3.8"
152.231.129.66 - - [05/May/2026:14:02:34 -0500] "GET /category/fruits/ HTTP/2.0" 200 12937 "-" "Mozilla/5.0 (compatible; MSIE 9.0; Windows CE; Trident/4.1)"
71.241.227.73 - - [05/May/2026:14:02:46 -0500] "GET / HTTP/2.0" 200 18601 "-" "Mozilla/5.0 (Windows NT 10.0; Win64; x64) AppleWebKit/537.36 (KHTML, like Gecko) Chrome/133.0.6943.141 Safari/537.36"
38.95.35.85 - - [05/May/2026:14:02:54 -0500] "GET /wp-login.php HTTP/2.0" 200 2225 "-" "Mozilla/5.0 (Windows NT 6.1; Win64; x64) AppleWebKit/537.36 (KHTML, like Gecko) Chrome/67.0.3396.87 Safari/537.36"
38.95.35.85 - - [05/May/2026:14:02:55 -0500] "POST /wp-login.php HTTP/2.0" 200 2231 "https://www.phronsiesgarden.com/wp-login.php" "Mozilla/5.0 (Windows NT 6.1; Win64; x64) AppleWebKit/537.36 (KHTML, like Gecko) Chrome/67.0.3396.87 Safari/537.36"
5.182.209.54 - - [05/May/2026:14:03:17 -0500] "GET /wp-login.php HTTP/2.0" 200 2159 "-" "Mozilla/5.0 (Macintosh; Intel Mac OS X 10_11_6) AppleWebKit/605.1.15 (KHTML, like Gecko) Version/11.1 Safari/605.1.15"
5.182.209.54 - - [05/May/2026:14:03:18 -0500] "POST /wp-login.php HTTP/2.0" 200 2228 "https://www.phronsiesgarden.com/wp-login.php" "Mozilla/5.0 (Macintosh; Intel Mac OS X 10_11_6) AppleWebKit/605.1.15 (KHTML, like Gecko) Version/11.1 Safari/605.1.15"
91.186.254.44 - - [05/May/2026:14:03:35 -0500] "GET /home/ HTTP/2.0" 200 17131 "-" "Mozilla/5.0 (Macintosh; Intel Mac OS X 10_15_7) AppleWebKit/537.36 (KHTML, like Gecko) Chrome/96.0.4664.110 Safari/537.36"
154.18.244.252 - - [05/May/2026:14:04:14 -0500] "POST /wp-cron.php?doing_wp_cron=1778007854.1577138900756835937500 HTTP/2.0" 200 1 "https://www.phronsiesgarden.com/wp-cron.php?doing_wp_cron=1778007854.1577138900756835937500" "WordPress/5.7.15; https://www.phronsiesgarden.com"
57.128.189.19 - - [05/May/2026:14:04:14 -0500] "GET /?nocache=1778007841 HTTP/2.0" 301 0 "-" "BigScootsMonitor Mozilla/5.0 (Windows NT 10.0; Win64; x64) AppleWebKit/537.36 (KHTML, like Gecko) Chrome/74.0.3729.169 Safari/537.36"
2607:5300:205:200::273 - - [05/May/2026:14:04:14 -0500] "GET /?nocache=1778007841 HTTP/2.0" 301 0 "-" "BigScootsMonitor Mozilla/5.0 (Windows NT 10.0; Win64; x64) AppleWebKit/537.36 (KHTML, like Gecko) Chrome/74.0.3729.169 Safari/537.36"
2607:5300:205:200::273 - - [05/May/2026:14:04:14 -0500] "GET /?nocache=1778007841 HTTP/2.0" 200 18601 "-" "BigScootsMonitor Mozilla/5.0 (Windows NT 10.0; Win64; x64) AppleWebKit/537.36 (KHTML, like Gecko) Chrome/74.0.3729.169 Safari/537.36"
57.128.189.19 - - [05/May/2026:14:04:14 -0500] "GET /?nocache=1778007841 HTTP/2.0" 200 18601 "-" "BigScootsMonitor Mozilla/5.0 (Windows NT 10.0; Win64; x64) AppleWebKit/537.36 (KHTML, like Gecko) Chrome/74.0.3729.169 Safari/537.36"
113.163.87.201 - - [05/May/2026:14:04:43 -0500] "GET / HTTP/2.0" 200 18601 "-" "Mozilla/5.0 (Windows NT 6.2; WOW64) AppleWebKit/537.36 (KHTML, like Gecko) Chrome/75.0.3770.100 ADG/11.0.2510 AOLBUILD/11.0.2510 Safari/537.36"
46.22.135.218 - - [05/May/2026:14:06:07 -0500] "GET /wp-login.php HTTP/2.0" 200 2224 "-" "Mozilla/4.0 (compatible; MSIE 7.0; Windows NT 6.2; Win64; x64; Trident/7.0; .NET4.0E; .NET4.0C; .NET CLR 3.5.30729; .NET CLR 2.0.50727; .NET CLR 3.0.30729)"
46.22.135.218 - - [05/May/2026:14:06:07 -0500] "POST /wp-login.php HTTP/2.0" 200 2231 "https://phronsiesgarden.com/wp-login.php" "Mozilla/4.0 (compatible; MSIE 7.0; Windows NT 6.2; Win64; x64; Trident/7.0; .NET4.0E; .NET4.0C; .NET CLR 3.5.30729; .NET CLR 2.0.50727; .NET CLR 3.0.30729)"
