57.128.189.19 - - [04/May/2026:10:38:14 -0500] "GET /?nocache=1777909081 HTTP/2.0" 200 18601 "-" "BigScootsMonitor Mozilla/5.0 (Windows NT 10.0; Win64; x64) AppleWebKit/537.36 (KHTML, like Gecko) Chrome/74.0.3729.169 Safari/537.36"
2607:5300:205:200::273 - - [04/May/2026:10:38:14 -0500] "GET /?nocache=1777909081 HTTP/2.0" 200 18601 "-" "BigScootsMonitor Mozilla/5.0 (Windows NT 10.0; Win64; x64) AppleWebKit/537.36 (KHTML, like Gecko) Chrome/74.0.3729.169 Safari/537.36"
57.128.189.19 - - [04/May/2026:10:40:14 -0500] "GET /?nocache=1777909201 HTTP/2.0" 301 0 "-" "BigScootsMonitor Mozilla/5.0 (Windows NT 10.0; Win64; x64) AppleWebKit/537.36 (KHTML, like Gecko) Chrome/74.0.3729.169 Safari/537.36"
57.128.189.19 - - [04/May/2026:10:40:14 -0500] "GET /?nocache=1777909201 HTTP/2.0" 200 18601 "-" "BigScootsMonitor Mozilla/5.0 (Windows NT 10.0; Win64; x64) AppleWebKit/537.36 (KHTML, like Gecko) Chrome/74.0.3729.169 Safari/537.36"
2607:5300:205:200::273 - - [04/May/2026:10:40:14 -0500] "GET /?nocache=1777909201 HTTP/2.0" 301 0 "-" "BigScootsMonitor Mozilla/5.0 (Windows NT 10.0; Win64; x64) AppleWebKit/537.36 (KHTML, like Gecko) Chrome/74.0.3729.169 Safari/537.36"
2607:5300:205:200::273 - - [04/May/2026:10:40:15 -0500] "GET /?nocache=1777909201 HTTP/2.0" 200 18601 "-" "BigScootsMonitor Mozilla/5.0 (Windows NT 10.0; Win64; x64) AppleWebKit/537.36 (KHTML, like Gecko) Chrome/74.0.3729.169 Safari/537.36"
2a03:2880:f806:41:: - - [04/May/2026:10:41:23 -0500] "GET /news_sitemap.xml HTTP/2.0" 301 0 "-" "meta-externalagent/1.1 (+https://developers.facebook.com/docs/sharing/webmasters/crawler)"
57.128.189.19 - - [04/May/2026:10:42:13 -0500] "GET /?nocache=1777909321 HTTP/2.0" 301 0 "-" "BigScootsMonitor Mozilla/5.0 (Windows NT 10.0; Win64; x64) AppleWebKit/537.36 (KHTML, like Gecko) Chrome/74.0.3729.169 Safari/537.36"
57.128.189.19 - - [04/May/2026:10:42:14 -0500] "GET /?nocache=1777909321 HTTP/2.0" 200 18601 "-" "BigScootsMonitor Mozilla/5.0 (Windows NT 10.0; Win64; x64) AppleWebKit/537.36 (KHTML, like Gecko) Chrome/74.0.3729.169 Safari/537.36"
2607:5300:205:200::273 - - [04/May/2026:10:42:14 -0500] "GET /?nocache=1777909321 HTTP/2.0" 301 0 "-" "BigScootsMonitor Mozilla/5.0 (Windows NT 10.0; Win64; x64) AppleWebKit/537.36 (KHTML, like Gecko) Chrome/74.0.3729.169 Safari/537.36"
2607:5300:205:200::273 - - [04/May/2026:10:42:15 -0500] "GET /?nocache=1777909321 HTTP/2.0" 200 18601 "-" "BigScootsMonitor Mozilla/5.0 (Windows NT 10.0; Win64; x64) AppleWebKit/537.36 (KHTML, like Gecko) Chrome/74.0.3729.169 Safari/537.36"
57.128.189.19 - - [04/May/2026:10:44:14 -0500] "GET /?nocache=1777909441 HTTP/2.0" 301 0 "-" "BigScootsMonitor Mozilla/5.0 (Windows NT 10.0; Win64; x64) AppleWebKit/537.36 (KHTML, like Gecko) Chrome/74.0.3729.169 Safari/537.36"
2607:5300:205:200::273 - - [04/May/2026:10:44:14 -0500] "GET /?nocache=1777909441 HTTP/2.0" 301 0 "-" "BigScootsMonitor Mozilla/5.0 (Windows NT 10.0; Win64; x64) AppleWebKit/537.36 (KHTML, like Gecko) Chrome/74.0.3729.169 Safari/537.36"
57.128.189.19 - - [04/May/2026:10:44:15 -0500] "GET /?nocache=1777909441 HTTP/2.0" 200 18601 "-" "BigScootsMonitor Mozilla/5.0 (Windows NT 10.0; Win64; x64) AppleWebKit/537.36 (KHTML, like Gecko) Chrome/74.0.3729.169 Safari/537.36"
2607:5300:205:200::273 - - [04/May/2026:10:44:15 -0500] "GET /?nocache=1777909441 HTTP/2.0" 200 18601 "-" "BigScootsMonitor Mozilla/5.0 (Windows NT 10.0; Win64; x64) AppleWebKit/537.36 (KHTML, like Gecko) Chrome/74.0.3729.169 Safari/537.36"
2600:100f:b1ac:71b6:d6ad:5035:bc4a:565d - - [04/May/2026:10:46:05 -0500] "GET /wp-content/uploads/2021/06/kwanzan-cherry-tree-blossoms.jpg HTTP/2.0" 200 1490930 "-" "AndroidHttpClient (Linux; U; Android 16; en_US; Pixel 10 Pro XL; Build/CP1A.260405.005; Cronet/141.0.7340.3)"
57.128.189.19 - - [04/May/2026:10:46:14 -0500] "GET /?nocache=1777909501 HTTP/2.0" 301 0 "-" "BigScootsMonitor Mozilla/5.0 (Windows NT 10.0; Win64; x64) AppleWebKit/537.36 (KHTML, like Gecko) Chrome/74.0.3729.169 Safari/537.36"
2607:5300:205:200::273 - - [04/May/2026:10:46:14 -0500] "GET /?nocache=1777909501 HTTP/2.0" 301 0 "-" "BigScootsMonitor Mozilla/5.0 (Windows NT 10.0; Win64; x64) AppleWebKit/537.36 (KHTML, like Gecko) Chrome/74.0.3729.169 Safari/537.36"
57.128.189.19 - - [04/May/2026:10:46:14 -0500] "GET /?nocache=1777909501 HTTP/2.0" 200 18601 "-" "BigScootsMonitor Mozilla/5.0 (Windows NT 10.0; Win64; x64) AppleWebKit/537.36 (KHTML, like Gecko) Chrome/74.0.3729.169 Safari/537.36"
2607:5300:205:200::273 - - [04/May/2026:10:46:15 -0500] "GET /?nocache=1777909501 HTTP/2.0" 200 18601 "-" "BigScootsMonitor Mozilla/5.0 (Windows NT 10.0; Win64; x64) AppleWebKit/537.36 (KHTML, like Gecko) Chrome/74.0.3729.169 Safari/537.36"
2a03:2880:f806:2:: - - [04/May/2026:10:46:36 -0500] "GET /sitemap-index.xml HTTP/2.0" 301 0 "-" "meta-externalagent/1.1 (+https://developers.facebook.com/docs/sharing/webmasters/crawler)"
57.128.189.19 - - [04/May/2026:10:48:14 -0500] "GET /?nocache=1777909681 HTTP/2.0" 301 0 "-" "BigScootsMonitor Mozilla/5.0 (Windows NT 10.0; Win64; x64) AppleWebKit/537.36 (KHTML, like Gecko) Chrome/74.0.3729.169 Safari/537.36"
57.128.189.19 - - [04/May/2026:10:48:14 -0500] "GET /?nocache=1777909681 HTTP/2.0" 200 18601 "-" "BigScootsMonitor Mozilla/5.0 (Windows NT 10.0; Win64; x64) AppleWebKit/537.36 (KHTML, like Gecko) Chrome/74.0.3729.169 Safari/537.36"
2607:5300:205:200::273 - - [04/May/2026:10:48:14 -0500] "GET /?nocache=1777909681 HTTP/2.0" 301 0 "-" "BigScootsMonitor Mozilla/5.0 (Windows NT 10.0; Win64; x64) AppleWebKit/537.36 (KHTML, like Gecko) Chrome/74.0.3729.169 Safari/537.36"
2607:5300:205:200::273 - - [04/May/2026:10:48:15 -0500] "GET /?nocache=1777909681 HTTP/2.0" 200 18601 "-" "BigScootsMonitor Mozilla/5.0 (Windows NT 10.0; Win64; x64) AppleWebKit/537.36 (KHTML, like Gecko) Chrome/74.0.3729.169 Safari/537.36"
57.128.189.19 - - [04/May/2026:10:50:13 -0500] "GET /?nocache=1777909741 HTTP/2.0" 301 0 "-" "BigScootsMonitor Mozilla/5.0 (Windows NT 10.0; Win64; x64) AppleWebKit/537.36 (KHTML, like Gecko) Chrome/74.0.3729.169 Safari/537.36"
2607:5300:205:200::273 - - [04/May/2026:10:50:14 -0500] "GET /?nocache=1777909801 HTTP/2.0" 301 0 "-" "BigScootsMonitor Mozilla/5.0 (Windows NT 10.0; Win64; x64) AppleWebKit/537.36 (KHTML, like Gecko) Chrome/74.0.3729.169 Safari/537.36"
57.128.189.19 - - [04/May/2026:10:50:14 -0500] "GET /?nocache=1777909741 HTTP/2.0" 200 18601 "-" "BigScootsMonitor Mozilla/5.0 (Windows NT 10.0; Win64; x64) AppleWebKit/537.36 (KHTML, like Gecko) Chrome/74.0.3729.169 Safari/537.36"
2607:5300:205:200::273 - - [04/May/2026:10:50:14 -0500] "GET /?nocache=1777909801 HTTP/2.0" 200 18601 "-" "BigScootsMonitor Mozilla/5.0 (Windows NT 10.0; Win64; x64) AppleWebKit/537.36 (KHTML, like Gecko) Chrome/74.0.3729.169 Safari/537.36"
141.133.12.128 - - [04/May/2026:10:51:28 -0500] "GET /kwanzan-cherry-tree/ HTTP/2.0" 200 19510 "https://www.phronsiesgarden.com/kwanzan-cherry-tree/#comment-39508" "Mozilla/5.0 (Windows NT 10.0; Win64; x64) AppleWebKit/537.36 (KHTML, like Gecko) Chrome/131.0.0.0 Safari/537.36"
141.133.12.128 - - [04/May/2026:10:51:30 -0500] "POST /wp-comments-post.php HTTP/2.0" 302 0 "https://www.phronsiesgarden.com/kwanzan-cherry-tree/#comment-39508" "Mozilla/5.0 (Windows NT 10.0; Win64; x64) AppleWebKit/537.36 (KHTML, like Gecko) Chrome/131.0.0.0 Safari/537.36"
141.133.12.128 - - [04/May/2026:10:51:31 -0500] "GET /kwanzan-cherry-tree/ HTTP/2.0" 200 44482 "https://www.phronsiesgarden.com/kwanzan-cherry-tree/#comment-44496" "Mozilla/5.0 (Windows NT 10.0; Win64; x64) AppleWebKit/537.36 (KHTML, like Gecko) Chrome/131.0.0.0 Safari/537.36"
57.128.189.19 - - [04/May/2026:10:52:14 -0500] "GET /?nocache=1777909861 HTTP/2.0" 301 0 "-" "BigScootsMonitor Mozilla/5.0 (Windows NT 10.0; Win64; x64) AppleWebKit/537.36 (KHTML, like Gecko) Chrome/74.0.3729.169 Safari/537.36"
2607:5300:205:200::273 - - [04/May/2026:10:52:14 -0500] "GET /?nocache=1777909861 HTTP/2.0" 301 0 "-" "BigScootsMonitor Mozilla/5.0 (Windows NT 10.0; Win64; x64) AppleWebKit/537.36 (KHTML, like Gecko) Chrome/74.0.3729.169 Safari/537.36"
57.128.189.19 - - [04/May/2026:10:52:14 -0500] "GET /?nocache=1777909861 HTTP/2.0" 200 18601 "-" "BigScootsMonitor Mozilla/5.0 (Windows NT 10.0; Win64; x64) AppleWebKit/537.36 (KHTML, like Gecko) Chrome/74.0.3729.169 Safari/537.36"
2607:5300:205:200::273 - - [04/May/2026:10:52:15 -0500] "GET /?nocache=1777909861 HTTP/2.0" 200 18601 "-" "BigScootsMonitor Mozilla/5.0 (Windows NT 10.0; Win64; x64) AppleWebKit/537.36 (KHTML, like Gecko) Chrome/74.0.3729.169 Safari/537.36"
57.128.189.19 - - [04/May/2026:10:54:13 -0500] "GET /?nocache=1777909981 HTTP/2.0" 301 0 "-" "BigScootsMonitor Mozilla/5.0 (Windows NT 10.0; Win64; x64) AppleWebKit/537.36 (KHTML, like Gecko) Chrome/74.0.3729.169 Safari/537.36"
57.128.189.19 - - [04/May/2026:10:54:14 -0500] "GET /?nocache=1777909981 HTTP/2.0" 200 18601 "-" "BigScootsMonitor Mozilla/5.0 (Windows NT 10.0; Win64; x64) AppleWebKit/537.36 (KHTML, like Gecko) Chrome/74.0.3729.169 Safari/537.36"
2607:5300:205:200::273 - - [04/May/2026:10:54:14 -0500] "GET /?nocache=1777909981 HTTP/2.0" 301 0 "-" "BigScootsMonitor Mozilla/5.0 (Windows NT 10.0; Win64; x64) AppleWebKit/537.36 (KHTML, like Gecko) Chrome/74.0.3729.169 Safari/537.36"
2607:5300:205:200::273 - - [04/May/2026:10:54:14 -0500] "GET /?nocache=1777909981 HTTP/2.0" 200 18601 "-" "BigScootsMonitor Mozilla/5.0 (Windows NT 10.0; Win64; x64) AppleWebKit/537.36 (KHTML, like Gecko) Chrome/74.0.3729.169 Safari/537.36"
57.128.189.19 - - [04/May/2026:10:56:14 -0500] "GET /?nocache=1777910161 HTTP/2.0" 301 0 "-" "BigScootsMonitor Mozilla/5.0 (Windows NT 10.0; Win64; x64) AppleWebKit/537.36 (KHTML, like Gecko) Chrome/74.0.3729.169 Safari/537.36"
2607:5300:205:200::273 - - [04/May/2026:10:56:15 -0500] "GET /?nocache=1777910161 HTTP/2.0" 301 0 "-" "BigScootsMonitor Mozilla/5.0 (Windows NT 10.0; Win64; x64) AppleWebKit/537.36 (KHTML, like Gecko) Chrome/74.0.3729.169 Safari/537.36"
57.128.189.19 - - [04/May/2026:10:56:15 -0500] "GET /?nocache=1777910161 HTTP/2.0" 200 18601 "-" "BigScootsMonitor Mozilla/5.0 (Windows NT 10.0; Win64; x64) AppleWebKit/537.36 (KHTML, like Gecko) Chrome/74.0.3729.169 Safari/537.36"
2607:5300:205:200::273 - - [04/May/2026:10:56:15 -0500] "GET /?nocache=1777910161 HTTP/2.0" 200 18601 "-" "BigScootsMonitor Mozilla/5.0 (Windows NT 10.0; Win64; x64) AppleWebKit/537.36 (KHTML, like Gecko) Chrome/74.0.3729.169 Safari/537.36"
154.18.244.252 - - [04/May/2026:10:58:14 -0500] "POST /wp-cron.php?doing_wp_cron=1777910294.3598339557647705078125 HTTP/2.0" 200 1 "https://www.phronsiesgarden.com/wp-cron.php?doing_wp_cron=1777910294.3598339557647705078125" "WordPress/5.7.15; https://www.phronsiesgarden.com"
57.128.189.19 - - [04/May/2026:10:58:14 -0500] "GET /?nocache=1777910281 HTTP/2.0" 301 0 "-" "BigScootsMonitor Mozilla/5.0 (Windows NT 10.0; Win64; x64) AppleWebKit/537.36 (KHTML, like Gecko) Chrome/74.0.3729.169 Safari/537.36"
2607:5300:205:200::273 - - [04/May/2026:10:58:14 -0500] "GET /?nocache=1777910281 HTTP/2.0" 301 0 "-" "BigScootsMonitor Mozilla/5.0 (Windows NT 10.0; Win64; x64) AppleWebKit/537.36 (KHTML, like Gecko) Chrome/74.0.3729.169 Safari/537.36"
2607:5300:205:200::273 - - [04/May/2026:10:58:15 -0500] "GET /?nocache=1777910281 HTTP/2.0" 200 18601 "-" "BigScootsMonitor Mozilla/5.0 (Windows NT 10.0; Win64; x64) AppleWebKit/537.36 (KHTML, like Gecko) Chrome/74.0.3729.169 Safari/537.36"
57.128.189.19 - - [04/May/2026:10:58:15 -0500] "GET /?nocache=1777910281 HTTP/2.0" 200 18601 "-" "BigScootsMonitor Mozilla/5.0 (Windows NT 10.0; Win64; x64) AppleWebKit/537.36 (KHTML, like Gecko) Chrome/74.0.3729.169 Safari/537.36"
57.128.189.19 - - [04/May/2026:11:00:13 -0500] "GET /?nocache=1777910401 HTTP/2.0" 301 0 "-" "BigScootsMonitor Mozilla/5.0 (Windows NT 10.0; Win64; x64) AppleWebKit/537.36 (KHTML, like Gecko) Chrome/74.0.3729.169 Safari/537.36"
2607:5300:205:200::273 - - [04/May/2026:11:00:14 -0500] "GET /?nocache=1777910401 HTTP/2.0" 301 0 "-" "BigScootsMonitor Mozilla/5.0 (Windows NT 10.0; Win64; x64) AppleWebKit/537.36 (KHTML, like Gecko) Chrome/74.0.3729.169 Safari/537.36"
57.128.189.19 - - [04/May/2026:11:00:14 -0500] "GET /?nocache=1777910401 HTTP/2.0" 200 18601 "-" "BigScootsMonitor Mozilla/5.0 (Windows NT 10.0; Win64; x64) AppleWebKit/537.36 (KHTML, like Gecko) Chrome/74.0.3729.169 Safari/537.36"
2607:5300:205:200::273 - - [04/May/2026:11:00:14 -0500] "GET /?nocache=1777910401 HTTP/2.0" 200 18601 "-" "BigScootsMonitor Mozilla/5.0 (Windows NT 10.0; Win64; x64) AppleWebKit/537.36 (KHTML, like Gecko) Chrome/74.0.3729.169 Safari/537.36"
57.128.189.19 - - [04/May/2026:11:02:14 -0500] "GET /?nocache=1777910521 HTTP/2.0" 301 0 "-" "BigScootsMonitor Mozilla/5.0 (Windows NT 10.0; Win64; x64) AppleWebKit/537.36 (KHTML, like Gecko) Chrome/74.0.3729.169 Safari/537.36"
2607:5300:205:200::273 - - [04/May/2026:11:02:14 -0500] "GET /?nocache=1777910521 HTTP/2.0" 301 0 "-" "BigScootsMonitor Mozilla/5.0 (Windows NT 10.0; Win64; x64) AppleWebKit/537.36 (KHTML, like Gecko) Chrome/74.0.3729.169 Safari/537.36"
57.128.189.19 - - [04/May/2026:11:02:14 -0500] "GET /?nocache=1777910521 HTTP/2.0" 200 18601 "-" "BigScootsMonitor Mozilla/5.0 (Windows NT 10.0; Win64; x64) AppleWebKit/537.36 (KHTML, like Gecko) Chrome/74.0.3729.169 Safari/537.36"
2607:5300:205:200::273 - - [04/May/2026:11:02:15 -0500] "GET /?nocache=1777910521 HTTP/2.0" 200 18601 "-" "BigScootsMonitor Mozilla/5.0 (Windows NT 10.0; Win64; x64) AppleWebKit/537.36 (KHTML, like Gecko) Chrome/74.0.3729.169 Safari/537.36"
154.18.244.252 - - [04/May/2026:11:04:14 -0500] "POST /wp-cron.php?doing_wp_cron=1777910654.1503999233245849609375 HTTP/2.0" 200 1 "https://www.phronsiesgarden.com/wp-cron.php?doing_wp_cron=1777910654.1503999233245849609375" "WordPress/5.7.15; https://www.phronsiesgarden.com"
57.128.189.19 - - [04/May/2026:11:04:14 -0500] "GET /?nocache=1777910641 HTTP/2.0" 301 0 "-" "BigScootsMonitor Mozilla/5.0 (Windows NT 10.0; Win64; x64) AppleWebKit/537.36 (KHTML, like Gecko) Chrome/74.0.3729.169 Safari/537.36"
2607:5300:205:200::273 - - [04/May/2026:11:04:14 -0500] "GET /?nocache=1777910641 HTTP/2.0" 301 0 "-" "BigScootsMonitor Mozilla/5.0 (Windows NT 10.0; Win64; x64) AppleWebKit/537.36 (KHTML, like Gecko) Chrome/74.0.3729.169 Safari/537.36"
2607:5300:205:200::273 - - [04/May/2026:11:04:14 -0500] "GET /?nocache=1777910641 HTTP/2.0" 200 18601 "-" "BigScootsMonitor Mozilla/5.0 (Windows NT 10.0; Win64; x64) AppleWebKit/537.36 (KHTML, like Gecko) Chrome/74.0.3729.169 Safari/537.36"
57.128.189.19 - - [04/May/2026:11:04:14 -0500] "GET /?nocache=1777910641 HTTP/2.0" 200 18601 "-" "BigScootsMonitor Mozilla/5.0 (Windows NT 10.0; Win64; x64) AppleWebKit/537.36 (KHTML, like Gecko) Chrome/74.0.3729.169 Safari/537.36"
57.128.189.19 - - [04/May/2026:11:06:13 -0500] "GET /?nocache=1777910701 HTTP/2.0" 301 0 "-" "BigScootsMonitor Mozilla/5.0 (Windows NT 10.0; Win64; x64) AppleWebKit/537.36 (KHTML, like Gecko) Chrome/74.0.3729.169 Safari/537.36"
2607:5300:205:200::273 - - [04/May/2026:11:06:14 -0500] "GET /?nocache=1777910701 HTTP/2.0" 301 0 "-" "BigScootsMonitor Mozilla/5.0 (Windows NT 10.0; Win64; x64) AppleWebKit/537.36 (KHTML, like Gecko) Chrome/74.0.3729.169 Safari/537.36"
57.128.189.19 - - [04/May/2026:11:06:14 -0500] "GET /?nocache=1777910701 HTTP/2.0" 200 18601 "-" "BigScootsMonitor Mozilla/5.0 (Windows NT 10.0; Win64; x64) AppleWebKit/537.36 (KHTML, like Gecko) Chrome/74.0.3729.169 Safari/537.36"
2607:5300:205:200::273 - - [04/May/2026:11:06:15 -0500] "GET /?nocache=1777910701 HTTP/2.0" 200 18601 "-" "BigScootsMonitor Mozilla/5.0 (Windows NT 10.0; Win64; x64) AppleWebKit/537.36 (KHTML, like Gecko) Chrome/74.0.3729.169 Safari/537.36"
20.214.141.115 - - [04/May/2026:11:06:18 -0500] "GET /inputs.php HTTP/2.0" 404 548 "-" "Mozilla/5.0 (Windows NT 10.0; Win64; x64) AppleWebKit/537.36 (KHTML, like Gecko) Chrome/120.0.0.0 Safari/537.36"
20.214.141.115 - - [04/May/2026:11:06:19 -0500] "GET /ioxi-o.php HTTP/2.0" 404 548 "-" "Mozilla/5.0 (Windows NT 10.0; Win64; x64) AppleWebKit/537.36 (KHTML, like Gecko) Chrome/120.0.0.0 Safari/537.36"
20.214.141.115 - - [04/May/2026:11:06:19 -0500] "GET /function/function.php HTTP/2.0" 404 548 "-" "Mozilla/5.0 (Windows NT 10.0; Win64; x64) AppleWebKit/537.36 (KHTML, like Gecko) Chrome/120.0.0.0 Safari/537.36"
20.214.141.115 - - [04/May/2026:11:06:19 -0500] "GET /rip.php HTTP/2.0" 404 548 "-" "Mozilla/5.0 (Windows NT 10.0; Win64; x64) AppleWebKit/537.36 (KHTML, like Gecko) Chrome/120.0.0.0 Safari/537.36"
20.214.141.115 - - [04/May/2026:11:06:20 -0500] "GET /admin.php HTTP/2.0" 404 548 "-" "Mozilla/5.0 (Windows NT 10.0; Win64; x64) AppleWebKit/537.36 (KHTML, like Gecko) Chrome/120.0.0.0 Safari/537.36"
20.214.141.115 - - [04/May/2026:11:06:20 -0500] "GET /wp-content/uploads/index.php HTTP/2.0" 403 548 "-" "Mozilla/5.0 (Windows NT 10.0; Win64; x64) AppleWebKit/537.36 (KHTML, like Gecko) Chrome/120.0.0.0 Safari/537.36"
20.214.141.115 - - [04/May/2026:11:06:20 -0500] "GET /cache.php HTTP/2.0" 404 548 "-" "Mozilla/5.0 (Windows NT 10.0; Win64; x64) AppleWebKit/537.36 (KHTML, like Gecko) Chrome/120.0.0.0 Safari/537.36"
20.214.141.115 - - [04/May/2026:11:06:20 -0500] "GET /themes.php HTTP/2.0" 404 548 "-" "Mozilla/5.0 (Windows NT 10.0; Win64; x64) AppleWebKit/537.36 (KHTML, like Gecko) Chrome/120.0.0.0 Safari/537.36"
20.214.141.115 - - [04/May/2026:11:06:20 -0500] "GET /an.php HTTP/2.0" 404 548 "-" "Mozilla/5.0 (Windows NT 10.0; Win64; x64) AppleWebKit/537.36 (KHTML, like Gecko) Chrome/120.0.0.0 Safari/537.36"
20.214.141.115 - - [04/May/2026:11:06:20 -0500] "GET /index/function.php HTTP/2.0" 404 548 "-" "Mozilla/5.0 (Windows NT 10.0; Win64; x64) AppleWebKit/537.36 (KHTML, like Gecko) Chrome/120.0.0.0 Safari/537.36"
20.214.141.115 - - [04/May/2026:11:06:21 -0500] "GET /randkeyword.PhP7 HTTP/2.0" 404 12640 "-" "Mozilla/5.0 (Windows NT 10.0; Win64; x64) AppleWebKit/537.36 (KHTML, like Gecko) Chrome/120.0.0.0 Safari/537.36"
20.214.141.115 - - [04/May/2026:11:06:21 -0500] "GET /ws.php HTTP/2.0" 404 548 "-" "Mozilla/5.0 (Windows NT 10.0; Win64; x64) AppleWebKit/537.36 (KHTML, like Gecko) Chrome/120.0.0.0 Safari/537.36"
20.214.141.115 - - [04/May/2026:11:06:21 -0500] "GET /404.php HTTP/2.0" 404 548 "-" "Mozilla/5.0 (Windows NT 10.0; Win64; x64) AppleWebKit/537.36 (KHTML, like Gecko) Chrome/120.0.0.0 Safari/537.36"
20.214.141.115 - - [04/May/2026:11:06:21 -0500] "GET /wp-admin/user.php HTTP/2.0" 404 548 "-" "Mozilla/5.0 (Windows NT 10.0; Win64; x64) AppleWebKit/537.36 (KHTML, like Gecko) Chrome/120.0.0.0 Safari/537.36"
20.214.141.115 - - [04/May/2026:11:06:22 -0500] "GET /wp-conf.php HTTP/2.0" 404 548 "-" "Mozilla/5.0 (Windows NT 10.0; Win64; x64) AppleWebKit/537.36 (KHTML, like Gecko) Chrome/120.0.0.0 Safari/537.36"
20.214.141.115 - - [04/May/2026:11:06:22 -0500] "GET /wp-content/themes/hideo/network.php HTTP/2.0" 403 548 "-" "Mozilla/5.0 (Windows NT 10.0; Win64; x64) AppleWebKit/537.36 (KHTML, like Gecko) Chrome/120.0.0.0 Safari/537.36"
20.214.141.115 - - [04/May/2026:11:06:22 -0500] "GET /wp-login.php HTTP/2.0" 200 2161 "-" "Mozilla/5.0 (Windows NT 10.0; Win64; x64) AppleWebKit/537.36 (KHTML, like Gecko) Chrome/120.0.0.0 Safari/537.36"
20.214.141.115 - - [04/May/2026:11:06:22 -0500] "GET /abc.php HTTP/2.0" 404 548 "-" "Mozilla/5.0 (Windows NT 10.0; Win64; x64) AppleWebKit/537.36 (KHTML, like Gecko) Chrome/120.0.0.0 Safari/537.36"
20.214.141.115 - - [04/May/2026:11:06:22 -0500] "GET /abcd.php HTTP/2.0" 404 548 "-" "Mozilla/5.0 (Windows NT 10.0; Win64; x64) AppleWebKit/537.36 (KHTML, like Gecko) Chrome/120.0.0.0 Safari/537.36"
20.214.141.115 - - [04/May/2026:11:06:23 -0500] "GET /as.php HTTP/2.0" 404 548 "-" "Mozilla/5.0 (Windows NT 10.0; Win64; x64) AppleWebKit/537.36 (KHTML, like Gecko) Chrome/120.0.0.0 Safari/537.36"
20.214.141.115 - - [04/May/2026:11:06:23 -0500] "GET /wp-trackback.php HTTP/2.0" 404 80 "-" "Mozilla/5.0 (Windows NT 10.0; Win64; x64) AppleWebKit/537.36 (KHTML, like Gecko) Chrome/120.0.0.0 Safari/537.36"
20.214.141.115 - - [04/May/2026:11:06:23 -0500] "GET /about.php HTTP/2.0" 404 548 "-" "Mozilla/5.0 (Windows NT 10.0; Win64; x64) AppleWebKit/537.36 (KHTML, like Gecko) Chrome/120.0.0.0 Safari/537.36"
20.214.141.115 - - [04/May/2026:11:06:23 -0500] "GET /file.php HTTP/2.0" 404 548 "-" "Mozilla/5.0 (Windows NT 10.0; Win64; x64) AppleWebKit/537.36 (KHTML, like Gecko) Chrome/120.0.0.0 Safari/537.36"
20.214.141.115 - - [04/May/2026:11:06:23 -0500] "GET /adminfuns.php HTTP/2.0" 404 548 "-" "Mozilla/5.0 (Windows NT 10.0; Win64; x64) AppleWebKit/537.36 (KHTML, like Gecko) Chrome/120.0.0.0 Safari/537.36"
20.214.141.115 - - [04/May/2026:11:06:24 -0500] "GET /wp-good.php HTTP/2.0" 404 548 "-" "Mozilla/5.0 (Windows NT 10.0; Win64; x64) AppleWebKit/537.36 (KHTML, like Gecko) Chrome/120.0.0.0 Safari/537.36"
20.214.141.115 - - [04/May/2026:11:06:24 -0500] "GET /xmlrpc.php HTTP/2.0" 403 548 "-" "Mozilla/5.0 (Windows NT 10.0; Win64; x64) AppleWebKit/537.36 (KHTML, like Gecko) Chrome/120.0.0.0 Safari/537.36"
20.214.141.115 - - [04/May/2026:11:06:24 -0500] "GET /goods.php HTTP/2.0" 404 548 "-" "Mozilla/5.0 (Windows NT 10.0; Win64; x64) AppleWebKit/537.36 (KHTML, like Gecko) Chrome/120.0.0.0 Safari/537.36"
20.214.141.115 - - [04/May/2026:11:06:24 -0500] "GET /class-t.api.php HTTP/2.0" 404 548 "-" "Mozilla/5.0 (Windows NT 10.0; Win64; x64) AppleWebKit/537.36 (KHTML, like Gecko) Chrome/120.0.0.0 Safari/537.36"
20.214.141.115 - - [04/May/2026:11:06:24 -0500] "GET /sf.php HTTP/2.0" 404 548 "-" "Mozilla/5.0 (Windows NT 10.0; Win64; x64) AppleWebKit/537.36 (KHTML, like Gecko) Chrome/120.0.0.0 Safari/537.36"
20.214.141.115 - - [04/May/2026:11:06:25 -0500] "GET /kbfr.php HTTP/2.0" 404 548 "-" "Mozilla/5.0 (Windows NT 10.0; Win64; x64) AppleWebKit/537.36 (KHTML, like Gecko) Chrome/120.0.0.0 Safari/537.36"
20.214.141.115 - - [04/May/2026:11:06:25 -0500] "GET /autoload_classmap.php HTTP/2.0" 404 548 "-" "Mozilla/5.0 (Windows NT 10.0; Win64; x64) AppleWebKit/537.36 (KHTML, like Gecko) Chrome/120.0.0.0 Safari/537.36"
20.214.141.115 - - [04/May/2026:11:06:25 -0500] "GET /chosen.php?p= HTTP/2.0" 404 548 "-" "Mozilla/5.0 (Windows NT 10.0; Win64; x64) AppleWebKit/537.36 (KHTML, like Gecko) Chrome/120.0.0.0 Safari/537.36"
20.214.141.115 - - [04/May/2026:11:06:25 -0500] "GET /classwithtostring.php HTTP/2.0" 404 548 "-" "Mozilla/5.0 (Windows NT 10.0; Win64; x64) AppleWebKit/537.36 (KHTML, like Gecko) Chrome/120.0.0.0 Safari/537.36"
20.214.141.115 - - [04/May/2026:11:06:25 -0500] "GET /defaults.php HTTP/2.0" 404 548 "-" "Mozilla/5.0 (Windows NT 10.0; Win64; x64) AppleWebKit/537.36 (KHTML, like Gecko) Chrome/120.0.0.0 Safari/537.36"
20.214.141.115 - - [04/May/2026:11:06:26 -0500] "GET /.well-known/ HTTP/2.0" 404 548 "-" "Mozilla/5.0 (Windows NT 10.0; Win64; x64) AppleWebKit/537.36 (KHTML, like Gecko) Chrome/120.0.0.0 Safari/537.36"
20.214.141.115 - - [04/May/2026:11:06:26 -0500] "GET /info.php HTTP/2.0" 404 548 "-" "Mozilla/5.0 (Windows NT 10.0; Win64; x64) AppleWebKit/537.36 (KHTML, like Gecko) Chrome/120.0.0.0 Safari/537.36"
20.214.141.115 - - [04/May/2026:11:06:26 -0500] "GET /cgi-bin/ HTTP/2.0" 403 548 "-" "Mozilla/5.0 (Windows NT 10.0; Win64; x64) AppleWebKit/537.36 (KHTML, like Gecko) Chrome/120.0.0.0 Safari/537.36"
20.214.141.115 - - [04/May/2026:11:06:26 -0500] "GET /wp-includes/Requests/src/Response/about.php HTTP/2.0" 403 548 "-" "Mozilla/5.0 (Windows NT 10.0; Win64; x64) AppleWebKit/537.36 (KHTML, like Gecko) Chrome/120.0.0.0 Safari/537.36"
20.214.141.115 - - [04/May/2026:11:06:26 -0500] "GET /wp-includes/html-api/ HTTP/2.0" 404 12640 "-" "Mozilla/5.0 (Windows NT 10.0; Win64; x64) AppleWebKit/537.36 (KHTML, like Gecko) Chrome/120.0.0.0 Safari/537.36"
20.214.141.115 - - [04/May/2026:11:06:27 -0500] "GET /wp-content/admin.php HTTP/2.0" 403 548 "-" "Mozilla/5.0 (Windows NT 10.0; Win64; x64) AppleWebKit/537.36 (KHTML, like Gecko) Chrome/120.0.0.0 Safari/537.36"
20.214.141.115 - - [04/May/2026:11:06:27 -0500] "GET /wp-admin/css/colors/ectoplasm/ HTTP/2.0" 403 548 "-" "Mozilla/5.0 (Windows NT 10.0; Win64; x64) AppleWebKit/537.36 (KHTML, like Gecko) Chrome/120.0.0.0 Safari/537.36"
20.214.141.115 - - [04/May/2026:11:06:27 -0500] "GET /wp-content/uploads/ HTTP/2.0" 403 548 "-" "Mozilla/5.0 (Windows NT 10.0; Win64; x64) AppleWebKit/537.36 (KHTML, like Gecko) Chrome/120.0.0.0 Safari/537.36"
20.214.141.115 - - [04/May/2026:11:06:28 -0500] "GET /wp-content/themes/admin.php HTTP/2.0" 403 548 "-" "Mozilla/5.0 (Windows NT 10.0; Win64; x64) AppleWebKit/537.36 (KHTML, like Gecko) Chrome/120.0.0.0 Safari/537.36"
20.214.141.115 - - [04/May/2026:11:06:28 -0500] "GET /wp-content/themes/index.php HTTP/2.0" 403 548 "-" "Mozilla/5.0 (Windows NT 10.0; Win64; x64) AppleWebKit/537.36 (KHTML, like Gecko) Chrome/120.0.0.0 Safari/537.36"
20.214.141.115 - - [04/May/2026:11:06:28 -0500] "GET /wp-content/plugins/index.php HTTP/2.0" 403 548 "-" "Mozilla/5.0 (Windows NT 10.0; Win64; x64) AppleWebKit/537.36 (KHTML, like Gecko) Chrome/120.0.0.0 Safari/537.36"
20.214.141.115 - - [04/May/2026:11:06:28 -0500] "GET /wp-includes/PHPMailer/ HTTP/2.0" 403 548 "-" "Mozilla/5.0 (Windows NT 10.0; Win64; x64) AppleWebKit/537.36 (KHTML, like Gecko) Chrome/120.0.0.0 Safari/537.36"
20.214.141.115 - - [04/May/2026:11:06:28 -0500] "GET /wp-includes/images/ HTTP/2.0" 403 548 "-" "Mozilla/5.0 (Windows NT 10.0; Win64; x64) AppleWebKit/537.36 (KHTML, like Gecko) Chrome/120.0.0.0 Safari/537.36"
20.214.141.115 - - [04/May/2026:11:06:29 -0500] "GET /wp-content/plugins/WordPressCore/ HTTP/2.0" 404 12640 "-" "Mozilla/5.0 (Windows NT 10.0; Win64; x64) AppleWebKit/537.36 (KHTML, like Gecko) Chrome/120.0.0.0 Safari/537.36"
57.128.189.19 - - [04/May/2026:11:08:13 -0500] "GET /?nocache=1777910821 HTTP/2.0" 301 0 "-" "BigScootsMonitor Mozilla/5.0 (Windows NT 10.0; Win64; x64) AppleWebKit/537.36 (KHTML, like Gecko) Chrome/74.0.3729.169 Safari/537.36"
2607:5300:205:200::273 - - [04/May/2026:11:08:14 -0500] "GET /?nocache=1777910821 HTTP/2.0" 301 0 "-" "BigScootsMonitor Mozilla/5.0 (Windows NT 10.0; Win64; x64) AppleWebKit/537.36 (KHTML, like Gecko) Chrome/74.0.3729.169 Safari/537.36"
57.128.189.19 - - [04/May/2026:11:08:14 -0500] "GET /?nocache=1777910821 HTTP/2.0" 200 18601 "-" "BigScootsMonitor Mozilla/5.0 (Windows NT 10.0; Win64; x64) AppleWebKit/537.36 (KHTML, like Gecko) Chrome/74.0.3729.169 Safari/537.36"
2607:5300:205:200::273 - - [04/May/2026:11:08:14 -0500] "GET /?nocache=1777910821 HTTP/2.0" 200 18601 "-" "BigScootsMonitor Mozilla/5.0 (Windows NT 10.0; Win64; x64) AppleWebKit/537.36 (KHTML, like Gecko) Chrome/74.0.3729.169 Safari/537.36"
57.128.189.19 - - [04/May/2026:11:10:13 -0500] "GET /?nocache=1777910941 HTTP/2.0" 301 0 "-" "BigScootsMonitor Mozilla/5.0 (Windows NT 10.0; Win64; x64) AppleWebKit/537.36 (KHTML, like Gecko) Chrome/74.0.3729.169 Safari/537.36"
57.128.189.19 - - [04/May/2026:11:10:14 -0500] "GET /?nocache=1777910941 HTTP/2.0" 200 18601 "-" "BigScootsMonitor Mozilla/5.0 (Windows NT 10.0; Win64; x64) AppleWebKit/537.36 (KHTML, like Gecko) Chrome/74.0.3729.169 Safari/537.36"
2607:5300:205:200::273 - - [04/May/2026:11:10:14 -0500] "GET /?nocache=1777910941 HTTP/2.0" 301 0 "-" "BigScootsMonitor Mozilla/5.0 (Windows NT 10.0; Win64; x64) AppleWebKit/537.36 (KHTML, like Gecko) Chrome/74.0.3729.169 Safari/537.36"
2607:5300:205:200::273 - - [04/May/2026:11:10:15 -0500] "GET /?nocache=1777910941 HTTP/2.0" 200 18601 "-" "BigScootsMonitor Mozilla/5.0 (Windows NT 10.0; Win64; x64) AppleWebKit/537.36 (KHTML, like Gecko) Chrome/74.0.3729.169 Safari/537.36"
43.166.247.155 - - [04/May/2026:11:11:03 -0500] "GET / HTTP/2.0" 444 0 "http://phronsiesgarden.com" "Mozilla/5.0 (iPhone; CPU iPhone OS 13_2_3 like Mac OS X) AppleWebKit/605.1.15 (KHTML, like Gecko) Version/13.0.3 Mobile/15E148 Safari/604.1"
57.128.189.19 - - [04/May/2026:11:12:13 -0500] "GET /?nocache=1777911121 HTTP/2.0" 301 0 "-" "BigScootsMonitor Mozilla/5.0 (Windows NT 10.0; Win64; x64) AppleWebKit/537.36 (KHTML, like Gecko) Chrome/74.0.3729.169 Safari/537.36"
2607:5300:205:200::273 - - [04/May/2026:11:12:14 -0500] "GET /?nocache=1777911121 HTTP/2.0" 301 0 "-" "BigScootsMonitor Mozilla/5.0 (Windows NT 10.0; Win64; x64) AppleWebKit/537.36 (KHTML, like Gecko) Chrome/74.0.3729.169 Safari/537.36"
57.128.189.19 - - [04/May/2026:11:12:14 -0500] "GET /?nocache=1777911121 HTTP/2.0" 200 18601 "-" "BigScootsMonitor Mozilla/5.0 (Windows NT 10.0; Win64; x64) AppleWebKit/537.36 (KHTML, like Gecko) Chrome/74.0.3729.169 Safari/537.36"
2607:5300:205:200::273 - - [04/May/2026:11:12:14 -0500] "GET /?nocache=1777911121 HTTP/2.0" 200 18601 "-" "BigScootsMonitor Mozilla/5.0 (Windows NT 10.0; Win64; x64) AppleWebKit/537.36 (KHTML, like Gecko) Chrome/74.0.3729.169 Safari/537.36"
40.77.167.243 - - [04/May/2026:11:12:24 -0500] "GET /sitemap.xml HTTP/2.0" 301 0 "-" "Mozilla/5.0 AppleWebKit/537.36 (KHTML, like Gecko; compatible; bingbot/2.0; +http://www.bing.com/bingbot.htm) Chrome/116.0.1938.76 Safari/537.36"
40.77.167.243 - - [04/May/2026:11:12:24 -0500] "GET /sitemap_index.xml HTTP/2.0" 200 296 "-" "Mozilla/5.0 AppleWebKit/537.36 (KHTML, like Gecko; compatible; bingbot/2.0; +http://www.bing.com/bingbot.htm) Chrome/116.0.1938.76 Safari/537.36"
57.128.189.19 - - [04/May/2026:11:14:14 -0500] "GET /?nocache=1777911181 HTTP/2.0" 301 0 "-" "BigScootsMonitor Mozilla/5.0 (Windows NT 10.0; Win64; x64) AppleWebKit/537.36 (KHTML, like Gecko) Chrome/74.0.3729.169 Safari/537.36"
2607:5300:205:200::273 - - [04/May/2026:11:14:14 -0500] "GET /?nocache=1777911241 HTTP/2.0" 301 0 "-" "BigScootsMonitor Mozilla/5.0 (Windows NT 10.0; Win64; x64) AppleWebKit/537.36 (KHTML, like Gecko) Chrome/74.0.3729.169 Safari/537.36"
57.128.189.19 - - [04/May/2026:11:14:14 -0500] "GET /?nocache=1777911181 HTTP/2.0" 200 18601 "-" "BigScootsMonitor Mozilla/5.0 (Windows NT 10.0; Win64; x64) AppleWebKit/537.36 (KHTML, like Gecko) Chrome/74.0.3729.169 Safari/537.36"
2607:5300:205:200::273 - - [04/May/2026:11:14:14 -0500] "GET /?nocache=1777911241 HTTP/2.0" 200 18601 "-" "BigScootsMonitor Mozilla/5.0 (Windows NT 10.0; Win64; x64) AppleWebKit/537.36 (KHTML, like Gecko) Chrome/74.0.3729.169 Safari/537.36"
57.128.189.19 - - [04/May/2026:11:16:13 -0500] "GET /?nocache=1777911301 HTTP/2.0" 301 0 "-" "BigScootsMonitor Mozilla/5.0 (Windows NT 10.0; Win64; x64) AppleWebKit/537.36 (KHTML, like Gecko) Chrome/74.0.3729.169 Safari/537.36"
2607:5300:205:200::273 - - [04/May/2026:11:16:14 -0500] "GET /?nocache=1777911301 HTTP/2.0" 301 0 "-" "BigScootsMonitor Mozilla/5.0 (Windows NT 10.0; Win64; x64) AppleWebKit/537.36 (KHTML, like Gecko) Chrome/74.0.3729.169 Safari/537.36"
57.128.189.19 - - [04/May/2026:11:16:14 -0500] "GET /?nocache=1777911301 HTTP/2.0" 200 18601 "-" "BigScootsMonitor Mozilla/5.0 (Windows NT 10.0; Win64; x64) AppleWebKit/537.36 (KHTML, like Gecko) Chrome/74.0.3729.169 Safari/537.36"
2607:5300:205:200::273 - - [04/May/2026:11:16:14 -0500] "GET /?nocache=1777911301 HTTP/2.0" 200 18601 "-" "BigScootsMonitor Mozilla/5.0 (Windows NT 10.0; Win64; x64) AppleWebKit/537.36 (KHTML, like Gecko) Chrome/74.0.3729.169 Safari/537.36"
2607:5300:205:200::273 - - [04/May/2026:11:18:14 -0500] "GET /?nocache=1777911481 HTTP/2.0" 301 0 "-" "BigScootsMonitor Mozilla/5.0 (Windows NT 10.0; Win64; x64) AppleWebKit/537.36 (KHTML, like Gecko) Chrome/74.0.3729.169 Safari/537.36"
57.128.189.19 - - [04/May/2026:11:18:14 -0500] "GET /?nocache=1777911481 HTTP/2.0" 301 0 "-" "BigScootsMonitor Mozilla/5.0 (Windows NT 10.0; Win64; x64) AppleWebKit/537.36 (KHTML, like Gecko) Chrome/74.0.3729.169 Safari/537.36"
2607:5300:205:200::273 - - [04/May/2026:11:18:14 -0500] "GET /?nocache=1777911481 HTTP/2.0" 200 18601 "-" "BigScootsMonitor Mozilla/5.0 (Windows NT 10.0; Win64; x64) AppleWebKit/537.36 (KHTML, like Gecko) Chrome/74.0.3729.169 Safari/537.36"
57.128.189.19 - - [04/May/2026:11:18:15 -0500] "GET /?nocache=1777911481 HTTP/2.0" 200 18601 "-" "BigScootsMonitor Mozilla/5.0 (Windows NT 10.0; Win64; x64) AppleWebKit/537.36 (KHTML, like Gecko) Chrome/74.0.3729.169 Safari/537.36"
57.128.189.19 - - [04/May/2026:11:20:14 -0500] "GET /?nocache=1777911601 HTTP/2.0" 301 0 "-" "BigScootsMonitor Mozilla/5.0 (Windows NT 10.0; Win64; x64) AppleWebKit/537.36 (KHTML, like Gecko) Chrome/74.0.3729.169 Safari/537.36"
2607:5300:205:200::273 - - [04/May/2026:11:20:15 -0500] "GET /?nocache=1777911601 HTTP/2.0" 301 0 "-" "BigScootsMonitor Mozilla/5.0 (Windows NT 10.0; Win64; x64) AppleWebKit/537.36 (KHTML, like Gecko) Chrome/74.0.3729.169 Safari/537.36"
57.128.189.19 - - [04/May/2026:11:20:15 -0500] "GET /?nocache=1777911601 HTTP/2.0" 200 18601 "-" "BigScootsMonitor Mozilla/5.0 (Windows NT 10.0; Win64; x64) AppleWebKit/537.36 (KHTML, like Gecko) Chrome/74.0.3729.169 Safari/537.36"
2607:5300:205:200::273 - - [04/May/2026:11:20:15 -0500] "GET /?nocache=1777911601 HTTP/2.0" 200 18601 "-" "BigScootsMonitor Mozilla/5.0 (Windows NT 10.0; Win64; x64) AppleWebKit/537.36 (KHTML, like Gecko) Chrome/74.0.3729.169 Safari/537.36"
138.249.168.156 - - [04/May/2026:11:20:52 -0500] "GET /kwanzan-cherry-tree/ HTTP/2.0" 200 19506 "https://www.phronsiesgarden.com/kwanzan-cherry-tree/#comment-42314" "Mozilla/5.0 (Windows NT 10.0; Win64; x64) AppleWebKit/537.36 (KHTML, like Gecko) Chrome/131.0.0.0 Safari/537.36"
209.139.46.129 - - [04/May/2026:11:21:35 -0500] "GET /wp-content/uploads/2021/06/kwanzan-cherry-tree2.jpg HTTP/2.0" 200 232383 "https://www.phronsiesgarden.com/wp-content/uploads/2021/06/kwanzan-cherry-tree2.jpg" "Mozilla/5.0 (Windows NT 10.0; Win64; x64) AppleWebKit/537.36 (KHTML, like Gecko) Chrome/124.0.0.0 Safari/537.36"
138.249.168.156 - - [04/May/2026:11:21:44 -0500] "GET / HTTP/2.0" 200 18601 "https://www.phronsiesgarden.com/" "Mozilla/5.0 (Windows NT 10.0; Win64; x64) AppleWebKit/537.36 (KHTML, like Gecko) Chrome/131.0.0.0 Safari/537.36"
138.249.168.156 - - [04/May/2026:11:21:57 -0500] "GET /blog/ HTTP/2.0" 200 14278 "https://www.phronsiesgarden.com/blog/" "Mozilla/5.0 (Windows NT 10.0; Win64; x64) AppleWebKit/537.36 (KHTML, like Gecko) Chrome/131.0.0.0 Safari/537.36"
138.249.168.156 - - [04/May/2026:11:21:59 -0500] "GET /kwanzan-cherry-tree/ HTTP/2.0" 200 19506 "https://www.phronsiesgarden.com/kwanzan-cherry-tree/" "Mozilla/5.0 (Windows NT 10.0; Win64; x64) AppleWebKit/537.36 (KHTML, like Gecko) Chrome/131.0.0.0 Safari/537.36"
2607:5300:205:200::273 - - [04/May/2026:11:22:14 -0500] "GET /?nocache=1777911721 HTTP/2.0" 301 0 "-" "BigScootsMonitor Mozilla/5.0 (Windows NT 10.0; Win64; x64) AppleWebKit/537.36 (KHTML, like Gecko) Chrome/74.0.3729.169 Safari/537.36"
57.128.189.19 - - [04/May/2026:11:22:14 -0500] "GET /?nocache=1777911721 HTTP/2.0" 301 0 "-" "BigScootsMonitor Mozilla/5.0 (Windows NT 10.0; Win64; x64) AppleWebKit/537.36 (KHTML, like Gecko) Chrome/74.0.3729.169 Safari/537.36"
2607:5300:205:200::273 - - [04/May/2026:11:22:14 -0500] "GET /?nocache=1777911721 HTTP/2.0" 200 18601 "-" "BigScootsMonitor Mozilla/5.0 (Windows NT 10.0; Win64; x64) AppleWebKit/537.36 (KHTML, like Gecko) Chrome/74.0.3729.169 Safari/537.36"
57.128.189.19 - - [04/May/2026:11:22:15 -0500] "GET /?nocache=1777911721 HTTP/2.0" 200 18601 "-" "BigScootsMonitor Mozilla/5.0 (Windows NT 10.0; Win64; x64) AppleWebKit/537.36 (KHTML, like Gecko) Chrome/74.0.3729.169 Safari/537.36"
138.249.168.156 - - [04/May/2026:11:22:51 -0500] "GET /kwanzan-cherry-tree/ HTTP/2.0" 200 19507 "https://www.phronsiesgarden.com/kwanzan-cherry-tree/" "Mozilla/5.0 (Windows NT 10.0; Win64; x64) AppleWebKit/537.36 (KHTML, like Gecko) Chrome/131.0.0.0 Safari/537.36"
138.249.168.156 - - [04/May/2026:11:22:55 -0500] "POST /wp-comments-post.php HTTP/2.0" 302 0 "https://www.phronsiesgarden.com/kwanzan-cherry-tree/" "Mozilla/5.0 (Windows NT 10.0; Win64; x64) AppleWebKit/537.36 (KHTML, like Gecko) Chrome/131.0.0.0 Safari/537.36"
138.249.168.156 - - [04/May/2026:11:22:57 -0500] "GET /kwanzan-cherry-tree/ HTTP/2.0" 200 47545 "https://www.phronsiesgarden.com/kwanzan-cherry-tree/#comment-44497" "Mozilla/5.0 (Windows NT 10.0; Win64; x64) AppleWebKit/537.36 (KHTML, like Gecko) Chrome/131.0.0.0 Safari/537.36"
57.128.189.19 - - [04/May/2026:11:24:14 -0500] "GET /?nocache=1777911841 HTTP/2.0" 301 0 "-" "BigScootsMonitor Mozilla/5.0 (Windows NT 10.0; Win64; x64) AppleWebKit/537.36 (KHTML, like Gecko) Chrome/74.0.3729.169 Safari/537.36"
57.128.189.19 - - [04/May/2026:11:24:14 -0500] "GET /?nocache=1777911841 HTTP/2.0" 200 18601 "-" "BigScootsMonitor Mozilla/5.0 (Windows NT 10.0; Win64; x64) AppleWebKit/537.36 (KHTML, like Gecko) Chrome/74.0.3729.169 Safari/537.36"
2607:5300:205:200::273 - - [04/May/2026:11:24:15 -0500] "GET /?nocache=1777911841 HTTP/2.0" 301 0 "-" "BigScootsMonitor Mozilla/5.0 (Windows NT 10.0; Win64; x64) AppleWebKit/537.36 (KHTML, like Gecko) Chrome/74.0.3729.169 Safari/537.36"
2607:5300:205:200::273 - - [04/May/2026:11:24:15 -0500] "GET /?nocache=1777911841 HTTP/2.0" 200 18601 "-" "BigScootsMonitor Mozilla/5.0 (Windows NT 10.0; Win64; x64) AppleWebKit/537.36 (KHTML, like Gecko) Chrome/74.0.3729.169 Safari/537.36"
154.18.244.252 - - [04/May/2026:11:26:14 -0500] "POST /wp-cron.php?doing_wp_cron=1777911974.1426060199737548828125 HTTP/2.0" 200 1 "https://www.phronsiesgarden.com/wp-cron.php?doing_wp_cron=1777911974.1426060199737548828125" "WordPress/5.7.15; https://www.phronsiesgarden.com"
57.128.189.19 - - [04/May/2026:11:26:14 -0500] "GET /?nocache=1777911961 HTTP/2.0" 301 0 "-" "BigScootsMonitor Mozilla/5.0 (Windows NT 10.0; Win64; x64) AppleWebKit/537.36 (KHTML, like Gecko) Chrome/74.0.3729.169 Safari/537.36"
2607:5300:205:200::273 - - [04/May/2026:11:26:14 -0500] "GET /?nocache=1777911961 HTTP/2.0" 301 0 "-" "BigScootsMonitor Mozilla/5.0 (Windows NT 10.0; Win64; x64) AppleWebKit/537.36 (KHTML, like Gecko) Chrome/74.0.3729.169 Safari/537.36"
57.128.189.19 - - [04/May/2026:11:26:14 -0500] "GET /?nocache=1777911961 HTTP/2.0" 200 18601 "-" "BigScootsMonitor Mozilla/5.0 (Windows NT 10.0; Win64; x64) AppleWebKit/537.36 (KHTML, like Gecko) Chrome/74.0.3729.169 Safari/537.36"
2607:5300:205:200::273 - - [04/May/2026:11:26:15 -0500] "GET /?nocache=1777911961 HTTP/2.0" 200 18601 "-" "BigScootsMonitor Mozilla/5.0 (Windows NT 10.0; Win64; x64) AppleWebKit/537.36 (KHTML, like Gecko) Chrome/74.0.3729.169 Safari/537.36"
57.128.189.19 - - [04/May/2026:11:28:13 -0500] "GET /?nocache=1777912081 HTTP/2.0" 301 0 "-" "BigScootsMonitor Mozilla/5.0 (Windows NT 10.0; Win64; x64) AppleWebKit/537.36 (KHTML, like Gecko) Chrome/74.0.3729.169 Safari/537.36"
57.128.189.19 - - [04/May/2026:11:28:14 -0500] "GET /?nocache=1777912081 HTTP/2.0" 200 18601 "-" "BigScootsMonitor Mozilla/5.0 (Windows NT 10.0; Win64; x64) AppleWebKit/537.36 (KHTML, like Gecko) Chrome/74.0.3729.169 Safari/537.36"
2607:5300:205:200::273 - - [04/May/2026:11:28:14 -0500] "GET /?nocache=1777912081 HTTP/2.0" 301 0 "-" "BigScootsMonitor Mozilla/5.0 (Windows NT 10.0; Win64; x64) AppleWebKit/537.36 (KHTML, like Gecko) Chrome/74.0.3729.169 Safari/537.36"
2607:5300:205:200::273 - - [04/May/2026:11:28:15 -0500] "GET /?nocache=1777912081 HTTP/2.0" 200 18601 "-" "BigScootsMonitor Mozilla/5.0 (Windows NT 10.0; Win64; x64) AppleWebKit/537.36 (KHTML, like Gecko) Chrome/74.0.3729.169 Safari/537.36"
57.128.189.19 - - [04/May/2026:11:30:14 -0500] "GET /?nocache=1777912201 HTTP/2.0" 301 0 "-" "BigScootsMonitor Mozilla/5.0 (Windows NT 10.0; Win64; x64) AppleWebKit/537.36 (KHTML, like Gecko) Chrome/74.0.3729.169 Safari/537.36"
57.128.189.19 - - [04/May/2026:11:30:15 -0500] "GET /?nocache=1777912201 HTTP/2.0" 200 18601 "-" "BigScootsMonitor Mozilla/5.0 (Windows NT 10.0; Win64; x64) AppleWebKit/537.36 (KHTML, like Gecko) Chrome/74.0.3729.169 Safari/537.36"
2607:5300:205:200::273 - - [04/May/2026:11:30:15 -0500] "GET /?nocache=1777912201 HTTP/2.0" 301 0 "-" "BigScootsMonitor Mozilla/5.0 (Windows NT 10.0; Win64; x64) AppleWebKit/537.36 (KHTML, like Gecko) Chrome/74.0.3729.169 Safari/537.36"
2607:5300:205:200::273 - - [04/May/2026:11:30:15 -0500] "GET /?nocache=1777912201 HTTP/2.0" 200 18601 "-" "BigScootsMonitor Mozilla/5.0 (Windows NT 10.0; Win64; x64) AppleWebKit/537.36 (KHTML, like Gecko) Chrome/74.0.3729.169 Safari/537.36"
43.158.91.71 - - [04/May/2026:11:30:58 -0500] "GET / HTTP/2.0" 444 0 "http://www.phronsiesgarden.com" "Mozilla/5.0 (iPhone; CPU iPhone OS 13_2_3 like Mac OS X) AppleWebKit/605.1.15 (KHTML, like Gecko) Version/13.0.3 Mobile/15E148 Safari/604.1"
57.128.189.19 - - [04/May/2026:11:32:14 -0500] "GET /?nocache=1777912261 HTTP/2.0" 301 0 "-" "BigScootsMonitor Mozilla/5.0 (Windows NT 10.0; Win64; x64) AppleWebKit/537.36 (KHTML, like Gecko) Chrome/74.0.3729.169 Safari/537.36"
57.128.189.19 - - [04/May/2026:11:32:14 -0500] "GET /?nocache=1777912261 HTTP/2.0" 200 18601 "-" "BigScootsMonitor Mozilla/5.0 (Windows NT 10.0; Win64; x64) AppleWebKit/537.36 (KHTML, like Gecko) Chrome/74.0.3729.169 Safari/537.36"
2607:5300:205:200::273 - - [04/May/2026:11:32:14 -0500] "GET /?nocache=1777912261 HTTP/2.0" 301 0 "-" "BigScootsMonitor Mozilla/5.0 (Windows NT 10.0; Win64; x64) AppleWebKit/537.36 (KHTML, like Gecko) Chrome/74.0.3729.169 Safari/537.36"
2607:5300:205:200::273 - - [04/May/2026:11:32:15 -0500] "GET /?nocache=1777912261 HTTP/2.0" 200 18601 "-" "BigScootsMonitor Mozilla/5.0 (Windows NT 10.0; Win64; x64) AppleWebKit/537.36 (KHTML, like Gecko) Chrome/74.0.3729.169 Safari/537.36"
57.128.189.19 - - [04/May/2026:11:34:14 -0500] "GET /?nocache=1777912441 HTTP/2.0" 301 0 "-" "BigScootsMonitor Mozilla/5.0 (Windows NT 10.0; Win64; x64) AppleWebKit/537.36 (KHTML, like Gecko) Chrome/74.0.3729.169 Safari/537.36"
2607:5300:205:200::273 - - [04/May/2026:11:34:14 -0500] "GET /?nocache=1777912441 HTTP/2.0" 301 0 "-" "BigScootsMonitor Mozilla/5.0 (Windows NT 10.0; Win64; x64) AppleWebKit/537.36 (KHTML, like Gecko) Chrome/74.0.3729.169 Safari/537.36"
57.128.189.19 - - [04/May/2026:11:34:15 -0500] "GET /?nocache=1777912441 HTTP/2.0" 200 18601 "-" "BigScootsMonitor Mozilla/5.0 (Windows NT 10.0; Win64; x64) AppleWebKit/537.36 (KHTML, like Gecko) Chrome/74.0.3729.169 Safari/537.36"
2607:5300:205:200::273 - - [04/May/2026:11:34:15 -0500] "GET /?nocache=1777912441 HTTP/2.0" 200 18601 "-" "BigScootsMonitor Mozilla/5.0 (Windows NT 10.0; Win64; x64) AppleWebKit/537.36 (KHTML, like Gecko) Chrome/74.0.3729.169 Safari/537.36"
57.128.189.19 - - [04/May/2026:11:36:14 -0500] "GET /?nocache=1777912501 HTTP/2.0" 301 0 "-" "BigScootsMonitor Mozilla/5.0 (Windows NT 10.0; Win64; x64) AppleWebKit/537.36 (KHTML, like Gecko) Chrome/74.0.3729.169 Safari/537.36"
2607:5300:205:200::273 - - [04/May/2026:11:36:14 -0500] "GET /?nocache=1777912501 HTTP/2.0" 301 0 "-" "BigScootsMonitor Mozilla/5.0 (Windows NT 10.0; Win64; x64) AppleWebKit/537.36 (KHTML, like Gecko) Chrome/74.0.3729.169 Safari/537.36"
57.128.189.19 - - [04/May/2026:11:36:15 -0500] "GET /?nocache=1777912501 HTTP/2.0" 200 18601 "-" "BigScootsMonitor Mozilla/5.0 (Windows NT 10.0; Win64; x64) AppleWebKit/537.36 (KHTML, like Gecko) Chrome/74.0.3729.169 Safari/537.36"
2607:5300:205:200::273 - - [04/May/2026:11:36:15 -0500] "GET /?nocache=1777912501 HTTP/2.0" 200 18601 "-" "BigScootsMonitor Mozilla/5.0 (Windows NT 10.0; Win64; x64) AppleWebKit/537.36 (KHTML, like Gecko) Chrome/74.0.3729.169 Safari/537.36"
57.128.189.19 - - [04/May/2026:11:38:13 -0500] "GET /?nocache=1777912621 HTTP/2.0" 301 0 "-" "BigScootsMonitor Mozilla/5.0 (Windows NT 10.0; Win64; x64) AppleWebKit/537.36 (KHTML, like Gecko) Chrome/74.0.3729.169 Safari/537.36"
2607:5300:205:200::273 - - [04/May/2026:11:38:14 -0500] "GET /?nocache=1777912621 HTTP/2.0" 301 0 "-" "BigScootsMonitor Mozilla/5.0 (Windows NT 10.0; Win64; x64) AppleWebKit/537.36 (KHTML, like Gecko) Chrome/74.0.3729.169 Safari/537.36"
57.128.189.19 - - [04/May/2026:11:38:14 -0500] "GET /?nocache=1777912621 HTTP/2.0" 200 18601 "-" "BigScootsMonitor Mozilla/5.0 (Windows NT 10.0; Win64; x64) AppleWebKit/537.36 (KHTML, like Gecko) Chrome/74.0.3729.169 Safari/537.36"
2607:5300:205:200::273 - - [04/May/2026:11:38:14 -0500] "GET /?nocache=1777912621 HTTP/2.0" 200 18601 "-" "BigScootsMonitor Mozilla/5.0 (Windows NT 10.0; Win64; x64) AppleWebKit/537.36 (KHTML, like Gecko) Chrome/74.0.3729.169 Safari/537.36"
96.44.180.9 - - [04/May/2026:11:39:44 -0500] "GET /wp-content/uploads/2021/06/kwanzan-cherry-tree-flowering.jpg HTTP/2.0" 200 1768490 "https://www.phronsiesgarden.com/wp-content/uploads/2021/06/kwanzan-cherry-tree-flowering.jpg" "Mozilla/5.0 (Windows NT 10.0; Win64; x64) AppleWebKit/537.36 (KHTML, like Gecko) Chrome/123.0.0.0 Safari/537.36"
72.167.150.128 - - [04/May/2026:11:39:47 -0500] "GET /wp-login.php HTTP/2.0" 444 0 "-" "Mozilla/5.0 (Windows NT 6.1; WOW64; Trident/7.0; MASN; rv:11.0) like Gecko"
72.167.150.128 - - [04/May/2026:11:39:47 -0500] "POST /wp-login.php HTTP/2.0" 444 0 "https://phronsiesgarden.com/wp-login.php" "Mozilla/5.0 (Windows NT 6.1; WOW64; Trident/7.0; MASN; rv:11.0) like Gecko"
38.95.35.85 - - [04/May/2026:11:39:56 -0500] "GET /wp-login.php HTTP/2.0" 200 2161 "-" "Mozilla/5.0 (Windows NT 6.1; WOW64; Trident/7.0; rv:11.0)"
38.95.35.85 - - [04/May/2026:11:39:56 -0500] "POST /wp-login.php HTTP/2.0" 200 2227 "https://phronsiesgarden.com/wp-login.php" "Mozilla/5.0 (Windows NT 6.1; WOW64; Trident/7.0; rv:11.0)"
57.128.189.19 - - [04/May/2026:11:40:13 -0500] "GET /?nocache=1777912741 HTTP/2.0" 301 0 "-" "BigScootsMonitor Mozilla/5.0 (Windows NT 10.0; Win64; x64) AppleWebKit/537.36 (KHTML, like Gecko) Chrome/74.0.3729.169 Safari/537.36"
2607:5300:205:200::273 - - [04/May/2026:11:40:14 -0500] "GET /?nocache=1777912741 HTTP/2.0" 301 0 "-" "BigScootsMonitor Mozilla/5.0 (Windows NT 10.0; Win64; x64) AppleWebKit/537.36 (KHTML, like Gecko) Chrome/74.0.3729.169 Safari/537.36"
57.128.189.19 - - [04/May/2026:11:40:14 -0500] "GET /?nocache=1777912741 HTTP/2.0" 200 18601 "-" "BigScootsMonitor Mozilla/5.0 (Windows NT 10.0; Win64; x64) AppleWebKit/537.36 (KHTML, like Gecko) Chrome/74.0.3729.169 Safari/537.36"
2607:5300:205:200::273 - - [04/May/2026:11:40:14 -0500] "GET /?nocache=1777912741 HTTP/2.0" 200 18601 "-" "BigScootsMonitor Mozilla/5.0 (Windows NT 10.0; Win64; x64) AppleWebKit/537.36 (KHTML, like Gecko) Chrome/74.0.3729.169 Safari/537.36"
107.175.79.44 - - [04/May/2026:11:41:07 -0500] "GET / HTTP/2.0" 301 0 "-" "Mozilla/5.0 (Macintosh; Intel Mac OS X 10_15_7) AppleWebKit/605.1.15 (KHTML, like Gecko) Version/18.3 Safari/605.1.15"
57.128.189.19 - - [04/May/2026:11:42:14 -0500] "GET /?nocache=1777912921 HTTP/2.0" 301 0 "-" "BigScootsMonitor Mozilla/5.0 (Windows NT 10.0; Win64; x64) AppleWebKit/537.36 (KHTML, like Gecko) Chrome/74.0.3729.169 Safari/537.36"
2607:5300:205:200::273 - - [04/May/2026:11:42:14 -0500] "GET /?nocache=1777912921 HTTP/2.0" 301 0 "-" "BigScootsMonitor Mozilla/5.0 (Windows NT 10.0; Win64; x64) AppleWebKit/537.36 (KHTML, like Gecko) Chrome/74.0.3729.169 Safari/537.36"
2607:5300:205:200::273 - - [04/May/2026:11:42:14 -0500] "GET /?nocache=1777912921 HTTP/2.0" 200 18601 "-" "BigScootsMonitor Mozilla/5.0 (Windows NT 10.0; Win64; x64) AppleWebKit/537.36 (KHTML, like Gecko) Chrome/74.0.3729.169 Safari/537.36"
57.128.189.19 - - [04/May/2026:11:42:15 -0500] "GET /?nocache=1777912921 HTTP/2.0" 200 18601 "-" "BigScootsMonitor Mozilla/5.0 (Windows NT 10.0; Win64; x64) AppleWebKit/537.36 (KHTML, like Gecko) Chrome/74.0.3729.169 Safari/537.36"
57.128.189.19 - - [04/May/2026:11:44:14 -0500] "GET /?nocache=1777913041 HTTP/2.0" 301 0 "-" "BigScootsMonitor Mozilla/5.0 (Windows NT 10.0; Win64; x64) AppleWebKit/537.36 (KHTML, like Gecko) Chrome/74.0.3729.169 Safari/537.36"
2607:5300:205:200::273 - - [04/May/2026:11:44:14 -0500] "GET /?nocache=1777913041 HTTP/2.0" 301 0 "-" "BigScootsMonitor Mozilla/5.0 (Windows NT 10.0; Win64; x64) AppleWebKit/537.36 (KHTML, like Gecko) Chrome/74.0.3729.169 Safari/537.36"
2607:5300:205:200::273 - - [04/May/2026:11:44:14 -0500] "GET /?nocache=1777913041 HTTP/2.0" 200 18601 "-" "BigScootsMonitor Mozilla/5.0 (Windows NT 10.0; Win64; x64) AppleWebKit/537.36 (KHTML, like Gecko) Chrome/74.0.3729.169 Safari/537.36"
57.128.189.19 - - [04/May/2026:11:44:14 -0500] "GET /?nocache=1777913041 HTTP/2.0" 200 18601 "-" "BigScootsMonitor Mozilla/5.0 (Windows NT 10.0; Win64; x64) AppleWebKit/537.36 (KHTML, like Gecko) Chrome/74.0.3729.169 Safari/537.36"
3.212.205.90 - - [04/May/2026:11:44:29 -0500] "GET /variegated-solomons-seal/ HTTP/2.0" 444 0 "-" "Mozilla/5.0 AppleWebKit/537.36 (KHTML, like Gecko; compatible; Amazonbot/0.1; +https://developer.amazon.com/support/amazonbot) Chrome/119.0.6045.214 Safari/537.36"
57.128.189.19 - - [04/May/2026:11:46:13 -0500] "GET /?nocache=1777913101 HTTP/2.0" 301 0 "-" "BigScootsMonitor Mozilla/5.0 (Windows NT 10.0; Win64; x64) AppleWebKit/537.36 (KHTML, like Gecko) Chrome/74.0.3729.169 Safari/537.36"
2607:5300:205:200::273 - - [04/May/2026:11:46:14 -0500] "GET /?nocache=1777913101 HTTP/2.0" 301 0 "-" "BigScootsMonitor Mozilla/5.0 (Windows NT 10.0; Win64; x64) AppleWebKit/537.36 (KHTML, like Gecko) Chrome/74.0.3729.169 Safari/537.36"
2607:5300:205:200::273 - - [04/May/2026:11:46:14 -0500] "GET /?nocache=1777913101 HTTP/2.0" 200 18601 "-" "BigScootsMonitor Mozilla/5.0 (Windows NT 10.0; Win64; x64) AppleWebKit/537.36 (KHTML, like Gecko) Chrome/74.0.3729.169 Safari/537.36"
57.128.189.19 - - [04/May/2026:11:46:14 -0500] "GET /?nocache=1777913101 HTTP/2.0" 200 18601 "-" "BigScootsMonitor Mozilla/5.0 (Windows NT 10.0; Win64; x64) AppleWebKit/537.36 (KHTML, like Gecko) Chrome/74.0.3729.169 Safari/537.36"
152.53.44.20 - - [04/May/2026:11:46:23 -0500] "GET /wp-login.php HTTP/2.0" 200 2224 "-" "Mozilla/5.0 (Windows NT 6.3; Win64; x64) AppleWebKit/537.36 (KHTML, like Gecko) Chrome/65.0.3325.146 Safari/537.36"
152.53.44.20 - - [04/May/2026:11:46:23 -0500] "POST /wp-login.php HTTP/2.0" 200 2230 "https://phronsiesgarden.com/wp-login.php" "Mozilla/5.0 (Windows NT 6.3; Win64; x64) AppleWebKit/537.36 (KHTML, like Gecko) Chrome/65.0.3325.146 Safari/537.36"
82.153.215.105 - - [04/May/2026:11:46:50 -0500] "GET /wp-content/uploads/2021/06/kwanzan-cherry-tree-blossoms-683x1024.jpg HTTP/2.0" 200 177255 "-" "Mozilla/5.0 (compatible; crawler)"
