20.12.204.106 - - [04/May/2026:18:54:45 -0500] "GET /onclickfuns.php HTTP/2.0" 444 0 "-" "Mozilla/5.0 (Windows NT 10.0; Win64; x64) AppleWebKit/537.36 (KHTML, like Gecko) Chrome/120.0.0.0 Safari/537.36"
20.12.204.106 - - [04/May/2026:18:54:45 -0500] "GET /w.php HTTP/2.0" 444 0 "-" "Mozilla/5.0 (Windows NT 10.0; Win64; x64) AppleWebKit/537.36 (KHTML, like Gecko) Chrome/120.0.0.0 Safari/537.36"
20.12.204.106 - - [04/May/2026:18:54:45 -0500] "GET /wp-admin/maint/about.php HTTP/2.0" 444 0 "-" "Mozilla/5.0 (Windows NT 10.0; Win64; x64) AppleWebKit/537.36 (KHTML, like Gecko) Chrome/120.0.0.0 Safari/537.36"
20.12.204.106 - - [04/May/2026:18:54:45 -0500] "GET /wp-content/plugins/index.php HTTP/2.0" 444 0 "-" "Mozilla/5.0 (Windows NT 10.0; Win64; x64) AppleWebKit/537.36 (KHTML, like Gecko) Chrome/120.0.0.0 Safari/537.36"
20.12.204.106 - - [04/May/2026:18:54:45 -0500] "GET /wp-good.php HTTP/2.0" 444 0 "-" "Mozilla/5.0 (Windows NT 10.0; Win64; x64) AppleWebKit/537.36 (KHTML, like Gecko) Chrome/120.0.0.0 Safari/537.36"
20.12.204.106 - - [04/May/2026:18:54:46 -0500] "GET /.info.php HTTP/2.0" 444 0 "-" "Mozilla/5.0 (Windows NT 10.0; Win64; x64) AppleWebKit/537.36 (KHTML, like Gecko) Chrome/120.0.0.0 Safari/537.36"
20.12.204.106 - - [04/May/2026:18:54:46 -0500] "GET /config.php HTTP/2.0" 444 0 "-" "Mozilla/5.0 (Windows NT 10.0; Win64; x64) AppleWebKit/537.36 (KHTML, like Gecko) Chrome/120.0.0.0 Safari/537.36"
20.12.204.106 - - [04/May/2026:18:54:46 -0500] "GET /item.php HTTP/2.0" 444 0 "-" "Mozilla/5.0 (Windows NT 10.0; Win64; x64) AppleWebKit/537.36 (KHTML, like Gecko) Chrome/120.0.0.0 Safari/537.36"
20.12.204.106 - - [04/May/2026:18:54:46 -0500] "GET /m.php HTTP/2.0" 444 0 "-" "Mozilla/5.0 (Windows NT 10.0; Win64; x64) AppleWebKit/537.36 (KHTML, like Gecko) Chrome/120.0.0.0 Safari/537.36"
20.12.204.106 - - [04/May/2026:18:54:46 -0500] "GET /rh.php HTTP/2.0" 444 0 "-" "Mozilla/5.0 (Windows NT 10.0; Win64; x64) AppleWebKit/537.36 (KHTML, like Gecko) Chrome/120.0.0.0 Safari/537.36"
57.128.189.19 - - [04/May/2026:18:56:14 -0500] "GET /?nocache=1777938961 HTTP/2.0" 301 0 "-" "BigScootsMonitor Mozilla/5.0 (Windows NT 10.0; Win64; x64) AppleWebKit/537.36 (KHTML, like Gecko) Chrome/74.0.3729.169 Safari/537.36"
2607:5300:205:200::273 - - [04/May/2026:18:56:14 -0500] "GET /?nocache=1777938961 HTTP/2.0" 301 0 "-" "BigScootsMonitor Mozilla/5.0 (Windows NT 10.0; Win64; x64) AppleWebKit/537.36 (KHTML, like Gecko) Chrome/74.0.3729.169 Safari/537.36"
57.128.189.19 - - [04/May/2026:18:56:15 -0500] "GET /?nocache=1777938961 HTTP/2.0" 200 18601 "-" "BigScootsMonitor Mozilla/5.0 (Windows NT 10.0; Win64; x64) AppleWebKit/537.36 (KHTML, like Gecko) Chrome/74.0.3729.169 Safari/537.36"
2607:5300:205:200::273 - - [04/May/2026:18:56:15 -0500] "GET /?nocache=1777938961 HTTP/2.0" 200 18601 "-" "BigScootsMonitor Mozilla/5.0 (Windows NT 10.0; Win64; x64) AppleWebKit/537.36 (KHTML, like Gecko) Chrome/74.0.3729.169 Safari/537.36"
154.18.244.252 - - [04/May/2026:18:57:26 -0500] "POST /wp-cron.php?doing_wp_cron=1777939046.6125171184539794921875 HTTP/2.0" 200 1 "https://www.phronsiesgarden.com/wp-cron.php?doing_wp_cron=1777939046.6125171184539794921875" "WordPress/5.7.15; https://www.phronsiesgarden.com"
152.53.44.20 - - [04/May/2026:18:57:26 -0500] "GET /wp-login.php HTTP/2.0" 200 2161 "-" "Mozilla/5.0 (Windows NT 6.2; Win64; x64) AppleWebKit/537.36 (KHTML, like Gecko) Chrome/58.0.3029.110 Safari/537.36 Edge/16.16299"
152.53.44.20 - - [04/May/2026:18:57:26 -0500] "POST /wp-login.php HTTP/2.0" 200 2227 "https://www.phronsiesgarden.com/wp-login.php" "Mozilla/5.0 (Windows NT 6.2; Win64; x64) AppleWebKit/537.36 (KHTML, like Gecko) Chrome/58.0.3029.110 Safari/537.36 Edge/16.16299"
57.128.189.19 - - [04/May/2026:18:58:14 -0500] "GET /?nocache=1777939021 HTTP/2.0" 301 0 "-" "BigScootsMonitor Mozilla/5.0 (Windows NT 10.0; Win64; x64) AppleWebKit/537.36 (KHTML, like Gecko) Chrome/74.0.3729.169 Safari/537.36"
2607:5300:205:200::273 - - [04/May/2026:18:58:14 -0500] "GET /?nocache=1777939081 HTTP/2.0" 301 0 "-" "BigScootsMonitor Mozilla/5.0 (Windows NT 10.0; Win64; x64) AppleWebKit/537.36 (KHTML, like Gecko) Chrome/74.0.3729.169 Safari/537.36"
2607:5300:205:200::273 - - [04/May/2026:18:58:14 -0500] "GET /?nocache=1777939081 HTTP/2.0" 200 18601 "-" "BigScootsMonitor Mozilla/5.0 (Windows NT 10.0; Win64; x64) AppleWebKit/537.36 (KHTML, like Gecko) Chrome/74.0.3729.169 Safari/537.36"
57.128.189.19 - - [04/May/2026:18:58:14 -0500] "GET /?nocache=1777939021 HTTP/2.0" 200 18601 "-" "BigScootsMonitor Mozilla/5.0 (Windows NT 10.0; Win64; x64) AppleWebKit/537.36 (KHTML, like Gecko) Chrome/74.0.3729.169 Safari/537.36"
139.180.227.227 - - [04/May/2026:18:59:22 -0500] "GET /kwanzan-cherry-tree/ HTTP/2.0" 200 19510 "https://www.phronsiesgarden.com/" "Mozilla/5.0 (X11; Linux x86_64) AppleWebKit/537.36 (KHTML, like Gecko) Chrome/125.0.0.0 Safari/537.36"
139.180.227.227 - - [04/May/2026:18:59:23 -0500] "GET /wp-content/plugins/kadence-blocks/dist/blocks/infobox.style.build.css?ver=2.0.7 HTTP/2.0" 200 1183 "https://www.phronsiesgarden.com/kwanzan-cherry-tree/" "Mozilla/5.0 (Windows NT 10.0; Win64; x64) AppleWebKit/537.36 (KHTML, like Gecko) Chrome/145.0.0.0 Safari/537.36"
139.180.227.227 - - [04/May/2026:18:59:24 -0500] "GET /wp-content/plugins/kadence-blocks/dist/blocks/row.style.build.css?ver=2.0.7 HTTP/2.0" 200 3305 "https://www.phronsiesgarden.com/kwanzan-cherry-tree/" "Mozilla/5.0 (Windows NT 10.0; Win64; x64) AppleWebKit/537.36 (KHTML, like Gecko) Chrome/145.0.0.0 Safari/537.36"
139.180.227.227 - - [04/May/2026:18:59:25 -0500] "GET /wp-includes/css/dist/block-library/style.min.css?ver=5.7.15 HTTP/2.0" 200 8146 "https://www.phronsiesgarden.com/kwanzan-cherry-tree/" "Mozilla/5.0 (Windows NT 10.0; Win64; x64) AppleWebKit/537.36 (KHTML, like Gecko) Chrome/145.0.0.0 Safari/537.36"
139.180.227.227 - - [04/May/2026:18:59:28 -0500] "GET /wp-content/themes/kadence/assets/css/global.min.css?ver=1.0.17 HTTP/2.0" 200 3929 "https://www.phronsiesgarden.com/kwanzan-cherry-tree/" "Mozilla/5.0 (Windows NT 10.0; Win64; x64) AppleWebKit/537.36 (KHTML, like Gecko) Chrome/145.0.0.0 Safari/537.36"
139.180.227.227 - - [04/May/2026:18:59:29 -0500] "GET /wp-content/themes/kadence/assets/css/header.min.css?ver=1.0.17 HTTP/2.0" 200 3690 "https://www.phronsiesgarden.com/kwanzan-cherry-tree/" "Mozilla/5.0 (Windows NT 10.0; Win64; x64) AppleWebKit/537.36 (KHTML, like Gecko) Chrome/145.0.0.0 Safari/537.36"
139.180.227.227 - - [04/May/2026:18:59:30 -0500] "GET /wp-content/themes/kadence/assets/css/content.min.css?ver=1.0.17 HTTP/2.0" 200 5172 "https://www.phronsiesgarden.com/kwanzan-cherry-tree/" "Mozilla/5.0 (Windows NT 10.0; Win64; x64) AppleWebKit/537.36 (KHTML, like Gecko) Chrome/145.0.0.0 Safari/537.36"
139.180.227.227 - - [04/May/2026:18:59:31 -0500] "GET /wp-content/themes/kadence/assets/css/comments.min.css?ver=1.0.17 HTTP/2.0" 200 1170 "https://www.phronsiesgarden.com/kwanzan-cherry-tree/" "Mozilla/5.0 (Windows NT 10.0; Win64; x64) AppleWebKit/537.36 (KHTML, like Gecko) Chrome/145.0.0.0 Safari/537.36"
139.180.227.227 - - [04/May/2026:18:59:32 -0500] "GET /wp-content/themes/kadence/assets/css/sidebar.min.css?ver=1.0.17 HTTP/2.0" 200 749 "https://www.phronsiesgarden.com/kwanzan-cherry-tree/" "Mozilla/5.0 (Windows NT 10.0; Win64; x64) AppleWebKit/537.36 (KHTML, like Gecko) Chrome/145.0.0.0 Safari/537.36"
139.180.227.227 - - [04/May/2026:18:59:33 -0500] "GET /wp-content/themes/kadence/assets/css/footer.min.css?ver=1.0.17 HTTP/2.0" 200 1580 "https://www.phronsiesgarden.com/kwanzan-cherry-tree/" "Mozilla/5.0 (Windows NT 10.0; Win64; x64) AppleWebKit/537.36 (KHTML, like Gecko) Chrome/145.0.0.0 Safari/537.36"
139.180.227.227 - - [04/May/2026:18:59:34 -0500] "GET /wp-content/plugins/kadence-pro/dist/mega-menu/menu-addon.css?ver=0.9.14 HTTP/2.0" 200 864 "https://www.phronsiesgarden.com/kwanzan-cherry-tree/" "Mozilla/5.0 (Windows NT 10.0; Win64; x64) AppleWebKit/537.36 (KHTML, like Gecko) Chrome/145.0.0.0 Safari/537.36"
139.180.227.227 - - [04/May/2026:18:59:35 -0500] "GET /wp-content/themes/restored316-sage/style.css?ver=1_0_0 HTTP/2.0" 200 1126 "https://www.phronsiesgarden.com/kwanzan-cherry-tree/" "Mozilla/5.0 (Windows NT 10.0; Win64; x64) AppleWebKit/537.36 (KHTML, like Gecko) Chrome/145.0.0.0 Safari/537.36"
139.180.227.227 - - [04/May/2026:18:59:36 -0500] "GET /wp-content/plugins/kadence-blocks-pro/dist/blocks/postgrid.style.build.css?ver=1.4.33 HTTP/2.0" 200 2343 "https://www.phronsiesgarden.com/kwanzan-cherry-tree/" "Mozilla/5.0 (Windows NT 10.0; Win64; x64) AppleWebKit/537.36 (KHTML, like Gecko) Chrome/145.0.0.0 Safari/537.36"
139.180.227.227 - - [04/May/2026:18:59:38 -0500] "POST /wp-comments-post.php HTTP/2.0" 302 0 "https://www.phronsiesgarden.com/kwanzan-cherry-tree/" "Mozilla/5.0 (X11; Linux x86_64) AppleWebKit/537.36 (KHTML, like Gecko) Chrome/125.0.0.0 Safari/537.36"
139.180.227.227 - - [04/May/2026:18:59:39 -0500] "GET /kwanzan-cherry-tree/?unapproved=44509&moderation-hash=c4272e08c46140b646ab5441ec2533cc HTTP/2.0" 200 20064 "https://www.phronsiesgarden.com/wp-comments-post.php" "Mozilla/5.0 (X11; Linux x86_64) AppleWebKit/537.36 (KHTML, like Gecko) Chrome/125.0.0.0 Safari/537.36"
139.180.227.227 - - [04/May/2026:18:59:40 -0500] "GET /kwanzan-cherry-tree/ HTTP/2.0" 200 19511 "-" "Mozilla/5.0 (compatible; Googlebot/2.1; +http://www.google.com/bot.html)"
2a03:2880:f806:1a:: - - [04/May/2026:19:00:13 -0500] "GET /sitemap_index.xml HTTP/2.0" 200 296 "-" "meta-externalagent/1.1 (+https://developers.facebook.com/docs/sharing/webmasters/crawler)"
57.128.189.19 - - [04/May/2026:19:00:13 -0500] "GET /?nocache=1777939141 HTTP/2.0" 301 0 "-" "BigScootsMonitor Mozilla/5.0 (Windows NT 10.0; Win64; x64) AppleWebKit/537.36 (KHTML, like Gecko) Chrome/74.0.3729.169 Safari/537.36"
57.128.189.19 - - [04/May/2026:19:00:14 -0500] "GET /?nocache=1777939141 HTTP/2.0" 200 18601 "-" "BigScootsMonitor Mozilla/5.0 (Windows NT 10.0; Win64; x64) AppleWebKit/537.36 (KHTML, like Gecko) Chrome/74.0.3729.169 Safari/537.36"
2607:5300:205:200::273 - - [04/May/2026:19:00:14 -0500] "GET /?nocache=1777939141 HTTP/2.0" 301 0 "-" "BigScootsMonitor Mozilla/5.0 (Windows NT 10.0; Win64; x64) AppleWebKit/537.36 (KHTML, like Gecko) Chrome/74.0.3729.169 Safari/537.36"
2607:5300:205:200::273 - - [04/May/2026:19:00:15 -0500] "GET /?nocache=1777939141 HTTP/2.0" 200 18601 "-" "BigScootsMonitor Mozilla/5.0 (Windows NT 10.0; Win64; x64) AppleWebKit/537.36 (KHTML, like Gecko) Chrome/74.0.3729.169 Safari/537.36"
139.180.227.227 - - [04/May/2026:19:01:38 -0500] "GET /kwanzan-cherry-tree/ HTTP/2.0" 200 19508 "-" "Mozilla/5.0 (compatible; Googlebot/2.1; +http://www.google.com/bot.html)"
57.128.189.19 - - [04/May/2026:19:02:14 -0500] "GET /?nocache=1777939321 HTTP/2.0" 301 0 "-" "BigScootsMonitor Mozilla/5.0 (Windows NT 10.0; Win64; x64) AppleWebKit/537.36 (KHTML, like Gecko) Chrome/74.0.3729.169 Safari/537.36"
2607:5300:205:200::273 - - [04/May/2026:19:02:14 -0500] "GET /?nocache=1777939321 HTTP/2.0" 301 0 "-" "BigScootsMonitor Mozilla/5.0 (Windows NT 10.0; Win64; x64) AppleWebKit/537.36 (KHTML, like Gecko) Chrome/74.0.3729.169 Safari/537.36"
2607:5300:205:200::273 - - [04/May/2026:19:02:14 -0500] "GET /?nocache=1777939321 HTTP/2.0" 200 18601 "-" "BigScootsMonitor Mozilla/5.0 (Windows NT 10.0; Win64; x64) AppleWebKit/537.36 (KHTML, like Gecko) Chrome/74.0.3729.169 Safari/537.36"
57.128.189.19 - - [04/May/2026:19:02:14 -0500] "GET /?nocache=1777939321 HTTP/2.0" 200 18601 "-" "BigScootsMonitor Mozilla/5.0 (Windows NT 10.0; Win64; x64) AppleWebKit/537.36 (KHTML, like Gecko) Chrome/74.0.3729.169 Safari/537.36"
167.71.226.156 - - [04/May/2026:19:02:33 -0500] "GET /wp-login.php HTTP/2.0" 444 0 "-" "Mozilla/4.0 (compatible; MSIE 7.0; Windows NT 6.2; Win64; x64; Trident/7.0; .NET4.0C; .NET4.0E; .NET CLR 2.0.50727; .NET CLR 3.0.30729; .NET CLR 3.5.30729; Tablet PC 2.0)"
167.71.226.156 - - [04/May/2026:19:02:35 -0500] "POST /wp-login.php HTTP/2.0" 444 0 "https://phronsiesgarden.com/wp-login.php" "Mozilla/4.0 (compatible; MSIE 7.0; Windows NT 6.2; Win64; x64; Trident/7.0; .NET4.0C; .NET4.0E; .NET CLR 2.0.50727; .NET CLR 3.0.30729; .NET CLR 3.5.30729; Tablet PC 2.0)"
217.142.142.174 - - [04/May/2026:19:03:18 -0500] "GET /wp-login.php HTTP/2.0" 200 2157 "-" "Mozilla/5.0 (Windows NT 10.0; WOW64) AppleWebKit/537.36 (KHTML, like Gecko) Chrome/65.0.3325.146 Safari/537.36"
217.142.142.174 - - [04/May/2026:19:03:18 -0500] "POST /wp-login.php HTTP/2.0" 200 2227 "https://www.phronsiesgarden.com/wp-login.php" "Mozilla/5.0 (Windows NT 10.0; WOW64) AppleWebKit/537.36 (KHTML, like Gecko) Chrome/65.0.3325.146 Safari/537.36"
154.18.244.252 - - [04/May/2026:19:04:14 -0500] "POST /wp-cron.php?doing_wp_cron=1777939454.3873779773712158203125 HTTP/2.0" 200 1 "https://www.phronsiesgarden.com/wp-cron.php?doing_wp_cron=1777939454.3873779773712158203125" "WordPress/5.7.15; https://www.phronsiesgarden.com"
57.128.189.19 - - [04/May/2026:19:04:14 -0500] "GET /?nocache=1777939441 HTTP/2.0" 301 0 "-" "BigScootsMonitor Mozilla/5.0 (Windows NT 10.0; Win64; x64) AppleWebKit/537.36 (KHTML, like Gecko) Chrome/74.0.3729.169 Safari/537.36"
2607:5300:205:200::273 - - [04/May/2026:19:04:14 -0500] "GET /?nocache=1777939441 HTTP/2.0" 301 0 "-" "BigScootsMonitor Mozilla/5.0 (Windows NT 10.0; Win64; x64) AppleWebKit/537.36 (KHTML, like Gecko) Chrome/74.0.3729.169 Safari/537.36"
2607:5300:205:200::273 - - [04/May/2026:19:04:14 -0500] "GET /?nocache=1777939441 HTTP/2.0" 200 18601 "-" "BigScootsMonitor Mozilla/5.0 (Windows NT 10.0; Win64; x64) AppleWebKit/537.36 (KHTML, like Gecko) Chrome/74.0.3729.169 Safari/537.36"
57.128.189.19 - - [04/May/2026:19:04:15 -0500] "GET /?nocache=1777939441 HTTP/2.0" 200 18601 "-" "BigScootsMonitor Mozilla/5.0 (Windows NT 10.0; Win64; x64) AppleWebKit/537.36 (KHTML, like Gecko) Chrome/74.0.3729.169 Safari/537.36"
50.6.229.148 - - [04/May/2026:19:05:50 -0500] "GET /wp-login.php HTTP/2.0" 444 0 "-" "Mozilla/5.0 (Windows NT 6.3; Win64; x64) AppleWebKit/537.36 (KHTML, like Gecko) Chrome/67.0.3396.87 Safari/537.36"
50.6.229.148 - - [04/May/2026:19:05:50 -0500] "POST /wp-login.php HTTP/2.0" 444 0 "https://www.phronsiesgarden.com/wp-login.php" "Mozilla/5.0 (Windows NT 6.3; Win64; x64) AppleWebKit/537.36 (KHTML, like Gecko) Chrome/67.0.3396.87 Safari/537.36"
57.128.189.19 - - [04/May/2026:19:06:14 -0500] "GET /?nocache=1777939562 HTTP/2.0" 301 0 "-" "BigScootsMonitor Mozilla/5.0 (Windows NT 10.0; Win64; x64) AppleWebKit/537.36 (KHTML, like Gecko) Chrome/74.0.3729.169 Safari/537.36"
2607:5300:205:200::273 - - [04/May/2026:19:06:14 -0500] "GET /?nocache=1777939562 HTTP/2.0" 301 0 "-" "BigScootsMonitor Mozilla/5.0 (Windows NT 10.0; Win64; x64) AppleWebKit/537.36 (KHTML, like Gecko) Chrome/74.0.3729.169 Safari/537.36"
2607:5300:205:200::273 - - [04/May/2026:19:06:14 -0500] "GET /?nocache=1777939562 HTTP/2.0" 200 18601 "-" "BigScootsMonitor Mozilla/5.0 (Windows NT 10.0; Win64; x64) AppleWebKit/537.36 (KHTML, like Gecko) Chrome/74.0.3729.169 Safari/537.36"
57.128.189.19 - - [04/May/2026:19:06:14 -0500] "GET /?nocache=1777939562 HTTP/2.0" 200 18601 "-" "BigScootsMonitor Mozilla/5.0 (Windows NT 10.0; Win64; x64) AppleWebKit/537.36 (KHTML, like Gecko) Chrome/74.0.3729.169 Safari/537.36"
57.128.189.19 - - [04/May/2026:19:08:13 -0500] "GET /?nocache=1777939681 HTTP/2.0" 301 0 "-" "BigScootsMonitor Mozilla/5.0 (Windows NT 10.0; Win64; x64) AppleWebKit/537.36 (KHTML, like Gecko) Chrome/74.0.3729.169 Safari/537.36"
57.128.189.19 - - [04/May/2026:19:08:14 -0500] "GET /?nocache=1777939681 HTTP/2.0" 200 18601 "-" "BigScootsMonitor Mozilla/5.0 (Windows NT 10.0; Win64; x64) AppleWebKit/537.36 (KHTML, like Gecko) Chrome/74.0.3729.169 Safari/537.36"
2607:5300:205:200::273 - - [04/May/2026:19:08:14 -0500] "GET /?nocache=1777939681 HTTP/2.0" 301 0 "-" "BigScootsMonitor Mozilla/5.0 (Windows NT 10.0; Win64; x64) AppleWebKit/537.36 (KHTML, like Gecko) Chrome/74.0.3729.169 Safari/537.36"
2607:5300:205:200::273 - - [04/May/2026:19:08:15 -0500] "GET /?nocache=1777939681 HTTP/2.0" 200 18601 "-" "BigScootsMonitor Mozilla/5.0 (Windows NT 10.0; Win64; x64) AppleWebKit/537.36 (KHTML, like Gecko) Chrome/74.0.3729.169 Safari/537.36"
121.200.216.56 - - [04/May/2026:19:10:05 -0500] "GET /wp-login.php HTTP/2.0" 200 2222 "-" "Mozilla/5.0 (Windows NT 10.0) AppleWebKit/537.36 (KHTML, like Gecko) Chrome/64.0.3282.140 Safari/537.36 Edge/17.17134"
121.200.216.56 - - [04/May/2026:19:10:05 -0500] "POST /wp-login.php HTTP/2.0" 200 2229 "https://phronsiesgarden.com/wp-login.php" "Mozilla/5.0 (Windows NT 10.0) AppleWebKit/537.36 (KHTML, like Gecko) Chrome/64.0.3282.140 Safari/537.36 Edge/17.17134"
57.128.189.19 - - [04/May/2026:19:10:13 -0500] "GET /?nocache=1777939741 HTTP/2.0" 301 0 "-" "BigScootsMonitor Mozilla/5.0 (Windows NT 10.0; Win64; x64) AppleWebKit/537.36 (KHTML, like Gecko) Chrome/74.0.3729.169 Safari/537.36"
2607:5300:205:200::273 - - [04/May/2026:19:10:14 -0500] "GET /?nocache=1777939741 HTTP/2.0" 301 0 "-" "BigScootsMonitor Mozilla/5.0 (Windows NT 10.0; Win64; x64) AppleWebKit/537.36 (KHTML, like Gecko) Chrome/74.0.3729.169 Safari/537.36"
57.128.189.19 - - [04/May/2026:19:10:14 -0500] "GET /?nocache=1777939741 HTTP/2.0" 200 18601 "-" "BigScootsMonitor Mozilla/5.0 (Windows NT 10.0; Win64; x64) AppleWebKit/537.36 (KHTML, like Gecko) Chrome/74.0.3729.169 Safari/537.36"
2607:5300:205:200::273 - - [04/May/2026:19:10:14 -0500] "GET /?nocache=1777939741 HTTP/2.0" 200 18601 "-" "BigScootsMonitor Mozilla/5.0 (Windows NT 10.0; Win64; x64) AppleWebKit/537.36 (KHTML, like Gecko) Chrome/74.0.3729.169 Safari/537.36"
52.232.35.131 - - [04/May/2026:19:11:53 -0500] "GET /wp-login.php HTTP/2.0" 200 2157 "-" "Mozilla/5.0 (Windows NT 6.1; WOW64) AppleWebKit/537.36 (KHTML, like Gecko) Chrome/65.0.3325.181 Safari/537.36"
52.232.35.131 - - [04/May/2026:19:11:53 -0500] "POST /wp-login.php HTTP/2.0" 200 2227 "https://phronsiesgarden.com/wp-login.php" "Mozilla/5.0 (Windows NT 6.1; WOW64) AppleWebKit/537.36 (KHTML, like Gecko) Chrome/65.0.3325.181 Safari/537.36"
57.128.189.19 - - [04/May/2026:19:12:13 -0500] "GET /?nocache=1777939861 HTTP/2.0" 301 0 "-" "BigScootsMonitor Mozilla/5.0 (Windows NT 10.0; Win64; x64) AppleWebKit/537.36 (KHTML, like Gecko) Chrome/74.0.3729.169 Safari/537.36"
2607:5300:205:200::273 - - [04/May/2026:19:12:14 -0500] "GET /?nocache=1777939861 HTTP/2.0" 301 0 "-" "BigScootsMonitor Mozilla/5.0 (Windows NT 10.0; Win64; x64) AppleWebKit/537.36 (KHTML, like Gecko) Chrome/74.0.3729.169 Safari/537.36"
57.128.189.19 - - [04/May/2026:19:12:14 -0500] "GET /?nocache=1777939861 HTTP/2.0" 200 18601 "-" "BigScootsMonitor Mozilla/5.0 (Windows NT 10.0; Win64; x64) AppleWebKit/537.36 (KHTML, like Gecko) Chrome/74.0.3729.169 Safari/537.36"
2607:5300:205:200::273 - - [04/May/2026:19:12:15 -0500] "GET /?nocache=1777939861 HTTP/2.0" 200 18601 "-" "BigScootsMonitor Mozilla/5.0 (Windows NT 10.0; Win64; x64) AppleWebKit/537.36 (KHTML, like Gecko) Chrome/74.0.3729.169 Safari/537.36"
111.109.37.114 - - [04/May/2026:19:12:47 -0500] "GET /wp-login.php HTTP/2.0" 200 2157 "-" "Mozilla/5.0 (Windows NT 10.0; Win64; x64) AppleWebKit/537.36 (KHTML, like Gecko) Chrome/63.0.3239.132 Safari/537.36 OPR/50.0.2762.58"
111.109.37.114 - - [04/May/2026:19:12:48 -0500] "POST /wp-login.php HTTP/2.0" 200 2227 "https://www.phronsiesgarden.com/wp-login.php" "Mozilla/5.0 (Windows NT 10.0; Win64; x64) AppleWebKit/537.36 (KHTML, like Gecko) Chrome/63.0.3239.132 Safari/537.36 OPR/50.0.2762.58"
113.172.226.173 - - [04/May/2026:19:12:54 -0500] "GET /feed/ HTTP/2.0" 200 24784 "-" "Mozilla/5.0 (iPod; U; CPU iPhone OS 4_3 like Mac OS X; ts-ZA) AppleWebKit/533.50.3 (KHTML, like Gecko) Version/4.0.5 Mobile/8B116 Safari/6533.50.3"
57.128.189.19 - - [04/May/2026:19:14:13 -0500] "GET /?nocache=1777939981 HTTP/2.0" 301 0 "-" "BigScootsMonitor Mozilla/5.0 (Windows NT 10.0; Win64; x64) AppleWebKit/537.36 (KHTML, like Gecko) Chrome/74.0.3729.169 Safari/537.36"
2607:5300:205:200::273 - - [04/May/2026:19:14:14 -0500] "GET /?nocache=1777939981 HTTP/2.0" 301 0 "-" "BigScootsMonitor Mozilla/5.0 (Windows NT 10.0; Win64; x64) AppleWebKit/537.36 (KHTML, like Gecko) Chrome/74.0.3729.169 Safari/537.36"
57.128.189.19 - - [04/May/2026:19:14:14 -0500] "GET /?nocache=1777939981 HTTP/2.0" 200 18601 "-" "BigScootsMonitor Mozilla/5.0 (Windows NT 10.0; Win64; x64) AppleWebKit/537.36 (KHTML, like Gecko) Chrome/74.0.3729.169 Safari/537.36"
2607:5300:205:200::273 - - [04/May/2026:19:14:14 -0500] "GET /?nocache=1777939981 HTTP/2.0" 200 18601 "-" "BigScootsMonitor Mozilla/5.0 (Windows NT 10.0; Win64; x64) AppleWebKit/537.36 (KHTML, like Gecko) Chrome/74.0.3729.169 Safari/537.36"
162.240.108.214 - - [04/May/2026:19:15:20 -0500] "GET /wp-login.php HTTP/2.0" 200 2157 "-" "Mozilla/5.0 (Windows NT 6.3; WOW64; Trident/7.0; MASEJS; rv:11.0) like Gecko"
162.240.108.214 - - [04/May/2026:19:15:21 -0500] "POST /wp-login.php HTTP/2.0" 200 2227 "https://www.phronsiesgarden.com/wp-login.php" "Mozilla/5.0 (Windows NT 6.3; WOW64; Trident/7.0; MASEJS; rv:11.0) like Gecko"
57.128.189.19 - - [04/May/2026:19:16:14 -0500] "GET /?nocache=1777940101 HTTP/2.0" 301 0 "-" "BigScootsMonitor Mozilla/5.0 (Windows NT 10.0; Win64; x64) AppleWebKit/537.36 (KHTML, like Gecko) Chrome/74.0.3729.169 Safari/537.36"
2607:5300:205:200::273 - - [04/May/2026:19:16:14 -0500] "GET /?nocache=1777940101 HTTP/2.0" 301 0 "-" "BigScootsMonitor Mozilla/5.0 (Windows NT 10.0; Win64; x64) AppleWebKit/537.36 (KHTML, like Gecko) Chrome/74.0.3729.169 Safari/537.36"
57.128.189.19 - - [04/May/2026:19:16:14 -0500] "GET /?nocache=1777940101 HTTP/2.0" 200 18601 "-" "BigScootsMonitor Mozilla/5.0 (Windows NT 10.0; Win64; x64) AppleWebKit/537.36 (KHTML, like Gecko) Chrome/74.0.3729.169 Safari/537.36"
2607:5300:205:200::273 - - [04/May/2026:19:16:15 -0500] "GET /?nocache=1777940101 HTTP/2.0" 200 18601 "-" "BigScootsMonitor Mozilla/5.0 (Windows NT 10.0; Win64; x64) AppleWebKit/537.36 (KHTML, like Gecko) Chrome/74.0.3729.169 Safari/537.36"
57.128.189.19 - - [04/May/2026:19:18:14 -0500] "GET /?nocache=1777940281 HTTP/2.0" 301 0 "-" "BigScootsMonitor Mozilla/5.0 (Windows NT 10.0; Win64; x64) AppleWebKit/537.36 (KHTML, like Gecko) Chrome/74.0.3729.169 Safari/537.36"
2607:5300:205:200::273 - - [04/May/2026:19:18:14 -0500] "GET /?nocache=1777940281 HTTP/2.0" 301 0 "-" "BigScootsMonitor Mozilla/5.0 (Windows NT 10.0; Win64; x64) AppleWebKit/537.36 (KHTML, like Gecko) Chrome/74.0.3729.169 Safari/537.36"
2607:5300:205:200::273 - - [04/May/2026:19:18:14 -0500] "GET /?nocache=1777940281 HTTP/2.0" 200 18601 "-" "BigScootsMonitor Mozilla/5.0 (Windows NT 10.0; Win64; x64) AppleWebKit/537.36 (KHTML, like Gecko) Chrome/74.0.3729.169 Safari/537.36"
57.128.189.19 - - [04/May/2026:19:18:14 -0500] "GET /?nocache=1777940281 HTTP/2.0" 200 18601 "-" "BigScootsMonitor Mozilla/5.0 (Windows NT 10.0; Win64; x64) AppleWebKit/537.36 (KHTML, like Gecko) Chrome/74.0.3729.169 Safari/537.36"
92.205.109.21 - - [04/May/2026:19:19:17 -0500] "GET /wp-login.php HTTP/2.0" 200 2222 "-" "Mozilla/5.0 (Windows NT 5.1; Win64; x64) AppleWebKit/537.36 (KHTML, like Gecko) Chrome/52.0.2743.116 Safari/537.36 Edge/15.15063"
92.205.109.21 - - [04/May/2026:19:19:17 -0500] "POST /wp-login.php HTTP/2.0" 200 2228 "https://phronsiesgarden.com/wp-login.php" "Mozilla/5.0 (Windows NT 5.1; Win64; x64) AppleWebKit/537.36 (KHTML, like Gecko) Chrome/52.0.2743.116 Safari/537.36 Edge/15.15063"
57.128.189.19 - - [04/May/2026:19:20:13 -0500] "GET /?nocache=1777940401 HTTP/2.0" 301 0 "-" "BigScootsMonitor Mozilla/5.0 (Windows NT 10.0; Win64; x64) AppleWebKit/537.36 (KHTML, like Gecko) Chrome/74.0.3729.169 Safari/537.36"
57.128.189.19 - - [04/May/2026:19:20:14 -0500] "GET /?nocache=1777940401 HTTP/2.0" 200 18601 "-" "BigScootsMonitor Mozilla/5.0 (Windows NT 10.0; Win64; x64) AppleWebKit/537.36 (KHTML, like Gecko) Chrome/74.0.3729.169 Safari/537.36"
2607:5300:205:200::273 - - [04/May/2026:19:20:14 -0500] "GET /?nocache=1777940401 HTTP/2.0" 301 0 "-" "BigScootsMonitor Mozilla/5.0 (Windows NT 10.0; Win64; x64) AppleWebKit/537.36 (KHTML, like Gecko) Chrome/74.0.3729.169 Safari/537.36"
2607:5300:205:200::273 - - [04/May/2026:19:20:15 -0500] "GET /?nocache=1777940401 HTTP/2.0" 200 18601 "-" "BigScootsMonitor Mozilla/5.0 (Windows NT 10.0; Win64; x64) AppleWebKit/537.36 (KHTML, like Gecko) Chrome/74.0.3729.169 Safari/537.36"
192.176.172.166 - - [04/May/2026:19:20:51 -0500] "GET /wp-login.php HTTP/2.0" 444 0 "-" "Mozilla/5.0 (Windows NT 6.1; WOW64; Trident/7.0; MANM; MANM; rv:11.0) like Gecko"
192.176.172.166 - - [04/May/2026:19:20:52 -0500] "POST /wp-login.php HTTP/2.0" 444 0 "https://phronsiesgarden.com/wp-login.php" "Mozilla/5.0 (Windows NT 6.1; WOW64; Trident/7.0; MANM; MANM; rv:11.0) like Gecko"
52.232.35.131 - - [04/May/2026:19:21:46 -0500] "GET /wp-login.php HTTP/2.0" 200 2222 "-" "Mozilla/5.0 (Windows NT 6.3) AppleWebKit/537.36 (KHTML, like Gecko) Chrome/65.0.3325.181 Safari/537.36"
52.232.35.131 - - [04/May/2026:19:21:46 -0500] "POST /wp-login.php HTTP/2.0" 200 2228 "https://www.phronsiesgarden.com/wp-login.php" "Mozilla/5.0 (Windows NT 6.3) AppleWebKit/537.36 (KHTML, like Gecko) Chrome/65.0.3325.181 Safari/537.36"
57.128.189.19 - - [04/May/2026:19:22:13 -0500] "GET /?nocache=1777940521 HTTP/2.0" 301 0 "-" "BigScootsMonitor Mozilla/5.0 (Windows NT 10.0; Win64; x64) AppleWebKit/537.36 (KHTML, like Gecko) Chrome/74.0.3729.169 Safari/537.36"
57.128.189.19 - - [04/May/2026:19:22:14 -0500] "GET /?nocache=1777940521 HTTP/2.0" 200 18601 "-" "BigScootsMonitor Mozilla/5.0 (Windows NT 10.0; Win64; x64) AppleWebKit/537.36 (KHTML, like Gecko) Chrome/74.0.3729.169 Safari/537.36"
2607:5300:205:200::273 - - [04/May/2026:19:22:14 -0500] "GET /?nocache=1777940521 HTTP/2.0" 301 0 "-" "BigScootsMonitor Mozilla/5.0 (Windows NT 10.0; Win64; x64) AppleWebKit/537.36 (KHTML, like Gecko) Chrome/74.0.3729.169 Safari/537.36"
2607:5300:205:200::273 - - [04/May/2026:19:22:14 -0500] "GET /?nocache=1777940521 HTTP/2.0" 200 18601 "-" "BigScootsMonitor Mozilla/5.0 (Windows NT 10.0; Win64; x64) AppleWebKit/537.36 (KHTML, like Gecko) Chrome/74.0.3729.169 Safari/537.36"
208.109.188.137 - - [04/May/2026:19:22:32 -0500] "GET /wp-login.php HTTP/2.0" 444 0 "-" "Mozilla/5.0 (Windows NT 6.2; ARM; Trident/7.0; Touch; rv:11.0; WPDesktop; NOKIA; Lumia 530) like Gecko"
208.109.188.137 - - [04/May/2026:19:22:32 -0500] "POST /wp-login.php HTTP/2.0" 444 0 "https://phronsiesgarden.com/wp-login.php" "Mozilla/5.0 (Windows NT 6.2; ARM; Trident/7.0; Touch; rv:11.0; WPDesktop; NOKIA; Lumia 530) like Gecko"
57.128.189.19 - - [04/May/2026:19:24:14 -0500] "GET /?nocache=1777940641 HTTP/2.0" 301 0 "-" "BigScootsMonitor Mozilla/5.0 (Windows NT 10.0; Win64; x64) AppleWebKit/537.36 (KHTML, like Gecko) Chrome/74.0.3729.169 Safari/537.36"
2607:5300:205:200::273 - - [04/May/2026:19:24:14 -0500] "GET /?nocache=1777940641 HTTP/2.0" 301 0 "-" "BigScootsMonitor Mozilla/5.0 (Windows NT 10.0; Win64; x64) AppleWebKit/537.36 (KHTML, like Gecko) Chrome/74.0.3729.169 Safari/537.36"
57.128.189.19 - - [04/May/2026:19:24:15 -0500] "GET /?nocache=1777940641 HTTP/2.0" 200 18601 "-" "BigScootsMonitor Mozilla/5.0 (Windows NT 10.0; Win64; x64) AppleWebKit/537.36 (KHTML, like Gecko) Chrome/74.0.3729.169 Safari/537.36"
2607:5300:205:200::273 - - [04/May/2026:19:24:15 -0500] "GET /?nocache=1777940641 HTTP/2.0" 200 18601 "-" "BigScootsMonitor Mozilla/5.0 (Windows NT 10.0; Win64; x64) AppleWebKit/537.36 (KHTML, like Gecko) Chrome/74.0.3729.169 Safari/537.36"
57.128.189.19 - - [04/May/2026:19:26:14 -0500] "GET /?nocache=1777940761 HTTP/2.0" 301 0 "-" "BigScootsMonitor Mozilla/5.0 (Windows NT 10.0; Win64; x64) AppleWebKit/537.36 (KHTML, like Gecko) Chrome/74.0.3729.169 Safari/537.36"
2607:5300:205:200::273 - - [04/May/2026:19:26:14 -0500] "GET /?nocache=1777940761 HTTP/2.0" 301 0 "-" "BigScootsMonitor Mozilla/5.0 (Windows NT 10.0; Win64; x64) AppleWebKit/537.36 (KHTML, like Gecko) Chrome/74.0.3729.169 Safari/537.36"
57.128.189.19 - - [04/May/2026:19:26:14 -0500] "GET /?nocache=1777940761 HTTP/2.0" 200 18601 "-" "BigScootsMonitor Mozilla/5.0 (Windows NT 10.0; Win64; x64) AppleWebKit/537.36 (KHTML, like Gecko) Chrome/74.0.3729.169 Safari/537.36"
2607:5300:205:200::273 - - [04/May/2026:19:26:14 -0500] "GET /?nocache=1777940761 HTTP/2.0" 200 18601 "-" "BigScootsMonitor Mozilla/5.0 (Windows NT 10.0; Win64; x64) AppleWebKit/537.36 (KHTML, like Gecko) Chrome/74.0.3729.169 Safari/537.36"
57.128.189.19 - - [04/May/2026:19:28:13 -0500] "GET /?nocache=1777940821 HTTP/2.0" 301 0 "-" "BigScootsMonitor Mozilla/5.0 (Windows NT 10.0; Win64; x64) AppleWebKit/537.36 (KHTML, like Gecko) Chrome/74.0.3729.169 Safari/537.36"
2607:5300:205:200::273 - - [04/May/2026:19:28:14 -0500] "GET /?nocache=1777940821 HTTP/2.0" 301 0 "-" "BigScootsMonitor Mozilla/5.0 (Windows NT 10.0; Win64; x64) AppleWebKit/537.36 (KHTML, like Gecko) Chrome/74.0.3729.169 Safari/537.36"
57.128.189.19 - - [04/May/2026:19:28:14 -0500] "GET /?nocache=1777940821 HTTP/2.0" 200 18601 "-" "BigScootsMonitor Mozilla/5.0 (Windows NT 10.0; Win64; x64) AppleWebKit/537.36 (KHTML, like Gecko) Chrome/74.0.3729.169 Safari/537.36"
2607:5300:205:200::273 - - [04/May/2026:19:28:14 -0500] "GET /?nocache=1777940821 HTTP/2.0" 200 18601 "-" "BigScootsMonitor Mozilla/5.0 (Windows NT 10.0; Win64; x64) AppleWebKit/537.36 (KHTML, like Gecko) Chrome/74.0.3729.169 Safari/537.36"
123.30.233.13 - - [04/May/2026:19:28:28 -0500] "GET /wp-login.php HTTP/2.0" 444 0 "-" "Mozilla/5.0 (X11; Linux x86_64) AppleWebKit/537.36 (KHTML, like Gecko) Chrome/65.0.3325.109 Safari/537.36"
123.30.233.13 - - [04/May/2026:19:28:29 -0500] "POST /wp-login.php HTTP/2.0" 444 0 "https://phronsiesgarden.com/wp-login.php" "Mozilla/5.0 (X11; Linux x86_64) AppleWebKit/537.36 (KHTML, like Gecko) Chrome/65.0.3325.109 Safari/537.36"
159.100.13.237 - - [04/May/2026:19:29:53 -0500] "GET /wp-login.php HTTP/2.0" 444 0 "-" "Mozilla/5.0 (Windows NT 10.0; Win64; x64; rv:62.0) Gecko/20100101 Firefox/62.0"
159.100.13.237 - - [04/May/2026:19:29:54 -0500] "POST /wp-login.php HTTP/2.0" 444 0 "https://phronsiesgarden.com/wp-login.php" "Mozilla/5.0 (Windows NT 10.0; Win64; x64; rv:62.0) Gecko/20100101 Firefox/62.0"
57.128.189.19 - - [04/May/2026:19:30:14 -0500] "GET /?nocache=1777940941 HTTP/2.0" 301 0 "-" "BigScootsMonitor Mozilla/5.0 (Windows NT 10.0; Win64; x64) AppleWebKit/537.36 (KHTML, like Gecko) Chrome/74.0.3729.169 Safari/537.36"
2607:5300:205:200::273 - - [04/May/2026:19:30:14 -0500] "GET /?nocache=1777940941 HTTP/2.0" 301 0 "-" "BigScootsMonitor Mozilla/5.0 (Windows NT 10.0; Win64; x64) AppleWebKit/537.36 (KHTML, like Gecko) Chrome/74.0.3729.169 Safari/537.36"
2607:5300:205:200::273 - - [04/May/2026:19:30:14 -0500] "GET /?nocache=1777940941 HTTP/2.0" 200 18601 "-" "BigScootsMonitor Mozilla/5.0 (Windows NT 10.0; Win64; x64) AppleWebKit/537.36 (KHTML, like Gecko) Chrome/74.0.3729.169 Safari/537.36"
57.128.189.19 - - [04/May/2026:19:30:15 -0500] "GET /?nocache=1777940941 HTTP/2.0" 200 18601 "-" "BigScootsMonitor Mozilla/5.0 (Windows NT 10.0; Win64; x64) AppleWebKit/537.36 (KHTML, like Gecko) Chrome/74.0.3729.169 Safari/537.36"
38.95.35.85 - - [04/May/2026:19:31:20 -0500] "GET /wp-login.php HTTP/2.0" 200 2222 "-" "Mozilla/5.0 (Macintosh; Intel Mac OS X 10_13_3) AppleWebKit/537.36 (KHTML, like Gecko) Chrome/66.0.3359.117 Safari/537.36"
38.95.35.85 - - [04/May/2026:19:31:20 -0500] "POST /wp-login.php HTTP/2.0" 200 2228 "https://www.phronsiesgarden.com/wp-login.php" "Mozilla/5.0 (Macintosh; Intel Mac OS X 10_13_3) AppleWebKit/537.36 (KHTML, like Gecko) Chrome/66.0.3359.117 Safari/537.36"
162.240.102.228 - - [04/May/2026:19:31:35 -0500] "GET /wp-login.php HTTP/2.0" 200 2157 "-" "Mozilla/4.0 (compatible; MSIE 7.0; Windows NT 6.1; WOW64; Trident/7.0; SLCC2; .NET CLR 2.0.50727; .NET CLR 3.5.30729; .NET CLR 3.0.30729; .NET CLR 1.1.4322; .NET4.0C; .NET4.0E)"
162.240.102.228 - - [04/May/2026:19:31:35 -0500] "POST /wp-login.php HTTP/2.0" 200 2227 "https://phronsiesgarden.com/wp-login.php" "Mozilla/4.0 (compatible; MSIE 7.0; Windows NT 6.1; WOW64; Trident/7.0; SLCC2; .NET CLR 2.0.50727; .NET CLR 3.5.30729; .NET CLR 3.0.30729; .NET CLR 1.1.4322; .NET4.0C; .NET4.0E)"
57.128.189.19 - - [04/May/2026:19:32:14 -0500] "GET /?nocache=1777941121 HTTP/2.0" 301 0 "-" "BigScootsMonitor Mozilla/5.0 (Windows NT 10.0; Win64; x64) AppleWebKit/537.36 (KHTML, like Gecko) Chrome/74.0.3729.169 Safari/537.36"
57.128.189.19 - - [04/May/2026:19:32:14 -0500] "GET /?nocache=1777941121 HTTP/2.0" 200 18601 "-" "BigScootsMonitor Mozilla/5.0 (Windows NT 10.0; Win64; x64) AppleWebKit/537.36 (KHTML, like Gecko) Chrome/74.0.3729.169 Safari/537.36"
2607:5300:205:200::273 - - [04/May/2026:19:32:14 -0500] "GET /?nocache=1777941121 HTTP/2.0" 301 0 "-" "BigScootsMonitor Mozilla/5.0 (Windows NT 10.0; Win64; x64) AppleWebKit/537.36 (KHTML, like Gecko) Chrome/74.0.3729.169 Safari/537.36"
2607:5300:205:200::273 - - [04/May/2026:19:32:15 -0500] "GET /?nocache=1777941121 HTTP/2.0" 200 18601 "-" "BigScootsMonitor Mozilla/5.0 (Windows NT 10.0; Win64; x64) AppleWebKit/537.36 (KHTML, like Gecko) Chrome/74.0.3729.169 Safari/537.36"
103.218.122.61 - - [04/May/2026:19:34:01 -0500] "GET /wp-login.php HTTP/2.0" 200 2157 "-" "Mozilla/5.0 (Windows NT 10.0; WOW64) AppleWebKit/537.36 (KHTML, like Gecko) Chrome/66.0.3359.181 Safari/537.36"
103.218.122.61 - - [04/May/2026:19:34:03 -0500] "POST /wp-login.php HTTP/2.0" 200 2227 "https://www.phronsiesgarden.com/wp-login.php" "Mozilla/5.0 (Windows NT 10.0; WOW64) AppleWebKit/537.36 (KHTML, like Gecko) Chrome/66.0.3359.181 Safari/537.36"
57.128.189.19 - - [04/May/2026:19:34:14 -0500] "GET /?nocache=1777941241 HTTP/2.0" 301 0 "-" "BigScootsMonitor Mozilla/5.0 (Windows NT 10.0; Win64; x64) AppleWebKit/537.36 (KHTML, like Gecko) Chrome/74.0.3729.169 Safari/537.36"
57.128.189.19 - - [04/May/2026:19:34:14 -0500] "GET /?nocache=1777941241 HTTP/2.0" 200 18601 "-" "BigScootsMonitor Mozilla/5.0 (Windows NT 10.0; Win64; x64) AppleWebKit/537.36 (KHTML, like Gecko) Chrome/74.0.3729.169 Safari/537.36"
2607:5300:205:200::273 - - [04/May/2026:19:34:15 -0500] "GET /?nocache=1777941241 HTTP/2.0" 301 0 "-" "BigScootsMonitor Mozilla/5.0 (Windows NT 10.0; Win64; x64) AppleWebKit/537.36 (KHTML, like Gecko) Chrome/74.0.3729.169 Safari/537.36"
2607:5300:205:200::273 - - [04/May/2026:19:34:15 -0500] "GET /?nocache=1777941241 HTTP/2.0" 200 18601 "-" "BigScootsMonitor Mozilla/5.0 (Windows NT 10.0; Win64; x64) AppleWebKit/537.36 (KHTML, like Gecko) Chrome/74.0.3729.169 Safari/537.36"
57.128.189.19 - - [04/May/2026:19:36:13 -0500] "GET /?nocache=1777941302 HTTP/2.0" 301 0 "-" "BigScootsMonitor Mozilla/5.0 (Windows NT 10.0; Win64; x64) AppleWebKit/537.36 (KHTML, like Gecko) Chrome/74.0.3729.169 Safari/537.36"
2607:5300:205:200::273 - - [04/May/2026:19:36:14 -0500] "GET /?nocache=1777941361 HTTP/2.0" 301 0 "-" "BigScootsMonitor Mozilla/5.0 (Windows NT 10.0; Win64; x64) AppleWebKit/537.36 (KHTML, like Gecko) Chrome/74.0.3729.169 Safari/537.36"
57.128.189.19 - - [04/May/2026:19:36:14 -0500] "GET /?nocache=1777941302 HTTP/2.0" 200 18601 "-" "BigScootsMonitor Mozilla/5.0 (Windows NT 10.0; Win64; x64) AppleWebKit/537.36 (KHTML, like Gecko) Chrome/74.0.3729.169 Safari/537.36"
2607:5300:205:200::273 - - [04/May/2026:19:36:15 -0500] "GET /?nocache=1777941361 HTTP/2.0" 200 18601 "-" "BigScootsMonitor Mozilla/5.0 (Windows NT 10.0; Win64; x64) AppleWebKit/537.36 (KHTML, like Gecko) Chrome/74.0.3729.169 Safari/537.36"
162.240.102.228 - - [04/May/2026:19:37:44 -0500] "GET /wp-login.php HTTP/2.0" 200 2157 "-" "Mozilla/5.0 (Macintosh; Intel Mac OS X 10_12_5) AppleWebKit/537.36 (KHTML, like Gecko) Chrome/65.0.3325.181 Safari/537.36"
162.240.102.228 - - [04/May/2026:19:37:44 -0500] "POST /wp-login.php HTTP/2.0" 200 2227 "https://phronsiesgarden.com/wp-login.php" "Mozilla/5.0 (Macintosh; Intel Mac OS X 10_12_5) AppleWebKit/537.36 (KHTML, like Gecko) Chrome/65.0.3325.181 Safari/537.36"
154.18.244.252 - - [04/May/2026:19:38:13 -0500] "POST /wp-cron.php?doing_wp_cron=1777941493.9255208969116210937500 HTTP/2.0" 200 1 "https://www.phronsiesgarden.com/wp-cron.php?doing_wp_cron=1777941493.9255208969116210937500" "WordPress/5.7.15; https://www.phronsiesgarden.com"
57.128.189.19 - - [04/May/2026:19:38:13 -0500] "GET /?nocache=1777941421 HTTP/2.0" 301 0 "-" "BigScootsMonitor Mozilla/5.0 (Windows NT 10.0; Win64; x64) AppleWebKit/537.36 (KHTML, like Gecko) Chrome/74.0.3729.169 Safari/537.36"
154.18.244.252 - - [04/May/2026:19:38:14 -0500] "GET / HTTP/2.0" 200 18601 "https://www.phronsiesgarden.com/" "WordPress/5.7.15; https://www.phronsiesgarden.com"
2607:5300:205:200::273 - - [04/May/2026:19:38:14 -0500] "GET /?nocache=1777941421 HTTP/2.0" 301 0 "-" "BigScootsMonitor Mozilla/5.0 (Windows NT 10.0; Win64; x64) AppleWebKit/537.36 (KHTML, like Gecko) Chrome/74.0.3729.169 Safari/537.36"
57.128.189.19 - - [04/May/2026:19:38:14 -0500] "GET /?nocache=1777941421 HTTP/2.0" 200 18601 "-" "BigScootsMonitor Mozilla/5.0 (Windows NT 10.0; Win64; x64) AppleWebKit/537.36 (KHTML, like Gecko) Chrome/74.0.3729.169 Safari/537.36"
2607:5300:205:200::273 - - [04/May/2026:19:38:14 -0500] "GET /?nocache=1777941421 HTTP/2.0" 200 18601 "-" "BigScootsMonitor Mozilla/5.0 (Windows NT 10.0; Win64; x64) AppleWebKit/537.36 (KHTML, like Gecko) Chrome/74.0.3729.169 Safari/537.36"
20.123.33.13 - - [04/May/2026:19:38:33 -0500] "GET /wp-content/plugins/hellopress/wp_filemanager.php HTTP/2.0" 444 0 "-" "-"
20.123.33.13 - - [04/May/2026:19:38:33 -0500] "GET /lock.php HTTP/2.0" 444 0 "-" "-"
20.123.33.13 - - [04/May/2026:19:38:33 -0500] "GET /test.php HTTP/2.0" 444 0 "-" "-"
154.18.244.252 - - [04/May/2026:19:39:01 -0500] "POST /wp-cron.php?doing_wp_cron=1777941541.4921178817749023437500 HTTP/2.0" 200 1 "https://www.phronsiesgarden.com/wp-cron.php?doing_wp_cron=1777941541.4921178817749023437500" "WordPress/5.7.15; https://www.phronsiesgarden.com"
160.250.204.105 - - [04/May/2026:19:39:01 -0500] "GET /wp-login.php HTTP/2.0" 200 2157 "-" "Mozilla/4.0 (compatible; MSIE 7.0; Windows NT 6.1; Trident/7.0; SLCC2; .NET CLR 2.0.50727; .NET CLR 3.5.30729; .NET CLR 3.0.30729; Media Center PC 6.0; Tablet PC 2.0; .NET4.0C; .NET4.0E; EIE10;ENUSWOL)"
160.250.204.105 - - [04/May/2026:19:39:09 -0500] "POST /wp-login.php HTTP/2.0" 200 2227 "https://phronsiesgarden.com/wp-login.php" "Mozilla/4.0 (compatible; MSIE 7.0; Windows NT 6.1; Trident/7.0; SLCC2; .NET CLR 2.0.50727; .NET CLR 3.5.30729; .NET CLR 3.0.30729; Media Center PC 6.0; Tablet PC 2.0; .NET4.0C; .NET4.0E; EIE10;ENUSWOL)"
57.128.189.19 - - [04/May/2026:19:40:13 -0500] "GET /?nocache=1777941601 HTTP/2.0" 301 0 "-" "BigScootsMonitor Mozilla/5.0 (Windows NT 10.0; Win64; x64) AppleWebKit/537.36 (KHTML, like Gecko) Chrome/74.0.3729.169 Safari/537.36"
2607:5300:205:200::273 - - [04/May/2026:19:40:14 -0500] "GET /?nocache=1777941601 HTTP/2.0" 301 0 "-" "BigScootsMonitor Mozilla/5.0 (Windows NT 10.0; Win64; x64) AppleWebKit/537.36 (KHTML, like Gecko) Chrome/74.0.3729.169 Safari/537.36"
57.128.189.19 - - [04/May/2026:19:40:14 -0500] "GET /?nocache=1777941601 HTTP/2.0" 200 18601 "-" "BigScootsMonitor Mozilla/5.0 (Windows NT 10.0; Win64; x64) AppleWebKit/537.36 (KHTML, like Gecko) Chrome/74.0.3729.169 Safari/537.36"
2607:5300:205:200::273 - - [04/May/2026:19:40:14 -0500] "GET /?nocache=1777941601 HTTP/2.0" 200 18601 "-" "BigScootsMonitor Mozilla/5.0 (Windows NT 10.0; Win64; x64) AppleWebKit/537.36 (KHTML, like Gecko) Chrome/74.0.3729.169 Safari/537.36"
82.22.190.20 - - [04/May/2026:19:40:55 -0500] "GET /wp-login.php HTTP/2.0" 200 2157 "-" "Mozilla/5.0 (Windows NT 10.0; Win64; x64) AppleWebKit/537.36 (KHTML, like Gecko) Chrome/65.0.3325.181 Safari/537.36 OPR/52.0.2871.99"
82.22.190.20 - - [04/May/2026:19:40:56 -0500] "POST /wp-login.php HTTP/2.0" 200 2227 "https://phronsiesgarden.com/wp-login.php" "Mozilla/5.0 (Windows NT 10.0; Win64; x64) AppleWebKit/537.36 (KHTML, like Gecko) Chrome/65.0.3325.181 Safari/537.36 OPR/52.0.2871.99"
2607:5300:205:200::273 - - [04/May/2026:19:42:14 -0500] "GET /?nocache=1777941721 HTTP/2.0" 301 0 "-" "BigScootsMonitor Mozilla/5.0 (Windows NT 10.0; Win64; x64) AppleWebKit/537.36 (KHTML, like Gecko) Chrome/74.0.3729.169 Safari/537.36"
57.128.189.19 - - [04/May/2026:19:42:14 -0500] "GET /?nocache=1777941721 HTTP/2.0" 301 0 "-" "BigScootsMonitor Mozilla/5.0 (Windows NT 10.0; Win64; x64) AppleWebKit/537.36 (KHTML, like Gecko) Chrome/74.0.3729.169 Safari/537.36"
2607:5300:205:200::273 - - [04/May/2026:19:42:14 -0500] "GET /?nocache=1777941721 HTTP/2.0" 200 18601 "-" "BigScootsMonitor Mozilla/5.0 (Windows NT 10.0; Win64; x64) AppleWebKit/537.36 (KHTML, like Gecko) Chrome/74.0.3729.169 Safari/537.36"
57.128.189.19 - - [04/May/2026:19:42:15 -0500] "GET /?nocache=1777941721 HTTP/2.0" 200 18601 "-" "BigScootsMonitor Mozilla/5.0 (Windows NT 10.0; Win64; x64) AppleWebKit/537.36 (KHTML, like Gecko) Chrome/74.0.3729.169 Safari/537.36"
45.117.169.86 - - [04/May/2026:19:42:38 -0500] "GET /wp-login.php HTTP/2.0" 444 0 "-" "Mozilla/5.0 (X11; Linux x86_64) AppleWebKit/537.36 (KHTML, like Gecko) Chrome/67.0.3396.79 Safari/537.36"
45.117.169.86 - - [04/May/2026:19:42:39 -0500] "POST /wp-login.php HTTP/2.0" 444 0 "https://www.phronsiesgarden.com/wp-login.php" "Mozilla/5.0 (X11; Linux x86_64) AppleWebKit/537.36 (KHTML, like Gecko) Chrome/67.0.3396.79 Safari/537.36"
198.46.83.219 - - [04/May/2026:19:42:56 -0500] "GET /wp-login.php HTTP/2.0" 200 2157 "-" "Mozilla/5.0 (Windows NT 10.0; Win64; x64) AppleWebKit/537.36 (KHTML, like Gecko) Chrome/66.0.3359.181 Safari/537.36"
198.46.83.219 - - [04/May/2026:19:42:57 -0500] "POST /wp-login.php HTTP/2.0" 200 2227 "https://www.phronsiesgarden.com/wp-login.php" "Mozilla/5.0 (Windows NT 10.0; Win64; x64) AppleWebKit/537.36 (KHTML, like Gecko) Chrome/66.0.3359.181 Safari/537.36"
57.128.189.19 - - [04/May/2026:19:44:13 -0500] "GET /?nocache=1777941781 HTTP/2.0" 301 0 "-" "BigScootsMonitor Mozilla/5.0 (Windows NT 10.0; Win64; x64) AppleWebKit/537.36 (KHTML, like Gecko) Chrome/74.0.3729.169 Safari/537.36"
57.128.189.19 - - [04/May/2026:19:44:14 -0500] "GET /?nocache=1777941781 HTTP/2.0" 200 18601 "-" "BigScootsMonitor Mozilla/5.0 (Windows NT 10.0; Win64; x64) AppleWebKit/537.36 (KHTML, like Gecko) Chrome/74.0.3729.169 Safari/537.36"
2607:5300:205:200::273 - - [04/May/2026:19:44:14 -0500] "GET /?nocache=1777941781 HTTP/2.0" 301 0 "-" "BigScootsMonitor Mozilla/5.0 (Windows NT 10.0; Win64; x64) AppleWebKit/537.36 (KHTML, like Gecko) Chrome/74.0.3729.169 Safari/537.36"
2607:5300:205:200::273 - - [04/May/2026:19:44:15 -0500] "GET /?nocache=1777941781 HTTP/2.0" 200 18601 "-" "BigScootsMonitor Mozilla/5.0 (Windows NT 10.0; Win64; x64) AppleWebKit/537.36 (KHTML, like Gecko) Chrome/74.0.3729.169 Safari/537.36"
57.128.189.19 - - [04/May/2026:19:46:13 -0500] "GET /?nocache=1777941961 HTTP/2.0" 301 0 "-" "BigScootsMonitor Mozilla/5.0 (Windows NT 10.0; Win64; x64) AppleWebKit/537.36 (KHTML, like Gecko) Chrome/74.0.3729.169 Safari/537.36"
2607:5300:205:200::273 - - [04/May/2026:19:46:14 -0500] "GET /?nocache=1777941961 HTTP/2.0" 301 0 "-" "BigScootsMonitor Mozilla/5.0 (Windows NT 10.0; Win64; x64) AppleWebKit/537.36 (KHTML, like Gecko) Chrome/74.0.3729.169 Safari/537.36"
57.128.189.19 - - [04/May/2026:19:46:14 -0500] "GET /?nocache=1777941961 HTTP/2.0" 200 18601 "-" "BigScootsMonitor Mozilla/5.0 (Windows NT 10.0; Win64; x64) AppleWebKit/537.36 (KHTML, like Gecko) Chrome/74.0.3729.169 Safari/537.36"
2607:5300:205:200::273 - - [04/May/2026:19:46:14 -0500] "GET /?nocache=1777941961 HTTP/2.0" 200 18601 "-" "BigScootsMonitor Mozilla/5.0 (Windows NT 10.0; Win64; x64) AppleWebKit/537.36 (KHTML, like Gecko) Chrome/74.0.3729.169 Safari/537.36"
50.6.229.148 - - [04/May/2026:19:46:55 -0500] "GET /wp-login.php HTTP/2.0" 444 0 "-" "Mozilla/5.0 (Macintosh; Intel Mac OS X 10_13_3) AppleWebKit/537.36 (KHTML, like Gecko) Chrome/65.0.3325.146 Safari/537.36"
50.6.229.148 - - [04/May/2026:19:46:55 -0500] "POST /wp-login.php HTTP/2.0" 444 0 "https://phronsiesgarden.com/wp-login.php" "Mozilla/5.0 (Macintosh; Intel Mac OS X 10_13_3) AppleWebKit/537.36 (KHTML, like Gecko) Chrome/65.0.3325.146 Safari/537.36"
35.226.7.126 - - [04/May/2026:19:47:52 -0500] "GET /wp-login.php HTTP/2.0" 200 2157 "-" "Mozilla/5.0 (Windows NT 10.0; WOW64) AppleWebKit/537.36 (KHTML, like Gecko) Chrome/64.0.3282.186 Safari/537.36 OPR/51.0.2830.55"
35.226.7.126 - - [04/May/2026:19:47:52 -0500] "POST /wp-login.php HTTP/2.0" 200 2227 "https://phronsiesgarden.com/wp-login.php" "Mozilla/5.0 (Windows NT 10.0; WOW64) AppleWebKit/537.36 (KHTML, like Gecko) Chrome/64.0.3282.186 Safari/537.36 OPR/51.0.2830.55"
57.128.189.19 - - [04/May/2026:19:48:14 -0500] "GET /?nocache=1777942081 HTTP/2.0" 301 0 "-" "BigScootsMonitor Mozilla/5.0 (Windows NT 10.0; Win64; x64) AppleWebKit/537.36 (KHTML, like Gecko) Chrome/74.0.3729.169 Safari/537.36"
2607:5300:205:200::273 - - [04/May/2026:19:48:15 -0500] "GET /?nocache=1777942081 HTTP/2.0" 301 0 "-" "BigScootsMonitor Mozilla/5.0 (Windows NT 10.0; Win64; x64) AppleWebKit/537.36 (KHTML, like Gecko) Chrome/74.0.3729.169 Safari/537.36"
57.128.189.19 - - [04/May/2026:19:48:15 -0500] "GET /?nocache=1777942081 HTTP/2.0" 200 18601 "-" "BigScootsMonitor Mozilla/5.0 (Windows NT 10.0; Win64; x64) AppleWebKit/537.36 (KHTML, like Gecko) Chrome/74.0.3729.169 Safari/537.36"
2607:5300:205:200::273 - - [04/May/2026:19:48:15 -0500] "GET /?nocache=1777942081 HTTP/2.0" 200 18601 "-" "BigScootsMonitor Mozilla/5.0 (Windows NT 10.0; Win64; x64) AppleWebKit/537.36 (KHTML, like Gecko) Chrome/74.0.3729.169 Safari/537.36"
159.100.13.237 - - [04/May/2026:19:49:35 -0500] "GET /wp-login.php HTTP/2.0" 444 0 "-" "Mozilla/5.0 (Windows NT 10.0; Win64; x64) AppleWebKit/537.36 (KHTML, like Gecko) Chrome/58.0.3029.110 Safari/537.36 Edge/16.16299"
159.100.13.237 - - [04/May/2026:19:49:35 -0500] "POST /wp-login.php HTTP/2.0" 444 0 "https://www.phronsiesgarden.com/wp-login.php" "Mozilla/5.0 (Windows NT 10.0; Win64; x64) AppleWebKit/537.36 (KHTML, like Gecko) Chrome/58.0.3029.110 Safari/537.36 Edge/16.16299"
91.227.37.60 - - [04/May/2026:19:50:11 -0500] "GET /wp-login.php HTTP/2.0" 444 0 "-" "Mozilla/4.0 (compatible; MSIE 7.0; Windows NT 6.2; WOW64; Trident/7.0; .NET4.0C; .NET4.0E; .NET CLR 2.0.50727; .NET CLR 3.0.30729; .NET CLR 3.5.30729; LCTE)"
91.227.37.60 - - [04/May/2026:19:50:12 -0500] "POST /wp-login.php HTTP/2.0" 444 0 "https://phronsiesgarden.com/wp-login.php" "Mozilla/4.0 (compatible; MSIE 7.0; Windows NT 6.2; WOW64; Trident/7.0; .NET4.0C; .NET4.0E; .NET CLR 2.0.50727; .NET CLR 3.0.30729; .NET CLR 3.5.30729; LCTE)"
57.128.189.19 - - [04/May/2026:19:50:13 -0500] "GET /?nocache=1777942141 HTTP/2.0" 301 0 "-" "BigScootsMonitor Mozilla/5.0 (Windows NT 10.0; Win64; x64) AppleWebKit/537.36 (KHTML, like Gecko) Chrome/74.0.3729.169 Safari/537.36"
57.128.189.19 - - [04/May/2026:19:50:14 -0500] "GET /?nocache=1777942141 HTTP/2.0" 200 18601 "-" "BigScootsMonitor Mozilla/5.0 (Windows NT 10.0; Win64; x64) AppleWebKit/537.36 (KHTML, like Gecko) Chrome/74.0.3729.169 Safari/537.36"
2607:5300:205:200::273 - - [04/May/2026:19:50:14 -0500] "GET /?nocache=1777942141 HTTP/2.0" 301 0 "-" "BigScootsMonitor Mozilla/5.0 (Windows NT 10.0; Win64; x64) AppleWebKit/537.36 (KHTML, like Gecko) Chrome/74.0.3729.169 Safari/537.36"
2607:5300:205:200::273 - - [04/May/2026:19:50:15 -0500] "GET /?nocache=1777942141 HTTP/2.0" 200 18601 "-" "BigScootsMonitor Mozilla/5.0 (Windows NT 10.0; Win64; x64) AppleWebKit/537.36 (KHTML, like Gecko) Chrome/74.0.3729.169 Safari/537.36"
50.6.229.148 - - [04/May/2026:19:52:00 -0500] "GET /wp-login.php HTTP/2.0" 444 0 "-" "Mozilla/5.0 (Macintosh; Intel Mac OS X 10_13_5) AppleWebKit/537.36 (KHTML, like Gecko) Chrome/66.0.3359.181 Safari/537.36"
50.6.229.148 - - [04/May/2026:19:52:01 -0500] "POST /wp-login.php HTTP/2.0" 444 0 "https://www.phronsiesgarden.com/wp-login.php" "Mozilla/5.0 (Macintosh; Intel Mac OS X 10_13_5) AppleWebKit/537.36 (KHTML, like Gecko) Chrome/66.0.3359.181 Safari/537.36"
57.128.189.19 - - [04/May/2026:19:52:13 -0500] "GET /?nocache=1777942261 HTTP/2.0" 301 0 "-" "BigScootsMonitor Mozilla/5.0 (Windows NT 10.0; Win64; x64) AppleWebKit/537.36 (KHTML, like Gecko) Chrome/74.0.3729.169 Safari/537.36"
57.128.189.19 - - [04/May/2026:19:52:14 -0500] "GET /?nocache=1777942261 HTTP/2.0" 200 18601 "-" "BigScootsMonitor Mozilla/5.0 (Windows NT 10.0; Win64; x64) AppleWebKit/537.36 (KHTML, like Gecko) Chrome/74.0.3729.169 Safari/537.36"
2607:5300:205:200::273 - - [04/May/2026:19:52:14 -0500] "GET /?nocache=1777942261 HTTP/2.0" 301 0 "-" "BigScootsMonitor Mozilla/5.0 (Windows NT 10.0; Win64; x64) AppleWebKit/537.36 (KHTML, like Gecko) Chrome/74.0.3729.169 Safari/537.36"
2607:5300:205:200::273 - - [04/May/2026:19:52:15 -0500] "GET /?nocache=1777942261 HTTP/2.0" 200 18601 "-" "BigScootsMonitor Mozilla/5.0 (Windows NT 10.0; Win64; x64) AppleWebKit/537.36 (KHTML, like Gecko) Chrome/74.0.3729.169 Safari/537.36"
74.91.224.220 - - [04/May/2026:19:52:22 -0500] "GET /wp-login.php HTTP/2.0" 444 0 "-" "Mozilla/5.0 (Windows NT 10.0; WOW64) AppleWebKit/537.36 (KHTML, like Gecko) Chrome/66.0.3359.117 Safari/537.36"
74.91.224.220 - - [04/May/2026:19:52:23 -0500] "POST /wp-login.php HTTP/2.0" 444 0 "https://www.phronsiesgarden.com/wp-login.php" "Mozilla/5.0 (Windows NT 10.0; WOW64) AppleWebKit/537.36 (KHTML, like Gecko) Chrome/66.0.3359.117 Safari/537.36"
154.18.244.252 - - [04/May/2026:19:54:14 -0500] "POST /wp-cron.php?doing_wp_cron=1777942454.4348800182342529296875 HTTP/2.0" 200 1 "https://www.phronsiesgarden.com/wp-cron.php?doing_wp_cron=1777942454.4348800182342529296875" "WordPress/5.7.15; https://www.phronsiesgarden.com"
57.128.189.19 - - [04/May/2026:19:54:14 -0500] "GET /?nocache=1777942441 HTTP/2.0" 301 0 "-" "BigScootsMonitor Mozilla/5.0 (Windows NT 10.0; Win64; x64) AppleWebKit/537.36 (KHTML, like Gecko) Chrome/74.0.3729.169 Safari/537.36"
2607:5300:205:200::273 - - [04/May/2026:19:54:14 -0500] "GET /?nocache=1777942441 HTTP/2.0" 301 0 "-" "BigScootsMonitor Mozilla/5.0 (Windows NT 10.0; Win64; x64) AppleWebKit/537.36 (KHTML, like Gecko) Chrome/74.0.3729.169 Safari/537.36"
