2607:5300:205:200::273 - - [04/May/2026:16:20:15 -0500] "GET /?nocache=1777929541 HTTP/2.0" 200 18601 "-" "BigScootsMonitor Mozilla/5.0 (Windows NT 10.0; Win64; x64) AppleWebKit/537.36 (KHTML, like Gecko) Chrome/74.0.3729.169 Safari/537.36"
121.200.217.27 - - [04/May/2026:16:20:33 -0500] "GET /wp-login.php HTTP/2.0" 444 0 "-" "Mozilla/5.0 (Windows NT 6.1; WOW64; Trident/7.0; yie11; rv:11.0) like Gecko"
121.200.217.27 - - [04/May/2026:16:20:34 -0500] "POST /wp-login.php HTTP/2.0" 444 0 "https://www.phronsiesgarden.com/wp-login.php" "Mozilla/5.0 (Windows NT 6.1; WOW64; Trident/7.0; yie11; rv:11.0) like Gecko"
178.128.50.169 - - [04/May/2026:16:20:59 -0500] "GET /wp-login.php HTTP/2.0" 200 2161 "-" "Mozilla/5.0 (Windows NT 6.1) AppleWebKit/537.36 (KHTML, like Gecko) Chrome/65.0.3325.181 Safari/537.36"
178.128.50.169 - - [04/May/2026:16:21:00 -0500] "POST /wp-login.php HTTP/2.0" 200 2227 "https://www.phronsiesgarden.com/wp-login.php" "Mozilla/5.0 (Windows NT 6.1) AppleWebKit/537.36 (KHTML, like Gecko) Chrome/65.0.3325.181 Safari/537.36"
57.128.189.19 - - [04/May/2026:16:22:14 -0500] "GET /?nocache=1777929661 HTTP/2.0" 301 0 "-" "BigScootsMonitor Mozilla/5.0 (Windows NT 10.0; Win64; x64) AppleWebKit/537.36 (KHTML, like Gecko) Chrome/74.0.3729.169 Safari/537.36"
2607:5300:205:200::273 - - [04/May/2026:16:22:14 -0500] "GET /?nocache=1777929661 HTTP/2.0" 301 0 "-" "BigScootsMonitor Mozilla/5.0 (Windows NT 10.0; Win64; x64) AppleWebKit/537.36 (KHTML, like Gecko) Chrome/74.0.3729.169 Safari/537.36"
57.128.189.19 - - [04/May/2026:16:22:15 -0500] "GET /?nocache=1777929661 HTTP/2.0" 200 18601 "-" "BigScootsMonitor Mozilla/5.0 (Windows NT 10.0; Win64; x64) AppleWebKit/537.36 (KHTML, like Gecko) Chrome/74.0.3729.169 Safari/537.36"
2607:5300:205:200::273 - - [04/May/2026:16:22:15 -0500] "GET /?nocache=1777929661 HTTP/2.0" 200 18601 "-" "BigScootsMonitor Mozilla/5.0 (Windows NT 10.0; Win64; x64) AppleWebKit/537.36 (KHTML, like Gecko) Chrome/74.0.3729.169 Safari/537.36"
57.128.189.19 - - [04/May/2026:16:24:14 -0500] "GET /?nocache=1777929781 HTTP/2.0" 301 0 "-" "BigScootsMonitor Mozilla/5.0 (Windows NT 10.0; Win64; x64) AppleWebKit/537.36 (KHTML, like Gecko) Chrome/74.0.3729.169 Safari/537.36"
2607:5300:205:200::273 - - [04/May/2026:16:24:14 -0500] "GET /?nocache=1777929781 HTTP/2.0" 301 0 "-" "BigScootsMonitor Mozilla/5.0 (Windows NT 10.0; Win64; x64) AppleWebKit/537.36 (KHTML, like Gecko) Chrome/74.0.3729.169 Safari/537.36"
57.128.189.19 - - [04/May/2026:16:24:14 -0500] "GET /?nocache=1777929781 HTTP/2.0" 200 18601 "-" "BigScootsMonitor Mozilla/5.0 (Windows NT 10.0; Win64; x64) AppleWebKit/537.36 (KHTML, like Gecko) Chrome/74.0.3729.169 Safari/537.36"
2607:5300:205:200::273 - - [04/May/2026:16:24:15 -0500] "GET /?nocache=1777929781 HTTP/2.0" 200 18601 "-" "BigScootsMonitor Mozilla/5.0 (Windows NT 10.0; Win64; x64) AppleWebKit/537.36 (KHTML, like Gecko) Chrome/74.0.3729.169 Safari/537.36"
103.53.170.39 - - [04/May/2026:16:25:17 -0500] "GET /wp-login.php HTTP/2.0" 444 0 "-" "Mozilla/5.0 (Windows NT 6.1) AppleWebKit/537.36 (KHTML, like Gecko) Chrome/65.0.3325.181 Safari/537.36 OPR/52.0.2871.64"
103.53.170.39 - - [04/May/2026:16:25:19 -0500] "POST /wp-login.php HTTP/2.0" 444 0 "https://phronsiesgarden.com/wp-login.php" "Mozilla/5.0 (Windows NT 6.1) AppleWebKit/537.36 (KHTML, like Gecko) Chrome/65.0.3325.181 Safari/537.36 OPR/52.0.2871.64"
50.6.229.148 - - [04/May/2026:16:25:48 -0500] "GET /wp-login.php HTTP/2.0" 444 0 "-" "Mozilla/4.0 (compatible; MSIE 7.0; Windows NT 6.1; WOW64; Trident/7.0; SLCC2; .NET CLR 2.0.50727; .NET4.0C; .NET4.0E)"
50.6.229.148 - - [04/May/2026:16:25:48 -0500] "POST /wp-login.php HTTP/2.0" 444 0 "https://phronsiesgarden.com/wp-login.php" "Mozilla/4.0 (compatible; MSIE 7.0; Windows NT 6.1; WOW64; Trident/7.0; SLCC2; .NET CLR 2.0.50727; .NET4.0C; .NET4.0E)"
121.200.216.56 - - [04/May/2026:16:26:12 -0500] "GET /wp-login.php HTTP/2.0" 200 2161 "-" "Mozilla/5.0 (Windows NT 10.0; WOW64; Trident/7.0; yie9; rv:11.0) like Gecko"
121.200.216.56 - - [04/May/2026:16:26:13 -0500] "POST /wp-login.php HTTP/2.0" 200 2227 "https://phronsiesgarden.com/wp-login.php" "Mozilla/5.0 (Windows NT 10.0; WOW64; Trident/7.0; yie9; rv:11.0) like Gecko"
57.128.189.19 - - [04/May/2026:16:26:13 -0500] "GET /?nocache=1777929961 HTTP/2.0" 301 0 "-" "BigScootsMonitor Mozilla/5.0 (Windows NT 10.0; Win64; x64) AppleWebKit/537.36 (KHTML, like Gecko) Chrome/74.0.3729.169 Safari/537.36"
2607:5300:205:200::273 - - [04/May/2026:16:26:14 -0500] "GET /?nocache=1777929961 HTTP/2.0" 301 0 "-" "BigScootsMonitor Mozilla/5.0 (Windows NT 10.0; Win64; x64) AppleWebKit/537.36 (KHTML, like Gecko) Chrome/74.0.3729.169 Safari/537.36"
57.128.189.19 - - [04/May/2026:16:26:14 -0500] "GET /?nocache=1777929961 HTTP/2.0" 200 18601 "-" "BigScootsMonitor Mozilla/5.0 (Windows NT 10.0; Win64; x64) AppleWebKit/537.36 (KHTML, like Gecko) Chrome/74.0.3729.169 Safari/537.36"
2607:5300:205:200::273 - - [04/May/2026:16:26:14 -0500] "GET /?nocache=1777929961 HTTP/2.0" 200 18601 "-" "BigScootsMonitor Mozilla/5.0 (Windows NT 10.0; Win64; x64) AppleWebKit/537.36 (KHTML, like Gecko) Chrome/74.0.3729.169 Safari/537.36"
103.53.170.39 - - [04/May/2026:16:27:17 -0500] "GET /wp-login.php HTTP/2.0" 444 0 "-" "Mozilla/5.0 (X11; CrOS x86_64 10452.99.0) AppleWebKit/537.36 (KHTML, like Gecko) Chrome/66.0.3359.203 Safari/537.36"
103.53.170.39 - - [04/May/2026:16:27:25 -0500] "POST /wp-login.php HTTP/2.0" 444 0 "https://www.phronsiesgarden.com/wp-login.php" "Mozilla/5.0 (X11; CrOS x86_64 10452.99.0) AppleWebKit/537.36 (KHTML, like Gecko) Chrome/66.0.3359.203 Safari/537.36"
57.128.189.19 - - [04/May/2026:16:28:13 -0500] "GET /?nocache=1777930081 HTTP/2.0" 301 0 "-" "BigScootsMonitor Mozilla/5.0 (Windows NT 10.0; Win64; x64) AppleWebKit/537.36 (KHTML, like Gecko) Chrome/74.0.3729.169 Safari/537.36"
2607:5300:205:200::273 - - [04/May/2026:16:28:14 -0500] "GET /?nocache=1777930081 HTTP/2.0" 301 0 "-" "BigScootsMonitor Mozilla/5.0 (Windows NT 10.0; Win64; x64) AppleWebKit/537.36 (KHTML, like Gecko) Chrome/74.0.3729.169 Safari/537.36"
2607:5300:205:200::273 - - [04/May/2026:16:28:14 -0500] "GET /?nocache=1777930081 HTTP/2.0" 200 18601 "-" "BigScootsMonitor Mozilla/5.0 (Windows NT 10.0; Win64; x64) AppleWebKit/537.36 (KHTML, like Gecko) Chrome/74.0.3729.169 Safari/537.36"
57.128.189.19 - - [04/May/2026:16:28:14 -0500] "GET /?nocache=1777930081 HTTP/2.0" 200 18601 "-" "BigScootsMonitor Mozilla/5.0 (Windows NT 10.0; Win64; x64) AppleWebKit/537.36 (KHTML, like Gecko) Chrome/74.0.3729.169 Safari/537.36"
50.6.229.148 - - [04/May/2026:16:29:40 -0500] "GET /wp-login.php HTTP/2.0" 444 0 "-" "Mozilla/5.0 (Windows NT 6.2; ARM; Trident/7.0; Touch; rv:11.0; WPDesktop; NOKIA; Lumia 520) like Gecko"
50.6.229.148 - - [04/May/2026:16:29:40 -0500] "POST /wp-login.php HTTP/2.0" 444 0 "https://www.phronsiesgarden.com/wp-login.php" "Mozilla/5.0 (Windows NT 6.2; ARM; Trident/7.0; Touch; rv:11.0; WPDesktop; NOKIA; Lumia 520) like Gecko"
49.51.178.45 - - [04/May/2026:16:30:02 -0500] "GET / HTTP/2.0" 444 0 "http://phronsiesgarden.com" "Mozilla/5.0 (iPhone; CPU iPhone OS 13_2_3 like Mac OS X) AppleWebKit/605.1.15 (KHTML, like Gecko) Version/13.0.3 Mobile/15E148 Safari/604.1"
57.128.189.19 - - [04/May/2026:16:30:14 -0500] "GET /?nocache=1777930141 HTTP/2.0" 301 0 "-" "BigScootsMonitor Mozilla/5.0 (Windows NT 10.0; Win64; x64) AppleWebKit/537.36 (KHTML, like Gecko) Chrome/74.0.3729.169 Safari/537.36"
57.128.189.19 - - [04/May/2026:16:30:14 -0500] "GET /?nocache=1777930141 HTTP/2.0" 200 18601 "-" "BigScootsMonitor Mozilla/5.0 (Windows NT 10.0; Win64; x64) AppleWebKit/537.36 (KHTML, like Gecko) Chrome/74.0.3729.169 Safari/537.36"
2607:5300:205:200::273 - - [04/May/2026:16:30:14 -0500] "GET /?nocache=1777930201 HTTP/2.0" 301 0 "-" "BigScootsMonitor Mozilla/5.0 (Windows NT 10.0; Win64; x64) AppleWebKit/537.36 (KHTML, like Gecko) Chrome/74.0.3729.169 Safari/537.36"
2607:5300:205:200::273 - - [04/May/2026:16:30:15 -0500] "GET /?nocache=1777930201 HTTP/2.0" 200 18601 "-" "BigScootsMonitor Mozilla/5.0 (Windows NT 10.0; Win64; x64) AppleWebKit/537.36 (KHTML, like Gecko) Chrome/74.0.3729.169 Safari/537.36"
78.142.18.172 - - [04/May/2026:16:30:21 -0500] "GET /wp-login.php HTTP/2.0" 200 2225 "-" "Mozilla/5.0 (Macintosh; Intel Mac OS X 10_13_2) AppleWebKit/537.36 (KHTML, like Gecko) Chrome/65.0.3325.181 Safari/537.36"
78.142.18.172 - - [04/May/2026:16:30:21 -0500] "POST /wp-login.php HTTP/2.0" 200 2231 "https://www.phronsiesgarden.com/wp-login.php" "Mozilla/5.0 (Macintosh; Intel Mac OS X 10_13_2) AppleWebKit/537.36 (KHTML, like Gecko) Chrome/65.0.3325.181 Safari/537.36"
194.5.48.222 - - [04/May/2026:16:31:24 -0500] "POST /xmlrpc.php HTTP/2.0" 403 548 "-" "Mozilla/5.0 (Windows NT 10.0; Win64; x64) AppleWebKit/537.36 Chrome/120.0.0.0 Safari/537.36"
194.5.48.222 - - [04/May/2026:16:31:24 -0500] "POST /xmlrpc.php HTTP/2.0" 403 548 "-" "Mozilla/5.0 (Windows NT 10.0; Win64; x64) AppleWebKit/537.36 Chrome/120.0.0.0 Safari/537.36"
194.5.48.217 - - [04/May/2026:16:31:24 -0500] "POST /xmlrpc.php HTTP/2.0" 403 548 "-" "Mozilla/5.0 (Windows NT 10.0; Win64; x64) AppleWebKit/537.36 Chrome/120.0.0.0 Safari/537.36"
194.5.48.223 - - [04/May/2026:16:31:24 -0500] "POST /xmlrpc.php HTTP/2.0" 403 548 "-" "Mozilla/5.0 (Windows NT 10.0; Win64; x64) AppleWebKit/537.36 Chrome/120.0.0.0 Safari/537.36"
57.128.189.19 - - [04/May/2026:16:32:14 -0500] "GET /?nocache=1777930261 HTTP/2.0" 301 0 "-" "BigScootsMonitor Mozilla/5.0 (Windows NT 10.0; Win64; x64) AppleWebKit/537.36 (KHTML, like Gecko) Chrome/74.0.3729.169 Safari/537.36"
2607:5300:205:200::273 - - [04/May/2026:16:32:14 -0500] "GET /?nocache=1777930261 HTTP/2.0" 301 0 "-" "BigScootsMonitor Mozilla/5.0 (Windows NT 10.0; Win64; x64) AppleWebKit/537.36 (KHTML, like Gecko) Chrome/74.0.3729.169 Safari/537.36"
2607:5300:205:200::273 - - [04/May/2026:16:32:14 -0500] "GET /?nocache=1777930261 HTTP/2.0" 200 18601 "-" "BigScootsMonitor Mozilla/5.0 (Windows NT 10.0; Win64; x64) AppleWebKit/537.36 (KHTML, like Gecko) Chrome/74.0.3729.169 Safari/537.36"
57.128.189.19 - - [04/May/2026:16:32:14 -0500] "GET /?nocache=1777930261 HTTP/2.0" 200 18601 "-" "BigScootsMonitor Mozilla/5.0 (Windows NT 10.0; Win64; x64) AppleWebKit/537.36 (KHTML, like Gecko) Chrome/74.0.3729.169 Safari/537.36"
68.195.73.205 - - [04/May/2026:16:33:05 -0500] "GET /category/herbs/ HTTP/2.0" 200 12936 "-" "Mozilla/5.0 (Windows; U; Windows NT 6.2) AppleWebKit/535.41.7 (KHTML, like Gecko) Version/5.1 Safari/535.41.7"
57.128.189.19 - - [04/May/2026:16:34:13 -0500] "GET /?nocache=1777930441 HTTP/2.0" 301 0 "-" "BigScootsMonitor Mozilla/5.0 (Windows NT 10.0; Win64; x64) AppleWebKit/537.36 (KHTML, like Gecko) Chrome/74.0.3729.169 Safari/537.36"
2607:5300:205:200::273 - - [04/May/2026:16:34:14 -0500] "GET /?nocache=1777930441 HTTP/2.0" 301 0 "-" "BigScootsMonitor Mozilla/5.0 (Windows NT 10.0; Win64; x64) AppleWebKit/537.36 (KHTML, like Gecko) Chrome/74.0.3729.169 Safari/537.36"
57.128.189.19 - - [04/May/2026:16:34:14 -0500] "GET /?nocache=1777930441 HTTP/2.0" 200 18601 "-" "BigScootsMonitor Mozilla/5.0 (Windows NT 10.0; Win64; x64) AppleWebKit/537.36 (KHTML, like Gecko) Chrome/74.0.3729.169 Safari/537.36"
2607:5300:205:200::273 - - [04/May/2026:16:34:14 -0500] "GET /?nocache=1777930441 HTTP/2.0" 200 18601 "-" "BigScootsMonitor Mozilla/5.0 (Windows NT 10.0; Win64; x64) AppleWebKit/537.36 (KHTML, like Gecko) Chrome/74.0.3729.169 Safari/537.36"
121.200.217.27 - - [04/May/2026:16:34:33 -0500] "GET /wp-login.php HTTP/2.0" 444 0 "-" "Mozilla/5.0 (Windows NT 6.1; Win64; x64) AppleWebKit/537.36 (KHTML, like Gecko) Chrome/63.0.3239.132 Safari/537.36 OPR/50.0.2762.67"
121.200.217.27 - - [04/May/2026:16:34:34 -0500] "POST /wp-login.php HTTP/2.0" 444 0 "https://phronsiesgarden.com/wp-login.php" "Mozilla/5.0 (Windows NT 6.1; Win64; x64) AppleWebKit/537.36 (KHTML, like Gecko) Chrome/63.0.3239.132 Safari/537.36 OPR/50.0.2762.67"
188.241.62.65 - - [04/May/2026:16:35:08 -0500] "GET /wp-login.php HTTP/2.0" 200 2225 "-" "Mozilla/5.0 (Macintosh; Intel Mac OS X 10_12_6) AppleWebKit/537.36 (KHTML, like Gecko) Chrome/67.0.3396.62 Safari/537.36"
188.241.62.65 - - [04/May/2026:16:35:09 -0500] "POST /wp-login.php HTTP/2.0" 200 2231 "https://phronsiesgarden.com/wp-login.php" "Mozilla/5.0 (Macintosh; Intel Mac OS X 10_12_6) AppleWebKit/537.36 (KHTML, like Gecko) Chrome/67.0.3396.62 Safari/537.36"
57.128.189.19 - - [04/May/2026:16:36:14 -0500] "GET /?nocache=1777930561 HTTP/2.0" 301 0 "-" "BigScootsMonitor Mozilla/5.0 (Windows NT 10.0; Win64; x64) AppleWebKit/537.36 (KHTML, like Gecko) Chrome/74.0.3729.169 Safari/537.36"
2607:5300:205:200::273 - - [04/May/2026:16:36:14 -0500] "GET /?nocache=1777930561 HTTP/2.0" 301 0 "-" "BigScootsMonitor Mozilla/5.0 (Windows NT 10.0; Win64; x64) AppleWebKit/537.36 (KHTML, like Gecko) Chrome/74.0.3729.169 Safari/537.36"
57.128.189.19 - - [04/May/2026:16:36:14 -0500] "GET /?nocache=1777930561 HTTP/2.0" 200 18601 "-" "BigScootsMonitor Mozilla/5.0 (Windows NT 10.0; Win64; x64) AppleWebKit/537.36 (KHTML, like Gecko) Chrome/74.0.3729.169 Safari/537.36"
2607:5300:205:200::273 - - [04/May/2026:16:36:15 -0500] "GET /?nocache=1777930561 HTTP/2.0" 200 18601 "-" "BigScootsMonitor Mozilla/5.0 (Windows NT 10.0; Win64; x64) AppleWebKit/537.36 (KHTML, like Gecko) Chrome/74.0.3729.169 Safari/537.36"
103.100.38.132 - - [04/May/2026:16:36:23 -0500] "GET /wp-login.php HTTP/2.0" 444 0 "-" "Mozilla/5.0 (Windows NT 6.1; Win64; x64) AppleWebKit/537.36 (KHTML, like Gecko) Chrome/65.0.3325.181 Safari/537.36 OPR/52.0.2871.99"
103.100.38.132 - - [04/May/2026:16:36:24 -0500] "POST /wp-login.php HTTP/2.0" 444 0 "https://www.phronsiesgarden.com/wp-login.php" "Mozilla/5.0 (Windows NT 6.1; Win64; x64) AppleWebKit/537.36 (KHTML, like Gecko) Chrome/65.0.3325.181 Safari/537.36 OPR/52.0.2871.99"
186.69.1.41 - - [04/May/2026:16:37:35 -0500] "GET /blog-2/ HTTP/2.0" 200 12933 "-" "Opera/9.70.(Windows NT 5.01; fur-IT) Presto/2.9.170 Version/11.00"
57.128.189.19 - - [04/May/2026:16:38:13 -0500] "GET /?nocache=1777930621 HTTP/2.0" 301 0 "-" "BigScootsMonitor Mozilla/5.0 (Windows NT 10.0; Win64; x64) AppleWebKit/537.36 (KHTML, like Gecko) Chrome/74.0.3729.169 Safari/537.36"
2607:5300:205:200::273 - - [04/May/2026:16:38:14 -0500] "GET /?nocache=1777930621 HTTP/2.0" 301 0 "-" "BigScootsMonitor Mozilla/5.0 (Windows NT 10.0; Win64; x64) AppleWebKit/537.36 (KHTML, like Gecko) Chrome/74.0.3729.169 Safari/537.36"
57.128.189.19 - - [04/May/2026:16:38:14 -0500] "GET /?nocache=1777930621 HTTP/2.0" 200 18601 "-" "BigScootsMonitor Mozilla/5.0 (Windows NT 10.0; Win64; x64) AppleWebKit/537.36 (KHTML, like Gecko) Chrome/74.0.3729.169 Safari/537.36"
2607:5300:205:200::273 - - [04/May/2026:16:38:14 -0500] "GET /?nocache=1777930621 HTTP/2.0" 200 18601 "-" "BigScootsMonitor Mozilla/5.0 (Windows NT 10.0; Win64; x64) AppleWebKit/537.36 (KHTML, like Gecko) Chrome/74.0.3729.169 Safari/537.36"
188.241.62.65 - - [04/May/2026:16:39:05 -0500] "GET /wp-login.php HTTP/2.0" 200 2225 "-" "Mozilla/5.0 (Windows NT 10.0; WOW64) AppleWebKit/537.36 (KHTML, like Gecko) Chrome/66.0.3359.170 Safari/537.36"
188.241.62.65 - - [04/May/2026:16:39:06 -0500] "POST /wp-login.php HTTP/2.0" 200 2231 "https://www.phronsiesgarden.com/wp-login.php" "Mozilla/5.0 (Windows NT 10.0; WOW64) AppleWebKit/537.36 (KHTML, like Gecko) Chrome/66.0.3359.170 Safari/537.36"
159.100.13.237 - - [04/May/2026:16:39:54 -0500] "GET /wp-login.php HTTP/2.0" 444 0 "-" "Mozilla/5.0 (Windows NT 6.1; Win64; x64) AppleWebKit/537.36 (KHTML, like Gecko) Chrome/65.0.3325.162 Safari/537.36"
159.100.13.237 - - [04/May/2026:16:39:54 -0500] "POST /wp-login.php HTTP/2.0" 444 0 "https://www.phronsiesgarden.com/wp-login.php" "Mozilla/5.0 (Windows NT 6.1; Win64; x64) AppleWebKit/537.36 (KHTML, like Gecko) Chrome/65.0.3325.162 Safari/537.36"
57.128.189.19 - - [04/May/2026:16:40:13 -0500] "GET /?nocache=1777930741 HTTP/2.0" 301 0 "-" "BigScootsMonitor Mozilla/5.0 (Windows NT 10.0; Win64; x64) AppleWebKit/537.36 (KHTML, like Gecko) Chrome/74.0.3729.169 Safari/537.36"
2607:5300:205:200::273 - - [04/May/2026:16:40:14 -0500] "GET /?nocache=1777930801 HTTP/2.0" 301 0 "-" "BigScootsMonitor Mozilla/5.0 (Windows NT 10.0; Win64; x64) AppleWebKit/537.36 (KHTML, like Gecko) Chrome/74.0.3729.169 Safari/537.36"
57.128.189.19 - - [04/May/2026:16:40:14 -0500] "GET /?nocache=1777930741 HTTP/2.0" 200 18601 "-" "BigScootsMonitor Mozilla/5.0 (Windows NT 10.0; Win64; x64) AppleWebKit/537.36 (KHTML, like Gecko) Chrome/74.0.3729.169 Safari/537.36"
2607:5300:205:200::273 - - [04/May/2026:16:40:14 -0500] "GET /?nocache=1777930801 HTTP/2.0" 200 18601 "-" "BigScootsMonitor Mozilla/5.0 (Windows NT 10.0; Win64; x64) AppleWebKit/537.36 (KHTML, like Gecko) Chrome/74.0.3729.169 Safari/537.36"
57.128.189.19 - - [04/May/2026:16:42:14 -0500] "GET /?nocache=1777930861 HTTP/2.0" 301 0 "-" "BigScootsMonitor Mozilla/5.0 (Windows NT 10.0; Win64; x64) AppleWebKit/537.36 (KHTML, like Gecko) Chrome/74.0.3729.169 Safari/537.36"
2607:5300:205:200::273 - - [04/May/2026:16:42:14 -0500] "GET /?nocache=1777930921 HTTP/2.0" 301 0 "-" "BigScootsMonitor Mozilla/5.0 (Windows NT 10.0; Win64; x64) AppleWebKit/537.36 (KHTML, like Gecko) Chrome/74.0.3729.169 Safari/537.36"
57.128.189.19 - - [04/May/2026:16:42:15 -0500] "GET /?nocache=1777930861 HTTP/2.0" 200 18601 "-" "BigScootsMonitor Mozilla/5.0 (Windows NT 10.0; Win64; x64) AppleWebKit/537.36 (KHTML, like Gecko) Chrome/74.0.3729.169 Safari/537.36"
2607:5300:205:200::273 - - [04/May/2026:16:42:15 -0500] "GET /?nocache=1777930921 HTTP/2.0" 200 18601 "-" "BigScootsMonitor Mozilla/5.0 (Windows NT 10.0; Win64; x64) AppleWebKit/537.36 (KHTML, like Gecko) Chrome/74.0.3729.169 Safari/537.36"
54.197.82.195 - - [04/May/2026:16:42:48 -0500] "GET /wp-content/uploads/2021/03/hellebores-lenten-rose-683x1024.jpg HTTP/2.0" 444 0 "-" "Mozilla/5.0 AppleWebKit/537.36 (KHTML, like Gecko; compatible; Amazonbot/0.1; +https://developer.amazon.com/support/amazonbot) Chrome/119.0.6045.214 Safari/537.36"
57.128.189.19 - - [04/May/2026:16:44:14 -0500] "GET /?nocache=1777930981 HTTP/2.0" 301 0 "-" "BigScootsMonitor Mozilla/5.0 (Windows NT 10.0; Win64; x64) AppleWebKit/537.36 (KHTML, like Gecko) Chrome/74.0.3729.169 Safari/537.36"
2607:5300:205:200::273 - - [04/May/2026:16:44:14 -0500] "GET /?nocache=1777930981 HTTP/2.0" 301 0 "-" "BigScootsMonitor Mozilla/5.0 (Windows NT 10.0; Win64; x64) AppleWebKit/537.36 (KHTML, like Gecko) Chrome/74.0.3729.169 Safari/537.36"
2607:5300:205:200::273 - - [04/May/2026:16:44:14 -0500] "GET /?nocache=1777930981 HTTP/2.0" 200 18601 "-" "BigScootsMonitor Mozilla/5.0 (Windows NT 10.0; Win64; x64) AppleWebKit/537.36 (KHTML, like Gecko) Chrome/74.0.3729.169 Safari/537.36"
57.128.189.19 - - [04/May/2026:16:44:15 -0500] "GET /?nocache=1777930981 HTTP/2.0" 200 18601 "-" "BigScootsMonitor Mozilla/5.0 (Windows NT 10.0; Win64; x64) AppleWebKit/537.36 (KHTML, like Gecko) Chrome/74.0.3729.169 Safari/537.36"
103.53.170.39 - - [04/May/2026:16:44:41 -0500] "GET /wp-login.php HTTP/2.0" 444 0 "-" "Mozilla/5.0 (Windows NT 6.2; ARM; Trident/7.0; Touch; rv:11.0; WPDesktop; NOKIA; Lumia 1520) like Gecko"
103.53.170.39 - - [04/May/2026:16:44:41 -0500] "POST /wp-login.php HTTP/2.0" 444 0 "https://phronsiesgarden.com/wp-login.php" "Mozilla/5.0 (Windows NT 6.2; ARM; Trident/7.0; Touch; rv:11.0; WPDesktop; NOKIA; Lumia 1520) like Gecko"
158.220.126.105 - - [04/May/2026:16:44:53 -0500] "GET /wp-login.php HTTP/2.0" 200 2224 "-" "Mozilla/5.0 (Windows NT 6.1; WOW64; Trident/7.0; CTL_IE11; rv:11.0) like Gecko"
158.220.126.105 - - [04/May/2026:16:44:55 -0500] "POST /wp-login.php HTTP/2.0" 200 2230 "https://phronsiesgarden.com/wp-login.php" "Mozilla/5.0 (Windows NT 6.1; WOW64; Trident/7.0; CTL_IE11; rv:11.0) like Gecko"
92.205.109.21 - - [04/May/2026:16:45:42 -0500] "GET /wp-login.php HTTP/2.0" 200 2225 "-" "Mozilla/5.0 (Windows NT 10.0; WOW64; Trident/7.0; NMTE; rv:11.0) like Gecko"
92.205.109.21 - - [04/May/2026:16:45:44 -0500] "POST /wp-login.php HTTP/2.0" 200 2231 "https://www.phronsiesgarden.com/wp-login.php" "Mozilla/5.0 (Windows NT 10.0; WOW64; Trident/7.0; NMTE; rv:11.0) like Gecko"
57.128.189.19 - - [04/May/2026:16:46:14 -0500] "GET /?nocache=1777931101 HTTP/2.0" 301 0 "-" "BigScootsMonitor Mozilla/5.0 (Windows NT 10.0; Win64; x64) AppleWebKit/537.36 (KHTML, like Gecko) Chrome/74.0.3729.169 Safari/537.36"
2607:5300:205:200::273 - - [04/May/2026:16:46:14 -0500] "GET /?nocache=1777931101 HTTP/2.0" 301 0 "-" "BigScootsMonitor Mozilla/5.0 (Windows NT 10.0; Win64; x64) AppleWebKit/537.36 (KHTML, like Gecko) Chrome/74.0.3729.169 Safari/537.36"
57.128.189.19 - - [04/May/2026:16:46:15 -0500] "GET /?nocache=1777931101 HTTP/2.0" 200 18601 "-" "BigScootsMonitor Mozilla/5.0 (Windows NT 10.0; Win64; x64) AppleWebKit/537.36 (KHTML, like Gecko) Chrome/74.0.3729.169 Safari/537.36"
2607:5300:205:200::273 - - [04/May/2026:16:46:15 -0500] "GET /?nocache=1777931101 HTTP/2.0" 200 18601 "-" "BigScootsMonitor Mozilla/5.0 (Windows NT 10.0; Win64; x64) AppleWebKit/537.36 (KHTML, like Gecko) Chrome/74.0.3729.169 Safari/537.36"
57.128.189.19 - - [04/May/2026:16:48:14 -0500] "GET /?nocache=1777931281 HTTP/2.0" 301 0 "-" "BigScootsMonitor Mozilla/5.0 (Windows NT 10.0; Win64; x64) AppleWebKit/537.36 (KHTML, like Gecko) Chrome/74.0.3729.169 Safari/537.36"
2607:5300:205:200::273 - - [04/May/2026:16:48:14 -0500] "GET /?nocache=1777931281 HTTP/2.0" 301 0 "-" "BigScootsMonitor Mozilla/5.0 (Windows NT 10.0; Win64; x64) AppleWebKit/537.36 (KHTML, like Gecko) Chrome/74.0.3729.169 Safari/537.36"
57.128.189.19 - - [04/May/2026:16:48:15 -0500] "GET /?nocache=1777931281 HTTP/2.0" 200 18601 "-" "BigScootsMonitor Mozilla/5.0 (Windows NT 10.0; Win64; x64) AppleWebKit/537.36 (KHTML, like Gecko) Chrome/74.0.3729.169 Safari/537.36"
2607:5300:205:200::273 - - [04/May/2026:16:48:15 -0500] "GET /?nocache=1777931281 HTTP/2.0" 200 18601 "-" "BigScootsMonitor Mozilla/5.0 (Windows NT 10.0; Win64; x64) AppleWebKit/537.36 (KHTML, like Gecko) Chrome/74.0.3729.169 Safari/537.36"
192.176.172.166 - - [04/May/2026:16:48:15 -0500] "GET /wp-login.php HTTP/2.0" 444 0 "-" "Mozilla/4.0 (compatible; MSIE 7.0; Windows NT 6.2; WOW64; Trident/7.0; .NET4.0E; .NET4.0C; Tablet PC 2.0; .NET CLR 3.5.30729; .NET CLR 2.0.50727; .NET CLR 3.0.30729; McAfee; LCJB)"
192.176.172.166 - - [04/May/2026:16:48:16 -0500] "POST /wp-login.php HTTP/2.0" 444 0 "https://www.phronsiesgarden.com/wp-login.php" "Mozilla/4.0 (compatible; MSIE 7.0; Windows NT 6.2; WOW64; Trident/7.0; .NET4.0E; .NET4.0C; Tablet PC 2.0; .NET CLR 3.5.30729; .NET CLR 2.0.50727; .NET CLR 3.0.30729; McAfee; LCJB)"
98.130.43.189 - - [04/May/2026:16:49:02 -0500] "GET /wp-login.php HTTP/2.0" 200 2161 "-" "Mozilla/5.0 (Macintosh; Intel Mac OS X 10_11_6) AppleWebKit/537.36 (KHTML, like Gecko) Chrome/67.0.3396.79 Safari/537.36"
98.130.43.189 - - [04/May/2026:16:49:03 -0500] "POST /wp-login.php HTTP/2.0" 200 2227 "https://www.phronsiesgarden.com/wp-login.php" "Mozilla/5.0 (Macintosh; Intel Mac OS X 10_11_6) AppleWebKit/537.36 (KHTML, like Gecko) Chrome/67.0.3396.79 Safari/537.36"
57.128.189.19 - - [04/May/2026:16:50:13 -0500] "GET /?nocache=1777931401 HTTP/2.0" 301 0 "-" "BigScootsMonitor Mozilla/5.0 (Windows NT 10.0; Win64; x64) AppleWebKit/537.36 (KHTML, like Gecko) Chrome/74.0.3729.169 Safari/537.36"
57.128.189.19 - - [04/May/2026:16:50:14 -0500] "GET /?nocache=1777931401 HTTP/2.0" 200 18601 "-" "BigScootsMonitor Mozilla/5.0 (Windows NT 10.0; Win64; x64) AppleWebKit/537.36 (KHTML, like Gecko) Chrome/74.0.3729.169 Safari/537.36"
2607:5300:205:200::273 - - [04/May/2026:16:50:15 -0500] "GET /?nocache=1777931401 HTTP/2.0" 301 0 "-" "BigScootsMonitor Mozilla/5.0 (Windows NT 10.0; Win64; x64) AppleWebKit/537.36 (KHTML, like Gecko) Chrome/74.0.3729.169 Safari/537.36"
2607:5300:205:200::273 - - [04/May/2026:16:50:15 -0500] "GET /?nocache=1777931401 HTTP/2.0" 200 18601 "-" "BigScootsMonitor Mozilla/5.0 (Windows NT 10.0; Win64; x64) AppleWebKit/537.36 (KHTML, like Gecko) Chrome/74.0.3729.169 Safari/537.36"
154.18.244.252 - - [04/May/2026:16:52:14 -0500] "POST /wp-cron.php?doing_wp_cron=1777931534.1812000274658203125000 HTTP/2.0" 200 1 "https://www.phronsiesgarden.com/wp-cron.php?doing_wp_cron=1777931534.1812000274658203125000" "WordPress/5.7.15; https://www.phronsiesgarden.com"
57.128.189.19 - - [04/May/2026:16:52:14 -0500] "GET /?nocache=1777931521 HTTP/2.0" 301 0 "-" "BigScootsMonitor Mozilla/5.0 (Windows NT 10.0; Win64; x64) AppleWebKit/537.36 (KHTML, like Gecko) Chrome/74.0.3729.169 Safari/537.36"
2607:5300:205:200::273 - - [04/May/2026:16:52:14 -0500] "GET /?nocache=1777931521 HTTP/2.0" 301 0 "-" "BigScootsMonitor Mozilla/5.0 (Windows NT 10.0; Win64; x64) AppleWebKit/537.36 (KHTML, like Gecko) Chrome/74.0.3729.169 Safari/537.36"
57.128.189.19 - - [04/May/2026:16:52:14 -0500] "GET /?nocache=1777931521 HTTP/2.0" 200 18601 "-" "BigScootsMonitor Mozilla/5.0 (Windows NT 10.0; Win64; x64) AppleWebKit/537.36 (KHTML, like Gecko) Chrome/74.0.3729.169 Safari/537.36"
2607:5300:205:200::273 - - [04/May/2026:16:52:15 -0500] "GET /?nocache=1777931521 HTTP/2.0" 200 18601 "-" "BigScootsMonitor Mozilla/5.0 (Windows NT 10.0; Win64; x64) AppleWebKit/537.36 (KHTML, like Gecko) Chrome/74.0.3729.169 Safari/537.36"
50.6.229.148 - - [04/May/2026:16:53:10 -0500] "GET /wp-login.php HTTP/2.0" 444 0 "-" "Mozilla/5.0 (X11; Linux x86_64) AppleWebKit/537.36 (KHTML, like Gecko) Chrome/66.0.3359.117 Safari/537.36"
50.6.229.148 - - [04/May/2026:16:53:10 -0500] "POST /wp-login.php HTTP/2.0" 444 0 "https://phronsiesgarden.com/wp-login.php" "Mozilla/5.0 (X11; Linux x86_64) AppleWebKit/537.36 (KHTML, like Gecko) Chrome/66.0.3359.117 Safari/537.36"
103.121.26.217 - - [04/May/2026:16:53:47 -0500] "GET /wp-login.php HTTP/2.0" 444 0 "-" "Mozilla/4.0 (compatible; MSIE 8.0; Windows NT 6.2; WOW64; Trident/7.0; .NET4.0C; .NET4.0E; .NET CLR 2.0.50727; .NET CLR 3.0.30729; .NET CLR 3.5.30729)"
103.121.26.217 - - [04/May/2026:16:53:48 -0500] "POST /wp-login.php HTTP/2.0" 444 0 "https://phronsiesgarden.com/wp-login.php" "Mozilla/4.0 (compatible; MSIE 8.0; Windows NT 6.2; WOW64; Trident/7.0; .NET4.0C; .NET4.0E; .NET CLR 2.0.50727; .NET CLR 3.0.30729; .NET CLR 3.5.30729)"
57.128.189.19 - - [04/May/2026:16:54:14 -0500] "GET /?nocache=1777931642 HTTP/2.0" 301 0 "-" "BigScootsMonitor Mozilla/5.0 (Windows NT 10.0; Win64; x64) AppleWebKit/537.36 (KHTML, like Gecko) Chrome/74.0.3729.169 Safari/537.36"
2607:5300:205:200::273 - - [04/May/2026:16:54:14 -0500] "GET /?nocache=1777931642 HTTP/2.0" 301 0 "-" "BigScootsMonitor Mozilla/5.0 (Windows NT 10.0; Win64; x64) AppleWebKit/537.36 (KHTML, like Gecko) Chrome/74.0.3729.169 Safari/537.36"
57.128.189.19 - - [04/May/2026:16:54:14 -0500] "GET /?nocache=1777931642 HTTP/2.0" 200 18601 "-" "BigScootsMonitor Mozilla/5.0 (Windows NT 10.0; Win64; x64) AppleWebKit/537.36 (KHTML, like Gecko) Chrome/74.0.3729.169 Safari/537.36"
2607:5300:205:200::273 - - [04/May/2026:16:54:15 -0500] "GET /?nocache=1777931642 HTTP/2.0" 200 18601 "-" "BigScootsMonitor Mozilla/5.0 (Windows NT 10.0; Win64; x64) AppleWebKit/537.36 (KHTML, like Gecko) Chrome/74.0.3729.169 Safari/537.36"
57.128.189.19 - - [04/May/2026:16:56:14 -0500] "GET /?nocache=1777931761 HTTP/2.0" 301 0 "-" "BigScootsMonitor Mozilla/5.0 (Windows NT 10.0; Win64; x64) AppleWebKit/537.36 (KHTML, like Gecko) Chrome/74.0.3729.169 Safari/537.36"
2607:5300:205:200::273 - - [04/May/2026:16:56:14 -0500] "GET /?nocache=1777931761 HTTP/2.0" 301 0 "-" "BigScootsMonitor Mozilla/5.0 (Windows NT 10.0; Win64; x64) AppleWebKit/537.36 (KHTML, like Gecko) Chrome/74.0.3729.169 Safari/537.36"
2607:5300:205:200::273 - - [04/May/2026:16:56:14 -0500] "GET /?nocache=1777931761 HTTP/2.0" 200 18601 "-" "BigScootsMonitor Mozilla/5.0 (Windows NT 10.0; Win64; x64) AppleWebKit/537.36 (KHTML, like Gecko) Chrome/74.0.3729.169 Safari/537.36"
57.128.189.19 - - [04/May/2026:16:56:14 -0500] "GET /?nocache=1777931761 HTTP/2.0" 200 18601 "-" "BigScootsMonitor Mozilla/5.0 (Windows NT 10.0; Win64; x64) AppleWebKit/537.36 (KHTML, like Gecko) Chrome/74.0.3729.169 Safari/537.36"
154.18.244.252 - - [04/May/2026:16:57:19 -0500] "POST /wp-cron.php?doing_wp_cron=1777931839.2207219600677490234375 HTTP/2.0" 200 1 "https://www.phronsiesgarden.com/wp-cron.php?doing_wp_cron=1777931839.2207219600677490234375" "WordPress/5.7.15; https://www.phronsiesgarden.com"
2a03:2880:f806:41:: - - [04/May/2026:16:57:19 -0500] "GET /SiteMap.aspx HTTP/2.0" 301 0 "-" "meta-externalagent/1.1 (+https://developers.facebook.com/docs/sharing/webmasters/crawler)"
43.135.211.148 - - [04/May/2026:16:57:22 -0500] "GET / HTTP/2.0" 444 0 "http://www.phronsiesgarden.com" "Mozilla/5.0 (iPhone; CPU iPhone OS 13_2_3 like Mac OS X) AppleWebKit/605.1.15 (KHTML, like Gecko) Version/13.0.3 Mobile/15E148 Safari/604.1"
47.163.39.246 - - [04/May/2026:16:57:34 -0500] "GET /wp-login.php HTTP/2.0" 200 2161 "-" "Mozilla/5.0 (X11; Ubuntu; Linux x86_64; rv:61.0) Gecko/20100101 Firefox/61.0"
47.163.39.246 - - [04/May/2026:16:57:34 -0500] "POST /wp-login.php HTTP/2.0" 200 2227 "https://www.phronsiesgarden.com/wp-login.php" "Mozilla/5.0 (X11; Ubuntu; Linux x86_64; rv:61.0) Gecko/20100101 Firefox/61.0"
57.128.189.19 - - [04/May/2026:16:58:13 -0500] "GET /?nocache=1777931821 HTTP/2.0" 301 0 "-" "BigScootsMonitor Mozilla/5.0 (Windows NT 10.0; Win64; x64) AppleWebKit/537.36 (KHTML, like Gecko) Chrome/74.0.3729.169 Safari/537.36"
57.128.189.19 - - [04/May/2026:16:58:14 -0500] "GET /?nocache=1777931821 HTTP/2.0" 200 18601 "-" "BigScootsMonitor Mozilla/5.0 (Windows NT 10.0; Win64; x64) AppleWebKit/537.36 (KHTML, like Gecko) Chrome/74.0.3729.169 Safari/537.36"
2607:5300:205:200::273 - - [04/May/2026:16:58:15 -0500] "GET /?nocache=1777931821 HTTP/2.0" 301 0 "-" "BigScootsMonitor Mozilla/5.0 (Windows NT 10.0; Win64; x64) AppleWebKit/537.36 (KHTML, like Gecko) Chrome/74.0.3729.169 Safari/537.36"
2607:5300:205:200::273 - - [04/May/2026:16:58:15 -0500] "GET /?nocache=1777931821 HTTP/2.0" 200 18601 "-" "BigScootsMonitor Mozilla/5.0 (Windows NT 10.0; Win64; x64) AppleWebKit/537.36 (KHTML, like Gecko) Chrome/74.0.3729.169 Safari/537.36"
64.227.152.124 - - [04/May/2026:16:58:24 -0500] "GET /wp-login.php HTTP/2.0" 444 0 "-" "Mozilla/5.0 (Windows NT 6.3; Win64; x64) AppleWebKit/537.36 (KHTML, like Gecko) Chrome/67.0.3396.62 Safari/537.36"
64.227.152.124 - - [04/May/2026:16:58:25 -0500] "POST /wp-login.php HTTP/2.0" 444 0 "https://www.phronsiesgarden.com/wp-login.php" "Mozilla/5.0 (Windows NT 6.3; Win64; x64) AppleWebKit/537.36 (KHTML, like Gecko) Chrome/67.0.3396.62 Safari/537.36"
138.249.168.156 - - [04/May/2026:16:59:38 -0500] "GET /kwanzan-cherry-tree/ HTTP/2.0" 200 19509 "https://www.phronsiesgarden.com/kwanzan-cherry-tree/#comment-39521" "Mozilla/5.0 (Windows NT 10.0; Win64; x64) AppleWebKit/537.36 (KHTML, like Gecko) Chrome/129.0.0.0 Safari/537.36"
154.195.143.3 - - [04/May/2026:16:59:49 -0500] "GET /kwanzan-cherry-tree/ HTTP/2.0" 200 19507 "https://www.phronsiesgarden.com/kwanzan-cherry-tree/#comment-39501" "Mozilla/5.0 (Windows NT 10.0; Win64; x64) AppleWebKit/537.36 (KHTML, like Gecko) Chrome/129.0.0.0 Safari/537.36"
57.128.189.19 - - [04/May/2026:17:00:14 -0500] "GET /?nocache=1777932002 HTTP/2.0" 301 0 "-" "BigScootsMonitor Mozilla/5.0 (Windows NT 10.0; Win64; x64) AppleWebKit/537.36 (KHTML, like Gecko) Chrome/74.0.3729.169 Safari/537.36"
57.128.189.19 - - [04/May/2026:17:00:14 -0500] "GET /?nocache=1777932002 HTTP/2.0" 200 18601 "-" "BigScootsMonitor Mozilla/5.0 (Windows NT 10.0; Win64; x64) AppleWebKit/537.36 (KHTML, like Gecko) Chrome/74.0.3729.169 Safari/537.36"
2607:5300:205:200::273 - - [04/May/2026:17:00:15 -0500] "GET /?nocache=1777932002 HTTP/2.0" 301 0 "-" "BigScootsMonitor Mozilla/5.0 (Windows NT 10.0; Win64; x64) AppleWebKit/537.36 (KHTML, like Gecko) Chrome/74.0.3729.169 Safari/537.36"
2607:5300:205:200::273 - - [04/May/2026:17:00:15 -0500] "GET /?nocache=1777932002 HTTP/2.0" 200 18601 "-" "BigScootsMonitor Mozilla/5.0 (Windows NT 10.0; Win64; x64) AppleWebKit/537.36 (KHTML, like Gecko) Chrome/74.0.3729.169 Safari/537.36"
154.195.143.3 - - [04/May/2026:17:00:20 -0500] "GET / HTTP/2.0" 200 18601 "https://www.phronsiesgarden.com/" "Mozilla/5.0 (Windows NT 10.0; Win64; x64) AppleWebKit/537.36 (KHTML, like Gecko) Chrome/129.0.0.0 Safari/537.36"
138.249.168.156 - - [04/May/2026:17:00:30 -0500] "GET / HTTP/2.0" 200 18601 "https://www.phronsiesgarden.com/" "Mozilla/5.0 (Windows NT 10.0; Win64; x64) AppleWebKit/537.36 (KHTML, like Gecko) Chrome/129.0.0.0 Safari/537.36"
213.230.87.0 - - [04/May/2026:17:00:36 -0500] "GET / HTTP/2.0" 301 0 "https://phronsiesgarden.com/" "Mozilla/5.0 (Macintosh; Intel Mac OS X 10_15_7) AppleWebKit/605.1.15 (KHTML, like Gecko) Version/17.1 Safari/605.1.15"
113.177.207.132 - - [04/May/2026:17:00:37 -0500] "GET / HTTP/2.0" 200 18601 "https://phronsiesgarden.com/" "Mozilla/5.0 (Macintosh; Intel Mac OS X 10_15_7) AppleWebKit/605.1.15 (KHTML, like Gecko) Version/17.1 Safari/605.1.15"
51.222.71.146 - - [04/May/2026:17:02:12 -0500] "GET /wp-login.php HTTP/2.0" 200 2161 "-" "Mozilla/5.0 (Macintosh; Intel Mac OS X 10_10_5) AppleWebKit/537.36 (KHTML, like Gecko) Chrome/66.0.3359.117 Safari/537.36"
57.128.189.19 - - [04/May/2026:17:02:13 -0500] "GET /?nocache=1777932061 HTTP/2.0" 301 0 "-" "BigScootsMonitor Mozilla/5.0 (Windows NT 10.0; Win64; x64) AppleWebKit/537.36 (KHTML, like Gecko) Chrome/74.0.3729.169 Safari/537.36"
51.222.71.146 - - [04/May/2026:17:02:13 -0500] "POST /wp-login.php HTTP/2.0" 200 2227 "https://phronsiesgarden.com/wp-login.php" "Mozilla/5.0 (Macintosh; Intel Mac OS X 10_10_5) AppleWebKit/537.36 (KHTML, like Gecko) Chrome/66.0.3359.117 Safari/537.36"
57.128.189.19 - - [04/May/2026:17:02:14 -0500] "GET /?nocache=1777932061 HTTP/2.0" 200 18601 "-" "BigScootsMonitor Mozilla/5.0 (Windows NT 10.0; Win64; x64) AppleWebKit/537.36 (KHTML, like Gecko) Chrome/74.0.3729.169 Safari/537.36"
2607:5300:205:200::273 - - [04/May/2026:17:02:15 -0500] "GET /?nocache=1777932121 HTTP/2.0" 301 0 "-" "BigScootsMonitor Mozilla/5.0 (Windows NT 10.0; Win64; x64) AppleWebKit/537.36 (KHTML, like Gecko) Chrome/74.0.3729.169 Safari/537.36"
2607:5300:205:200::273 - - [04/May/2026:17:02:15 -0500] "GET /?nocache=1777932121 HTTP/2.0" 200 18601 "-" "BigScootsMonitor Mozilla/5.0 (Windows NT 10.0; Win64; x64) AppleWebKit/537.36 (KHTML, like Gecko) Chrome/74.0.3729.169 Safari/537.36"
52.232.35.131 - - [04/May/2026:17:02:48 -0500] "GET /wp-login.php HTTP/2.0" 200 2161 "-" "Mozilla/4.0 (compatible; MSIE 7.0; Windows NT 6.2; WOW64; Trident/7.0; .NET4.0E; .NET4.0C; Tablet PC 2.0; .NET CLR 3.5.30729; .NET CLR 2.0.50727; .NET CLR 3.0.30729; McAfee; LCJB)"
52.232.35.131 - - [04/May/2026:17:02:48 -0500] "POST /wp-login.php HTTP/2.0" 200 2227 "https://phronsiesgarden.com/wp-login.php" "Mozilla/4.0 (compatible; MSIE 7.0; Windows NT 6.2; WOW64; Trident/7.0; .NET4.0E; .NET4.0C; Tablet PC 2.0; .NET CLR 3.5.30729; .NET CLR 2.0.50727; .NET CLR 3.0.30729; McAfee; LCJB)"
103.100.38.132 - - [04/May/2026:17:03:15 -0500] "GET /wp-login.php HTTP/2.0" 444 0 "-" "Mozilla/5.0 (Macintosh; Intel Mac OS X 10_12) AppleWebKit/602.1.40 (KHTML, like Gecko) Version/10.0 Safari/602.1.40"
103.100.38.132 - - [04/May/2026:17:03:15 -0500] "POST /wp-login.php HTTP/2.0" 444 0 "https://phronsiesgarden.com/wp-login.php" "Mozilla/5.0 (Macintosh; Intel Mac OS X 10_12) AppleWebKit/602.1.40 (KHTML, like Gecko) Version/10.0 Safari/602.1.40"
154.18.244.252 - - [04/May/2026:17:04:14 -0500] "POST /wp-cron.php?doing_wp_cron=1777932254.2876379489898681640625 HTTP/2.0" 200 1 "https://www.phronsiesgarden.com/wp-cron.php?doing_wp_cron=1777932254.2876379489898681640625" "WordPress/5.7.15; https://www.phronsiesgarden.com"
57.128.189.19 - - [04/May/2026:17:04:14 -0500] "GET /?nocache=1777932181 HTTP/2.0" 301 0 "-" "BigScootsMonitor Mozilla/5.0 (Windows NT 10.0; Win64; x64) AppleWebKit/537.36 (KHTML, like Gecko) Chrome/74.0.3729.169 Safari/537.36"
2607:5300:205:200::273 - - [04/May/2026:17:04:14 -0500] "GET /?nocache=1777932181 HTTP/2.0" 301 0 "-" "BigScootsMonitor Mozilla/5.0 (Windows NT 10.0; Win64; x64) AppleWebKit/537.36 (KHTML, like Gecko) Chrome/74.0.3729.169 Safari/537.36"
57.128.189.19 - - [04/May/2026:17:04:15 -0500] "GET /?nocache=1777932181 HTTP/2.0" 200 18601 "-" "BigScootsMonitor Mozilla/5.0 (Windows NT 10.0; Win64; x64) AppleWebKit/537.36 (KHTML, like Gecko) Chrome/74.0.3729.169 Safari/537.36"
2607:5300:205:200::273 - - [04/May/2026:17:04:15 -0500] "GET /?nocache=1777932181 HTTP/2.0" 200 18601 "-" "BigScootsMonitor Mozilla/5.0 (Windows NT 10.0; Win64; x64) AppleWebKit/537.36 (KHTML, like Gecko) Chrome/74.0.3729.169 Safari/537.36"
57.128.189.19 - - [04/May/2026:17:06:13 -0500] "GET /?nocache=1777932361 HTTP/2.0" 301 0 "-" "BigScootsMonitor Mozilla/5.0 (Windows NT 10.0; Win64; x64) AppleWebKit/537.36 (KHTML, like Gecko) Chrome/74.0.3729.169 Safari/537.36"
57.128.189.19 - - [04/May/2026:17:06:14 -0500] "GET /?nocache=1777932361 HTTP/2.0" 200 18601 "-" "BigScootsMonitor Mozilla/5.0 (Windows NT 10.0; Win64; x64) AppleWebKit/537.36 (KHTML, like Gecko) Chrome/74.0.3729.169 Safari/537.36"
2607:5300:205:200::273 - - [04/May/2026:17:06:14 -0500] "GET /?nocache=1777932361 HTTP/2.0" 301 0 "-" "BigScootsMonitor Mozilla/5.0 (Windows NT 10.0; Win64; x64) AppleWebKit/537.36 (KHTML, like Gecko) Chrome/74.0.3729.169 Safari/537.36"
2607:5300:205:200::273 - - [04/May/2026:17:06:15 -0500] "GET /?nocache=1777932361 HTTP/2.0" 200 18601 "-" "BigScootsMonitor Mozilla/5.0 (Windows NT 10.0; Win64; x64) AppleWebKit/537.36 (KHTML, like Gecko) Chrome/74.0.3729.169 Safari/537.36"
123.30.233.13 - - [04/May/2026:17:07:18 -0500] "GET /wp-login.php HTTP/2.0" 444 0 "-" "Mozilla/5.0 (Windows NT 6.2; Win64; x64) AppleWebKit/537.36 (KHTML, like Gecko) Chrome/67.0.3396.87 Safari/537.36"
123.30.233.13 - - [04/May/2026:17:07:19 -0500] "POST /wp-login.php HTTP/2.0" 444 0 "https://www.phronsiesgarden.com/wp-login.php" "Mozilla/5.0 (Windows NT 6.2; Win64; x64) AppleWebKit/537.36 (KHTML, like Gecko) Chrome/67.0.3396.87 Safari/537.36"
222.253.227.224 - - [04/May/2026:17:08:13 -0500] "GET /category/flowers/daylilies/ HTTP/2.0" 200 12959 "-" "Mozilla/5.0 (compatible; MSIE 6.0; Windows CE; Trident/4.0)"
57.128.189.19 - - [04/May/2026:17:08:14 -0500] "GET /?nocache=1777932481 HTTP/2.0" 301 0 "-" "BigScootsMonitor Mozilla/5.0 (Windows NT 10.0; Win64; x64) AppleWebKit/537.36 (KHTML, like Gecko) Chrome/74.0.3729.169 Safari/537.36"
2607:5300:205:200::273 - - [04/May/2026:17:08:14 -0500] "GET /?nocache=1777932481 HTTP/2.0" 301 0 "-" "BigScootsMonitor Mozilla/5.0 (Windows NT 10.0; Win64; x64) AppleWebKit/537.36 (KHTML, like Gecko) Chrome/74.0.3729.169 Safari/537.36"
57.128.189.19 - - [04/May/2026:17:08:14 -0500] "GET /?nocache=1777932481 HTTP/2.0" 200 18601 "-" "BigScootsMonitor Mozilla/5.0 (Windows NT 10.0; Win64; x64) AppleWebKit/537.36 (KHTML, like Gecko) Chrome/74.0.3729.169 Safari/537.36"
2607:5300:205:200::273 - - [04/May/2026:17:08:15 -0500] "GET /?nocache=1777932481 HTTP/2.0" 200 18601 "-" "BigScootsMonitor Mozilla/5.0 (Windows NT 10.0; Win64; x64) AppleWebKit/537.36 (KHTML, like Gecko) Chrome/74.0.3729.169 Safari/537.36"
93.123.109.164 - - [04/May/2026:17:09:30 -0500] "GET / HTTP/2.0" 444 0 "-" "Mozilla/5.0 (Windows NT 10.0; Win64; x64) AppleWebKit/537.36 (KHTML, like Gecko) Chrome/124.0.0.0 Safari/537.36"
57.128.189.19 - - [04/May/2026:17:10:13 -0500] "GET /?nocache=1777932601 HTTP/2.0" 301 0 "-" "BigScootsMonitor Mozilla/5.0 (Windows NT 10.0; Win64; x64) AppleWebKit/537.36 (KHTML, like Gecko) Chrome/74.0.3729.169 Safari/537.36"
57.128.189.19 - - [04/May/2026:17:10:14 -0500] "GET /?nocache=1777932601 HTTP/2.0" 200 18601 "-" "BigScootsMonitor Mozilla/5.0 (Windows NT 10.0; Win64; x64) AppleWebKit/537.36 (KHTML, like Gecko) Chrome/74.0.3729.169 Safari/537.36"
2607:5300:205:200::273 - - [04/May/2026:17:10:14 -0500] "GET /?nocache=1777932601 HTTP/2.0" 301 0 "-" "BigScootsMonitor Mozilla/5.0 (Windows NT 10.0; Win64; x64) AppleWebKit/537.36 (KHTML, like Gecko) Chrome/74.0.3729.169 Safari/537.36"
2607:5300:205:200::273 - - [04/May/2026:17:10:15 -0500] "GET /?nocache=1777932601 HTTP/2.0" 200 18601 "-" "BigScootsMonitor Mozilla/5.0 (Windows NT 10.0; Win64; x64) AppleWebKit/537.36 (KHTML, like Gecko) Chrome/74.0.3729.169 Safari/537.36"
51.15.160.8 - - [04/May/2026:17:11:11 -0500] "GET /wp-login.php HTTP/2.0" 444 0 "-" "Mozilla/5.0 (Windows NT 10.0; Win64; x64) AppleWebKit/537.36 (KHTML, like Gecko) Chrome/64.0.3282.140 Safari/537.36 Edge/17.17134"
51.15.160.8 - - [04/May/2026:17:11:12 -0500] "POST /wp-login.php HTTP/2.0" 444 0 "https://phronsiesgarden.com/wp-login.php" "Mozilla/5.0 (Windows NT 10.0; Win64; x64) AppleWebKit/537.36 (KHTML, like Gecko) Chrome/64.0.3282.140 Safari/537.36 Edge/17.17134"
50.6.7.129 - - [04/May/2026:17:11:43 -0500] "GET /wp-login.php HTTP/2.0" 444 0 "-" "Mozilla/5.0 (Windows NT 10.0; Win64; x64) AppleWebKit/537.36 (KHTML, like Gecko) Chrome/65.0.3325.181 Safari/537.36 OPR/52.0.2871.40"
50.6.7.129 - - [04/May/2026:17:11:43 -0500] "POST /wp-login.php HTTP/2.0" 444 0 "https://phronsiesgarden.com/wp-login.php" "Mozilla/5.0 (Windows NT 10.0; Win64; x64) AppleWebKit/537.36 (KHTML, like Gecko) Chrome/65.0.3325.181 Safari/537.36 OPR/52.0.2871.40"
78.142.18.172 - - [04/May/2026:17:12:12 -0500] "GET /wp-login.php HTTP/2.0" 200 2225 "-" "Mozilla/5.0 (Windows NT 10.0; WOW64; Trident/7.0; TAJB; rv:11.0) like Gecko"
78.142.18.172 - - [04/May/2026:17:12:13 -0500] "POST /wp-login.php HTTP/2.0" 200 2231 "https://phronsiesgarden.com/wp-login.php" "Mozilla/5.0 (Windows NT 10.0; WOW64; Trident/7.0; TAJB; rv:11.0) like Gecko"
57.128.189.19 - - [04/May/2026:17:12:13 -0500] "GET /?nocache=1777932662 HTTP/2.0" 301 0 "-" "BigScootsMonitor Mozilla/5.0 (Windows NT 10.0; Win64; x64) AppleWebKit/537.36 (KHTML, like Gecko) Chrome/74.0.3729.169 Safari/537.36"
57.128.189.19 - - [04/May/2026:17:12:14 -0500] "GET /?nocache=1777932662 HTTP/2.0" 200 18601 "-" "BigScootsMonitor Mozilla/5.0 (Windows NT 10.0; Win64; x64) AppleWebKit/537.36 (KHTML, like Gecko) Chrome/74.0.3729.169 Safari/537.36"
2607:5300:205:200::273 - - [04/May/2026:17:12:15 -0500] "GET /?nocache=1777932662 HTTP/2.0" 301 0 "-" "BigScootsMonitor Mozilla/5.0 (Windows NT 10.0; Win64; x64) AppleWebKit/537.36 (KHTML, like Gecko) Chrome/74.0.3729.169 Safari/537.36"
2607:5300:205:200::273 - - [04/May/2026:17:12:15 -0500] "GET /?nocache=1777932662 HTTP/2.0" 200 18601 "-" "BigScootsMonitor Mozilla/5.0 (Windows NT 10.0; Win64; x64) AppleWebKit/537.36 (KHTML, like Gecko) Chrome/74.0.3729.169 Safari/537.36"
121.200.216.56 - - [04/May/2026:17:12:36 -0500] "GET /wp-login.php HTTP/2.0" 200 2161 "-" "Mozilla/5.0 (Windows NT 10.0; WOW64) AppleWebKit/537.36 (KHTML, like Gecko) Chrome/66.0.3359.170 Safari/537.36"
121.200.216.56 - - [04/May/2026:17:12:36 -0500] "POST /wp-login.php HTTP/2.0" 200 2227 "https://www.phronsiesgarden.com/wp-login.php" "Mozilla/5.0 (Windows NT 10.0; WOW64) AppleWebKit/537.36 (KHTML, like Gecko) Chrome/66.0.3359.170 Safari/537.36"
45.12.3.21 - - [04/May/2026:17:12:47 -0500] "GET //plugins/generic/pdfJsViewer/pdf.js/web/viewer.html HTTP/2.0" 301 0 "-" "Mozilla/5.0 (Windows NT 10.0; Win64; x64; rv:81.0) Gecko/20100101 Firefox/81.0"
45.12.3.21 - - [04/May/2026:17:12:47 -0500] "GET /plugins/generic/pdfJsViewer/pdf.js/web/viewer.html HTTP/2.0" 404 12640 "-" "Mozilla/5.0 (Windows NT 10.0; Win64; x64; rv:81.0) Gecko/20100101 Firefox/81.0"
188.163.43.21 - - [04/May/2026:17:13:23 -0500] "GET / HTTP/2.0" 200 18601 "-" "Mozilla/5.0 (Windows NT 6.3; Win64; x64) AppleWebKit/537.36 (KHTML, like Gecko) Chrome/75.0.3770.100 Safari/537.36"
57.128.189.19 - - [04/May/2026:17:14:13 -0500] "GET /?nocache=1777932841 HTTP/2.0" 301 0 "-" "BigScootsMonitor Mozilla/5.0 (Windows NT 10.0; Win64; x64) AppleWebKit/537.36 (KHTML, like Gecko) Chrome/74.0.3729.169 Safari/537.36"
57.128.189.19 - - [04/May/2026:17:14:14 -0500] "GET /?nocache=1777932841 HTTP/2.0" 200 18601 "-" "BigScootsMonitor Mozilla/5.0 (Windows NT 10.0; Win64; x64) AppleWebKit/537.36 (KHTML, like Gecko) Chrome/74.0.3729.169 Safari/537.36"
2607:5300:205:200::273 - - [04/May/2026:17:14:14 -0500] "GET /?nocache=1777932841 HTTP/2.0" 301 0 "-" "BigScootsMonitor Mozilla/5.0 (Windows NT 10.0; Win64; x64) AppleWebKit/537.36 (KHTML, like Gecko) Chrome/74.0.3729.169 Safari/537.36"
2607:5300:205:200::273 - - [04/May/2026:17:14:15 -0500] "GET /?nocache=1777932841 HTTP/2.0" 200 18601 "-" "BigScootsMonitor Mozilla/5.0 (Windows NT 10.0; Win64; x64) AppleWebKit/537.36 (KHTML, like Gecko) Chrome/74.0.3729.169 Safari/537.36"
121.200.216.56 - - [04/May/2026:17:15:13 -0500] "GET /wp-login.php HTTP/2.0" 200 2161 "-" "Mozilla/4.0 (compatible; MSIE 7.0; Windows NT 6.2; Win64; x64; Trident/7.0; .NET4.0E; .NET4.0C; .NET CLR 3.5.30729; .NET CLR 2.0.50727; .NET CLR 3.0.30729; InfoPath.3)"
121.200.216.56 - - [04/May/2026:17:15:14 -0500] "POST /wp-login.php HTTP/2.0" 200 2227 "https://www.phronsiesgarden.com/wp-login.php" "Mozilla/4.0 (compatible; MSIE 7.0; Windows NT 6.2; Win64; x64; Trident/7.0; .NET4.0E; .NET4.0C; .NET CLR 3.5.30729; .NET CLR 2.0.50727; .NET CLR 3.0.30729; InfoPath.3)"
57.128.189.19 - - [04/May/2026:17:16:14 -0500] "GET /?nocache=1777932961 HTTP/2.0" 301 0 "-" "BigScootsMonitor Mozilla/5.0 (Windows NT 10.0; Win64; x64) AppleWebKit/537.36 (KHTML, like Gecko) Chrome/74.0.3729.169 Safari/537.36"
2607:5300:205:200::273 - - [04/May/2026:17:16:14 -0500] "GET /?nocache=1777932961 HTTP/2.0" 301 0 "-" "BigScootsMonitor Mozilla/5.0 (Windows NT 10.0; Win64; x64) AppleWebKit/537.36 (KHTML, like Gecko) Chrome/74.0.3729.169 Safari/537.36"
2607:5300:205:200::273 - - [04/May/2026:17:16:15 -0500] "GET /?nocache=1777932961 HTTP/2.0" 200 18601 "-" "BigScootsMonitor Mozilla/5.0 (Windows NT 10.0; Win64; x64) AppleWebKit/537.36 (KHTML, like Gecko) Chrome/74.0.3729.169 Safari/537.36"
57.128.189.19 - - [04/May/2026:17:16:15 -0500] "GET /?nocache=1777932961 HTTP/2.0" 200 18601 "-" "BigScootsMonitor Mozilla/5.0 (Windows NT 10.0; Win64; x64) AppleWebKit/537.36 (KHTML, like Gecko) Chrome/74.0.3729.169 Safari/537.36"
57.128.189.19 - - [04/May/2026:17:18:14 -0500] "GET /?nocache=1777933081 HTTP/2.0" 301 0 "-" "BigScootsMonitor Mozilla/5.0 (Windows NT 10.0; Win64; x64) AppleWebKit/537.36 (KHTML, like Gecko) Chrome/74.0.3729.169 Safari/537.36"
2607:5300:205:200::273 - - [04/May/2026:17:18:14 -0500] "GET /?nocache=1777933081 HTTP/2.0" 301 0 "-" "BigScootsMonitor Mozilla/5.0 (Windows NT 10.0; Win64; x64) AppleWebKit/537.36 (KHTML, like Gecko) Chrome/74.0.3729.169 Safari/537.36"
57.128.189.19 - - [04/May/2026:17:18:14 -0500] "GET /?nocache=1777933081 HTTP/2.0" 200 18601 "-" "BigScootsMonitor Mozilla/5.0 (Windows NT 10.0; Win64; x64) AppleWebKit/537.36 (KHTML, like Gecko) Chrome/74.0.3729.169 Safari/537.36"
2607:5300:205:200::273 - - [04/May/2026:17:18:15 -0500] "GET /?nocache=1777933081 HTTP/2.0" 200 18601 "-" "BigScootsMonitor Mozilla/5.0 (Windows NT 10.0; Win64; x64) AppleWebKit/537.36 (KHTML, like Gecko) Chrome/74.0.3729.169 Safari/537.36"
57.128.189.19 - - [04/May/2026:17:20:13 -0500] "GET /?nocache=1777933201 HTTP/2.0" 301 0 "-" "BigScootsMonitor Mozilla/5.0 (Windows NT 10.0; Win64; x64) AppleWebKit/537.36 (KHTML, like Gecko) Chrome/74.0.3729.169 Safari/537.36"
57.128.189.19 - - [04/May/2026:17:20:14 -0500] "GET /?nocache=1777933201 HTTP/2.0" 200 18601 "-" "BigScootsMonitor Mozilla/5.0 (Windows NT 10.0; Win64; x64) AppleWebKit/537.36 (KHTML, like Gecko) Chrome/74.0.3729.169 Safari/537.36"
2607:5300:205:200::273 - - [04/May/2026:17:20:14 -0500] "GET /?nocache=1777933201 HTTP/2.0" 301 0 "-" "BigScootsMonitor Mozilla/5.0 (Windows NT 10.0; Win64; x64) AppleWebKit/537.36 (KHTML, like Gecko) Chrome/74.0.3729.169 Safari/537.36"
2607:5300:205:200::273 - - [04/May/2026:17:20:15 -0500] "GET /?nocache=1777933201 HTTP/2.0" 200 18601 "-" "BigScootsMonitor Mozilla/5.0 (Windows NT 10.0; Win64; x64) AppleWebKit/537.36 (KHTML, like Gecko) Chrome/74.0.3729.169 Safari/537.36"
50.6.229.148 - - [04/May/2026:17:20:31 -0500] "GET /wp-login.php HTTP/2.0" 444 0 "-" "Mozilla/5.0 (X11; Datanyze; Linux x86_64) AppleWebKit/537.36 (KHTML, like Gecko) Chrome/65.0.3325.181 Safari/537.36"
50.6.229.148 - - [04/May/2026:17:20:32 -0500] "POST /wp-login.php HTTP/2.0" 444 0 "https://phronsiesgarden.com/wp-login.php" "Mozilla/5.0 (X11; Datanyze; Linux x86_64) AppleWebKit/537.36 (KHTML, like Gecko) Chrome/65.0.3325.181 Safari/537.36"
103.85.84.51 - - [04/May/2026:17:20:39 -0500] "POST /wp-login.php HTTP/2.0" 200 2222 "-" "Mozilla/5.0 (Windows NT 10.0; WOW64) AppleWebKit/537.36 (KHTML, like Gecko) Chrome/142.0.0.0 Safari/537.36"
173.236.218.69 - - [04/May/2026:17:21:35 -0500] "GET /wp-login.php HTTP/2.0" 200 2161 "-" "Mozilla/5.0 (compatible; MSIE 9.0; Windows NT 6.1; Win64; x64; Trident/7.0)"
173.236.218.69 - - [04/May/2026:17:21:36 -0500] "POST /wp-login.php HTTP/2.0" 200 2227 "https://phronsiesgarden.com/wp-login.php" "Mozilla/5.0 (compatible; MSIE 9.0; Windows NT 6.1; Win64; x64; Trident/7.0)"
43.167.233.54 - - [04/May/2026:17:21:41 -0500] "GET /wp-login.php HTTP/2.0" 200 2161 "-" "Mozilla/5.0 (Windows NT 6.3; Win64, x64; Trident/7.0; rv:11.0) like Gecko"
43.167.233.54 - - [04/May/2026:17:21:42 -0500] "POST /wp-login.php HTTP/2.0" 200 2227 "https://phronsiesgarden.com/wp-login.php" "Mozilla/5.0 (Windows NT 6.3; Win64, x64; Trident/7.0; rv:11.0) like Gecko"
57.128.189.19 - - [04/May/2026:17:22:13 -0500] "GET /?nocache=1777933321 HTTP/2.0" 301 0 "-" "BigScootsMonitor Mozilla/5.0 (Windows NT 10.0; Win64; x64) AppleWebKit/537.36 (KHTML, like Gecko) Chrome/74.0.3729.169 Safari/537.36"
57.128.189.19 - - [04/May/2026:17:22:14 -0500] "GET /?nocache=1777933321 HTTP/2.0" 200 18601 "-" "BigScootsMonitor Mozilla/5.0 (Windows NT 10.0; Win64; x64) AppleWebKit/537.36 (KHTML, like Gecko) Chrome/74.0.3729.169 Safari/537.36"
2607:5300:205:200::273 - - [04/May/2026:17:22:15 -0500] "GET /?nocache=1777933321 HTTP/2.0" 301 0 "-" "BigScootsMonitor Mozilla/5.0 (Windows NT 10.0; Win64; x64) AppleWebKit/537.36 (KHTML, like Gecko) Chrome/74.0.3729.169 Safari/537.36"
