89.110.68.32 - - [04/May/2026:21:38:40 -0500] "GET /kwanzan-cherry-tree/ HTTP/2.0" 200 20159 "https://www.phronsiesgarden.com/kwanzan-cherry-tree/#comment-44514" "Mozilla/5.0 (Windows NT 10.0; Win64; x64) AppleWebKit/537.36 (KHTML, like Gecko) Chrome/130.0.0.0 Safari/537.36 CCleaner/130.0.0.0"
57.128.189.19 - - [04/May/2026:21:40:14 -0500] "GET /?nocache=1777948801 HTTP/2.0" 301 0 "-" "BigScootsMonitor Mozilla/5.0 (Windows NT 10.0; Win64; x64) AppleWebKit/537.36 (KHTML, like Gecko) Chrome/74.0.3729.169 Safari/537.36"
2607:5300:205:200::273 - - [04/May/2026:21:40:14 -0500] "GET /?nocache=1777948801 HTTP/2.0" 301 0 "-" "BigScootsMonitor Mozilla/5.0 (Windows NT 10.0; Win64; x64) AppleWebKit/537.36 (KHTML, like Gecko) Chrome/74.0.3729.169 Safari/537.36"
57.128.189.19 - - [04/May/2026:21:40:14 -0500] "GET /?nocache=1777948801 HTTP/2.0" 200 18601 "-" "BigScootsMonitor Mozilla/5.0 (Windows NT 10.0; Win64; x64) AppleWebKit/537.36 (KHTML, like Gecko) Chrome/74.0.3729.169 Safari/537.36"
2607:5300:205:200::273 - - [04/May/2026:21:40:15 -0500] "GET /?nocache=1777948801 HTTP/2.0" 200 18601 "-" "BigScootsMonitor Mozilla/5.0 (Windows NT 10.0; Win64; x64) AppleWebKit/537.36 (KHTML, like Gecko) Chrome/74.0.3729.169 Safari/537.36"
91.227.37.60 - - [04/May/2026:21:41:55 -0500] "GET /wp-login.php HTTP/2.0" 444 0 "-" "Mozilla/5.0 (Windows NT 6.1; Win64; x64) AppleWebKit/537.36 (KHTML, like Gecko) Chrome/66.0.3359.181 Safari/537.36"
91.227.37.60 - - [04/May/2026:21:41:55 -0500] "POST /wp-login.php HTTP/2.0" 444 0 "https://phronsiesgarden.com/wp-login.php" "Mozilla/5.0 (Windows NT 6.1; Win64; x64) AppleWebKit/537.36 (KHTML, like Gecko) Chrome/66.0.3359.181 Safari/537.36"
2607:5300:205:200::273 - - [04/May/2026:21:42:14 -0500] "GET /?nocache=1777948921 HTTP/2.0" 301 0 "-" "BigScootsMonitor Mozilla/5.0 (Windows NT 10.0; Win64; x64) AppleWebKit/537.36 (KHTML, like Gecko) Chrome/74.0.3729.169 Safari/537.36"
57.128.189.19 - - [04/May/2026:21:42:14 -0500] "GET /?nocache=1777948921 HTTP/2.0" 301 0 "-" "BigScootsMonitor Mozilla/5.0 (Windows NT 10.0; Win64; x64) AppleWebKit/537.36 (KHTML, like Gecko) Chrome/74.0.3729.169 Safari/537.36"
2607:5300:205:200::273 - - [04/May/2026:21:42:14 -0500] "GET /?nocache=1777948921 HTTP/2.0" 200 18601 "-" "BigScootsMonitor Mozilla/5.0 (Windows NT 10.0; Win64; x64) AppleWebKit/537.36 (KHTML, like Gecko) Chrome/74.0.3729.169 Safari/537.36"
57.128.189.19 - - [04/May/2026:21:42:15 -0500] "GET /?nocache=1777948921 HTTP/2.0" 200 18601 "-" "BigScootsMonitor Mozilla/5.0 (Windows NT 10.0; Win64; x64) AppleWebKit/537.36 (KHTML, like Gecko) Chrome/74.0.3729.169 Safari/537.36"
38.95.35.85 - - [04/May/2026:21:43:09 -0500] "GET /wp-login.php HTTP/2.0" 200 2222 "-" "Mozilla/5.0 (Windows NT 5.1; Win64; x64) AppleWebKit/537.36 (KHTML, like Gecko) Chrome/65.0.3325.181 Safari/537.36 OPR/52.0.2871.99"
38.95.35.85 - - [04/May/2026:21:43:09 -0500] "POST /wp-login.php HTTP/2.0" 200 2229 "https://phronsiesgarden.com/wp-login.php" "Mozilla/5.0 (Windows NT 5.1; Win64; x64) AppleWebKit/537.36 (KHTML, like Gecko) Chrome/65.0.3325.181 Safari/537.36 OPR/52.0.2871.99"
170.168.232.183 - - [04/May/2026:21:43:49 -0500] "GET /kwanzan-cherry-tree/ HTTP/2.0" 200 19509 "https://www.phronsiesgarden.com/kwanzan-cherry-tree/#comment-42427" "Mozilla/5.0 (Windows NT 10.0; Win64; x64) AppleWebKit/537.36 (KHTML, like Gecko) Chrome/129.0.0.0 Safari/537.36"
170.168.232.183 - - [04/May/2026:21:43:51 -0500] "POST /wp-comments-post.php HTTP/2.0" 302 0 "https://www.phronsiesgarden.com/kwanzan-cherry-tree/#comment-42427" "Mozilla/5.0 (Windows NT 10.0; Win64; x64) AppleWebKit/537.36 (KHTML, like Gecko) Chrome/129.0.0.0 Safari/537.36"
170.168.232.183 - - [04/May/2026:21:43:52 -0500] "GET /kwanzan-cherry-tree/ HTTP/2.0" 200 44630 "https://www.phronsiesgarden.com/kwanzan-cherry-tree/#comment-44515" "Mozilla/5.0 (Windows NT 10.0; Win64; x64) AppleWebKit/537.36 (KHTML, like Gecko) Chrome/129.0.0.0 Safari/537.36"
57.128.189.19 - - [04/May/2026:21:44:13 -0500] "GET /?nocache=1777949041 HTTP/2.0" 301 0 "-" "BigScootsMonitor Mozilla/5.0 (Windows NT 10.0; Win64; x64) AppleWebKit/537.36 (KHTML, like Gecko) Chrome/74.0.3729.169 Safari/537.36"
57.128.189.19 - - [04/May/2026:21:44:14 -0500] "GET /?nocache=1777949041 HTTP/2.0" 200 18601 "-" "BigScootsMonitor Mozilla/5.0 (Windows NT 10.0; Win64; x64) AppleWebKit/537.36 (KHTML, like Gecko) Chrome/74.0.3729.169 Safari/537.36"
2607:5300:205:200::273 - - [04/May/2026:21:44:14 -0500] "GET /?nocache=1777949041 HTTP/2.0" 301 0 "-" "BigScootsMonitor Mozilla/5.0 (Windows NT 10.0; Win64; x64) AppleWebKit/537.36 (KHTML, like Gecko) Chrome/74.0.3729.169 Safari/537.36"
2607:5300:205:200::273 - - [04/May/2026:21:44:15 -0500] "GET /?nocache=1777949041 HTTP/2.0" 200 18601 "-" "BigScootsMonitor Mozilla/5.0 (Windows NT 10.0; Win64; x64) AppleWebKit/537.36 (KHTML, like Gecko) Chrome/74.0.3729.169 Safari/537.36"
91.227.37.60 - - [04/May/2026:21:44:46 -0500] "GET /wp-login.php HTTP/2.0" 444 0 "-" "Mozilla/4.0 (compatible; MSIE 7.0; Windows NT 6.2; WOW64; Trident/7.0; .NET4.0C; .NET4.0E; Tablet PC 2.0)"
91.227.37.60 - - [04/May/2026:21:44:46 -0500] "POST /wp-login.php HTTP/2.0" 444 0 "https://phronsiesgarden.com/wp-login.php" "Mozilla/4.0 (compatible; MSIE 7.0; Windows NT 6.2; WOW64; Trident/7.0; .NET4.0C; .NET4.0E; Tablet PC 2.0)"
123.30.233.13 - - [04/May/2026:21:45:19 -0500] "GET /wp-login.php HTTP/2.0" 444 0 "-" "Mozilla/5.0 (Windows NT 10.0) AppleWebKit/537.36 (KHTML, like Gecko) Chrome/67.0.3396.79 Safari/537.36"
123.30.233.13 - - [04/May/2026:21:45:19 -0500] "POST /wp-login.php HTTP/2.0" 444 0 "https://www.phronsiesgarden.com/wp-login.php" "Mozilla/5.0 (Windows NT 10.0) AppleWebKit/537.36 (KHTML, like Gecko) Chrome/67.0.3396.79 Safari/537.36"
57.128.189.19 - - [04/May/2026:21:46:14 -0500] "GET /?nocache=1777949101 HTTP/2.0" 301 0 "-" "BigScootsMonitor Mozilla/5.0 (Windows NT 10.0; Win64; x64) AppleWebKit/537.36 (KHTML, like Gecko) Chrome/74.0.3729.169 Safari/537.36"
2607:5300:205:200::273 - - [04/May/2026:21:46:15 -0500] "GET /?nocache=1777949161 HTTP/2.0" 301 0 "-" "BigScootsMonitor Mozilla/5.0 (Windows NT 10.0; Win64; x64) AppleWebKit/537.36 (KHTML, like Gecko) Chrome/74.0.3729.169 Safari/537.36"
57.128.189.19 - - [04/May/2026:21:46:15 -0500] "GET /?nocache=1777949101 HTTP/2.0" 200 18601 "-" "BigScootsMonitor Mozilla/5.0 (Windows NT 10.0; Win64; x64) AppleWebKit/537.36 (KHTML, like Gecko) Chrome/74.0.3729.169 Safari/537.36"
2607:5300:205:200::273 - - [04/May/2026:21:46:15 -0500] "GET /?nocache=1777949161 HTTP/2.0" 200 18601 "-" "BigScootsMonitor Mozilla/5.0 (Windows NT 10.0; Win64; x64) AppleWebKit/537.36 (KHTML, like Gecko) Chrome/74.0.3729.169 Safari/537.36"
50.6.229.148 - - [04/May/2026:21:46:45 -0500] "GET /wp-login.php HTTP/2.0" 444 0 "-" "Mozilla/5.0 (X11; Datanyze; Linux x86_64) AppleWebKit/537.36 (KHTML, like Gecko) Chrome/65.0.3325.181 Safari/537.36"
50.6.229.148 - - [04/May/2026:21:46:45 -0500] "POST /wp-login.php HTTP/2.0" 444 0 "https://www.phronsiesgarden.com/wp-login.php" "Mozilla/5.0 (X11; Datanyze; Linux x86_64) AppleWebKit/537.36 (KHTML, like Gecko) Chrome/65.0.3325.181 Safari/537.36"
152.53.111.131 - - [04/May/2026:21:47:36 -0500] "GET /wp-login.php HTTP/2.0" 444 0 "-" "Mozilla/5.0 (Windows NT 6.3; WOW64; Trident/7.0; Touch; MDDCJS; rv:11.0) like Gecko"
152.53.111.131 - - [04/May/2026:21:47:36 -0500] "POST /wp-login.php HTTP/2.0" 444 0 "https://www.phronsiesgarden.com/wp-login.php" "Mozilla/5.0 (Windows NT 6.3; WOW64; Trident/7.0; Touch; MDDCJS; rv:11.0) like Gecko"
57.128.189.19 - - [04/May/2026:21:48:14 -0500] "GET /?nocache=1777949221 HTTP/2.0" 301 0 "-" "BigScootsMonitor Mozilla/5.0 (Windows NT 10.0; Win64; x64) AppleWebKit/537.36 (KHTML, like Gecko) Chrome/74.0.3729.169 Safari/537.36"
2607:5300:205:200::273 - - [04/May/2026:21:48:14 -0500] "GET /?nocache=1777949221 HTTP/2.0" 301 0 "-" "BigScootsMonitor Mozilla/5.0 (Windows NT 10.0; Win64; x64) AppleWebKit/537.36 (KHTML, like Gecko) Chrome/74.0.3729.169 Safari/537.36"
57.128.189.19 - - [04/May/2026:21:48:14 -0500] "GET /?nocache=1777949221 HTTP/2.0" 200 18601 "-" "BigScootsMonitor Mozilla/5.0 (Windows NT 10.0; Win64; x64) AppleWebKit/537.36 (KHTML, like Gecko) Chrome/74.0.3729.169 Safari/537.36"
2607:5300:205:200::273 - - [04/May/2026:21:48:15 -0500] "GET /?nocache=1777949221 HTTP/2.0" 200 18601 "-" "BigScootsMonitor Mozilla/5.0 (Windows NT 10.0; Win64; x64) AppleWebKit/537.36 (KHTML, like Gecko) Chrome/74.0.3729.169 Safari/537.36"
57.128.189.19 - - [04/May/2026:21:50:13 -0500] "GET /?nocache=1777949341 HTTP/2.0" 301 0 "-" "BigScootsMonitor Mozilla/5.0 (Windows NT 10.0; Win64; x64) AppleWebKit/537.36 (KHTML, like Gecko) Chrome/74.0.3729.169 Safari/537.36"
57.128.189.19 - - [04/May/2026:21:50:14 -0500] "GET /?nocache=1777949341 HTTP/2.0" 200 18601 "-" "BigScootsMonitor Mozilla/5.0 (Windows NT 10.0; Win64; x64) AppleWebKit/537.36 (KHTML, like Gecko) Chrome/74.0.3729.169 Safari/537.36"
2607:5300:205:200::273 - - [04/May/2026:21:50:14 -0500] "GET /?nocache=1777949341 HTTP/2.0" 301 0 "-" "BigScootsMonitor Mozilla/5.0 (Windows NT 10.0; Win64; x64) AppleWebKit/537.36 (KHTML, like Gecko) Chrome/74.0.3729.169 Safari/537.36"
2607:5300:205:200::273 - - [04/May/2026:21:50:14 -0500] "GET /?nocache=1777949341 HTTP/2.0" 200 18601 "-" "BigScootsMonitor Mozilla/5.0 (Windows NT 10.0; Win64; x64) AppleWebKit/537.36 (KHTML, like Gecko) Chrome/74.0.3729.169 Safari/537.36"
43.162.103.213 - - [04/May/2026:21:50:52 -0500] "GET / HTTP/2.0" 200 18601 "http://phronsiesgarden.com" "Mozilla/5.0 (iPhone; CPU iPhone OS 13_2_3 like Mac OS X) AppleWebKit/605.1.15 (KHTML, like Gecko) Version/13.0.3 Mobile/15E148 Safari/604.1"
121.200.216.56 - - [04/May/2026:21:51:31 -0500] "GET /wp-login.php HTTP/2.0" 200 2222 "-" "Mozilla/5.0 (Macintosh; Intel Mac OS X 10_13_5) AppleWebKit/537.36 (KHTML, like Gecko) Chrome/67.0.3396.87 Safari/537.36"
121.200.216.56 - - [04/May/2026:21:51:32 -0500] "POST /wp-login.php HTTP/2.0" 200 2228 "https://phronsiesgarden.com/wp-login.php" "Mozilla/5.0 (Macintosh; Intel Mac OS X 10_13_5) AppleWebKit/537.36 (KHTML, like Gecko) Chrome/67.0.3396.87 Safari/537.36"
57.128.189.19 - - [04/May/2026:21:52:14 -0500] "GET /?nocache=1777949521 HTTP/2.0" 301 0 "-" "BigScootsMonitor Mozilla/5.0 (Windows NT 10.0; Win64; x64) AppleWebKit/537.36 (KHTML, like Gecko) Chrome/74.0.3729.169 Safari/537.36"
2607:5300:205:200::273 - - [04/May/2026:21:52:14 -0500] "GET /?nocache=1777949521 HTTP/2.0" 301 0 "-" "BigScootsMonitor Mozilla/5.0 (Windows NT 10.0; Win64; x64) AppleWebKit/537.36 (KHTML, like Gecko) Chrome/74.0.3729.169 Safari/537.36"
2607:5300:205:200::273 - - [04/May/2026:21:52:14 -0500] "GET /?nocache=1777949521 HTTP/2.0" 200 18601 "-" "BigScootsMonitor Mozilla/5.0 (Windows NT 10.0; Win64; x64) AppleWebKit/537.36 (KHTML, like Gecko) Chrome/74.0.3729.169 Safari/537.36"
57.128.189.19 - - [04/May/2026:21:52:15 -0500] "GET /?nocache=1777949521 HTTP/2.0" 200 18601 "-" "BigScootsMonitor Mozilla/5.0 (Windows NT 10.0; Win64; x64) AppleWebKit/537.36 (KHTML, like Gecko) Chrome/74.0.3729.169 Safari/537.36"
162.214.154.138 - - [04/May/2026:21:52:49 -0500] "GET /wp-login.php HTTP/2.0" 200 2157 "-" "Mozilla/5.0 (Macintosh; Intel Mac OS X 10_10_5) AppleWebKit/602.3.12 (KHTML, like Gecko) Version/10.0.2 Safari/602.3.12"
162.214.154.138 - - [04/May/2026:21:52:49 -0500] "POST /wp-login.php HTTP/2.0" 200 2227 "https://phronsiesgarden.com/wp-login.php" "Mozilla/5.0 (Macintosh; Intel Mac OS X 10_10_5) AppleWebKit/602.3.12 (KHTML, like Gecko) Version/10.0.2 Safari/602.3.12"
57.128.189.19 - - [04/May/2026:21:54:13 -0500] "GET /?nocache=1777949641 HTTP/2.0" 301 0 "-" "BigScootsMonitor Mozilla/5.0 (Windows NT 10.0; Win64; x64) AppleWebKit/537.36 (KHTML, like Gecko) Chrome/74.0.3729.169 Safari/537.36"
57.128.189.19 - - [04/May/2026:21:54:14 -0500] "GET /?nocache=1777949641 HTTP/2.0" 200 18601 "-" "BigScootsMonitor Mozilla/5.0 (Windows NT 10.0; Win64; x64) AppleWebKit/537.36 (KHTML, like Gecko) Chrome/74.0.3729.169 Safari/537.36"
2607:5300:205:200::273 - - [04/May/2026:21:54:14 -0500] "GET /?nocache=1777949641 HTTP/2.0" 301 0 "-" "BigScootsMonitor Mozilla/5.0 (Windows NT 10.0; Win64; x64) AppleWebKit/537.36 (KHTML, like Gecko) Chrome/74.0.3729.169 Safari/537.36"
2607:5300:205:200::273 - - [04/May/2026:21:54:15 -0500] "GET /?nocache=1777949641 HTTP/2.0" 200 18601 "-" "BigScootsMonitor Mozilla/5.0 (Windows NT 10.0; Win64; x64) AppleWebKit/537.36 (KHTML, like Gecko) Chrome/74.0.3729.169 Safari/537.36"
167.71.226.156 - - [04/May/2026:21:54:26 -0500] "GET /wp-login.php HTTP/2.0" 444 0 "-" "Mozilla/4.0 (compatible; MSIE 7.0; Windows NT 6.2; WOW64; Trident/7.0; .NET4.0E; .NET4.0C; .NET CLR 3.5.30729; .NET CLR 2.0.50727; .NET CLR 3.0.30729; InfoPath.3; MANMJS)"
167.71.226.156 - - [04/May/2026:21:54:28 -0500] "POST /wp-login.php HTTP/2.0" 444 0 "https://phronsiesgarden.com/wp-login.php" "Mozilla/4.0 (compatible; MSIE 7.0; Windows NT 6.2; WOW64; Trident/7.0; .NET4.0E; .NET4.0C; .NET CLR 3.5.30729; .NET CLR 2.0.50727; .NET CLR 3.0.30729; InfoPath.3; MANMJS)"
148.222.185.182 - - [04/May/2026:21:55:34 -0500] "GET /kwanzan-cherry-tree/ HTTP/2.0" 200 19511 "https://www.phronsiesgarden.com/kwanzan-cherry-tree/#comment-40902" "Mozilla/5.0 (Windows NT 6.1; WOW64) AppleWebKit/537.36 (KHTML, like Gecko) Chrome/103.0.0.0 Safari/537.36"
148.222.185.182 - - [04/May/2026:21:55:36 -0500] "POST /wp-comments-post.php HTTP/2.0" 302 0 "https://www.phronsiesgarden.com/kwanzan-cherry-tree/#comment-40902" "Mozilla/5.0 (Windows NT 6.1; WOW64) AppleWebKit/537.36 (KHTML, like Gecko) Chrome/103.0.0.0 Safari/537.36"
148.222.185.182 - - [04/May/2026:21:55:37 -0500] "GET /kwanzan-cherry-tree/ HTTP/2.0" 200 20095 "https://www.phronsiesgarden.com/kwanzan-cherry-tree/#comment-44516" "Mozilla/5.0 (Windows NT 6.1; WOW64) AppleWebKit/537.36 (KHTML, like Gecko) Chrome/103.0.0.0 Safari/537.36"
2607:5300:205:200::273 - - [04/May/2026:21:56:14 -0500] "GET /?nocache=1777949761 HTTP/2.0" 301 0 "-" "BigScootsMonitor Mozilla/5.0 (Windows NT 10.0; Win64; x64) AppleWebKit/537.36 (KHTML, like Gecko) Chrome/74.0.3729.169 Safari/537.36"
57.128.189.19 - - [04/May/2026:21:56:14 -0500] "GET /?nocache=1777949761 HTTP/2.0" 301 0 "-" "BigScootsMonitor Mozilla/5.0 (Windows NT 10.0; Win64; x64) AppleWebKit/537.36 (KHTML, like Gecko) Chrome/74.0.3729.169 Safari/537.36"
2607:5300:205:200::273 - - [04/May/2026:21:56:14 -0500] "GET /?nocache=1777949761 HTTP/2.0" 200 18601 "-" "BigScootsMonitor Mozilla/5.0 (Windows NT 10.0; Win64; x64) AppleWebKit/537.36 (KHTML, like Gecko) Chrome/74.0.3729.169 Safari/537.36"
103.232.122.132 - - [04/May/2026:21:56:14 -0500] "GET /wp-login.php HTTP/2.0" 200 2157 "-" "Mozilla/5.0 (Windows NT 6.1; WOW64) AppleWebKit/537.36 (KHTML, like Gecko) Chrome/66.0.3359.181 Safari/537.36"
57.128.189.19 - - [04/May/2026:21:56:15 -0500] "GET /?nocache=1777949761 HTTP/2.0" 200 18601 "-" "BigScootsMonitor Mozilla/5.0 (Windows NT 10.0; Win64; x64) AppleWebKit/537.36 (KHTML, like Gecko) Chrome/74.0.3729.169 Safari/537.36"
103.232.122.132 - - [04/May/2026:21:56:15 -0500] "POST /wp-login.php HTTP/2.0" 200 2227 "https://www.phronsiesgarden.com/wp-login.php" "Mozilla/5.0 (Windows NT 6.1; WOW64) AppleWebKit/537.36 (KHTML, like Gecko) Chrome/66.0.3359.181 Safari/537.36"
154.18.244.252 - - [04/May/2026:21:57:13 -0500] "POST /wp-cron.php?doing_wp_cron=1777949833.9020171165466308593750 HTTP/2.0" 200 1 "https://www.phronsiesgarden.com/wp-cron.php?doing_wp_cron=1777949833.9020171165466308593750" "WordPress/5.7.15; https://www.phronsiesgarden.com"
147.93.155.66 - - [04/May/2026:21:57:13 -0500] "GET /wp-login.php HTTP/2.0" 200 2157 "-" "Mozilla/5.0 (Windows NT 6.1; Win64; x64) AppleWebKit/537.36 (KHTML, like Gecko) Chrome/66.0.3359.117 Safari/537.36"
147.93.155.66 - - [04/May/2026:21:57:14 -0500] "POST /wp-login.php HTTP/2.0" 200 2227 "https://www.phronsiesgarden.com/wp-login.php" "Mozilla/5.0 (Windows NT 6.1; Win64; x64) AppleWebKit/537.36 (KHTML, like Gecko) Chrome/66.0.3359.117 Safari/537.36"
57.128.189.19 - - [04/May/2026:21:58:14 -0500] "GET /?nocache=1777949881 HTTP/2.0" 301 0 "-" "BigScootsMonitor Mozilla/5.0 (Windows NT 10.0; Win64; x64) AppleWebKit/537.36 (KHTML, like Gecko) Chrome/74.0.3729.169 Safari/537.36"
57.128.189.19 - - [04/May/2026:21:58:14 -0500] "GET /?nocache=1777949881 HTTP/2.0" 200 18601 "-" "BigScootsMonitor Mozilla/5.0 (Windows NT 10.0; Win64; x64) AppleWebKit/537.36 (KHTML, like Gecko) Chrome/74.0.3729.169 Safari/537.36"
2607:5300:205:200::273 - - [04/May/2026:21:58:15 -0500] "GET /?nocache=1777949881 HTTP/2.0" 301 0 "-" "BigScootsMonitor Mozilla/5.0 (Windows NT 10.0; Win64; x64) AppleWebKit/537.36 (KHTML, like Gecko) Chrome/74.0.3729.169 Safari/537.36"
2607:5300:205:200::273 - - [04/May/2026:21:58:15 -0500] "GET /?nocache=1777949881 HTTP/2.0" 200 18601 "-" "BigScootsMonitor Mozilla/5.0 (Windows NT 10.0; Win64; x64) AppleWebKit/537.36 (KHTML, like Gecko) Chrome/74.0.3729.169 Safari/537.36"
57.128.189.19 - - [04/May/2026:22:00:13 -0500] "GET /?nocache=1777950001 HTTP/2.0" 301 0 "-" "BigScootsMonitor Mozilla/5.0 (Windows NT 10.0; Win64; x64) AppleWebKit/537.36 (KHTML, like Gecko) Chrome/74.0.3729.169 Safari/537.36"
57.128.189.19 - - [04/May/2026:22:00:14 -0500] "GET /?nocache=1777950001 HTTP/2.0" 200 18601 "-" "BigScootsMonitor Mozilla/5.0 (Windows NT 10.0; Win64; x64) AppleWebKit/537.36 (KHTML, like Gecko) Chrome/74.0.3729.169 Safari/537.36"
2607:5300:205:200::273 - - [04/May/2026:22:00:14 -0500] "GET /?nocache=1777950001 HTTP/2.0" 301 0 "-" "BigScootsMonitor Mozilla/5.0 (Windows NT 10.0; Win64; x64) AppleWebKit/537.36 (KHTML, like Gecko) Chrome/74.0.3729.169 Safari/537.36"
2607:5300:205:200::273 - - [04/May/2026:22:00:15 -0500] "GET /?nocache=1777950001 HTTP/2.0" 200 18601 "-" "BigScootsMonitor Mozilla/5.0 (Windows NT 10.0; Win64; x64) AppleWebKit/537.36 (KHTML, like Gecko) Chrome/74.0.3729.169 Safari/537.36"
54.39.17.116 - - [04/May/2026:22:00:42 -0500] "GET /wp-login.php HTTP/2.0" 444 0 "-" "Mozilla/5.0 (X11; Linux x86_64) AppleWebKit/537.36 (KHTML, like Gecko) Chrome/67.0.3396.79 Safari/537.36"
54.39.17.116 - - [04/May/2026:22:00:44 -0500] "POST /wp-login.php HTTP/2.0" 444 0 "https://phronsiesgarden.com/wp-login.php" "Mozilla/5.0 (X11; Linux x86_64) AppleWebKit/537.36 (KHTML, like Gecko) Chrome/67.0.3396.79 Safari/537.36"
57.128.189.19 - - [04/May/2026:22:02:13 -0500] "GET /?nocache=1777950121 HTTP/2.0" 301 0 "-" "BigScootsMonitor Mozilla/5.0 (Windows NT 10.0; Win64; x64) AppleWebKit/537.36 (KHTML, like Gecko) Chrome/74.0.3729.169 Safari/537.36"
57.128.189.19 - - [04/May/2026:22:02:14 -0500] "GET /?nocache=1777950121 HTTP/2.0" 200 18601 "-" "BigScootsMonitor Mozilla/5.0 (Windows NT 10.0; Win64; x64) AppleWebKit/537.36 (KHTML, like Gecko) Chrome/74.0.3729.169 Safari/537.36"
2607:5300:205:200::273 - - [04/May/2026:22:02:14 -0500] "GET /?nocache=1777950121 HTTP/2.0" 301 0 "-" "BigScootsMonitor Mozilla/5.0 (Windows NT 10.0; Win64; x64) AppleWebKit/537.36 (KHTML, like Gecko) Chrome/74.0.3729.169 Safari/537.36"
2607:5300:205:200::273 - - [04/May/2026:22:02:14 -0500] "GET /?nocache=1777950121 HTTP/2.0" 200 18601 "-" "BigScootsMonitor Mozilla/5.0 (Windows NT 10.0; Win64; x64) AppleWebKit/537.36 (KHTML, like Gecko) Chrome/74.0.3729.169 Safari/537.36"
152.53.111.131 - - [04/May/2026:22:03:38 -0500] "GET /wp-login.php HTTP/2.0" 444 0 "-" "Mozilla/4.0 (compatible; MSIE 7.0; Windows NT 6.2; WOW64; Trident/7.0; .NET4.0C; .NET4.0E; wbx 1.0.0)"
152.53.111.131 - - [04/May/2026:22:03:39 -0500] "POST /wp-login.php HTTP/2.0" 444 0 "https://phronsiesgarden.com/wp-login.php" "Mozilla/4.0 (compatible; MSIE 7.0; Windows NT 6.2; WOW64; Trident/7.0; .NET4.0C; .NET4.0E; wbx 1.0.0)"
154.18.244.252 - - [04/May/2026:22:04:14 -0500] "POST /wp-cron.php?doing_wp_cron=1777950254.4149539470672607421875 HTTP/2.0" 200 1 "https://www.phronsiesgarden.com/wp-cron.php?doing_wp_cron=1777950254.4149539470672607421875" "WordPress/5.7.15; https://www.phronsiesgarden.com"
57.128.189.19 - - [04/May/2026:22:04:14 -0500] "GET /?nocache=1777950181 HTTP/2.0" 301 0 "-" "BigScootsMonitor Mozilla/5.0 (Windows NT 10.0; Win64; x64) AppleWebKit/537.36 (KHTML, like Gecko) Chrome/74.0.3729.169 Safari/537.36"
2607:5300:205:200::273 - - [04/May/2026:22:04:14 -0500] "GET /?nocache=1777950181 HTTP/2.0" 301 0 "-" "BigScootsMonitor Mozilla/5.0 (Windows NT 10.0; Win64; x64) AppleWebKit/537.36 (KHTML, like Gecko) Chrome/74.0.3729.169 Safari/537.36"
121.200.217.27 - - [04/May/2026:22:04:14 -0500] "GET /wp-login.php HTTP/2.0" 444 0 "-" "Mozilla/5.0 (Windows NT 6.1; Win64; x64) AppleWebKit/537.36 (KHTML, like Gecko) Chrome/58.0.3029.110 Safari/537.36 Edge/16.16299"
2607:5300:205:200::273 - - [04/May/2026:22:04:14 -0500] "GET /?nocache=1777950181 HTTP/2.0" 200 18601 "-" "BigScootsMonitor Mozilla/5.0 (Windows NT 10.0; Win64; x64) AppleWebKit/537.36 (KHTML, like Gecko) Chrome/74.0.3729.169 Safari/537.36"
57.128.189.19 - - [04/May/2026:22:04:15 -0500] "GET /?nocache=1777950181 HTTP/2.0" 200 18601 "-" "BigScootsMonitor Mozilla/5.0 (Windows NT 10.0; Win64; x64) AppleWebKit/537.36 (KHTML, like Gecko) Chrome/74.0.3729.169 Safari/537.36"
121.200.217.27 - - [04/May/2026:22:04:15 -0500] "POST /wp-login.php HTTP/2.0" 444 0 "https://www.phronsiesgarden.com/wp-login.php" "Mozilla/5.0 (Windows NT 6.1; Win64; x64) AppleWebKit/537.36 (KHTML, like Gecko) Chrome/58.0.3029.110 Safari/537.36 Edge/16.16299"
178.176.77.151 - - [04/May/2026:22:04:55 -0500] "GET /kwanzan-cherry-tree/ HTTP/2.0" 200 19512 "https://www.phronsiesgarden.com/" "Mozilla/5.0 (Windows NT 10.0; Win64; x64; rv:149.0) Gecko/20100101 Firefox/149.0"
174.138.66.217 - - [04/May/2026:22:05:30 -0500] "GET /wp-login.php HTTP/2.0" 200 2157 "-" "Mozilla/5.0 (Macintosh; Intel Mac OS X 10_11_6) AppleWebKit/537.36 (KHTML, like Gecko) Chrome/67.0.3396.79 Safari/537.36"
174.138.66.217 - - [04/May/2026:22:05:30 -0500] "POST /wp-login.php HTTP/2.0" 200 2227 "https://www.phronsiesgarden.com/wp-login.php" "Mozilla/5.0 (Macintosh; Intel Mac OS X 10_11_6) AppleWebKit/537.36 (KHTML, like Gecko) Chrome/67.0.3396.79 Safari/537.36"
57.128.189.19 - - [04/May/2026:22:06:13 -0500] "GET /?nocache=1777950301 HTTP/2.0" 301 0 "-" "BigScootsMonitor Mozilla/5.0 (Windows NT 10.0; Win64; x64) AppleWebKit/537.36 (KHTML, like Gecko) Chrome/74.0.3729.169 Safari/537.36"
2607:5300:205:200::273 - - [04/May/2026:22:06:14 -0500] "GET /?nocache=1777950301 HTTP/2.0" 301 0 "-" "BigScootsMonitor Mozilla/5.0 (Windows NT 10.0; Win64; x64) AppleWebKit/537.36 (KHTML, like Gecko) Chrome/74.0.3729.169 Safari/537.36"
2607:5300:205:200::273 - - [04/May/2026:22:06:14 -0500] "GET /?nocache=1777950301 HTTP/2.0" 200 18601 "-" "BigScootsMonitor Mozilla/5.0 (Windows NT 10.0; Win64; x64) AppleWebKit/537.36 (KHTML, like Gecko) Chrome/74.0.3729.169 Safari/537.36"
57.128.189.19 - - [04/May/2026:22:06:14 -0500] "GET /?nocache=1777950301 HTTP/2.0" 200 18601 "-" "BigScootsMonitor Mozilla/5.0 (Windows NT 10.0; Win64; x64) AppleWebKit/537.36 (KHTML, like Gecko) Chrome/74.0.3729.169 Safari/537.36"
163.47.203.79 - - [04/May/2026:22:06:49 -0500] "GET /wp-login.php HTTP/2.0" 444 0 "-" "Mozilla/5.0 (Windows NT 6.1; WOW64) AppleWebKit/537.36 (KHTML, like Gecko) Chrome/67.0.3396.79 Safari/537.36"
163.47.203.79 - - [04/May/2026:22:06:56 -0500] "POST /wp-login.php HTTP/2.0" 444 0 "https://www.phronsiesgarden.com/wp-login.php" "Mozilla/5.0 (Windows NT 6.1; WOW64) AppleWebKit/537.36 (KHTML, like Gecko) Chrome/67.0.3396.79 Safari/537.36"
178.176.72.129 - - [04/May/2026:22:07:42 -0500] "GET / HTTP/2.0" 200 18601 "-" "Mozilla/5.0 (Windows NT 10.0; Win64; x64; rv:149.0) Gecko/20100101 Firefox/149.0"
57.128.189.19 - - [04/May/2026:22:08:13 -0500] "GET /?nocache=1777950481 HTTP/2.0" 301 0 "-" "BigScootsMonitor Mozilla/5.0 (Windows NT 10.0; Win64; x64) AppleWebKit/537.36 (KHTML, like Gecko) Chrome/74.0.3729.169 Safari/537.36"
57.128.189.19 - - [04/May/2026:22:08:14 -0500] "GET /?nocache=1777950481 HTTP/2.0" 200 18601 "-" "BigScootsMonitor Mozilla/5.0 (Windows NT 10.0; Win64; x64) AppleWebKit/537.36 (KHTML, like Gecko) Chrome/74.0.3729.169 Safari/537.36"
2607:5300:205:200::273 - - [04/May/2026:22:08:14 -0500] "GET /?nocache=1777950481 HTTP/2.0" 301 0 "-" "BigScootsMonitor Mozilla/5.0 (Windows NT 10.0; Win64; x64) AppleWebKit/537.36 (KHTML, like Gecko) Chrome/74.0.3729.169 Safari/537.36"
2607:5300:205:200::273 - - [04/May/2026:22:08:14 -0500] "GET /?nocache=1777950481 HTTP/2.0" 200 18601 "-" "BigScootsMonitor Mozilla/5.0 (Windows NT 10.0; Win64; x64) AppleWebKit/537.36 (KHTML, like Gecko) Chrome/74.0.3729.169 Safari/537.36"
165.22.95.96 - - [04/May/2026:22:10:00 -0500] "GET /wp-login.php HTTP/2.0" 444 0 "-" "Mozilla/5.0 (Windows NT 6.1) AppleWebKit/537.36 (KHTML, like Gecko) Chrome/63.0.3239.132 Safari/537.36 OPR/50.0.2762.67"
165.22.95.96 - - [04/May/2026:22:10:00 -0500] "POST /wp-login.php HTTP/2.0" 444 0 "https://phronsiesgarden.com/wp-login.php" "Mozilla/5.0 (Windows NT 6.1) AppleWebKit/537.36 (KHTML, like Gecko) Chrome/63.0.3239.132 Safari/537.36 OPR/50.0.2762.67"
139.155.126.16 - - [04/May/2026:22:10:02 -0500] "GET / HTTP/2.0" 200 18601 "http://www.phronsiesgarden.com" "Mozilla/5.0 (iPhone; CPU iPhone OS 13_2_3 like Mac OS X) AppleWebKit/605.1.15 (KHTML, like Gecko) Version/13.0.3 Mobile/15E148 Safari/604.1"
57.128.189.19 - - [04/May/2026:22:10:14 -0500] "GET /?nocache=1777950541 HTTP/2.0" 301 0 "-" "BigScootsMonitor Mozilla/5.0 (Windows NT 10.0; Win64; x64) AppleWebKit/537.36 (KHTML, like Gecko) Chrome/74.0.3729.169 Safari/537.36"
2607:5300:205:200::273 - - [04/May/2026:22:10:14 -0500] "GET /?nocache=1777950601 HTTP/2.0" 301 0 "-" "BigScootsMonitor Mozilla/5.0 (Windows NT 10.0; Win64; x64) AppleWebKit/537.36 (KHTML, like Gecko) Chrome/74.0.3729.169 Safari/537.36"
2607:5300:205:200::273 - - [04/May/2026:22:10:14 -0500] "GET /?nocache=1777950601 HTTP/2.0" 200 18601 "-" "BigScootsMonitor Mozilla/5.0 (Windows NT 10.0; Win64; x64) AppleWebKit/537.36 (KHTML, like Gecko) Chrome/74.0.3729.169 Safari/537.36"
57.128.189.19 - - [04/May/2026:22:10:14 -0500] "GET /?nocache=1777950541 HTTP/2.0" 200 18601 "-" "BigScootsMonitor Mozilla/5.0 (Windows NT 10.0; Win64; x64) AppleWebKit/537.36 (KHTML, like Gecko) Chrome/74.0.3729.169 Safari/537.36"
192.176.172.166 - - [04/May/2026:22:11:55 -0500] "GET /wp-login.php HTTP/2.0" 444 0 "-" "Mozilla/4.0 (compatible; MSIE 7.0; Windows NT 6.1; Win64; x64; Trident/7.0; .NET CLR 2.0.50727; SLCC2; .NET CLR 3.5.30729; .NET CLR 3.0.30729; Media Center PC 6.0; .NET4.0C; .NET4.0E)"
192.176.172.166 - - [04/May/2026:22:11:55 -0500] "POST /wp-login.php HTTP/2.0" 444 0 "https://phronsiesgarden.com/wp-login.php" "Mozilla/4.0 (compatible; MSIE 7.0; Windows NT 6.1; Win64; x64; Trident/7.0; .NET CLR 2.0.50727; SLCC2; .NET CLR 3.5.30729; .NET CLR 3.0.30729; Media Center PC 6.0; .NET4.0C; .NET4.0E)"
57.128.189.19 - - [04/May/2026:22:12:13 -0500] "GET /?nocache=1777950661 HTTP/2.0" 301 0 "-" "BigScootsMonitor Mozilla/5.0 (Windows NT 10.0; Win64; x64) AppleWebKit/537.36 (KHTML, like Gecko) Chrome/74.0.3729.169 Safari/537.36"
57.128.189.19 - - [04/May/2026:22:12:14 -0500] "GET /?nocache=1777950661 HTTP/2.0" 200 18601 "-" "BigScootsMonitor Mozilla/5.0 (Windows NT 10.0; Win64; x64) AppleWebKit/537.36 (KHTML, like Gecko) Chrome/74.0.3729.169 Safari/537.36"
2607:5300:205:200::273 - - [04/May/2026:22:12:15 -0500] "GET /?nocache=1777950661 HTTP/2.0" 301 0 "-" "BigScootsMonitor Mozilla/5.0 (Windows NT 10.0; Win64; x64) AppleWebKit/537.36 (KHTML, like Gecko) Chrome/74.0.3729.169 Safari/537.36"
2607:5300:205:200::273 - - [04/May/2026:22:12:15 -0500] "GET /?nocache=1777950661 HTTP/2.0" 200 18601 "-" "BigScootsMonitor Mozilla/5.0 (Windows NT 10.0; Win64; x64) AppleWebKit/537.36 (KHTML, like Gecko) Chrome/74.0.3729.169 Safari/537.36"
43.130.3.122 - - [04/May/2026:22:12:42 -0500] "GET / HTTP/2.0" 444 0 "http://www.phronsiesgarden.com" "Mozilla/5.0 (iPhone; CPU iPhone OS 13_2_3 like Mac OS X) AppleWebKit/605.1.15 (KHTML, like Gecko) Version/13.0.3 Mobile/15E148 Safari/604.1"
188.241.62.65 - - [04/May/2026:22:13:03 -0500] "GET /wp-login.php HTTP/2.0" 200 2222 "-" "Mozilla/5.0 (Macintosh; Intel Mac OS X 10_13_3) AppleWebKit/537.36 (KHTML, like Gecko) Chrome/65.0.3325.181 Safari/537.36"
188.241.62.65 - - [04/May/2026:22:13:03 -0500] "POST /wp-login.php HTTP/2.0" 200 2228 "https://phronsiesgarden.com/wp-login.php" "Mozilla/5.0 (Macintosh; Intel Mac OS X 10_13_3) AppleWebKit/537.36 (KHTML, like Gecko) Chrome/65.0.3325.181 Safari/537.36"
121.200.216.56 - - [04/May/2026:22:14:07 -0500] "GET /wp-login.php HTTP/2.0" 200 2222 "-" "Mozilla/5.0 (Windows NT 6.3; WOW64; Trident/7.0; LCJB; rv:11.0) like Gecko"
121.200.216.56 - - [04/May/2026:22:14:08 -0500] "POST /wp-login.php HTTP/2.0" 200 2228 "https://www.phronsiesgarden.com/wp-login.php" "Mozilla/5.0 (Windows NT 6.3; WOW64; Trident/7.0; LCJB; rv:11.0) like Gecko"
57.128.189.19 - - [04/May/2026:22:14:14 -0500] "GET /?nocache=1777950781 HTTP/2.0" 301 0 "-" "BigScootsMonitor Mozilla/5.0 (Windows NT 10.0; Win64; x64) AppleWebKit/537.36 (KHTML, like Gecko) Chrome/74.0.3729.169 Safari/537.36"
2607:5300:205:200::273 - - [04/May/2026:22:14:15 -0500] "GET /?nocache=1777950781 HTTP/2.0" 301 0 "-" "BigScootsMonitor Mozilla/5.0 (Windows NT 10.0; Win64; x64) AppleWebKit/537.36 (KHTML, like Gecko) Chrome/74.0.3729.169 Safari/537.36"
57.128.189.19 - - [04/May/2026:22:14:15 -0500] "GET /?nocache=1777950781 HTTP/2.0" 200 18601 "-" "BigScootsMonitor Mozilla/5.0 (Windows NT 10.0; Win64; x64) AppleWebKit/537.36 (KHTML, like Gecko) Chrome/74.0.3729.169 Safari/537.36"
2607:5300:205:200::273 - - [04/May/2026:22:14:15 -0500] "GET /?nocache=1777950781 HTTP/2.0" 200 18601 "-" "BigScootsMonitor Mozilla/5.0 (Windows NT 10.0; Win64; x64) AppleWebKit/537.36 (KHTML, like Gecko) Chrome/74.0.3729.169 Safari/537.36"
45.224.144.210 - - [04/May/2026:22:15:00 -0500] "GET /wp-login.php HTTP/2.0" 200 2157 "-" "Mozilla/5.0 (Windows NT 6.3; Win64; x64) AppleWebKit/537.36 (KHTML, like Gecko) Chrome/67.0.3396.62 Safari/537.36"
45.224.144.210 - - [04/May/2026:22:15:02 -0500] "POST /wp-login.php HTTP/2.0" 200 2227 "https://www.phronsiesgarden.com/wp-login.php" "Mozilla/5.0 (Windows NT 6.3; Win64; x64) AppleWebKit/537.36 (KHTML, like Gecko) Chrome/67.0.3396.62 Safari/537.36"
2a03:2880:f806:1e:: - - [04/May/2026:22:15:41 -0500] "GET /category-sitemap.xml HTTP/2.0" 200 361 "-" "meta-externalagent/1.1 (+https://developers.facebook.com/docs/sharing/webmasters/crawler)"
57.128.189.19 - - [04/May/2026:22:16:14 -0500] "GET /?nocache=1777950961 HTTP/2.0" 301 0 "-" "BigScootsMonitor Mozilla/5.0 (Windows NT 10.0; Win64; x64) AppleWebKit/537.36 (KHTML, like Gecko) Chrome/74.0.3729.169 Safari/537.36"
2607:5300:205:200::273 - - [04/May/2026:22:16:14 -0500] "GET /?nocache=1777950961 HTTP/2.0" 301 0 "-" "BigScootsMonitor Mozilla/5.0 (Windows NT 10.0; Win64; x64) AppleWebKit/537.36 (KHTML, like Gecko) Chrome/74.0.3729.169 Safari/537.36"
57.128.189.19 - - [04/May/2026:22:16:15 -0500] "GET /?nocache=1777950961 HTTP/2.0" 200 18601 "-" "BigScootsMonitor Mozilla/5.0 (Windows NT 10.0; Win64; x64) AppleWebKit/537.36 (KHTML, like Gecko) Chrome/74.0.3729.169 Safari/537.36"
2607:5300:205:200::273 - - [04/May/2026:22:16:15 -0500] "GET /?nocache=1777950961 HTTP/2.0" 200 18601 "-" "BigScootsMonitor Mozilla/5.0 (Windows NT 10.0; Win64; x64) AppleWebKit/537.36 (KHTML, like Gecko) Chrome/74.0.3729.169 Safari/537.36"
57.128.189.19 - - [04/May/2026:22:18:14 -0500] "GET /?nocache=1777951081 HTTP/2.0" 301 0 "-" "BigScootsMonitor Mozilla/5.0 (Windows NT 10.0; Win64; x64) AppleWebKit/537.36 (KHTML, like Gecko) Chrome/74.0.3729.169 Safari/537.36"
2607:5300:205:200::273 - - [04/May/2026:22:18:14 -0500] "GET /?nocache=1777951081 HTTP/2.0" 301 0 "-" "BigScootsMonitor Mozilla/5.0 (Windows NT 10.0; Win64; x64) AppleWebKit/537.36 (KHTML, like Gecko) Chrome/74.0.3729.169 Safari/537.36"
2607:5300:205:200::273 - - [04/May/2026:22:18:14 -0500] "GET /?nocache=1777951081 HTTP/2.0" 200 18601 "-" "BigScootsMonitor Mozilla/5.0 (Windows NT 10.0; Win64; x64) AppleWebKit/537.36 (KHTML, like Gecko) Chrome/74.0.3729.169 Safari/537.36"
57.128.189.19 - - [04/May/2026:22:18:14 -0500] "GET /?nocache=1777951081 HTTP/2.0" 200 18601 "-" "BigScootsMonitor Mozilla/5.0 (Windows NT 10.0; Win64; x64) AppleWebKit/537.36 (KHTML, like Gecko) Chrome/74.0.3729.169 Safari/537.36"
103.82.21.169 - - [04/May/2026:22:19:33 -0500] "GET /wp-login.php HTTP/2.0" 444 0 "-" "Mozilla/5.0 (Windows NT 10.0; Win64; x64) AppleWebKit/537.36 (KHTML, like Gecko) Chrome/65.0.3325.181 Safari/537.36 OPR/52.0.2871.99"
103.82.21.169 - - [04/May/2026:22:19:34 -0500] "POST /wp-login.php HTTP/2.0" 444 0 "https://phronsiesgarden.com/wp-login.php" "Mozilla/5.0 (Windows NT 10.0; Win64; x64) AppleWebKit/537.36 (KHTML, like Gecko) Chrome/65.0.3325.181 Safari/537.36 OPR/52.0.2871.99"
57.128.189.19 - - [04/May/2026:22:20:13 -0500] "GET /?nocache=1777951201 HTTP/2.0" 301 0 "-" "BigScootsMonitor Mozilla/5.0 (Windows NT 10.0; Win64; x64) AppleWebKit/537.36 (KHTML, like Gecko) Chrome/74.0.3729.169 Safari/537.36"
2607:5300:205:200::273 - - [04/May/2026:22:20:14 -0500] "GET /?nocache=1777951201 HTTP/2.0" 301 0 "-" "BigScootsMonitor Mozilla/5.0 (Windows NT 10.0; Win64; x64) AppleWebKit/537.36 (KHTML, like Gecko) Chrome/74.0.3729.169 Safari/537.36"
2607:5300:205:200::273 - - [04/May/2026:22:20:14 -0500] "GET /?nocache=1777951201 HTTP/2.0" 200 18601 "-" "BigScootsMonitor Mozilla/5.0 (Windows NT 10.0; Win64; x64) AppleWebKit/537.36 (KHTML, like Gecko) Chrome/74.0.3729.169 Safari/537.36"
57.128.189.19 - - [04/May/2026:22:20:14 -0500] "GET /?nocache=1777951201 HTTP/2.0" 200 18601 "-" "BigScootsMonitor Mozilla/5.0 (Windows NT 10.0; Win64; x64) AppleWebKit/537.36 (KHTML, like Gecko) Chrome/74.0.3729.169 Safari/537.36"
57.128.189.19 - - [04/May/2026:22:22:13 -0500] "GET /?nocache=1777951321 HTTP/2.0" 301 0 "-" "BigScootsMonitor Mozilla/5.0 (Windows NT 10.0; Win64; x64) AppleWebKit/537.36 (KHTML, like Gecko) Chrome/74.0.3729.169 Safari/537.36"
2607:5300:205:200::273 - - [04/May/2026:22:22:14 -0500] "GET /?nocache=1777951321 HTTP/2.0" 301 0 "-" "BigScootsMonitor Mozilla/5.0 (Windows NT 10.0; Win64; x64) AppleWebKit/537.36 (KHTML, like Gecko) Chrome/74.0.3729.169 Safari/537.36"
57.128.189.19 - - [04/May/2026:22:22:14 -0500] "GET /?nocache=1777951321 HTTP/2.0" 200 18601 "-" "BigScootsMonitor Mozilla/5.0 (Windows NT 10.0; Win64; x64) AppleWebKit/537.36 (KHTML, like Gecko) Chrome/74.0.3729.169 Safari/537.36"
2607:5300:205:200::273 - - [04/May/2026:22:22:14 -0500] "GET /?nocache=1777951321 HTTP/2.0" 200 18601 "-" "BigScootsMonitor Mozilla/5.0 (Windows NT 10.0; Win64; x64) AppleWebKit/537.36 (KHTML, like Gecko) Chrome/74.0.3729.169 Safari/537.36"
152.53.44.20 - - [04/May/2026:22:22:38 -0500] "GET /wp-login.php HTTP/2.0" 200 2157 "-" "Mozilla/5.0 (Windows NT 6.1) AppleWebKit/537.36 (KHTML, like Gecko) Chrome/66.0.3359.139 Safari/537.36"
152.53.44.20 - - [04/May/2026:22:22:39 -0500] "POST /wp-login.php HTTP/2.0" 200 2227 "https://phronsiesgarden.com/wp-login.php" "Mozilla/5.0 (Windows NT 6.1) AppleWebKit/537.36 (KHTML, like Gecko) Chrome/66.0.3359.139 Safari/537.36"
121.200.217.27 - - [04/May/2026:22:23:39 -0500] "GET /wp-login.php HTTP/2.0" 444 0 "-" "Mozilla/4.0 (compatible; MSIE 7.0; Windows NT 6.1; WOW64; Trident/7.0; SLCC2; .NET CLR 2.0.50727; .NET4.0C; .NET4.0E; FBViewer-6.0.4.0; .NET CLR 3.5.30729; .NET CLR 3.0.30729)"
121.200.217.27 - - [04/May/2026:22:23:41 -0500] "POST /wp-login.php HTTP/2.0" 444 0 "https://www.phronsiesgarden.com/wp-login.php" "Mozilla/4.0 (compatible; MSIE 7.0; Windows NT 6.1; WOW64; Trident/7.0; SLCC2; .NET CLR 2.0.50727; .NET4.0C; .NET4.0E; FBViewer-6.0.4.0; .NET CLR 3.5.30729; .NET CLR 3.0.30729)"
57.128.189.19 - - [04/May/2026:22:24:14 -0500] "GET /?nocache=1777951441 HTTP/2.0" 301 0 "-" "BigScootsMonitor Mozilla/5.0 (Windows NT 10.0; Win64; x64) AppleWebKit/537.36 (KHTML, like Gecko) Chrome/74.0.3729.169 Safari/537.36"
57.128.189.19 - - [04/May/2026:22:24:14 -0500] "GET /?nocache=1777951441 HTTP/2.0" 200 18601 "-" "BigScootsMonitor Mozilla/5.0 (Windows NT 10.0; Win64; x64) AppleWebKit/537.36 (KHTML, like Gecko) Chrome/74.0.3729.169 Safari/537.36"
2607:5300:205:200::273 - - [04/May/2026:22:24:14 -0500] "GET /?nocache=1777951441 HTTP/2.0" 301 0 "-" "BigScootsMonitor Mozilla/5.0 (Windows NT 10.0; Win64; x64) AppleWebKit/537.36 (KHTML, like Gecko) Chrome/74.0.3729.169 Safari/537.36"
2607:5300:205:200::273 - - [04/May/2026:22:24:15 -0500] "GET /?nocache=1777951441 HTTP/2.0" 200 18601 "-" "BigScootsMonitor Mozilla/5.0 (Windows NT 10.0; Win64; x64) AppleWebKit/537.36 (KHTML, like Gecko) Chrome/74.0.3729.169 Safari/537.36"
101.100.234.23 - - [04/May/2026:22:26:09 -0500] "GET /wp-login.php HTTP/2.0" 444 0 "-" "Mozilla/5.0 (Macintosh; Intel Mac OS X 10_11_6) AppleWebKit/605.1.15 (KHTML, like Gecko) Version/11.1.1 Safari/605.1.15"
101.100.234.23 - - [04/May/2026:22:26:10 -0500] "POST /wp-login.php HTTP/2.0" 444 0 "https://www.phronsiesgarden.com/wp-login.php" "Mozilla/5.0 (Macintosh; Intel Mac OS X 10_11_6) AppleWebKit/605.1.15 (KHTML, like Gecko) Version/11.1.1 Safari/605.1.15"
57.128.189.19 - - [04/May/2026:22:26:14 -0500] "GET /?nocache=1777951501 HTTP/2.0" 301 0 "-" "BigScootsMonitor Mozilla/5.0 (Windows NT 10.0; Win64; x64) AppleWebKit/537.36 (KHTML, like Gecko) Chrome/74.0.3729.169 Safari/537.36"
2607:5300:205:200::273 - - [04/May/2026:22:26:14 -0500] "GET /?nocache=1777951501 HTTP/2.0" 301 0 "-" "BigScootsMonitor Mozilla/5.0 (Windows NT 10.0; Win64; x64) AppleWebKit/537.36 (KHTML, like Gecko) Chrome/74.0.3729.169 Safari/537.36"
2607:5300:205:200::273 - - [04/May/2026:22:26:14 -0500] "GET /?nocache=1777951501 HTTP/2.0" 200 18601 "-" "BigScootsMonitor Mozilla/5.0 (Windows NT 10.0; Win64; x64) AppleWebKit/537.36 (KHTML, like Gecko) Chrome/74.0.3729.169 Safari/537.36"
57.128.189.19 - - [04/May/2026:22:26:14 -0500] "GET /?nocache=1777951501 HTTP/2.0" 200 18601 "-" "BigScootsMonitor Mozilla/5.0 (Windows NT 10.0; Win64; x64) AppleWebKit/537.36 (KHTML, like Gecko) Chrome/74.0.3729.169 Safari/537.36"
57.128.189.19 - - [04/May/2026:22:28:13 -0500] "GET /?nocache=1777951621 HTTP/2.0" 301 0 "-" "BigScootsMonitor Mozilla/5.0 (Windows NT 10.0; Win64; x64) AppleWebKit/537.36 (KHTML, like Gecko) Chrome/74.0.3729.169 Safari/537.36"
2607:5300:205:200::273 - - [04/May/2026:22:28:14 -0500] "GET /?nocache=1777951621 HTTP/2.0" 301 0 "-" "BigScootsMonitor Mozilla/5.0 (Windows NT 10.0; Win64; x64) AppleWebKit/537.36 (KHTML, like Gecko) Chrome/74.0.3729.169 Safari/537.36"
57.128.189.19 - - [04/May/2026:22:28:14 -0500] "GET /?nocache=1777951621 HTTP/2.0" 200 18601 "-" "BigScootsMonitor Mozilla/5.0 (Windows NT 10.0; Win64; x64) AppleWebKit/537.36 (KHTML, like Gecko) Chrome/74.0.3729.169 Safari/537.36"
2607:5300:205:200::273 - - [04/May/2026:22:28:14 -0500] "GET /?nocache=1777951621 HTTP/2.0" 200 18601 "-" "BigScootsMonitor Mozilla/5.0 (Windows NT 10.0; Win64; x64) AppleWebKit/537.36 (KHTML, like Gecko) Chrome/74.0.3729.169 Safari/537.36"
152.53.44.20 - - [04/May/2026:22:28:52 -0500] "GET /wp-login.php HTTP/2.0" 200 2157 "-" "Mozilla/5.0 (X11; CrOS x86_64 10323.67.0) AppleWebKit/537.36 (KHTML, like Gecko) Chrome/65.0.3325.209 Safari/537.36"
152.53.44.20 - - [04/May/2026:22:28:52 -0500] "POST /wp-login.php HTTP/2.0" 200 2227 "https://phronsiesgarden.com/wp-login.php" "Mozilla/5.0 (X11; CrOS x86_64 10323.67.0) AppleWebKit/537.36 (KHTML, like Gecko) Chrome/65.0.3325.209 Safari/537.36"
57.128.189.19 - - [04/May/2026:22:30:14 -0500] "GET /?nocache=1777951741 HTTP/2.0" 301 0 "-" "BigScootsMonitor Mozilla/5.0 (Windows NT 10.0; Win64; x64) AppleWebKit/537.36 (KHTML, like Gecko) Chrome/74.0.3729.169 Safari/537.36"
57.128.189.19 - - [04/May/2026:22:30:14 -0500] "GET /?nocache=1777951741 HTTP/2.0" 200 18601 "-" "BigScootsMonitor Mozilla/5.0 (Windows NT 10.0; Win64; x64) AppleWebKit/537.36 (KHTML, like Gecko) Chrome/74.0.3729.169 Safari/537.36"
2607:5300:205:200::273 - - [04/May/2026:22:30:14 -0500] "GET /?nocache=1777951741 HTTP/2.0" 301 0 "-" "BigScootsMonitor Mozilla/5.0 (Windows NT 10.0; Win64; x64) AppleWebKit/537.36 (KHTML, like Gecko) Chrome/74.0.3729.169 Safari/537.36"
2607:5300:205:200::273 - - [04/May/2026:22:30:15 -0500] "GET /?nocache=1777951741 HTTP/2.0" 200 18601 "-" "BigScootsMonitor Mozilla/5.0 (Windows NT 10.0; Win64; x64) AppleWebKit/537.36 (KHTML, like Gecko) Chrome/74.0.3729.169 Safari/537.36"
188.241.62.65 - - [04/May/2026:22:31:07 -0500] "GET /wp-login.php HTTP/2.0" 200 2222 "-" "Mozilla/5.0 (X11; Linux x86_64; rv:61.0) Gecko/20100101 Firefox/61.0"
188.241.62.65 - - [04/May/2026:22:31:08 -0500] "POST /wp-login.php HTTP/2.0" 200 2228 "https://phronsiesgarden.com/wp-login.php" "Mozilla/5.0 (X11; Linux x86_64; rv:61.0) Gecko/20100101 Firefox/61.0"
95.216.90.224 - - [04/May/2026:22:32:09 -0500] "GET /wp-login.php HTTP/2.0" 200 2157 "-" "Mozilla/4.0 (compatible; MSIE 7.0; Windows NT 6.2; Trident/7.0; .NET4.0C; .NET4.0E; .NET CLR 2.0.50727; .NET CLR 3.0.30729; .NET CLR 3.5.30729; SLCC2; Media Center PC 6.0; Tablet PC 2.0; EIE10;ENUSWOL)"
95.216.90.224 - - [04/May/2026:22:32:10 -0500] "POST /wp-login.php HTTP/2.0" 200 2227 "https://phronsiesgarden.com/wp-login.php" "Mozilla/4.0 (compatible; MSIE 7.0; Windows NT 6.2; Trident/7.0; .NET4.0C; .NET4.0E; .NET CLR 2.0.50727; .NET CLR 3.0.30729; .NET CLR 3.5.30729; SLCC2; Media Center PC 6.0; Tablet PC 2.0; EIE10;ENUSWOL)"
57.128.189.19 - - [04/May/2026:22:32:14 -0500] "GET /?nocache=1777951921 HTTP/2.0" 301 0 "-" "BigScootsMonitor Mozilla/5.0 (Windows NT 10.0; Win64; x64) AppleWebKit/537.36 (KHTML, like Gecko) Chrome/74.0.3729.169 Safari/537.36"
2607:5300:205:200::273 - - [04/May/2026:22:32:14 -0500] "GET /?nocache=1777951921 HTTP/2.0" 301 0 "-" "BigScootsMonitor Mozilla/5.0 (Windows NT 10.0; Win64; x64) AppleWebKit/537.36 (KHTML, like Gecko) Chrome/74.0.3729.169 Safari/537.36"
2607:5300:205:200::273 - - [04/May/2026:22:32:14 -0500] "GET /?nocache=1777951921 HTTP/2.0" 200 18601 "-" "BigScootsMonitor Mozilla/5.0 (Windows NT 10.0; Win64; x64) AppleWebKit/537.36 (KHTML, like Gecko) Chrome/74.0.3729.169 Safari/537.36"
57.128.189.19 - - [04/May/2026:22:32:14 -0500] "GET /?nocache=1777951921 HTTP/2.0" 200 18601 "-" "BigScootsMonitor Mozilla/5.0 (Windows NT 10.0; Win64; x64) AppleWebKit/537.36 (KHTML, like Gecko) Chrome/74.0.3729.169 Safari/537.36"
103.82.38.198 - - [04/May/2026:22:33:20 -0500] "GET /wp-login.php HTTP/2.0" 200 2157 "-" "Mozilla/4.0 (compatible; MSIE 7.0; Windows NT 6.1; Trident/7.0; SLCC2; .NET CLR 2.0.50727; .NET CLR 3.5.30729; .NET CLR 3.0.30729; .NET4.0C; .NET4.0E; Media Center PC 6.0; InfoPath.3; BRI/2)"
103.82.38.198 - - [04/May/2026:22:33:24 -0500] "POST /wp-login.php HTTP/2.0" 200 2227 "https://www.phronsiesgarden.com/wp-login.php" "Mozilla/4.0 (compatible; MSIE 7.0; Windows NT 6.1; Trident/7.0; SLCC2; .NET CLR 2.0.50727; .NET CLR 3.5.30729; .NET CLR 3.0.30729; .NET4.0C; .NET4.0E; Media Center PC 6.0; InfoPath.3; BRI/2)"
91.98.21.65 - - [04/May/2026:22:34:00 -0500] "GET /wp-login.php HTTP/2.0" 200 2157 "-" "Mozilla/5.0 (Macintosh; Intel Mac OS X 10_13_4) AppleWebKit/537.36 (KHTML, like Gecko) Chrome/66.0.3359.117 Safari/537.36"
91.98.21.65 - - [04/May/2026:22:34:01 -0500] "POST /wp-login.php HTTP/2.0" 200 2227 "https://www.phronsiesgarden.com/wp-login.php" "Mozilla/5.0 (Macintosh; Intel Mac OS X 10_13_4) AppleWebKit/537.36 (KHTML, like Gecko) Chrome/66.0.3359.117 Safari/537.36"
57.128.189.19 - - [04/May/2026:22:34:14 -0500] "GET /?nocache=1777952041 HTTP/2.0" 301 0 "-" "BigScootsMonitor Mozilla/5.0 (Windows NT 10.0; Win64; x64) AppleWebKit/537.36 (KHTML, like Gecko) Chrome/74.0.3729.169 Safari/537.36"
57.128.189.19 - - [04/May/2026:22:34:14 -0500] "GET /?nocache=1777952041 HTTP/2.0" 200 18601 "-" "BigScootsMonitor Mozilla/5.0 (Windows NT 10.0; Win64; x64) AppleWebKit/537.36 (KHTML, like Gecko) Chrome/74.0.3729.169 Safari/537.36"
2607:5300:205:200::273 - - [04/May/2026:22:34:14 -0500] "GET /?nocache=1777952041 HTTP/2.0" 301 0 "-" "BigScootsMonitor Mozilla/5.0 (Windows NT 10.0; Win64; x64) AppleWebKit/537.36 (KHTML, like Gecko) Chrome/74.0.3729.169 Safari/537.36"
2607:5300:205:200::273 - - [04/May/2026:22:34:15 -0500] "GET /?nocache=1777952041 HTTP/2.0" 200 18601 "-" "BigScootsMonitor Mozilla/5.0 (Windows NT 10.0; Win64; x64) AppleWebKit/537.36 (KHTML, like Gecko) Chrome/74.0.3729.169 Safari/537.36"
57.128.189.19 - - [04/May/2026:22:36:13 -0500] "GET /?nocache=1777952101 HTTP/2.0" 301 0 "-" "BigScootsMonitor Mozilla/5.0 (Windows NT 10.0; Win64; x64) AppleWebKit/537.36 (KHTML, like Gecko) Chrome/74.0.3729.169 Safari/537.36"
57.128.189.19 - - [04/May/2026:22:36:14 -0500] "GET /?nocache=1777952101 HTTP/2.0" 200 18601 "-" "BigScootsMonitor Mozilla/5.0 (Windows NT 10.0; Win64; x64) AppleWebKit/537.36 (KHTML, like Gecko) Chrome/74.0.3729.169 Safari/537.36"
2607:5300:205:200::273 - - [04/May/2026:22:36:14 -0500] "GET /?nocache=1777952161 HTTP/2.0" 301 0 "-" "BigScootsMonitor Mozilla/5.0 (Windows NT 10.0; Win64; x64) AppleWebKit/537.36 (KHTML, like Gecko) Chrome/74.0.3729.169 Safari/537.36"
2607:5300:205:200::273 - - [04/May/2026:22:36:15 -0500] "GET /?nocache=1777952161 HTTP/2.0" 200 18601 "-" "BigScootsMonitor Mozilla/5.0 (Windows NT 10.0; Win64; x64) AppleWebKit/537.36 (KHTML, like Gecko) Chrome/74.0.3729.169 Safari/537.36"
57.128.189.19 - - [04/May/2026:22:38:14 -0500] "GET /?nocache=1777952281 HTTP/2.0" 301 0 "-" "BigScootsMonitor Mozilla/5.0 (Windows NT 10.0; Win64; x64) AppleWebKit/537.36 (KHTML, like Gecko) Chrome/74.0.3729.169 Safari/537.36"
2607:5300:205:200::273 - - [04/May/2026:22:38:14 -0500] "GET /?nocache=1777952281 HTTP/2.0" 301 0 "-" "BigScootsMonitor Mozilla/5.0 (Windows NT 10.0; Win64; x64) AppleWebKit/537.36 (KHTML, like Gecko) Chrome/74.0.3729.169 Safari/537.36"
2607:5300:205:200::273 - - [04/May/2026:22:38:14 -0500] "GET /?nocache=1777952281 HTTP/2.0" 200 18601 "-" "BigScootsMonitor Mozilla/5.0 (Windows NT 10.0; Win64; x64) AppleWebKit/537.36 (KHTML, like Gecko) Chrome/74.0.3729.169 Safari/537.36"
57.128.189.19 - - [04/May/2026:22:38:14 -0500] "GET /?nocache=1777952281 HTTP/2.0" 200 18601 "-" "BigScootsMonitor Mozilla/5.0 (Windows NT 10.0; Win64; x64) AppleWebKit/537.36 (KHTML, like Gecko) Chrome/74.0.3729.169 Safari/537.36"
121.200.217.27 - - [04/May/2026:22:38:25 -0500] "GET /wp-login.php HTTP/2.0" 444 0 "-" "Mozilla/5.0 (Windows NT 6.1; WOW64) AppleWebKit/537.36 (KHTML, like Gecko) Chrome/65.0.3325.146 Safari/537.36"
121.200.217.27 - - [04/May/2026:22:38:26 -0500] "POST /wp-login.php HTTP/2.0" 444 0 "https://phronsiesgarden.com/wp-login.php" "Mozilla/5.0 (Windows NT 6.1; WOW64) AppleWebKit/537.36 (KHTML, like Gecko) Chrome/65.0.3325.146 Safari/537.36"
57.128.189.19 - - [04/May/2026:22:40:13 -0500] "GET /?nocache=1777952341 HTTP/2.0" 301 0 "-" "BigScootsMonitor Mozilla/5.0 (Windows NT 10.0; Win64; x64) AppleWebKit/537.36 (KHTML, like Gecko) Chrome/74.0.3729.169 Safari/537.36"
57.128.189.19 - - [04/May/2026:22:40:14 -0500] "GET /?nocache=1777952341 HTTP/2.0" 200 18601 "-" "BigScootsMonitor Mozilla/5.0 (Windows NT 10.0; Win64; x64) AppleWebKit/537.36 (KHTML, like Gecko) Chrome/74.0.3729.169 Safari/537.36"
2607:5300:205:200::273 - - [04/May/2026:22:40:14 -0500] "GET /?nocache=1777952341 HTTP/2.0" 301 0 "-" "BigScootsMonitor Mozilla/5.0 (Windows NT 10.0; Win64; x64) AppleWebKit/537.36 (KHTML, like Gecko) Chrome/74.0.3729.169 Safari/537.36"
2607:5300:205:200::273 - - [04/May/2026:22:40:15 -0500] "GET /?nocache=1777952341 HTTP/2.0" 200 18601 "-" "BigScootsMonitor Mozilla/5.0 (Windows NT 10.0; Win64; x64) AppleWebKit/537.36 (KHTML, like Gecko) Chrome/74.0.3729.169 Safari/537.36"
103.218.122.61 - - [04/May/2026:22:40:27 -0500] "GET /wp-login.php HTTP/2.0" 200 2157 "-" "Mozilla/5.0 (IE 11.0; Windows NT 6.3; Trident/7.0; .NET4.0E; .NET4.0C; rv:11.0) like Gecko"
103.218.122.61 - - [04/May/2026:22:40:28 -0500] "POST /wp-login.php HTTP/2.0" 200 2227 "https://phronsiesgarden.com/wp-login.php" "Mozilla/5.0 (IE 11.0; Windows NT 6.3; Trident/7.0; .NET4.0E; .NET4.0C; rv:11.0) like Gecko"
134.209.100.212 - - [04/May/2026:22:41:20 -0500] "GET /wp-login.php HTTP/2.0" 444 0 "-" "Mozilla/5.0 (Macintosh; Intel Mac OS X 10_13_4) AppleWebKit/537.36 (KHTML, like Gecko) Chrome/66.0.3359.181 Safari/537.36"
134.209.100.212 - - [04/May/2026:22:41:21 -0500] "POST /wp-login.php HTTP/2.0" 444 0 "https://phronsiesgarden.com/wp-login.php" "Mozilla/5.0 (Macintosh; Intel Mac OS X 10_13_4) AppleWebKit/537.36 (KHTML, like Gecko) Chrome/66.0.3359.181 Safari/537.36"
2607:5300:205:200::273 - - [04/May/2026:22:42:14 -0500] "GET /?nocache=1777952461 HTTP/2.0" 301 0 "-" "BigScootsMonitor Mozilla/5.0 (Windows NT 10.0; Win64; x64) AppleWebKit/537.36 (KHTML, like Gecko) Chrome/74.0.3729.169 Safari/537.36"
57.128.189.19 - - [04/May/2026:22:42:14 -0500] "GET /?nocache=1777952461 HTTP/2.0" 301 0 "-" "BigScootsMonitor Mozilla/5.0 (Windows NT 10.0; Win64; x64) AppleWebKit/537.36 (KHTML, like Gecko) Chrome/74.0.3729.169 Safari/537.36"
2607:5300:205:200::273 - - [04/May/2026:22:42:14 -0500] "GET /?nocache=1777952461 HTTP/2.0" 200 18601 "-" "BigScootsMonitor Mozilla/5.0 (Windows NT 10.0; Win64; x64) AppleWebKit/537.36 (KHTML, like Gecko) Chrome/74.0.3729.169 Safari/537.36"
57.128.189.19 - - [04/May/2026:22:42:14 -0500] "GET /?nocache=1777952461 HTTP/2.0" 200 18601 "-" "BigScootsMonitor Mozilla/5.0 (Windows NT 10.0; Win64; x64) AppleWebKit/537.36 (KHTML, like Gecko) Chrome/74.0.3729.169 Safari/537.36"
152.53.111.131 - - [04/May/2026:22:42:28 -0500] "GET /wp-login.php HTTP/2.0" 444 0 "-" "Mozilla/5.0 (Windows NT 6.3; WOW64; Trident/7.0; Touch; MASAJS; rv:11.0) like Gecko"
152.53.111.131 - - [04/May/2026:22:42:29 -0500] "POST /wp-login.php HTTP/2.0" 444 0 "https://www.phronsiesgarden.com/wp-login.php" "Mozilla/5.0 (Windows NT 6.3; WOW64; Trident/7.0; Touch; MASAJS; rv:11.0) like Gecko"
57.128.189.19 - - [04/May/2026:22:44:14 -0500] "GET /?nocache=1777952581 HTTP/2.0" 301 0 "-" "BigScootsMonitor Mozilla/5.0 (Windows NT 10.0; Win64; x64) AppleWebKit/537.36 (KHTML, like Gecko) Chrome/74.0.3729.169 Safari/537.36"
