HEX
Server: nginx/1.29.3
System: Linux 11979.bigscoots-wpo.com 6.8.0-88-generic #89-Ubuntu SMP PREEMPT_DYNAMIC Sat Oct 11 01:02:46 UTC 2025 x86_64
User: nginx (1068)
PHP: 7.4.33
Disabled: exec,system,passthru,shell_exec,proc_open,proc_close,popen,show_source,cmd# Do not modify this line # 1684243876
Upload Files
File: /home/nginx/domains/pizzazzerie.com/log/error.log-20260505
2026/05/04 00:54:40 [error] 1284357#1284357: *1300420 open() "/home/nginx/domains/pizzazzerie.com/public/.well-known/traffic-advice" failed (2: No such file or directory), client: 64.233.173.166, server: pizzazzerie.com, request: "GET /.well-known/traffic-advice HTTP/2.0", host: "pizzazzerie.com"
2026/05/04 00:56:57 [error] 1284358#1284358: *1299820 open() "/home/nginx/domains/pizzazzerie.com/public/wp-content/themes/thesis_18/custom/images/newLogo.jpg" failed (2: No such file or directory), client: 46.250.163.231, server: pizzazzerie.com, request: "GET /wp-content/themes/thesis_18/custom/images/newLogo.jpg HTTP/2.0", host: "pizzazzerie.com"
2026/05/04 00:56:59 [error] 1284358#1284358: *1299820 open() "/home/nginx/domains/pizzazzerie.com/public/wp-content/themes/thesis_18/custom/images/newLogo.jpg" failed (2: No such file or directory), client: 46.250.163.231, server: pizzazzerie.com, request: "GET /wp-content/themes/thesis_18/custom/images/newLogo.jpg HTTP/2.0", host: "pizzazzerie.com"
2026/05/04 01:09:14 [error] 1284358#1284358: *1301568 open() "/home/nginx/domains/pizzazzerie.com/public/wp-content/uploads/2011/03/apple-school-themed-childrens-party-2-e1301000289346-75x75.jpg" failed (2: No such file or directory), client: 74.125.210.201, server: pizzazzerie.com, request: "GET /wp-content/uploads/2011/03/apple-school-themed-childrens-party-2-e1301000289346-75x75.jpg?b06141 HTTP/2.0", host: "pizzazzerie.com"
2026/05/04 01:22:05 [error] 1284358#1284358: *1302576 open() "/home/nginx/domains/pizzazzerie.com/public/wp-content/themes/whitmore/images/gravatar.png" failed (2: No such file or directory), client: 192.0.112.50, server: pizzazzerie.com, request: "GET /wp-content/themes/whitmore/images/gravatar.png HTTP/2.0", host: "pizzazzerie.com"
2026/05/04 01:33:16 [error] 1284359#1284359: *1300894 open() "/home/nginx/domains/pizzazzerie.com/public/.well-known/security.txt" failed (2: No such file or directory), client: 46.110.47.20, server: pizzazzerie.com, request: "GET /.well-known/security.txt HTTP/2.0", host: "pizzazzerie.com"
2026/05/04 01:56:11 [error] 1284357#1284357: *1302525 open() "/home/nginx/domains/pizzazzerie.com/public/.well-known/traffic-advice" failed (2: No such file or directory), client: 64.233.172.46, server: pizzazzerie.com, request: "GET /.well-known/traffic-advice HTTP/2.0", host: "pizzazzerie.com"
2026/05/04 01:58:30 [error] 1284359#1284359: *1305317 open() "/home/nginx/domains/pizzazzerie.com/public/wp-content/uploads/2010/05/ducky4-e1274920070734-75x75.jpg" failed (2: No such file or directory), client: 114.119.137.145, server: pizzazzerie.com, request: "GET /wp-content/uploads/2010/05/ducky4-e1274920070734-75x75.jpg?bd6f5f HTTP/2.0", host: "pizzazzerie.com", referrer: "http://pizzazzerie.com/wp-content/uploads/2010/05/ducky4-e1274920070734-75x75.jpg?bd6f5f"
2026/05/04 02:26:06 [error] 1284359#1284359: *1307204 open() "/home/nginx/domains/pizzazzerie.com/public/asset/upload/e271e4207a3dad4ee0f8e40894f6b1d2.mp4" failed (2: No such file or directory), client: 66.249.66.166, server: pizzazzerie.com, request: "GET /asset/upload/e271e4207a3dad4ee0f8e40894f6b1d2.mp4 HTTP/2.0", host: "pizzazzerie.com"
2026/05/04 02:27:02 [error] 1284357#1284357: *1307275 open() "/home/nginx/domains/pizzazzerie.com/public/wp-content/uploads/2017/06/fathers-day-dinner-party-768x2240.jpg" failed (2: No such file or directory), client: 169.224.17.88, server: pizzazzerie.com, request: "GET /wp-content/uploads/2017/06/fathers-day-dinner-party-768x2240.jpg HTTP/2.0", host: "pizzazzerie.com", referrer: "https://pizzazzerie.com/holidays/fathers-day/fathers-day-dinner-party-charcuterie/"
2026/05/04 03:05:11 [error] 1284359#1284359: *1309904 open() "/home/nginx/domains/pizzazzerie.com/public/.well-known/traffic-advice" failed (2: No such file or directory), client: 66.249.93.11, server: pizzazzerie.com, request: "GET /.well-known/traffic-advice HTTP/2.0", host: "pizzazzerie.com"
2026/05/04 03:48:01 [error] 1284357#1284357: *1312596 access forbidden by rule, client: 195.3.220.7, server: pizzazzerie.com, request: "GET /wp-content/plugins/fix/up.php HTTP/2.0", host: "pizzazzerie.com"
2026/05/04 03:48:01 [error] 1284357#1284357: *1312596 access forbidden by rule, client: 195.3.220.7, server: pizzazzerie.com, request: "GET /wp-content/index.php HTTP/2.0", host: "pizzazzerie.com"
2026/05/04 03:48:02 [error] 1284357#1284357: *1312597 access forbidden by rule, client: 195.3.220.7, server: pizzazzerie.com, request: "GET /wp-content/plugins/pwnd/pwnd.php HTTP/2.0", host: "pizzazzerie.com"
2026/05/04 03:48:02 [error] 1284357#1284357: *1312596 access forbidden by rule, client: 195.3.220.7, server: pizzazzerie.com, request: "GET /wp-content/plugins/pwnd-1/pwnd.php HTTP/2.0", host: "pizzazzerie.com"
2026/05/04 03:48:02 [error] 1284357#1284357: *1312596 access forbidden by rule, client: 195.3.220.7, server: pizzazzerie.com, request: "GET /wp-content/plugins/simple/simple.php HTTP/2.0", host: "pizzazzerie.com"
2026/05/04 03:48:02 [error] 1284357#1284357: *1312596 access forbidden by rule, client: 195.3.220.7, server: pizzazzerie.com, request: "GET /wp-content/worksec.php HTTP/2.0", host: "pizzazzerie.com"
2026/05/04 03:48:03 [error] 1284357#1284357: *1312594 access forbidden by rule, client: 195.3.220.7, server: pizzazzerie.com, request: "GET /wp-content/themes/twentynineteen/404.php HTTP/2.0", host: "pizzazzerie.com"
2026/05/04 03:48:03 [error] 1284357#1284357: *1312597 access forbidden by rule, client: 195.3.220.7, server: pizzazzerie.com, request: "GET /wp-content/themes/twentytwentyone/404.php HTTP/2.0", host: "pizzazzerie.com"
2026/05/04 03:48:03 [error] 1284357#1284357: *1312595 access forbidden by rule, client: 195.3.220.7, server: pizzazzerie.com, request: "GET /wp-content/cache/index.php HTTP/2.0", host: "pizzazzerie.com"
2026/05/04 03:48:03 [error] 1284357#1284357: *1312597 access forbidden by rule, client: 195.3.220.7, server: pizzazzerie.com, request: "GET /wp-content/index.php HTTP/2.0", host: "pizzazzerie.com"
2026/05/04 03:48:03 [error] 1284357#1284357: *1312596 access forbidden by rule, client: 195.3.220.7, server: pizzazzerie.com, request: "GET /wp-content/languages/index.php HTTP/2.0", host: "pizzazzerie.com"
2026/05/04 03:48:04 [error] 1284357#1284357: *1312594 access forbidden by rule, client: 195.3.220.7, server: pizzazzerie.com, request: "GET /wp-content/plugins/index.php HTTP/2.0", host: "pizzazzerie.com"
2026/05/04 03:48:04 [error] 1284357#1284357: *1312596 access forbidden by rule, client: 195.3.220.7, server: pizzazzerie.com, request: "GET /wp-content/themes/index.php HTTP/2.0", host: "pizzazzerie.com"
2026/05/04 03:48:04 [error] 1284357#1284357: *1312594 access forbidden by rule, client: 195.3.220.7, server: pizzazzerie.com, request: "GET /wp-content/upgrade/index.php HTTP/2.0", host: "pizzazzerie.com"
2026/05/04 03:48:04 [error] 1284357#1284357: *1312596 access forbidden by rule, client: 195.3.220.7, server: pizzazzerie.com, request: "GET /wp-content/uploads/index.php HTTP/2.0", host: "pizzazzerie.com"
2026/05/04 03:48:05 [error] 1284357#1284357: *1312595 access forbidden by rule, client: 195.3.220.7, server: pizzazzerie.com, request: "GET /wp-content/themes/Divi/404.php HTTP/2.0", host: "pizzazzerie.com"
2026/05/04 03:56:30 [error] 1284358#1284358: *1313188 open() "/home/nginx/domains/pizzazzerie.com/public/wp-content/themes/whitmore/images/gravatar.png" failed (2: No such file or directory), client: 192.0.113.20, server: pizzazzerie.com, request: "GET /wp-content/themes/whitmore/images/gravatar.png HTTP/2.0", host: "pizzazzerie.com"
2026/05/04 03:56:34 [error] 1284358#1284358: *1313188 open() "/home/nginx/domains/pizzazzerie.com/public/wp-content/themes/whitmore/images/gravatar.png" failed (2: No such file or directory), client: 195.234.109.216, server: pizzazzerie.com, request: "GET /wp-content/themes/whitmore/images/gravatar.png HTTP/2.0", host: "pizzazzerie.com"
2026/05/04 04:05:56 [error] 1284358#1284358: *1313873 open() "/home/nginx/domains/pizzazzerie.com/public/.well-known/traffic-advice" failed (2: No such file or directory), client: 64.233.173.164, server: pizzazzerie.com, request: "GET /.well-known/traffic-advice HTTP/2.0", host: "pizzazzerie.com"
2026/05/04 04:40:56 [error] 1284359#1284359: *1316171 open() "/home/nginx/domains/pizzazzerie.com/public/.well-known/security.txt" failed (2: No such file or directory), client: 185.197.249.162, server: pizzazzerie.com, request: "GET /.well-known/security.txt HTTP/2.0", host: "pizzazzerie.com"
2026/05/04 04:44:28 [error] 1284359#1284359: *1316411 access forbidden by rule, client: 52.90.72.94, server: pizzazzerie.com, request: "GET /.git/config HTTP/2.0", host: "www.pizzazzerie.com"
2026/05/04 04:45:32 [error] 1284357#1284357: *1316479 open() "/home/nginx/domains/pizzazzerie.com/public/.well-known/security.txt" failed (2: No such file or directory), client: 185.197.249.164, server: pizzazzerie.com, request: "GET /.well-known/security.txt HTTP/2.0", host: "pizzazzerie.com"
2026/05/04 05:04:56 [error] 1284358#1284358: *1317784 open() "/home/nginx/domains/pizzazzerie.com/public/.well-known/traffic-advice" failed (2: No such file or directory), client: 66.249.82.130, server: pizzazzerie.com, request: "GET /.well-known/traffic-advice HTTP/2.0", host: "pizzazzerie.com"
2026/05/04 05:11:25 [error] 1284356#1284356: *1318217 access forbidden by rule, client: 20.89.21.51, server: pizzazzerie.com, request: "GET /wp-content/uploads/index.php HTTP/2.0", host: "www.pizzazzerie.com"
2026/05/04 05:11:27 [error] 1284356#1284356: *1318225 access forbidden by rule, client: 20.89.21.51, server: pizzazzerie.com, request: "GET /wp-content/themes/hideo/network.php HTTP/2.0", host: "www.pizzazzerie.com"
2026/05/04 05:11:29 [error] 1284356#1284356: *1318217 access forbidden by rule, client: 20.89.21.51, server: pizzazzerie.com, request: "GET /xmlrpc.php HTTP/2.0", host: "www.pizzazzerie.com"
2026/05/04 05:11:31 [error] 1284356#1284356: *1318230 "/home/nginx/domains/pizzazzerie.com/public/.well-known/index.php" is not found (2: No such file or directory), client: 20.89.21.51, server: pizzazzerie.com, request: "GET /.well-known/ HTTP/2.0", host: "www.pizzazzerie.com"
2026/05/04 05:11:31 [error] 1284356#1284356: *1318230 access forbidden by rule, client: 20.89.21.51, server: pizzazzerie.com, request: "GET /wp-includes/Requests/src/Response/about.php HTTP/2.0", host: "www.pizzazzerie.com"
2026/05/04 05:11:31 [error] 1284356#1284356: *1318230 directory index of "/home/nginx/domains/pizzazzerie.com/public/wp-includes/html-api/" is forbidden, client: 20.89.21.51, server: pizzazzerie.com, request: "GET /wp-includes/html-api/ HTTP/2.0", host: "www.pizzazzerie.com"
2026/05/04 05:11:32 [error] 1284356#1284356: *1318230 access forbidden by rule, client: 20.89.21.51, server: pizzazzerie.com, request: "GET /wp-content/admin.php HTTP/2.0", host: "www.pizzazzerie.com"
2026/05/04 05:11:32 [error] 1284356#1284356: *1318230 directory index of "/home/nginx/domains/pizzazzerie.com/public/wp-admin/css/colors/ectoplasm/" is forbidden, client: 20.89.21.51, server: pizzazzerie.com, request: "GET /wp-admin/css/colors/ectoplasm/ HTTP/2.0", host: "www.pizzazzerie.com"
2026/05/04 05:11:32 [error] 1284356#1284356: *1318230 directory index of "/home/nginx/domains/pizzazzerie.com/public/wp-content/uploads/" is forbidden, client: 20.89.21.51, server: pizzazzerie.com, request: "GET /wp-content/uploads/ HTTP/2.0", host: "www.pizzazzerie.com"
2026/05/04 05:11:32 [error] 1284356#1284356: *1318230 access forbidden by rule, client: 20.89.21.51, server: pizzazzerie.com, request: "GET /wp-content/themes/admin.php HTTP/2.0", host: "www.pizzazzerie.com"
2026/05/04 05:11:32 [error] 1284356#1284356: *1318230 access forbidden by rule, client: 20.89.21.51, server: pizzazzerie.com, request: "GET /wp-content/themes/index.php HTTP/2.0", host: "www.pizzazzerie.com"
2026/05/04 05:11:32 [error] 1284356#1284356: *1318230 access forbidden by rule, client: 20.89.21.51, server: pizzazzerie.com, request: "GET /wp-content/plugins/index.php HTTP/2.0", host: "www.pizzazzerie.com"
2026/05/04 05:11:33 [error] 1284356#1284356: *1318230 directory index of "/home/nginx/domains/pizzazzerie.com/public/wp-includes/PHPMailer/" is forbidden, client: 20.89.21.51, server: pizzazzerie.com, request: "GET /wp-includes/PHPMailer/ HTTP/2.0", host: "www.pizzazzerie.com"
2026/05/04 05:11:33 [error] 1284356#1284356: *1318230 directory index of "/home/nginx/domains/pizzazzerie.com/public/wp-includes/images/" is forbidden, client: 20.89.21.51, server: pizzazzerie.com, request: "GET /wp-includes/images/ HTTP/2.0", host: "www.pizzazzerie.com"
2026/05/04 05:25:50 [error] 1284359#1284359: *1319283 open() "/home/nginx/domains/pizzazzerie.com/public/wp-content/themes/whitmore/images/gravatar.png" failed (2: No such file or directory), client: 192.0.101.240, server: pizzazzerie.com, request: "GET /wp-content/themes/whitmore/images/gravatar.png HTTP/2.0", host: "pizzazzerie.com"
2026/05/04 05:25:52 [error] 1284359#1284359: *1319283 open() "/home/nginx/domains/pizzazzerie.com/public/wp-content/themes/whitmore/images/gravatar.png" failed (2: No such file or directory), client: 195.234.109.216, server: pizzazzerie.com, request: "GET /wp-content/themes/whitmore/images/gravatar.png HTTP/2.0", host: "pizzazzerie.com"
2026/05/04 05:50:25 [error] 1284357#1284357: *1321222 access forbidden by rule, client: 2a03:2880:24ff:4::, server: pizzazzerie.com, request: "GET /wp-content/plugins/adrotate/adrotate-out.php?track=5%2C0%2C1 HTTP/2.0", host: "pizzazzerie.com"
2026/05/04 06:07:03 [error] 1284356#1284356: *1320469 open() "/home/nginx/domains/pizzazzerie.com/public/.well-known/traffic-advice" failed (2: No such file or directory), client: 64.233.172.46, server: pizzazzerie.com, request: "GET /.well-known/traffic-advice HTTP/2.0", host: "pizzazzerie.com"
2026/05/04 06:09:15 [error] 1284359#1284359: *1322185 open() "/home/nginx/domains/pizzazzerie.com/public/asset/upload/a07b089c9e11e3b80ccfd0e295ae8bd3.mp4" failed (2: No such file or directory), client: 66.249.66.11, server: pizzazzerie.com, request: "GET /asset/upload/a07b089c9e11e3b80ccfd0e295ae8bd3.mp4 HTTP/2.0", host: "pizzazzerie.com"
2026/05/04 07:08:12 [error] 1284359#1284359: *1322522 open() "/home/nginx/domains/pizzazzerie.com/public/.well-known/traffic-advice" failed (2: No such file or directory), client: 64.233.172.41, server: pizzazzerie.com, request: "GET /.well-known/traffic-advice HTTP/2.0", host: "pizzazzerie.com"
2026/05/04 07:29:57 [error] 1284358#1284358: *1328459 open() "/home/nginx/domains/pizzazzerie.com/public/.well-known/tdmrep.json" failed (2: No such file or directory), client: 54.92.156.77, server: pizzazzerie.com, request: "GET /.well-known/tdmrep.json HTTP/2.0", host: "pizzazzerie.com"
2026/05/04 07:32:07 [error] 1284359#1284359: *1327663 open() "/home/nginx/domains/pizzazzerie.com/public/.well-known/tdmrep.json" failed (2: No such file or directory), client: 54.224.68.27, server: pizzazzerie.com, request: "GET /.well-known/tdmrep.json HTTP/2.0", host: "pizzazzerie.com"
2026/05/04 07:49:54 [error] 1284359#1284359: *1330061 open() "/home/nginx/domains/pizzazzerie.com/public/.well-known/tdmrep.json" failed (2: No such file or directory), client: 3.94.110.71, server: pizzazzerie.com, request: "GET /.well-known/tdmrep.json HTTP/2.0", host: "pizzazzerie.com"
2026/05/04 07:52:43 [error] 1284356#1284356: *1330283 open() "/home/nginx/domains/pizzazzerie.com/public/.well-known/tdmrep.json" failed (2: No such file or directory), client: 100.26.108.25, server: pizzazzerie.com, request: "GET /.well-known/tdmrep.json HTTP/2.0", host: "pizzazzerie.com"
2026/05/04 08:07:32 [error] 1284359#1284359: *1331436 open() "/home/nginx/domains/pizzazzerie.com/public/.well-known/traffic-advice" failed (2: No such file or directory), client: 66.249.93.11, server: pizzazzerie.com, request: "GET /.well-known/traffic-advice HTTP/2.0", host: "pizzazzerie.com"
2026/05/04 08:28:05 [error] 1284358#1284358: *1332987 open() "/home/nginx/domains/pizzazzerie.com/public/wp-content/uploads/2012/01/IMG_7316-634x526.jpg" failed (2: No such file or directory), client: 134.209.223.164, server: pizzazzerie.com, request: "GET /wp-content/uploads/2012/01/IMG_7316-634x526.jpg HTTP/2.0", host: "pizzazzerie.com", referrer: "http://iwannanew.blogspot.com/"
2026/05/04 09:03:56 [error] 1284358#1284358: *1335744 open() "/home/nginx/domains/pizzazzerie.com/public/wp-content/uploads/2011/03/apple-school-themed-childrens-party-2-e1301000289346-75x75.jpg" failed (2: No such file or directory), client: 74.125.210.192, server: pizzazzerie.com, request: "GET /wp-content/uploads/2011/03/apple-school-themed-childrens-party-2-e1301000289346-75x75.jpg?b06141 HTTP/2.0", host: "pizzazzerie.com"
2026/05/04 09:13:27 [error] 1284358#1284358: *1335712 open() "/home/nginx/domains/pizzazzerie.com/public/.well-known/traffic-advice" failed (2: No such file or directory), client: 64.233.172.40, server: pizzazzerie.com, request: "GET /.well-known/traffic-advice HTTP/2.0", host: "pizzazzerie.com"
2026/05/04 09:49:26 [error] 1284356#1284356: *1339968 open() "/home/nginx/domains/pizzazzerie.com/public/wp-content/uploads/2012/01/collage-02-634x473.png" failed (2: No such file or directory), client: 3.220.148.166, server: pizzazzerie.com, request: "GET /wp-content/uploads/2012/01/collage-02-634x473.png HTTP/2.0", host: "pizzazzerie.com"
2026/05/04 10:13:33 [error] 1284356#1284356: *1342045 open() "/home/nginx/domains/pizzazzerie.com/public/.well-known/traffic-advice" failed (2: No such file or directory), client: 66.249.88.160, server: pizzazzerie.com, request: "GET /.well-known/traffic-advice HTTP/2.0", host: "pizzazzerie.com"
2026/05/04 10:24:19 [error] 1284359#1284359: *1342961 open() "/home/nginx/domains/pizzazzerie.com/public/wp-content/uploads/2012/07/barnyard-brunch-party-feature-image-75x75.jpg" failed (2: No such file or directory), client: 74.125.210.201, server: pizzazzerie.com, request: "GET /wp-content/uploads/2012/07/barnyard-brunch-party-feature-image-75x75.jpg?b06141 HTTP/2.0", host: "pizzazzerie.com"
2026/05/04 10:45:52 [error] 1284358#1284358: *1344906 open() "/home/nginx/domains/pizzazzerie.com/public/wp-content/uploads/2013/03/frosting-2013-april-634x356.jpg" failed (2: No such file or directory), client: 74.125.210.201, server: pizzazzerie.com, request: "GET /wp-content/uploads/2013/03/frosting-2013-april-634x356.jpg?7f111f HTTP/2.0", host: "pizzazzerie.com"
2026/05/04 10:57:07 [error] 1284356#1284356: *1345847 access forbidden by rule, client: 207.46.13.6, server: pizzazzerie.com, request: "GET /wp-content/uploads/404.php HTTP/2.0", host: "www.pizzazzerie.com"
2026/05/04 11:12:56 [error] 1284358#1284358: *1347295 open() "/home/nginx/domains/pizzazzerie.com/public/.well-known/traffic-advice" failed (2: No such file or directory), client: 66.249.88.163, server: pizzazzerie.com, request: "GET /.well-known/traffic-advice HTTP/2.0", host: "pizzazzerie.com"
2026/05/04 11:13:20 [error] 1284359#1284359: *1347331 open() "/home/nginx/domains/pizzazzerie.com/public/sellers.json" failed (2: No such file or directory), client: 18.223.205.125, server: pizzazzerie.com, request: "GET /sellers.json HTTP/2.0", host: "www.pizzazzerie.com"
2026/05/04 11:27:08 [error] 1284359#1284359: *1348579 open() "/home/nginx/domains/pizzazzerie.com/public/wp-content/uploads/2010/06/redflyerbday-75x75.jpg" failed (2: No such file or directory), client: 74.125.210.192, server: pizzazzerie.com, request: "GET /wp-content/uploads/2010/06/redflyerbday-75x75.jpg?b06141 HTTP/2.0", host: "pizzazzerie.com"
2026/05/04 11:28:18 [error] 1284358#1284358: *1348685 open() "/home/nginx/domains/pizzazzerie.com/public/wp-content/uploads/2012/07/barnyard-brunch-party-feature-image-75x75.jpg" failed (2: No such file or directory), client: 66.249.82.130, server: pizzazzerie.com, request: "GET /wp-content/uploads/2012/07/barnyard-brunch-party-feature-image-75x75.jpg?b06141 HTTP/2.0", host: "pizzazzerie.com"
2026/05/04 11:28:18 [error] 1284359#1284359: *1348579 open() "/home/nginx/domains/pizzazzerie.com/public/wp-content/uploads/2010/06/redflyerbday-75x75.jpg" failed (2: No such file or directory), client: 66.249.82.132, server: pizzazzerie.com, request: "GET /wp-content/uploads/2010/06/redflyerbday-75x75.jpg?b06141 HTTP/2.0", host: "pizzazzerie.com"
2026/05/04 11:28:32 [error] 1284358#1284358: *1348685 open() "/home/nginx/domains/pizzazzerie.com/public/wp-content/uploads/2012/07/barnyard-brunch-party-feature-image-75x75.jpg" failed (2: No such file or directory), client: 66.249.82.130, server: pizzazzerie.com, request: "GET /wp-content/uploads/2012/07/barnyard-brunch-party-feature-image-75x75.jpg?b06141 HTTP/2.0", host: "pizzazzerie.com"
2026/05/04 11:28:32 [error] 1284359#1284359: *1348579 open() "/home/nginx/domains/pizzazzerie.com/public/wp-content/uploads/2010/06/redflyerbday-75x75.jpg" failed (2: No such file or directory), client: 66.249.82.132, server: pizzazzerie.com, request: "GET /wp-content/uploads/2010/06/redflyerbday-75x75.jpg?b06141 HTTP/2.0", host: "pizzazzerie.com"
2026/05/04 11:28:46 [error] 1284358#1284358: *1348685 open() "/home/nginx/domains/pizzazzerie.com/public/wp-content/uploads/2012/07/barnyard-brunch-party-feature-image-75x75.jpg" failed (2: No such file or directory), client: 66.249.82.132, server: pizzazzerie.com, request: "GET /wp-content/uploads/2012/07/barnyard-brunch-party-feature-image-75x75.jpg?b06141 HTTP/2.0", host: "pizzazzerie.com"
2026/05/04 11:28:46 [error] 1284359#1284359: *1348579 open() "/home/nginx/domains/pizzazzerie.com/public/wp-content/uploads/2010/06/redflyerbday-75x75.jpg" failed (2: No such file or directory), client: 66.249.82.131, server: pizzazzerie.com, request: "GET /wp-content/uploads/2010/06/redflyerbday-75x75.jpg?b06141 HTTP/2.0", host: "pizzazzerie.com"
2026/05/04 12:13:25 [error] 1284356#1284356: *1349400 open() "/home/nginx/domains/pizzazzerie.com/public/.well-known/traffic-advice" failed (2: No such file or directory), client: 64.233.172.46, server: pizzazzerie.com, request: "GET /.well-known/traffic-advice HTTP/2.0", host: "pizzazzerie.com"
2026/05/04 12:20:12 [error] 1284358#1284358: *1353331 open() "/home/nginx/domains/pizzazzerie.com/public/wp-content/uploads/2011/07/Andrew-surfer-party1-e13105016879061-75x75.jpg" failed (2: No such file or directory), client: 74.125.210.201, server: pizzazzerie.com, request: "GET /wp-content/uploads/2011/07/Andrew-surfer-party1-e13105016879061-75x75.jpg?bd6f5f HTTP/2.0", host: "pizzazzerie.com"
2026/05/04 12:42:48 [error] 1284356#1284356: *1355541 open() "/home/nginx/domains/pizzazzerie.com/public/wp-content/uploads/2014/12/Pizzazzerie.com-Holiday-Baking-Party-5-500x384.jpg" failed (2: No such file or directory), client: 123.19.48.190, server: pizzazzerie.com, request: "GET /wp-content/uploads/2014/12/Pizzazzerie.com-Holiday-Baking-Party-5-500x384.jpg?c4fbd5 HTTP/2.0", host: "pizzazzerie.com", referrer: "https://pizzazzerie165.rssing.com/chan-15120680/article31.html"
2026/05/04 12:43:01 [error] 1284356#1284356: *1355541 open() "/home/nginx/domains/pizzazzerie.com/public/wp-content/uploads/2014/12/Pizzazzerie.com-Holiday-Baking-Party-5-500x384.jpg" failed (2: No such file or directory), client: 196.120.217.85, server: pizzazzerie.com, request: "GET /wp-content/uploads/2014/12/Pizzazzerie.com-Holiday-Baking-Party-5-500x384.jpg?c4fbd5 HTTP/2.0", host: "pizzazzerie.com", referrer: "https://pizzazzerie165.rssing.com/chan-15120680/article31.html"
2026/05/04 12:43:04 [error] 1284357#1284357: *1355560 open() "/home/nginx/domains/pizzazzerie.com/public/wp-content/uploads/2012/01/collage-02-634x473.png" failed (2: No such file or directory), client: 54.236.1.13, server: pizzazzerie.com, request: "GET /wp-content/uploads/2012/01/collage-02-634x473.png?cda6c1 HTTP/2.0", host: "pizzazzerie.com"
2026/05/04 12:47:49 [error] 1284356#1284356: *1356021 access forbidden by rule, client: 3.220.167.200, server: pizzazzerie.com, request: "GET /.git/config HTTP/2.0", host: "www.pizzazzerie.com"
2026/05/04 12:48:29 [error] 1284358#1284358: *1356087 open() "/home/nginx/domains/pizzazzerie.com/public/meta.json" failed (2: No such file or directory), client: 2a03:2880:12ff:7::, server: pizzazzerie.com, request: "GET /meta.json HTTP/2.0", host: "pizzazzerie.com"
2026/05/04 12:49:37 [error] 1284357#1284357: *1356196 open() "/home/nginx/domains/pizzazzerie.com/public/pagead/images/adchoices/icon.png" failed (2: No such file or directory), client: 65.60.109.214, server: pizzazzerie.com, request: "GET /pagead/images/adchoices/icon.png HTTP/2.0", host: "pizzazzerie.com"
2026/05/04 12:49:39 [error] 1284357#1284357: *1356196 open() "/home/nginx/domains/pizzazzerie.com/public/pagead/images/adchoices/icon.png" failed (2: No such file or directory), client: 65.60.109.214, server: pizzazzerie.com, request: "GET /pagead/images/adchoices/icon.png HTTP/2.0", host: "pizzazzerie.com"
2026/05/04 12:49:40 [error] 1284357#1284357: *1356196 open() "/home/nginx/domains/pizzazzerie.com/public/pagead/images/adchoices/icon.png" failed (2: No such file or directory), client: 65.60.109.214, server: pizzazzerie.com, request: "GET /pagead/images/adchoices/icon.png HTTP/2.0", host: "pizzazzerie.com"
2026/05/04 12:54:44 [error] 1284359#1284359: *1356731 open() "/home/nginx/domains/pizzazzerie.com/public/asset/upload/6a09457e39ba73fe0527871df4adf1c7.mp4" failed (2: No such file or directory), client: 66.249.66.199, server: pizzazzerie.com, request: "GET /asset/upload/6a09457e39ba73fe0527871df4adf1c7.mp4 HTTP/2.0", host: "pizzazzerie.com"
2026/05/04 13:15:14 [error] 1284359#1284359: *1355353 open() "/home/nginx/domains/pizzazzerie.com/public/.well-known/traffic-advice" failed (2: No such file or directory), client: 64.233.172.33, server: pizzazzerie.com, request: "GET /.well-known/traffic-advice HTTP/2.0", host: "pizzazzerie.com"
2026/05/04 13:20:21 [error] 1284358#1284358: *1354627 open() "/home/nginx/domains/pizzazzerie.com/public/.well-known/tdmrep.json" failed (2: No such file or directory), client: 54.166.204.183, server: pizzazzerie.com, request: "GET /.well-known/tdmrep.json HTTP/2.0", host: "pizzazzerie.com"
2026/05/04 13:20:52 [error] 1284356#1284356: *1358666 open() "/home/nginx/domains/pizzazzerie.com/public/wp-content/uploads/2011/06/FNM_070110-Party-Opener-001_s4x3_lg-1.jpg" failed (2: No such file or directory), client: 111.119.246.9, server: pizzazzerie.com, request: "GET /wp-content/uploads/2011/06/FNM_070110-Party-Opener-001_s4x3_lg-1.jpg HTTP/2.0", host: "pizzazzerie.com"
2026/05/04 13:20:54 [error] 1284356#1284356: *1358666 open() "/home/nginx/domains/pizzazzerie.com/public/wp-content/uploads/2011/06/FNM_070110-Party-Opener-001_s4x3_lg-1.jpg" failed (2: No such file or directory), client: 111.119.246.9, server: pizzazzerie.com, request: "GET /wp-content/uploads/2011/06/FNM_070110-Party-Opener-001_s4x3_lg-1.jpg HTTP/2.0", host: "pizzazzerie.com"
2026/05/04 13:23:02 [error] 1284358#1284358: *1358728 open() "/home/nginx/domains/pizzazzerie.com/public/.well-known/tdmrep.json" failed (2: No such file or directory), client: 3.89.200.159, server: pizzazzerie.com, request: "GET /.well-known/tdmrep.json HTTP/2.0", host: "pizzazzerie.com"
2026/05/04 13:49:50 [error] 1284357#1284357: *1362840 open() "/home/nginx/domains/pizzazzerie.com/public/wp-content/themes/whitmore/images/gravatar.png" failed (2: No such file or directory), client: 192.0.101.240, server: pizzazzerie.com, request: "GET /wp-content/themes/whitmore/images/gravatar.png HTTP/2.0", host: "pizzazzerie.com"
2026/05/04 13:50:05 [error] 1284357#1284357: *1362840 open() "/home/nginx/domains/pizzazzerie.com/public/wp-content/themes/whitmore/images/gravatar.png" failed (2: No such file or directory), client: 192.0.113.20, server: pizzazzerie.com, request: "GET /wp-content/themes/whitmore/images/gravatar.png HTTP/2.0", host: "pizzazzerie.com"
2026/05/04 13:55:26 [error] 1284357#1284357: *1363356 open() "/home/nginx/domains/pizzazzerie.com/public/asset/upload/1a15cb366d2572e35706a3ded6019b47.mp4" failed (2: No such file or directory), client: 66.249.66.75, server: pizzazzerie.com, request: "GET /asset/upload/1a15cb366d2572e35706a3ded6019b47.mp4 HTTP/2.0", host: "pizzazzerie.com"
2026/05/04 13:57:13 [error] 1284357#1284357: *1362840 open() "/home/nginx/domains/pizzazzerie.com/public/wp-content/themes/whitmore/images/gravatar.png" failed (2: No such file or directory), client: 192.0.101.240, server: pizzazzerie.com, request: "GET /wp-content/themes/whitmore/images/gravatar.png HTTP/2.0", host: "pizzazzerie.com"
2026/05/04 13:57:13 [error] 1284357#1284357: *1362840 open() "/home/nginx/domains/pizzazzerie.com/public/wp-content/themes/whitmore/images/gravatar.png" failed (2: No such file or directory), client: 192.0.99.34, server: pizzazzerie.com, request: "GET /wp-content/themes/whitmore/images/gravatar.png HTTP/2.0", host: "pizzazzerie.com"
2026/05/04 14:00:28 [error] 1284359#1284359: *1363877 open() "/home/nginx/domains/pizzazzerie.com/public/wp-content/uploads/2023/02/1677572030-814390417fe413b.png" failed (2: No such file or directory), client: 182.242.168.211, server: pizzazzerie.com, request: "GET /wp-content/uploads/2023/02/1677572030-814390417fe413b.png HTTP/2.0", host: "pizzazzerie.com"
2026/05/04 14:00:36 [error] 1284359#1284359: *1363892 open() "/home/nginx/domains/pizzazzerie.com/public/wp-content/uploads/2023/08/logo-gold.png" failed (2: No such file or directory), client: 43.248.109.228, server: pizzazzerie.com, request: "GET /wp-content/uploads/2023/08/logo-gold.png HTTP/2.0", host: "pizzazzerie.com"
2026/05/04 14:00:36 [error] 1284359#1284359: *1363894 open() "/home/nginx/domains/pizzazzerie.com/public/favicon-32x32.png" failed (2: No such file or directory), client: 43.248.109.228, server: pizzazzerie.com, request: "GET /favicon-32x32.png?v=e0e3ed8f59d769b053c145391db63c0d HTTP/2.0", host: "pizzazzerie.com"
2026/05/04 14:00:37 [error] 1284357#1284357: *1363330 open() "/home/nginx/domains/pizzazzerie.com/public/wp-content/uploads/2020/10/official-logo-512x512.png" failed (2: No such file or directory), client: 43.248.109.228, server: pizzazzerie.com, request: "GET /wp-content/uploads/2020/10/official-logo-512x512.png HTTP/2.0", host: "pizzazzerie.com"
2026/05/04 14:01:53 [error] 1284358#1284358: *1364017 open() "/home/nginx/domains/pizzazzerie.com/public/images/01.jpg" failed (2: No such file or directory), client: 220.167.232.68, server: pizzazzerie.com, request: "GET /images/01.jpg HTTP/2.0", host: "pizzazzerie.com"
2026/05/04 14:01:54 [error] 1284357#1284357: *1363330 open() "/home/nginx/domains/pizzazzerie.com/public/wp-content/uploads/2020/10/official-logo-512x512.png" failed (2: No such file or directory), client: 220.167.232.68, server: pizzazzerie.com, request: "GET /wp-content/uploads/2020/10/official-logo-512x512.png HTTP/2.0", host: "pizzazzerie.com"
2026/05/04 14:01:54 [error] 1284359#1284359: *1363877 open() "/home/nginx/domains/pizzazzerie.com/public/wp-content/uploads/2023/02/1677572030-814390417fe413b.png" failed (2: No such file or directory), client: 220.167.232.68, server: pizzazzerie.com, request: "GET /wp-content/uploads/2023/02/1677572030-814390417fe413b.png HTTP/2.0", host: "pizzazzerie.com"
2026/05/04 14:02:10 [error] 1284359#1284359: *1363892 open() "/home/nginx/domains/pizzazzerie.com/public/wp-content/uploads/2023/08/logo-gold.png" failed (2: No such file or directory), client: 36.106.166.194, server: pizzazzerie.com, request: "GET /wp-content/uploads/2023/08/logo-gold.png HTTP/2.0", host: "pizzazzerie.com"
2026/05/04 14:02:11 [error] 1284359#1284359: *1363894 open() "/home/nginx/domains/pizzazzerie.com/public/favicon-32x32.png" failed (2: No such file or directory), client: 36.106.166.194, server: pizzazzerie.com, request: "GET /favicon-32x32.png?v=e0e3ed8f59d769b053c145391db63c0d HTTP/2.0", host: "pizzazzerie.com"
2026/05/04 14:10:02 [error] 1284356#1284356: *1363752 open() "/home/nginx/domains/pizzazzerie.com/public/recipes/masters-pimento-cheese-sandwiches/logic.js" failed (2: No such file or directory), client: 2600:1700:70d1:25d0:7953:208:5936:27c7, server: pizzazzerie.com, request: "GET /recipes/masters-pimento-cheese-sandwiches/logic.js HTTP/2.0", host: "pizzazzerie.com"
2026/05/04 14:10:02 [error] 1284358#1284358: *1364831 open() "/home/nginx/domains/pizzazzerie.com/public/recipes/masters-pimento-cheese-sandwiches/pa.js" failed (2: No such file or directory), client: 2600:1700:70d1:25d0:7953:208:5936:27c7, server: pizzazzerie.com, request: "GET /recipes/masters-pimento-cheese-sandwiches/pa.js HTTP/2.0", host: "pizzazzerie.com"
2026/05/04 14:10:02 [error] 1284359#1284359: *1364833 open() "/home/nginx/domains/pizzazzerie.com/public/879366/Enabler_01_262.js" failed (2: No such file or directory), client: 2600:1700:70d1:25d0:7953:208:5936:27c7, server: pizzazzerie.com, request: "GET /879366/Enabler_01_262.js HTTP/2.0", host: "pizzazzerie.com"
2026/05/04 14:10:02 [error] 1284358#1284358: *1364832 open() "/home/nginx/domains/pizzazzerie.com/public/recipes/masters-pimento-cheese-sandwiches/style.css" failed (2: No such file or directory), client: 2600:1700:70d1:25d0:7953:208:5936:27c7, server: pizzazzerie.com, request: "GET /recipes/masters-pimento-cheese-sandwiches/style.css HTTP/2.0", host: "pizzazzerie.com"
2026/05/04 14:11:38 [error] 1284356#1284356: *1363752 open() "/home/nginx/domains/pizzazzerie.com/public/recipes/masters-pimento-cheese-sandwiches/logic.js" failed (2: No such file or directory), client: 2600:1700:70d1:25d0:7953:208:5936:27c7, server: pizzazzerie.com, request: "GET /recipes/masters-pimento-cheese-sandwiches/logic.js HTTP/2.0", host: "pizzazzerie.com"
2026/05/04 14:11:38 [error] 1284359#1284359: *1364833 open() "/home/nginx/domains/pizzazzerie.com/public/879366/Enabler_01_262.js" failed (2: No such file or directory), client: 2600:1700:70d1:25d0:7953:208:5936:27c7, server: pizzazzerie.com, request: "GET /879366/Enabler_01_262.js HTTP/2.0", host: "pizzazzerie.com"
2026/05/04 14:11:38 [error] 1284358#1284358: *1364832 open() "/home/nginx/domains/pizzazzerie.com/public/recipes/masters-pimento-cheese-sandwiches/style.css" failed (2: No such file or directory), client: 2600:1700:70d1:25d0:7953:208:5936:27c7, server: pizzazzerie.com, request: "GET /recipes/masters-pimento-cheese-sandwiches/style.css HTTP/2.0", host: "pizzazzerie.com"
2026/05/04 14:11:38 [error] 1284358#1284358: *1364831 open() "/home/nginx/domains/pizzazzerie.com/public/recipes/masters-pimento-cheese-sandwiches/pa.js" failed (2: No such file or directory), client: 2600:1700:70d1:25d0:7953:208:5936:27c7, server: pizzazzerie.com, request: "GET /recipes/masters-pimento-cheese-sandwiches/pa.js HTTP/2.0", host: "pizzazzerie.com"
2026/05/04 14:14:55 [error] 1284358#1284358: *1364058 open() "/home/nginx/domains/pizzazzerie.com/public/.well-known/traffic-advice" failed (2: No such file or directory), client: 66.249.88.166, server: pizzazzerie.com, request: "GET /.well-known/traffic-advice HTTP/2.0", host: "pizzazzerie.com"
2026/05/04 14:48:53 [error] 1284357#1284357: *1369005 open() "/home/nginx/domains/pizzazzerie.com/public/sellers.json" failed (2: No such file or directory), client: 115.242.201.6, server: pizzazzerie.com, request: "GET /sellers.json HTTP/2.0", host: "pizzazzerie.com"
2026/05/04 14:50:16 [error] 1284358#1284358: *1367154 open() "/home/nginx/domains/pizzazzerie.com/public/wprm_print/css/style.css" failed (2: No such file or directory), client: 107.214.40.137, server: pizzazzerie.com, request: "GET /wprm_print/css/style.css HTTP/2.0", host: "pizzazzerie.com", referrer: "https://pizzazzerie.com/wprm_print/black-and-blue-steak-salad"
2026/05/04 14:50:16 [error] 1284356#1284356: *1367573 open() "/home/nginx/domains/pizzazzerie.com/public/wprm_print/js/animation.js" failed (2: No such file or directory), client: 107.214.40.137, server: pizzazzerie.com, request: "GET /wprm_print/js/animation.js HTTP/2.0", host: "pizzazzerie.com", referrer: "https://pizzazzerie.com/wprm_print/black-and-blue-steak-salad"
2026/05/04 14:50:16 [error] 1284356#1284356: *1369129 open() "/home/nginx/domains/pizzazzerie.com/public/wprm_print/css/default.css" failed (2: No such file or directory), client: 107.214.40.137, server: pizzazzerie.com, request: "GET /wprm_print/css/default.css HTTP/2.0", host: "pizzazzerie.com", referrer: "https://pizzazzerie.com/wprm_print/black-and-blue-steak-salad"
2026/05/04 14:50:16 [error] 1284356#1284356: *1369130 open() "/home/nginx/domains/pizzazzerie.com/public/wprm_print/js/imagesloaded.pkgd.min.js" failed (2: No such file or directory), client: 107.214.40.137, server: pizzazzerie.com, request: "GET /wprm_print/js/imagesloaded.pkgd.min.js HTTP/2.0", host: "pizzazzerie.com", referrer: "https://pizzazzerie.com/wprm_print/black-and-blue-steak-salad"
2026/05/04 14:54:16 [error] 1284358#1284358: *1367154 open() "/home/nginx/domains/pizzazzerie.com/public/wprm_print/css/style.css" failed (2: No such file or directory), client: 107.214.40.137, server: pizzazzerie.com, request: "GET /wprm_print/css/style.css HTTP/2.0", host: "pizzazzerie.com", referrer: "https://pizzazzerie.com/wprm_print/black-and-blue-steak-salad"
2026/05/04 14:54:16 [error] 1284356#1284356: *1367573 open() "/home/nginx/domains/pizzazzerie.com/public/wprm_print/js/animation.js" failed (2: No such file or directory), client: 107.214.40.137, server: pizzazzerie.com, request: "GET /wprm_print/js/animation.js HTTP/2.0", host: "pizzazzerie.com", referrer: "https://pizzazzerie.com/wprm_print/black-and-blue-steak-salad"
2026/05/04 14:54:16 [error] 1284356#1284356: *1369130 open() "/home/nginx/domains/pizzazzerie.com/public/wprm_print/js/imagesloaded.pkgd.min.js" failed (2: No such file or directory), client: 107.214.40.137, server: pizzazzerie.com, request: "GET /wprm_print/js/imagesloaded.pkgd.min.js HTTP/2.0", host: "pizzazzerie.com", referrer: "https://pizzazzerie.com/wprm_print/black-and-blue-steak-salad"
2026/05/04 14:54:16 [error] 1284356#1284356: *1369129 open() "/home/nginx/domains/pizzazzerie.com/public/wprm_print/css/default.css" failed (2: No such file or directory), client: 107.214.40.137, server: pizzazzerie.com, request: "GET /wprm_print/css/default.css HTTP/2.0", host: "pizzazzerie.com", referrer: "https://pizzazzerie.com/wprm_print/black-and-blue-steak-salad"
2026/05/04 15:19:14 [error] 1284356#1284356: *1372358 open() "/home/nginx/domains/pizzazzerie.com/public/.well-known/traffic-advice" failed (2: No such file or directory), client: 66.249.88.163, server: pizzazzerie.com, request: "GET /.well-known/traffic-advice HTTP/2.0", host: "pizzazzerie.com"
2026/05/04 15:32:47 [error] 1284356#1284356: *1373927 open() "/home/nginx/domains/pizzazzerie.com/public/wp-content/uploads/2011/11/Free-Thanksgiving-version-Keep-Calm-and-Carry-On-printable-300x198.jpg" failed (2: No such file or directory), client: 2a03:2880:21ff:53::, server: pizzazzerie.com, request: "GET /wp-content/uploads/2011/11/Free-Thanksgiving-version-Keep-Calm-and-Carry-On-printable-300x198.jpg HTTP/2.0", host: "pizzazzerie.com"
2026/05/04 15:32:48 [error] 1284356#1284356: *1373927 open() "/home/nginx/domains/pizzazzerie.com/public/wp-content/uploads/2011/11/Free-Thanksgiving-version-Keep-Calm-and-Carry-On-printable-300x198.jpg" failed (2: No such file or directory), client: 2a03:2880:21ff:52::, server: pizzazzerie.com, request: "GET /wp-content/uploads/2011/11/Free-Thanksgiving-version-Keep-Calm-and-Carry-On-printable-300x198.jpg HTTP/2.0", host: "pizzazzerie.com"
2026/05/04 15:46:15 [error] 1284357#1284357: *1375345 open() "/home/nginx/domains/pizzazzerie.com/public/wprm_print/lottie.min.js" failed (2: No such file or directory), client: 107.214.40.137, server: pizzazzerie.com, request: "GET /wprm_print/lottie.min.js HTTP/2.0", host: "pizzazzerie.com", referrer: "https://pizzazzerie.com/wprm_print/black-and-blue-steak-salad"
2026/05/04 15:49:34 [error] 1284359#1284359: *1375724 open() "/home/nginx/domains/pizzazzerie.com/public/meta.json" failed (2: No such file or directory), client: 2a03:2880:12ff:72::, server: pizzazzerie.com, request: "GET /meta.json HTTP/2.0", host: "pizzazzerie.com"
2026/05/04 15:53:35 [error] 1284359#1284359: *1376156 open() "/home/nginx/domains/pizzazzerie.com/public/products.json" failed (2: No such file or directory), client: 44.229.166.4, server: pizzazzerie.com, request: "GET /products.json?limit=5&page=1 HTTP/2.0", host: "www.pizzazzerie.com"
2026/05/04 16:00:45 [error] 1284357#1284357: *1376915 open() "/home/nginx/domains/pizzazzerie.com/public/wp-content/uploads/2011/06/FNM_070110-Party-Opener-001_s4x3_lg-1.jpg" failed (2: No such file or directory), client: 189.1.245.17, server: pizzazzerie.com, request: "GET /wp-content/uploads/2011/06/FNM_070110-Party-Opener-001_s4x3_lg-1.jpg HTTP/2.0", host: "pizzazzerie.com"
2026/05/04 16:00:46 [error] 1284357#1284357: *1376915 open() "/home/nginx/domains/pizzazzerie.com/public/wp-content/uploads/2011/06/FNM_070110-Party-Opener-001_s4x3_lg-1.jpg" failed (2: No such file or directory), client: 189.1.245.17, server: pizzazzerie.com, request: "GET /wp-content/uploads/2011/06/FNM_070110-Party-Opener-001_s4x3_lg-1.jpg HTTP/2.0", host: "pizzazzerie.com"
2026/05/04 16:18:28 [error] 1284359#1284359: *1372170 open() "/home/nginx/domains/pizzazzerie.com/public/.well-known/traffic-advice" failed (2: No such file or directory), client: 64.233.172.33, server: pizzazzerie.com, request: "GET /.well-known/traffic-advice HTTP/2.0", host: "pizzazzerie.com"
2026/05/04 16:20:36 [error] 1284358#1284358: *1379203 open() "/home/nginx/domains/pizzazzerie.com/public/sellers.json" failed (2: No such file or directory), client: 18.223.205.125, server: pizzazzerie.com, request: "GET /sellers.json HTTP/2.0", host: "www.pizzazzerie.com"
2026/05/04 16:20:59 [error] 1284356#1284356: *1378260 open() "/home/nginx/domains/pizzazzerie.com/public/sellers.json" failed (2: No such file or directory), client: 18.223.205.125, server: pizzazzerie.com, request: "GET /sellers.json HTTP/2.0", host: "pizzazzerie.com"
2026/05/04 16:22:07 [error] 1284358#1284358: *1379344 access forbidden by rule, client: 2a09:bac1:6540:8::19b:1a1, server: pizzazzerie.com, request: "POST /xmlrpc.php HTTP/2.0", host: "pizzazzerie.com"
2026/05/04 16:22:09 [error] 1284358#1284358: *1379344 access forbidden by rule, client: 2a09:bac5:55ff:101e::19b:1a1, server: pizzazzerie.com, request: "POST /xmlrpc.php HTTP/2.0", host: "pizzazzerie.com"
2026/05/04 16:22:10 [error] 1284358#1284358: *1379344 access forbidden by rule, client: 2a09:bac5:55fe:101e::19b:1a1, server: pizzazzerie.com, request: "POST /xmlrpc.php HTTP/2.0", host: "pizzazzerie.com"
2026/05/04 16:22:11 [error] 1284358#1284358: *1379344 access forbidden by rule, client: 2a09:bac5:55fe:101e::19b:1a1, server: pizzazzerie.com, request: "POST /xmlrpc.php HTTP/2.0", host: "pizzazzerie.com"
2026/05/04 16:22:15 [error] 1284358#1284358: *1379344 access forbidden by rule, client: 2a09:bac5:55fb:101e::19b:1a1, server: pizzazzerie.com, request: "POST /xmlrpc.php HTTP/2.0", host: "pizzazzerie.com"
2026/05/04 16:22:16 [error] 1284358#1284358: *1379344 access forbidden by rule, client: 2a09:bac5:55fe:101e::19b:1a1, server: pizzazzerie.com, request: "POST /xmlrpc.php HTTP/2.0", host: "pizzazzerie.com"
2026/05/04 16:22:17 [error] 1284358#1284358: *1379344 access forbidden by rule, client: 2a09:bac1:6560:8::19b:1a1, server: pizzazzerie.com, request: "POST /xmlrpc.php HTTP/2.0", host: "pizzazzerie.com"
2026/05/04 16:22:17 [error] 1284358#1284358: *1379344 access forbidden by rule, client: 2a09:bac1:6500:8::19b:1a1, server: pizzazzerie.com, request: "POST /xmlrpc.php HTTP/2.0", host: "pizzazzerie.com"
2026/05/04 16:22:19 [error] 1284358#1284358: *1379344 access forbidden by rule, client: 2a09:bac5:55fa:101e::19b:1a1, server: pizzazzerie.com, request: "POST /xmlrpc.php HTTP/2.0", host: "pizzazzerie.com"
2026/05/04 16:22:21 [error] 1284358#1284358: *1379344 access forbidden by rule, client: 2a09:bac5:55fc:101e::19b:1a1, server: pizzazzerie.com, request: "POST /xmlrpc.php HTTP/2.0", host: "pizzazzerie.com"
2026/05/04 16:22:22 [error] 1284358#1284358: *1379344 access forbidden by rule, client: 2a09:bac5:55fe:101e::19b:1a1, server: pizzazzerie.com, request: "POST /xmlrpc.php HTTP/2.0", host: "pizzazzerie.com"
2026/05/04 16:22:23 [error] 1284358#1284358: *1379344 access forbidden by rule, client: 2a09:bac5:55fb:101e::19b:1a1, server: pizzazzerie.com, request: "POST /xmlrpc.php HTTP/2.0", host: "pizzazzerie.com"
2026/05/04 16:22:49 [error] 1284358#1284358: *1379344 access forbidden by rule, client: 2a09:bac5:55fd:101e::19b:1a1, server: pizzazzerie.com, request: "POST /xmlrpc.php HTTP/2.0", host: "pizzazzerie.com"
2026/05/04 16:22:50 [error] 1284358#1284358: *1379344 access forbidden by rule, client: 2a09:bac1:6520:8::19b:1a1, server: pizzazzerie.com, request: "POST /xmlrpc.php HTTP/2.0", host: "pizzazzerie.com"
2026/05/04 16:23:07 [error] 1284358#1284358: *1379344 access forbidden by rule, client: 2a09:bac5:55fb:101e::19b:1a1, server: pizzazzerie.com, request: "POST /xmlrpc.php HTTP/2.0", host: "pizzazzerie.com"
2026/05/04 16:23:11 [error] 1284358#1284358: *1379344 access forbidden by rule, client: 2a09:bac5:55f9:101e::19b:1a1, server: pizzazzerie.com, request: "POST /xmlrpc.php HTTP/2.0", host: "pizzazzerie.com"
2026/05/04 16:23:15 [error] 1284358#1284358: *1379344 access forbidden by rule, client: 2a09:bac5:55fc:101e::19b:1a1, server: pizzazzerie.com, request: "POST /xmlrpc.php HTTP/2.0", host: "pizzazzerie.com"
2026/05/04 16:23:20 [error] 1284358#1284358: *1379344 access forbidden by rule, client: 104.28.156.114, server: pizzazzerie.com, request: "POST /xmlrpc.php HTTP/2.0", host: "pizzazzerie.com"
2026/05/04 16:23:25 [error] 1284358#1284358: *1379344 access forbidden by rule, client: 2a09:bac5:55fc:101e::19b:1a1, server: pizzazzerie.com, request: "POST /xmlrpc.php HTTP/2.0", host: "pizzazzerie.com"
2026/05/04 16:23:26 [error] 1284358#1284358: *1379344 access forbidden by rule, client: 2a09:bac1:6540:8::19b:1a1, server: pizzazzerie.com, request: "POST /xmlrpc.php HTTP/2.0", host: "pizzazzerie.com"
2026/05/04 16:23:27 [error] 1284358#1284358: *1379344 access forbidden by rule, client: 2a09:bac5:55fc:101e::19b:1a1, server: pizzazzerie.com, request: "POST /xmlrpc.php HTTP/2.0", host: "pizzazzerie.com"
2026/05/04 16:23:31 [error] 1284358#1284358: *1379344 access forbidden by rule, client: 2a09:bac1:6520:8::19b:1a1, server: pizzazzerie.com, request: "POST /xmlrpc.php HTTP/2.0", host: "pizzazzerie.com"
2026/05/04 16:23:35 [error] 1284358#1284358: *1379344 access forbidden by rule, client: 2a09:bac1:6560:8::19b:1a1, server: pizzazzerie.com, request: "POST /xmlrpc.php HTTP/2.0", host: "pizzazzerie.com"
2026/05/04 16:23:38 [error] 1284358#1284358: *1379344 access forbidden by rule, client: 2a09:bac5:55fa:101e::19b:1a1, server: pizzazzerie.com, request: "POST /xmlrpc.php HTTP/2.0", host: "pizzazzerie.com"
2026/05/04 16:23:41 [error] 1284358#1284358: *1379344 access forbidden by rule, client: 2a09:bac5:55fe:101e::19b:1a1, server: pizzazzerie.com, request: "POST /xmlrpc.php HTTP/2.0", host: "pizzazzerie.com"
2026/05/04 16:23:46 [error] 1284358#1284358: *1379344 access forbidden by rule, client: 2a09:bac5:55ff:101e::19b:1a1, server: pizzazzerie.com, request: "POST /xmlrpc.php HTTP/2.0", host: "pizzazzerie.com"
2026/05/04 16:23:52 [error] 1284358#1284358: *1379344 access forbidden by rule, client: 2a09:bac5:55f8:101e::19b:1a1, server: pizzazzerie.com, request: "POST /xmlrpc.php HTTP/2.0", host: "pizzazzerie.com"
2026/05/04 16:23:54 [error] 1284358#1284358: *1379344 access forbidden by rule, client: 2a09:bac5:55fd:101e::19b:1a1, server: pizzazzerie.com, request: "POST /xmlrpc.php HTTP/2.0", host: "pizzazzerie.com"
2026/05/04 16:23:58 [error] 1284358#1284358: *1379344 access forbidden by rule, client: 2a09:bac5:55fd:101e::19b:1a1, server: pizzazzerie.com, request: "POST /xmlrpc.php HTTP/2.0", host: "pizzazzerie.com"
2026/05/04 16:24:02 [error] 1284358#1284358: *1379344 access forbidden by rule, client: 2a09:bac5:55fd:101e::19b:1a1, server: pizzazzerie.com, request: "POST /xmlrpc.php HTTP/2.0", host: "pizzazzerie.com"
2026/05/04 16:51:54 [error] 1284358#1284358: *1381162 access forbidden by rule, client: 129.121.75.85, server: pizzazzerie.com, request: "POST /xmlrpc.php HTTP/2.0", host: "pizzazzerie.com"
2026/05/04 16:54:39 [error] 1284357#1284357: *1382940 access forbidden by rule, client: 98.84.126.15, server: pizzazzerie.com, request: "GET /.git/config HTTP/2.0", host: "www.pizzazzerie.com"
2026/05/04 16:58:18 [error] 1284356#1284356: *1383348 open() "/home/nginx/domains/pizzazzerie.com/public/sellers.json" failed (2: No such file or directory), client: 115.242.201.6, server: pizzazzerie.com, request: "GET /sellers.json HTTP/2.0", host: "pizzazzerie.com"
2026/05/04 17:03:55 [error] 1284359#1284359: *1383936 open() "/home/nginx/domains/pizzazzerie.com/public/wp-content/uploads/2011/06/FNM_070110-Party-Opener-001_s4x3_lg-1.jpg" failed (2: No such file or directory), client: 46.250.171.110, server: pizzazzerie.com, request: "GET /wp-content/uploads/2011/06/FNM_070110-Party-Opener-001_s4x3_lg-1.jpg HTTP/2.0", host: "pizzazzerie.com"
2026/05/04 17:03:57 [error] 1284359#1284359: *1383936 open() "/home/nginx/domains/pizzazzerie.com/public/wp-content/uploads/2011/06/FNM_070110-Party-Opener-001_s4x3_lg-1.jpg" failed (2: No such file or directory), client: 46.250.171.110, server: pizzazzerie.com, request: "GET /wp-content/uploads/2011/06/FNM_070110-Party-Opener-001_s4x3_lg-1.jpg HTTP/2.0", host: "pizzazzerie.com"
