HEX
Server: nginx/1.29.3
System: Linux 11979.bigscoots-wpo.com 6.8.0-88-generic #89-Ubuntu SMP PREEMPT_DYNAMIC Sat Oct 11 01:02:46 UTC 2025 x86_64
User: nginx (1068)
PHP: 7.4.33
Disabled: exec,system,passthru,shell_exec,proc_open,proc_close,popen,show_source,cmd# Do not modify this line # 1684243876
Upload Files
File: /home/nginx/domains/whitmoremediagroup.com/log/access.log
57.128.189.19 - - [05/May/2026:00:00:09 -0500] "GET /?nocache=1777957141 HTTP/2.0" 200 17493 "-" "BigScootsMonitor Mozilla/5.0 (Windows NT 10.0; Win64; x64) AppleWebKit/537.36 (KHTML, like Gecko) Chrome/74.0.3729.169 Safari/537.36"
2607:5300:205:200::61f0 - - [05/May/2026:00:00:11 -0500] "GET /?nocache=1777957141 HTTP/2.0" 200 17493 "-" "BigScootsMonitor Mozilla/5.0 (Windows NT 10.0; Win64; x64) AppleWebKit/537.36 (KHTML, like Gecko) Chrome/74.0.3729.169 Safari/537.36"
57.128.189.19 - - [05/May/2026:00:02:09 -0500] "GET /?nocache=1777957261 HTTP/2.0" 200 17493 "-" "BigScootsMonitor Mozilla/5.0 (Windows NT 10.0; Win64; x64) AppleWebKit/537.36 (KHTML, like Gecko) Chrome/74.0.3729.169 Safari/537.36"
2607:5300:205:200::61f0 - - [05/May/2026:00:02:10 -0500] "GET /?nocache=1777957261 HTTP/2.0" 200 17493 "-" "BigScootsMonitor Mozilla/5.0 (Windows NT 10.0; Win64; x64) AppleWebKit/537.36 (KHTML, like Gecko) Chrome/74.0.3729.169 Safari/537.36"
57.128.189.19 - - [05/May/2026:00:04:09 -0500] "GET /?nocache=1777957381 HTTP/2.0" 200 17493 "-" "BigScootsMonitor Mozilla/5.0 (Windows NT 10.0; Win64; x64) AppleWebKit/537.36 (KHTML, like Gecko) Chrome/74.0.3729.169 Safari/537.36"
2607:5300:205:200::61f0 - - [05/May/2026:00:04:10 -0500] "GET /?nocache=1777957441 HTTP/2.0" 200 17493 "-" "BigScootsMonitor Mozilla/5.0 (Windows NT 10.0; Win64; x64) AppleWebKit/537.36 (KHTML, like Gecko) Chrome/74.0.3729.169 Safari/537.36"
57.128.189.19 - - [05/May/2026:00:06:09 -0500] "GET /?nocache=1777957501 HTTP/2.0" 200 17493 "-" "BigScootsMonitor Mozilla/5.0 (Windows NT 10.0; Win64; x64) AppleWebKit/537.36 (KHTML, like Gecko) Chrome/74.0.3729.169 Safari/537.36"
2607:5300:205:200::61f0 - - [05/May/2026:00:06:11 -0500] "GET /?nocache=1777957501 HTTP/2.0" 200 17493 "-" "BigScootsMonitor Mozilla/5.0 (Windows NT 10.0; Win64; x64) AppleWebKit/537.36 (KHTML, like Gecko) Chrome/74.0.3729.169 Safari/537.36"
78.142.18.172 - - [05/May/2026:00:07:55 -0500] "GET /wp-login.php HTTP/2.0" 200 1737 "-" "Mozilla/5.0 (Windows NT 6.1) AppleWebKit/537.36 (KHTML, like Gecko) Chrome/67.0.3396.79 Safari/537.36"
78.142.18.172 - - [05/May/2026:00:07:56 -0500] "POST /wp-login.php HTTP/2.0" 200 1879 "https://whitmoremediagroup.com/wp-login.php" "Mozilla/5.0 (Windows NT 6.1) AppleWebKit/537.36 (KHTML, like Gecko) Chrome/67.0.3396.79 Safari/537.36"
57.128.189.19 - - [05/May/2026:00:08:09 -0500] "GET /?nocache=1777957621 HTTP/2.0" 200 17493 "-" "BigScootsMonitor Mozilla/5.0 (Windows NT 10.0; Win64; x64) AppleWebKit/537.36 (KHTML, like Gecko) Chrome/74.0.3729.169 Safari/537.36"
2607:5300:205:200::61f0 - - [05/May/2026:00:08:10 -0500] "GET /?nocache=1777957621 HTTP/2.0" 200 17493 "-" "BigScootsMonitor Mozilla/5.0 (Windows NT 10.0; Win64; x64) AppleWebKit/537.36 (KHTML, like Gecko) Chrome/74.0.3729.169 Safari/537.36"
113.190.40.93 - - [05/May/2026:00:08:56 -0500] "GET /wp-login.php HTTP/2.0" 200 1737 "-" "Mozilla/5.0 (Windows NT 6.1; WOW64; rv:61.0) Gecko/20100101 Firefox/61.0"
113.190.40.93 - - [05/May/2026:00:08:57 -0500] "POST /wp-login.php HTTP/2.0" 200 1856 "https://whitmoremediagroup.com/wp-login.php" "Mozilla/5.0 (Windows NT 6.1; WOW64; rv:61.0) Gecko/20100101 Firefox/61.0"
57.128.189.19 - - [05/May/2026:00:10:09 -0500] "GET /?nocache=1777957741 HTTP/2.0" 200 17493 "-" "BigScootsMonitor Mozilla/5.0 (Windows NT 10.0; Win64; x64) AppleWebKit/537.36 (KHTML, like Gecko) Chrome/74.0.3729.169 Safari/537.36"
2607:5300:205:200::61f0 - - [05/May/2026:00:10:10 -0500] "GET /?nocache=1777957741 HTTP/2.0" 200 17493 "-" "BigScootsMonitor Mozilla/5.0 (Windows NT 10.0; Win64; x64) AppleWebKit/537.36 (KHTML, like Gecko) Chrome/74.0.3729.169 Safari/537.36"
57.128.189.19 - - [05/May/2026:00:12:09 -0500] "GET /?nocache=1777957921 HTTP/2.0" 200 17493 "-" "BigScootsMonitor Mozilla/5.0 (Windows NT 10.0; Win64; x64) AppleWebKit/537.36 (KHTML, like Gecko) Chrome/74.0.3729.169 Safari/537.36"
2607:5300:205:200::61f0 - - [05/May/2026:00:12:10 -0500] "GET /?nocache=1777957921 HTTP/2.0" 200 17493 "-" "BigScootsMonitor Mozilla/5.0 (Windows NT 10.0; Win64; x64) AppleWebKit/537.36 (KHTML, like Gecko) Chrome/74.0.3729.169 Safari/537.36"
57.128.189.19 - - [05/May/2026:00:14:09 -0500] "GET /?nocache=1777958041 HTTP/2.0" 200 17493 "-" "BigScootsMonitor Mozilla/5.0 (Windows NT 10.0; Win64; x64) AppleWebKit/537.36 (KHTML, like Gecko) Chrome/74.0.3729.169 Safari/537.36"
2607:5300:205:200::61f0 - - [05/May/2026:00:14:10 -0500] "GET /?nocache=1777958041 HTTP/2.0" 200 17493 "-" "BigScootsMonitor Mozilla/5.0 (Windows NT 10.0; Win64; x64) AppleWebKit/537.36 (KHTML, like Gecko) Chrome/74.0.3729.169 Safari/537.36"
57.128.189.19 - - [05/May/2026:00:16:09 -0500] "GET /?nocache=1777958101 HTTP/2.0" 200 17493 "-" "BigScootsMonitor Mozilla/5.0 (Windows NT 10.0; Win64; x64) AppleWebKit/537.36 (KHTML, like Gecko) Chrome/74.0.3729.169 Safari/537.36"
2607:5300:205:200::61f0 - - [05/May/2026:00:16:10 -0500] "GET /?nocache=1777958161 HTTP/2.0" 200 17493 "-" "BigScootsMonitor Mozilla/5.0 (Windows NT 10.0; Win64; x64) AppleWebKit/537.36 (KHTML, like Gecko) Chrome/74.0.3729.169 Safari/537.36"
57.128.189.19 - - [05/May/2026:00:18:09 -0500] "GET /?nocache=1777958221 HTTP/2.0" 200 17493 "-" "BigScootsMonitor Mozilla/5.0 (Windows NT 10.0; Win64; x64) AppleWebKit/537.36 (KHTML, like Gecko) Chrome/74.0.3729.169 Safari/537.36"
2607:5300:205:200::61f0 - - [05/May/2026:00:18:11 -0500] "GET /?nocache=1777958281 HTTP/2.0" 200 17493 "-" "BigScootsMonitor Mozilla/5.0 (Windows NT 10.0; Win64; x64) AppleWebKit/537.36 (KHTML, like Gecko) Chrome/74.0.3729.169 Safari/537.36"
57.128.189.19 - - [05/May/2026:00:20:10 -0500] "GET /?nocache=1777958341 HTTP/2.0" 200 17493 "-" "BigScootsMonitor Mozilla/5.0 (Windows NT 10.0; Win64; x64) AppleWebKit/537.36 (KHTML, like Gecko) Chrome/74.0.3729.169 Safari/537.36"
2607:5300:205:200::61f0 - - [05/May/2026:00:20:10 -0500] "GET /?nocache=1777958341 HTTP/2.0" 200 17493 "-" "BigScootsMonitor Mozilla/5.0 (Windows NT 10.0; Win64; x64) AppleWebKit/537.36 (KHTML, like Gecko) Chrome/74.0.3729.169 Safari/537.36"
52.167.53.14 - - [05/May/2026:00:21:18 -0500] "HEAD / HTTP/2.0" 200 0 "-" "NaviPointDomainFactory/1.0"
57.128.189.19 - - [05/May/2026:00:22:10 -0500] "GET /?nocache=1777958461 HTTP/2.0" 200 17493 "-" "BigScootsMonitor Mozilla/5.0 (Windows NT 10.0; Win64; x64) AppleWebKit/537.36 (KHTML, like Gecko) Chrome/74.0.3729.169 Safari/537.36"
2607:5300:205:200::61f0 - - [05/May/2026:00:22:11 -0500] "GET /?nocache=1777958461 HTTP/2.0" 200 17493 "-" "BigScootsMonitor Mozilla/5.0 (Windows NT 10.0; Win64; x64) AppleWebKit/537.36 (KHTML, like Gecko) Chrome/74.0.3729.169 Safari/537.36"
2607:5300:205:200::61f0 - - [05/May/2026:00:24:10 -0500] "GET /?nocache=1777958641 HTTP/2.0" 200 17493 "-" "BigScootsMonitor Mozilla/5.0 (Windows NT 10.0; Win64; x64) AppleWebKit/537.36 (KHTML, like Gecko) Chrome/74.0.3729.169 Safari/537.36"
57.128.189.19 - - [05/May/2026:00:24:10 -0500] "GET /?nocache=1777958641 HTTP/2.0" 200 17493 "-" "BigScootsMonitor Mozilla/5.0 (Windows NT 10.0; Win64; x64) AppleWebKit/537.36 (KHTML, like Gecko) Chrome/74.0.3729.169 Safari/537.36"
178.171.42.184 - - [05/May/2026:00:25:43 -0500] "GET / HTTP/2.0" 200 17508 "https://whitmoremediagroup.com/" "Mozilla/5.0 (Windows NT 10.0; Win64; x64) AppleWebKit/537.36 (KHTML, like Gecko) Chrome/131.0.0.0 Safari/537.36"
57.128.189.19 - - [05/May/2026:00:26:10 -0500] "GET /?nocache=1777958701 HTTP/2.0" 200 17493 "-" "BigScootsMonitor Mozilla/5.0 (Windows NT 10.0; Win64; x64) AppleWebKit/537.36 (KHTML, like Gecko) Chrome/74.0.3729.169 Safari/537.36"
2607:5300:205:200::61f0 - - [05/May/2026:00:26:10 -0500] "GET /?nocache=1777958701 HTTP/2.0" 200 17493 "-" "BigScootsMonitor Mozilla/5.0 (Windows NT 10.0; Win64; x64) AppleWebKit/537.36 (KHTML, like Gecko) Chrome/74.0.3729.169 Safari/537.36"
74.249.188.249 - - [05/May/2026:00:26:35 -0500] "POST /wp-plain.php HTTP/2.0" 404 548 "www.google.com" "Mozilla/5.0 (Linux; Android 7.0; SM-G892A Bulid/NRD90M; wv) AppleWebKit/537.36 (KHTML, like Gecko) Version/4.0 Chrome/60.0.3112.107 Moblie Safari/537.36"
74.249.188.249 - - [05/May/2026:00:26:35 -0500] "GET /wp-content/themes/seotheme/db.php?u HTTP/2.0" 404 548 "www.google.com" "Mozlila/5.0 (Linux; Android 7.0; SM-G892A Bulid/NRD90M; wv) AppleWebKit/537.36 (KHTML, like Gecko) Version/4.0 Chrome/60.0.3112.107 Moblie Safari/537.36"
74.249.188.249 - - [05/May/2026:00:26:35 -0500] "GET / HTTP/2.0" 200 17508 "-" "Mozlila/5.0 (Linux; Android 7.0; SM-G892A Bulid/NRD90M; wv) AppleWebKit/537.36 (KHTML, like Gecko) Version/4.0 Chrome/60.0.3112.107 Moblie Safari/537.36"
74.249.188.249 - - [05/May/2026:00:26:36 -0500] "GET /zsetqdut.php?Fox=d3wL7 HTTP/2.0" 404 548 "www.google.com" "Mozilla/5.0 (Linux; Android 7.0; SM-G892A Bulid/NRD90M; wv) AppleWebKit/537.36 (KHTML, like Gecko) Version/4.0 Chrome/60.0.3112.107 Moblie Safari/537.36"
74.249.188.249 - - [05/May/2026:00:26:36 -0500] "GET /wp-content/plugins/apikey/apikey.php?test=hello HTTP/2.0" 403 548 "-" "Mozlila/5.0 (Linux; Android 7.0; SM-G892A Bulid/NRD90M; wv) AppleWebKit/537.36 (KHTML, like Gecko) Version/4.0 Chrome/60.0.3112.107 Moblie Safari/537.36"
74.249.188.249 - - [05/May/2026:00:26:36 -0500] "GET /plugins/content/apismtp/apismtp.php?test=hello HTTP/2.0" 404 548 "-" "Mozlila/5.0 (Linux; Android 7.0; SM-G892A Bulid/NRD90M; wv) AppleWebKit/537.36 (KHTML, like Gecko) Version/4.0 Chrome/60.0.3112.107 Moblie Safari/537.36"
74.249.188.249 - - [05/May/2026:00:26:36 -0500] "GET /wp-content/themes/seotheme/db.php?u HTTP/2.0" 404 548 "www.google.com" "Mozlila/5.0 (Linux; Android 7.0; SM-G892A Bulid/NRD90M; wv) AppleWebKit/537.36 (KHTML, like Gecko) Version/4.0 Chrome/60.0.3112.107 Moblie Safari/537.36"
74.249.188.249 - - [05/May/2026:00:26:36 -0500] "POST /ALFA_DATA/alfacgiapi/perl.alfa HTTP/2.0" 404 11632 "www.google.com" "Mozlila/5.0 (Linux; Android 7.0; SM-G892A Bulid/NRD90M; wv) AppleWebKit/537.36 (KHTML, like Gecko) Version/4.0 Chrome/60.0.3112.107 Moblie Safari/537.36"
74.249.188.249 - - [05/May/2026:00:26:36 -0500] "GET /wp-content/plugins/apikey/apikey.php.suspected?test=hello HTTP/2.0" 404 11632 "-" "Mozlila/5.0 (Linux; Android 7.0; SM-G892A Bulid/NRD90M; wv) AppleWebKit/537.36 (KHTML, like Gecko) Version/4.0 Chrome/60.0.3112.107 Moblie Safari/537.36"
74.249.188.249 - - [05/May/2026:00:26:36 -0500] "POST /alfacgiapi/perl.alfa HTTP/2.0" 404 11632 "www.google.com" "Mozlila/5.0 (Linux; Android 7.0; SM-G892A Bulid/NRD90M; wv) AppleWebKit/537.36 (KHTML, like Gecko) Version/4.0 Chrome/60.0.3112.107 Moblie Safari/537.36"
74.249.188.249 - - [05/May/2026:00:26:36 -0500] "GET /plugins/content/apismtp/apismtp.php.suspected?test=hello HTTP/2.0" 404 11632 "-" "Mozlila/5.0 (Linux; Android 7.0; SM-G892A Bulid/NRD90M; wv) AppleWebKit/537.36 (KHTML, like Gecko) Version/4.0 Chrome/60.0.3112.107 Moblie Safari/537.36"
222.165.190.235 - - [05/May/2026:00:27:57 -0500] "GET /wp-login.php HTTP/2.0" 444 0 "-" "Mozilla/4.0 (compatible; MSIE 7.0; Windows NT 6.2; Win64; x64; Trident/7.0; .NET4.0C; .NET4.0E; .NET CLR 2.0.50727; .NET CLR 3.0.30729; .NET CLR 3.5.30729)"
222.165.190.235 - - [05/May/2026:00:27:58 -0500] "POST /wp-login.php HTTP/2.0" 444 0 "https://whitmoremediagroup.com/wp-login.php" "Mozilla/4.0 (compatible; MSIE 7.0; Windows NT 6.2; Win64; x64; Trident/7.0; .NET4.0C; .NET4.0E; .NET CLR 2.0.50727; .NET CLR 3.0.30729; .NET CLR 3.5.30729)"
57.128.189.19 - - [05/May/2026:00:28:09 -0500] "GET /?nocache=1777958821 HTTP/2.0" 200 17493 "-" "BigScootsMonitor Mozilla/5.0 (Windows NT 10.0; Win64; x64) AppleWebKit/537.36 (KHTML, like Gecko) Chrome/74.0.3729.169 Safari/537.36"
2607:5300:205:200::61f0 - - [05/May/2026:00:28:10 -0500] "GET /?nocache=1777958821 HTTP/2.0" 200 17493 "-" "BigScootsMonitor Mozilla/5.0 (Windows NT 10.0; Win64; x64) AppleWebKit/537.36 (KHTML, like Gecko) Chrome/74.0.3729.169 Safari/537.36"
57.128.189.19 - - [05/May/2026:00:30:10 -0500] "GET /?nocache=1777958941 HTTP/2.0" 200 17493 "-" "BigScootsMonitor Mozilla/5.0 (Windows NT 10.0; Win64; x64) AppleWebKit/537.36 (KHTML, like Gecko) Chrome/74.0.3729.169 Safari/537.36"
2607:5300:205:200::61f0 - - [05/May/2026:00:30:11 -0500] "GET /?nocache=1777958941 HTTP/2.0" 200 17493 "-" "BigScootsMonitor Mozilla/5.0 (Windows NT 10.0; Win64; x64) AppleWebKit/537.36 (KHTML, like Gecko) Chrome/74.0.3729.169 Safari/537.36"
57.128.189.19 - - [05/May/2026:00:32:10 -0500] "GET /?nocache=1777959061 HTTP/2.0" 200 17493 "-" "BigScootsMonitor Mozilla/5.0 (Windows NT 10.0; Win64; x64) AppleWebKit/537.36 (KHTML, like Gecko) Chrome/74.0.3729.169 Safari/537.36"
2607:5300:205:200::61f0 - - [05/May/2026:00:32:10 -0500] "GET /?nocache=1777959061 HTTP/2.0" 200 17493 "-" "BigScootsMonitor Mozilla/5.0 (Windows NT 10.0; Win64; x64) AppleWebKit/537.36 (KHTML, like Gecko) Chrome/74.0.3729.169 Safari/537.36"
57.128.189.19 - - [05/May/2026:00:34:09 -0500] "GET /?nocache=1777959181 HTTP/2.0" 200 17493 "-" "BigScootsMonitor Mozilla/5.0 (Windows NT 10.0; Win64; x64) AppleWebKit/537.36 (KHTML, like Gecko) Chrome/74.0.3729.169 Safari/537.36"
2607:5300:205:200::61f0 - - [05/May/2026:00:34:11 -0500] "GET /?nocache=1777959181 HTTP/2.0" 200 17493 "-" "BigScootsMonitor Mozilla/5.0 (Windows NT 10.0; Win64; x64) AppleWebKit/537.36 (KHTML, like Gecko) Chrome/74.0.3729.169 Safari/537.36"
57.128.189.19 - - [05/May/2026:00:36:09 -0500] "GET /?nocache=1777959301 HTTP/2.0" 200 17493 "-" "BigScootsMonitor Mozilla/5.0 (Windows NT 10.0; Win64; x64) AppleWebKit/537.36 (KHTML, like Gecko) Chrome/74.0.3729.169 Safari/537.36"
2607:5300:205:200::61f0 - - [05/May/2026:00:36:10 -0500] "GET /?nocache=1777959361 HTTP/2.0" 200 17493 "-" "BigScootsMonitor Mozilla/5.0 (Windows NT 10.0; Win64; x64) AppleWebKit/537.36 (KHTML, like Gecko) Chrome/74.0.3729.169 Safari/537.36"
222.165.190.235 - - [05/May/2026:00:36:18 -0500] "GET /wp-login.php HTTP/2.0" 444 0 "-" "Mozilla/5.0 (Windows NT 10.0; WOW64) AppleWebKit/537.36 (KHTML, like Gecko) Chrome/67.0.3396.62 Safari/537.36"
222.165.190.235 - - [05/May/2026:00:36:19 -0500] "POST /wp-login.php HTTP/2.0" 444 0 "https://whitmoremediagroup.com/wp-login.php" "Mozilla/5.0 (Windows NT 10.0; WOW64) AppleWebKit/537.36 (KHTML, like Gecko) Chrome/67.0.3396.62 Safari/537.36"
3.70.164.132 - - [05/May/2026:00:37:42 -0500] "GET /wp-login.php HTTP/2.0" 200 1737 "-" "Mozilla/4.0 (compatible; MSIE 7.0; Windows NT 6.1; Win64; x64; Trident/7.0; .NET CLR 2.0.50727; SLCC2; .NET CLR 3.5.30729; .NET CLR 3.0.30729; .NET4.0C; .NET4.0E)"
3.70.164.132 - - [05/May/2026:00:37:43 -0500] "POST /wp-login.php HTTP/2.0" 200 1856 "https://whitmoremediagroup.com/wp-login.php" "Mozilla/4.0 (compatible; MSIE 7.0; Windows NT 6.1; Win64; x64; Trident/7.0; .NET CLR 2.0.50727; SLCC2; .NET CLR 3.5.30729; .NET CLR 3.0.30729; .NET4.0C; .NET4.0E)"
57.128.189.19 - - [05/May/2026:00:38:09 -0500] "GET /?nocache=1777959421 HTTP/2.0" 200 17493 "-" "BigScootsMonitor Mozilla/5.0 (Windows NT 10.0; Win64; x64) AppleWebKit/537.36 (KHTML, like Gecko) Chrome/74.0.3729.169 Safari/537.36"
2607:5300:205:200::61f0 - - [05/May/2026:00:38:10 -0500] "GET /?nocache=1777959421 HTTP/2.0" 200 17493 "-" "BigScootsMonitor Mozilla/5.0 (Windows NT 10.0; Win64; x64) AppleWebKit/537.36 (KHTML, like Gecko) Chrome/74.0.3729.169 Safari/537.36"
154.18.244.252 - - [05/May/2026:00:40:10 -0500] "POST /wp-cron.php?doing_wp_cron=1777959610.3233530521392822265625 HTTP/2.0" 200 1 "-" "WordPress/6.8.5; https://whitmoremediagroup.com"
2607:5300:205:200::61f0 - - [05/May/2026:00:40:10 -0500] "GET /?nocache=1777959541 HTTP/2.0" 200 17493 "-" "BigScootsMonitor Mozilla/5.0 (Windows NT 10.0; Win64; x64) AppleWebKit/537.36 (KHTML, like Gecko) Chrome/74.0.3729.169 Safari/537.36"
57.128.189.19 - - [05/May/2026:00:40:10 -0500] "GET /?nocache=1777959541 HTTP/2.0" 200 17493 "-" "BigScootsMonitor Mozilla/5.0 (Windows NT 10.0; Win64; x64) AppleWebKit/537.36 (KHTML, like Gecko) Chrome/74.0.3729.169 Safari/537.36"
170.106.140.110 - - [05/May/2026:00:41:37 -0500] "GET / HTTP/2.0" 444 0 "http://www.whitmoremediagroup.com" "Mozilla/5.0 (iPhone; CPU iPhone OS 13_2_3 like Mac OS X) AppleWebKit/605.1.15 (KHTML, like Gecko) Version/13.0.3 Mobile/15E148 Safari/604.1"
57.128.189.19 - - [05/May/2026:00:42:10 -0500] "GET /?nocache=1777959661 HTTP/2.0" 200 17493 "-" "BigScootsMonitor Mozilla/5.0 (Windows NT 10.0; Win64; x64) AppleWebKit/537.36 (KHTML, like Gecko) Chrome/74.0.3729.169 Safari/537.36"
2607:5300:205:200::61f0 - - [05/May/2026:00:42:11 -0500] "GET /?nocache=1777959661 HTTP/2.0" 200 17493 "-" "BigScootsMonitor Mozilla/5.0 (Windows NT 10.0; Win64; x64) AppleWebKit/537.36 (KHTML, like Gecko) Chrome/74.0.3729.169 Safari/537.36"
103.4.251.146 - - [05/May/2026:00:42:21 -0500] "GET / HTTP/2.0" 200 17508 "-" "Mozilla/5.0 (Macintosh; Intel Mac OS X 10_15_7) AppleWebKit/537.36 (KHTML, like Gecko) Chrome/130.0.0.0 Safari/537.36"
104.164.126.100 - - [05/May/2026:00:42:21 -0500] "GET / HTTP/2.0" 200 17508 "-" "Mozilla/5.0 (Windows NT 10.0; Win64; x64) AppleWebKit/537.36 (KHTML, like Gecko) Chrome/130.0.0.0 Safari/537.36"
103.4.251.146 - - [05/May/2026:00:42:22 -0500] "GET / HTTP/2.0" 200 17508 "-" "Mozilla/5.0 (Macintosh; Intel Mac OS X 10_15_7) AppleWebKit/537.36 (KHTML, like Gecko) Chrome/130.0.0.0 Safari/537.36"
57.128.189.19 - - [05/May/2026:00:44:10 -0500] "GET /?nocache=1777959841 HTTP/2.0" 200 17493 "-" "BigScootsMonitor Mozilla/5.0 (Windows NT 10.0; Win64; x64) AppleWebKit/537.36 (KHTML, like Gecko) Chrome/74.0.3729.169 Safari/537.36"
2607:5300:205:200::61f0 - - [05/May/2026:00:44:11 -0500] "GET /?nocache=1777959841 HTTP/2.0" 200 17493 "-" "BigScootsMonitor Mozilla/5.0 (Windows NT 10.0; Win64; x64) AppleWebKit/537.36 (KHTML, like Gecko) Chrome/74.0.3729.169 Safari/537.36"
51.15.160.8 - - [05/May/2026:00:45:18 -0500] "GET /wp-login.php HTTP/2.0" 444 0 "-" "Mozilla/5.0 (Macintosh; Intel Mac OS X 10_13_2) AppleWebKit/537.36 (KHTML, like Gecko) Chrome/65.0.3298.3 Safari/537.36"
51.15.160.8 - - [05/May/2026:00:45:18 -0500] "POST /wp-login.php HTTP/2.0" 444 0 "https://whitmoremediagroup.com/wp-login.php" "Mozilla/5.0 (Macintosh; Intel Mac OS X 10_13_2) AppleWebKit/537.36 (KHTML, like Gecko) Chrome/65.0.3298.3 Safari/537.36"
57.128.189.19 - - [05/May/2026:00:46:09 -0500] "GET /?nocache=1777959901 HTTP/2.0" 200 17493 "-" "BigScootsMonitor Mozilla/5.0 (Windows NT 10.0; Win64; x64) AppleWebKit/537.36 (KHTML, like Gecko) Chrome/74.0.3729.169 Safari/537.36"
2607:5300:205:200::61f0 - - [05/May/2026:00:46:10 -0500] "GET /?nocache=1777959961 HTTP/2.0" 200 17493 "-" "BigScootsMonitor Mozilla/5.0 (Windows NT 10.0; Win64; x64) AppleWebKit/537.36 (KHTML, like Gecko) Chrome/74.0.3729.169 Safari/537.36"
91.98.21.65 - - [05/May/2026:00:47:11 -0500] "GET /wp-login.php HTTP/2.0" 200 1737 "-" "Mozilla/5.0 (Windows NT 10.0; Win64; x64) AppleWebKit/537.36 (KHTML, like Gecko) Chrome/65.0.3325.162 Safari/537.36"
91.98.21.65 - - [05/May/2026:00:47:11 -0500] "POST /wp-login.php HTTP/2.0" 200 1856 "https://whitmoremediagroup.com/wp-login.php" "Mozilla/5.0 (Windows NT 10.0; Win64; x64) AppleWebKit/537.36 (KHTML, like Gecko) Chrome/65.0.3325.162 Safari/537.36"
57.128.189.19 - - [05/May/2026:00:48:09 -0500] "GET /?nocache=1777960021 HTTP/2.0" 200 17493 "-" "BigScootsMonitor Mozilla/5.0 (Windows NT 10.0; Win64; x64) AppleWebKit/537.36 (KHTML, like Gecko) Chrome/74.0.3729.169 Safari/537.36"
2607:5300:205:200::61f0 - - [05/May/2026:00:48:11 -0500] "GET /?nocache=1777960021 HTTP/2.0" 200 17493 "-" "BigScootsMonitor Mozilla/5.0 (Windows NT 10.0; Win64; x64) AppleWebKit/537.36 (KHTML, like Gecko) Chrome/74.0.3729.169 Safari/537.36"
57.128.189.19 - - [05/May/2026:00:50:09 -0500] "GET /?nocache=1777960141 HTTP/2.0" 200 17493 "-" "BigScootsMonitor Mozilla/5.0 (Windows NT 10.0; Win64; x64) AppleWebKit/537.36 (KHTML, like Gecko) Chrome/74.0.3729.169 Safari/537.36"
2607:5300:205:200::61f0 - - [05/May/2026:00:50:10 -0500] "GET /?nocache=1777960141 HTTP/2.0" 200 17493 "-" "BigScootsMonitor Mozilla/5.0 (Windows NT 10.0; Win64; x64) AppleWebKit/537.36 (KHTML, like Gecko) Chrome/74.0.3729.169 Safari/537.36"
57.128.189.19 - - [05/May/2026:00:52:10 -0500] "GET /?nocache=1777960261 HTTP/2.0" 200 17493 "-" "BigScootsMonitor Mozilla/5.0 (Windows NT 10.0; Win64; x64) AppleWebKit/537.36 (KHTML, like Gecko) Chrome/74.0.3729.169 Safari/537.36"
2607:5300:205:200::61f0 - - [05/May/2026:00:52:11 -0500] "GET /?nocache=1777960261 HTTP/2.0" 200 17493 "-" "BigScootsMonitor Mozilla/5.0 (Windows NT 10.0; Win64; x64) AppleWebKit/537.36 (KHTML, like Gecko) Chrome/74.0.3729.169 Safari/537.36"
57.128.189.19 - - [05/May/2026:00:54:09 -0500] "GET /?nocache=1777960381 HTTP/2.0" 200 17493 "-" "BigScootsMonitor Mozilla/5.0 (Windows NT 10.0; Win64; x64) AppleWebKit/537.36 (KHTML, like Gecko) Chrome/74.0.3729.169 Safari/537.36"
2607:5300:205:200::61f0 - - [05/May/2026:00:54:10 -0500] "GET /?nocache=1777960381 HTTP/2.0" 200 17493 "-" "BigScootsMonitor Mozilla/5.0 (Windows NT 10.0; Win64; x64) AppleWebKit/537.36 (KHTML, like Gecko) Chrome/74.0.3729.169 Safari/537.36"
178.104.48.247 - - [05/May/2026:00:54:45 -0500] "GET /wp-login.php HTTP/2.0" 444 0 "-" "Mozilla/5.0 (Windows NT 6.1; Win64; x64) AppleWebKit/537.36 (KHTML, like Gecko) Chrome/64.0.3282.186 Safari/537.36 OPR/51.0.2830.55"
178.104.48.247 - - [05/May/2026:00:54:46 -0500] "POST /wp-login.php HTTP/2.0" 444 0 "https://whitmoremediagroup.com/wp-login.php" "Mozilla/5.0 (Windows NT 6.1; Win64; x64) AppleWebKit/537.36 (KHTML, like Gecko) Chrome/64.0.3282.186 Safari/537.36 OPR/51.0.2830.55"
57.128.189.19 - - [05/May/2026:00:56:09 -0500] "GET /?nocache=1777960501 HTTP/2.0" 200 17493 "-" "BigScootsMonitor Mozilla/5.0 (Windows NT 10.0; Win64; x64) AppleWebKit/537.36 (KHTML, like Gecko) Chrome/74.0.3729.169 Safari/537.36"
2607:5300:205:200::61f0 - - [05/May/2026:00:56:10 -0500] "GET /?nocache=1777960501 HTTP/2.0" 200 17493 "-" "BigScootsMonitor Mozilla/5.0 (Windows NT 10.0; Win64; x64) AppleWebKit/537.36 (KHTML, like Gecko) Chrome/74.0.3729.169 Safari/537.36"
50.6.7.129 - - [05/May/2026:00:56:44 -0500] "GET /wp-login.php HTTP/2.0" 444 0 "-" "Mozilla/5.0 (Windows NT 6.1; WOW64; Trident/7.0; MAAU; rv:11.0) like Gecko"
50.6.7.129 - - [05/May/2026:00:56:44 -0500] "POST /wp-login.php HTTP/2.0" 444 0 "https://whitmoremediagroup.com/wp-login.php" "Mozilla/5.0 (Windows NT 6.1; WOW64; Trident/7.0; MAAU; rv:11.0) like Gecko"
57.128.189.19 - - [05/May/2026:00:58:09 -0500] "GET /?nocache=1777960621 HTTP/2.0" 200 17493 "-" "BigScootsMonitor Mozilla/5.0 (Windows NT 10.0; Win64; x64) AppleWebKit/537.36 (KHTML, like Gecko) Chrome/74.0.3729.169 Safari/537.36"
2607:5300:205:200::61f0 - - [05/May/2026:00:58:10 -0500] "GET /?nocache=1777960681 HTTP/2.0" 200 17493 "-" "BigScootsMonitor Mozilla/5.0 (Windows NT 10.0; Win64; x64) AppleWebKit/537.36 (KHTML, like Gecko) Chrome/74.0.3729.169 Safari/537.36"
57.128.189.19 - - [05/May/2026:01:00:09 -0500] "GET /?nocache=1777960741 HTTP/2.0" 200 17493 "-" "BigScootsMonitor Mozilla/5.0 (Windows NT 10.0; Win64; x64) AppleWebKit/537.36 (KHTML, like Gecko) Chrome/74.0.3729.169 Safari/537.36"
2607:5300:205:200::61f0 - - [05/May/2026:01:00:10 -0500] "GET /?nocache=1777960741 HTTP/2.0" 200 17493 "-" "BigScootsMonitor Mozilla/5.0 (Windows NT 10.0; Win64; x64) AppleWebKit/537.36 (KHTML, like Gecko) Chrome/74.0.3729.169 Safari/537.36"
57.128.189.19 - - [05/May/2026:01:02:09 -0500] "GET /?nocache=1777960861 HTTP/2.0" 200 17493 "-" "BigScootsMonitor Mozilla/5.0 (Windows NT 10.0; Win64; x64) AppleWebKit/537.36 (KHTML, like Gecko) Chrome/74.0.3729.169 Safari/537.36"
2607:5300:205:200::61f0 - - [05/May/2026:01:02:10 -0500] "GET /?nocache=1777960861 HTTP/2.0" 200 17493 "-" "BigScootsMonitor Mozilla/5.0 (Windows NT 10.0; Win64; x64) AppleWebKit/537.36 (KHTML, like Gecko) Chrome/74.0.3729.169 Safari/537.36"
50.6.7.129 - - [05/May/2026:01:03:54 -0500] "GET /wp-login.php HTTP/2.0" 444 0 "-" "Mozilla/5.0 (Macintosh; Intel Mac OS X 10_13_4) AppleWebKit/537.36 (KHTML, like Gecko) Chrome/67.0.3396.79 Safari/537.36"
50.6.7.129 - - [05/May/2026:01:03:54 -0500] "POST /wp-login.php HTTP/2.0" 444 0 "https://whitmoremediagroup.com/wp-login.php" "Mozilla/5.0 (Macintosh; Intel Mac OS X 10_13_4) AppleWebKit/537.36 (KHTML, like Gecko) Chrome/67.0.3396.79 Safari/537.36"
57.128.189.19 - - [05/May/2026:01:04:10 -0500] "GET /?nocache=1777961041 HTTP/2.0" 200 17493 "-" "BigScootsMonitor Mozilla/5.0 (Windows NT 10.0; Win64; x64) AppleWebKit/537.36 (KHTML, like Gecko) Chrome/74.0.3729.169 Safari/537.36"
2607:5300:205:200::61f0 - - [05/May/2026:01:04:10 -0500] "GET /?nocache=1777961041 HTTP/2.0" 200 17493 "-" "BigScootsMonitor Mozilla/5.0 (Windows NT 10.0; Win64; x64) AppleWebKit/537.36 (KHTML, like Gecko) Chrome/74.0.3729.169 Safari/537.36"
121.200.216.56 - - [05/May/2026:01:05:49 -0500] "GET /wp-login.php HTTP/2.0" 200 1737 "-" "Mozilla/5.0 (Windows NT 6.3; WOW64; Trident/7.0; rv:11.0) like Gecko"
121.200.216.56 - - [05/May/2026:01:05:51 -0500] "POST /wp-login.php HTTP/2.0" 200 1856 "https://whitmoremediagroup.com/wp-login.php" "Mozilla/5.0 (Windows NT 6.3; WOW64; Trident/7.0; rv:11.0) like Gecko"
57.128.189.19 - - [05/May/2026:01:06:09 -0500] "GET /?nocache=1777961161 HTTP/2.0" 200 17493 "-" "BigScootsMonitor Mozilla/5.0 (Windows NT 10.0; Win64; x64) AppleWebKit/537.36 (KHTML, like Gecko) Chrome/74.0.3729.169 Safari/537.36"
2607:5300:205:200::61f0 - - [05/May/2026:01:06:10 -0500] "GET /?nocache=1777961161 HTTP/2.0" 200 17493 "-" "BigScootsMonitor Mozilla/5.0 (Windows NT 10.0; Win64; x64) AppleWebKit/537.36 (KHTML, like Gecko) Chrome/74.0.3729.169 Safari/537.36"
57.128.189.19 - - [05/May/2026:01:08:09 -0500] "GET /?nocache=1777961281 HTTP/2.0" 200 17493 "-" "BigScootsMonitor Mozilla/5.0 (Windows NT 10.0; Win64; x64) AppleWebKit/537.36 (KHTML, like Gecko) Chrome/74.0.3729.169 Safari/537.36"
2607:5300:205:200::61f0 - - [05/May/2026:01:08:10 -0500] "GET /?nocache=1777961281 HTTP/2.0" 200 17493 "-" "BigScootsMonitor Mozilla/5.0 (Windows NT 10.0; Win64; x64) AppleWebKit/537.36 (KHTML, like Gecko) Chrome/74.0.3729.169 Safari/537.36"
57.128.189.19 - - [05/May/2026:01:10:09 -0500] "GET /?nocache=1777961341 HTTP/2.0" 200 17493 "-" "BigScootsMonitor Mozilla/5.0 (Windows NT 10.0; Win64; x64) AppleWebKit/537.36 (KHTML, like Gecko) Chrome/74.0.3729.169 Safari/537.36"
2607:5300:205:200::61f0 - - [05/May/2026:01:10:11 -0500] "GET /?nocache=1777961341 HTTP/2.0" 200 17493 "-" "BigScootsMonitor Mozilla/5.0 (Windows NT 10.0; Win64; x64) AppleWebKit/537.36 (KHTML, like Gecko) Chrome/74.0.3729.169 Safari/537.36"
57.128.189.19 - - [05/May/2026:01:12:09 -0500] "GET /?nocache=1777961461 HTTP/2.0" 200 17493 "-" "BigScootsMonitor Mozilla/5.0 (Windows NT 10.0; Win64; x64) AppleWebKit/537.36 (KHTML, like Gecko) Chrome/74.0.3729.169 Safari/537.36"
2607:5300:205:200::61f0 - - [05/May/2026:01:12:10 -0500] "GET /?nocache=1777961461 HTTP/2.0" 200 17493 "-" "BigScootsMonitor Mozilla/5.0 (Windows NT 10.0; Win64; x64) AppleWebKit/537.36 (KHTML, like Gecko) Chrome/74.0.3729.169 Safari/537.36"
152.53.44.20 - - [05/May/2026:01:12:57 -0500] "GET /wp-login.php HTTP/2.0" 200 1737 "-" "Mozilla/5.0 (Macintosh; Intel Mac OS X 10_13_1) AppleWebKit/537.36 (KHTML, like Gecko) Chrome/66.0.3359.181 Safari/537.36"
152.53.44.20 - - [05/May/2026:01:12:57 -0500] "POST /wp-login.php HTTP/2.0" 200 1879 "https://whitmoremediagroup.com/wp-login.php" "Mozilla/5.0 (Macintosh; Intel Mac OS X 10_13_1) AppleWebKit/537.36 (KHTML, like Gecko) Chrome/66.0.3359.181 Safari/537.36"
57.128.189.19 - - [05/May/2026:01:14:09 -0500] "GET /?nocache=1777961581 HTTP/2.0" 200 17493 "-" "BigScootsMonitor Mozilla/5.0 (Windows NT 10.0; Win64; x64) AppleWebKit/537.36 (KHTML, like Gecko) Chrome/74.0.3729.169 Safari/537.36"
2607:5300:205:200::61f0 - - [05/May/2026:01:14:10 -0500] "GET /?nocache=1777961581 HTTP/2.0" 200 17493 "-" "BigScootsMonitor Mozilla/5.0 (Windows NT 10.0; Win64; x64) AppleWebKit/537.36 (KHTML, like Gecko) Chrome/74.0.3729.169 Safari/537.36"
50.6.7.129 - - [05/May/2026:01:15:23 -0500] "GET /wp-login.php HTTP/2.0" 444 0 "-" "Mozilla/5.0 (Windows NT 6.1; WOW64; Trident/7.0; ASJB; ASJB; MAAU; rv:11.0) like Gecko"
50.6.7.129 - - [05/May/2026:01:15:24 -0500] "POST /wp-login.php HTTP/2.0" 444 0 "https://whitmoremediagroup.com/wp-login.php" "Mozilla/5.0 (Windows NT 6.1; WOW64; Trident/7.0; ASJB; ASJB; MAAU; rv:11.0) like Gecko"
2607:5300:205:200::61f0 - - [05/May/2026:01:16:10 -0500] "GET /?nocache=1777961701 HTTP/2.0" 200 17493 "-" "BigScootsMonitor Mozilla/5.0 (Windows NT 10.0; Win64; x64) AppleWebKit/537.36 (KHTML, like Gecko) Chrome/74.0.3729.169 Safari/537.36"
57.128.189.19 - - [05/May/2026:01:16:10 -0500] "GET /?nocache=1777961701 HTTP/2.0" 200 17493 "-" "BigScootsMonitor Mozilla/5.0 (Windows NT 10.0; Win64; x64) AppleWebKit/537.36 (KHTML, like Gecko) Chrome/74.0.3729.169 Safari/537.36"
57.128.189.19 - - [05/May/2026:01:18:09 -0500] "GET /?nocache=1777961821 HTTP/2.0" 200 17493 "-" "BigScootsMonitor Mozilla/5.0 (Windows NT 10.0; Win64; x64) AppleWebKit/537.36 (KHTML, like Gecko) Chrome/74.0.3729.169 Safari/537.36"
2607:5300:205:200::61f0 - - [05/May/2026:01:18:10 -0500] "GET /?nocache=1777961821 HTTP/2.0" 200 17493 "-" "BigScootsMonitor Mozilla/5.0 (Windows NT 10.0; Win64; x64) AppleWebKit/537.36 (KHTML, like Gecko) Chrome/74.0.3729.169 Safari/537.36"
57.128.189.19 - - [05/May/2026:01:20:09 -0500] "GET /?nocache=1777962001 HTTP/2.0" 200 17493 "-" "BigScootsMonitor Mozilla/5.0 (Windows NT 10.0; Win64; x64) AppleWebKit/537.36 (KHTML, like Gecko) Chrome/74.0.3729.169 Safari/537.36"
2607:5300:205:200::61f0 - - [05/May/2026:01:20:11 -0500] "GET /?nocache=1777962001 HTTP/2.0" 200 17493 "-" "BigScootsMonitor Mozilla/5.0 (Windows NT 10.0; Win64; x64) AppleWebKit/537.36 (KHTML, like Gecko) Chrome/74.0.3729.169 Safari/537.36"
193.202.87.47 - - [05/May/2026:01:21:22 -0500] "POST /xmlrpc.php HTTP/2.0" 403 548 "-" "Mozilla/5.0 (X11; Linux x86_64) AppleWebKit/537.36 (KHTML, like Gecko) Chrome/143.0.0.0 Safari/537.36"
130.49.11.172 - - [05/May/2026:01:21:23 -0500] "POST /xmlrpc.php HTTP/2.0" 403 548 "-" "Mozilla/5.0 (X11; Linux x86_64) AppleWebKit/537.36 (KHTML, like Gecko) Chrome/143.0.0.0 Safari/537.36"
157.22.74.139 - - [05/May/2026:01:21:24 -0500] "POST /xmlrpc.php HTTP/2.0" 403 548 "-" "Mozilla/5.0 (X11; Linux x86_64) AppleWebKit/537.36 (KHTML, like Gecko) Chrome/143.0.0.0 Safari/537.36"
213.232.122.131 - - [05/May/2026:01:21:24 -0500] "POST /xmlrpc.php HTTP/2.0" 403 548 "-" "Mozilla/5.0 (X11; Linux x86_64) AppleWebKit/537.36 (KHTML, like Gecko) Chrome/143.0.0.0 Safari/537.36"
170.168.172.142 - - [05/May/2026:01:21:25 -0500] "POST /xmlrpc.php HTTP/2.0" 403 548 "-" "Mozilla/5.0 (X11; Linux x86_64) AppleWebKit/537.36 (KHTML, like Gecko) Chrome/143.0.0.0 Safari/537.36"
5.181.171.237 - - [05/May/2026:01:21:26 -0500] "POST /xmlrpc.php HTTP/2.0" 403 548 "-" "Mozilla/5.0 (X11; Linux x86_64) AppleWebKit/537.36 (KHTML, like Gecko) Chrome/143.0.0.0 Safari/537.36"
45.132.187.248 - - [05/May/2026:01:21:26 -0500] "POST /xmlrpc.php HTTP/2.0" 403 548 "-" "Mozilla/5.0 (X11; Linux x86_64) AppleWebKit/537.36 (KHTML, like Gecko) Chrome/143.0.0.0 Safari/537.36"
77.220.194.215 - - [05/May/2026:01:21:27 -0500] "POST /xmlrpc.php HTTP/2.0" 403 548 "-" "Mozilla/5.0 (X11; Linux x86_64) AppleWebKit/537.36 (KHTML, like Gecko) Chrome/143.0.0.0 Safari/537.36"
217.145.224.178 - - [05/May/2026:01:21:28 -0500] "POST /xmlrpc.php HTTP/2.0" 403 548 "-" "Mozilla/5.0 (X11; Linux x86_64) AppleWebKit/537.36 (KHTML, like Gecko) Chrome/143.0.0.0 Safari/537.36"
193.202.81.34 - - [05/May/2026:01:21:28 -0500] "POST /xmlrpc.php HTTP/2.0" 403 548 "-" "Mozilla/5.0 (X11; Linux x86_64) AppleWebKit/537.36 (KHTML, like Gecko) Chrome/143.0.0.0 Safari/537.36"
57.128.189.19 - - [05/May/2026:01:22:09 -0500] "GET /?nocache=1777962121 HTTP/2.0" 200 17493 "-" "BigScootsMonitor Mozilla/5.0 (Windows NT 10.0; Win64; x64) AppleWebKit/537.36 (KHTML, like Gecko) Chrome/74.0.3729.169 Safari/537.36"
2607:5300:205:200::61f0 - - [05/May/2026:01:22:10 -0500] "GET /?nocache=1777962121 HTTP/2.0" 200 17493 "-" "BigScootsMonitor Mozilla/5.0 (Windows NT 10.0; Win64; x64) AppleWebKit/537.36 (KHTML, like Gecko) Chrome/74.0.3729.169 Safari/537.36"
74.249.188.249 - - [05/May/2026:01:22:26 -0500] "POST /wp-plain.php HTTP/2.0" 404 548 "www.google.com" "Mozilla/5.0 (Linux; Android 7.0; SM-G892A Bulid/NRD90M; wv) AppleWebKit/537.36 (KHTML, like Gecko) Version/4.0 Chrome/60.0.3112.107 Moblie Safari/537.36"
74.249.188.249 - - [05/May/2026:01:22:26 -0500] "GET /fflqoove.php?Fox=d3wL7 HTTP/2.0" 404 548 "www.google.com" "Mozilla/5.0 (Linux; Android 7.0; SM-G892A Bulid/NRD90M; wv) AppleWebKit/537.36 (KHTML, like Gecko) Version/4.0 Chrome/60.0.3112.107 Moblie Safari/537.36"
74.249.188.249 - - [05/May/2026:01:22:26 -0500] "GET /wp-content/themes/seotheme/db.php?u HTTP/2.0" 404 548 "www.google.com" "Mozlila/5.0 (Linux; Android 7.0; SM-G892A Bulid/NRD90M; wv) AppleWebKit/537.36 (KHTML, like Gecko) Version/4.0 Chrome/60.0.3112.107 Moblie Safari/537.36"
74.249.188.249 - - [05/May/2026:01:22:26 -0500] "GET / HTTP/2.0" 200 17508 "-" "Mozlila/5.0 (Linux; Android 7.0; SM-G892A Bulid/NRD90M; wv) AppleWebKit/537.36 (KHTML, like Gecko) Version/4.0 Chrome/60.0.3112.107 Moblie Safari/537.36"
74.249.188.249 - - [05/May/2026:01:22:26 -0500] "GET /wp-content/themes/seotheme/db.php?u HTTP/2.0" 404 548 "www.google.com" "Mozlila/5.0 (Linux; Android 7.0; SM-G892A Bulid/NRD90M; wv) AppleWebKit/537.36 (KHTML, like Gecko) Version/4.0 Chrome/60.0.3112.107 Moblie Safari/537.36"
74.249.188.249 - - [05/May/2026:01:22:26 -0500] "GET /wp-content/plugins/apikey/apikey.php?test=hello HTTP/2.0" 403 548 "-" "Mozlila/5.0 (Linux; Android 7.0; SM-G892A Bulid/NRD90M; wv) AppleWebKit/537.36 (KHTML, like Gecko) Version/4.0 Chrome/60.0.3112.107 Moblie Safari/537.36"
74.249.188.249 - - [05/May/2026:01:22:26 -0500] "GET /plugins/content/apismtp/apismtp.php?test=hello HTTP/2.0" 404 548 "-" "Mozlila/5.0 (Linux; Android 7.0; SM-G892A Bulid/NRD90M; wv) AppleWebKit/537.36 (KHTML, like Gecko) Version/4.0 Chrome/60.0.3112.107 Moblie Safari/537.36"
74.249.188.249 - - [05/May/2026:01:22:26 -0500] "POST /ALFA_DATA/alfacgiapi/perl.alfa HTTP/2.0" 404 11632 "www.google.com" "Mozlila/5.0 (Linux; Android 7.0; SM-G892A Bulid/NRD90M; wv) AppleWebKit/537.36 (KHTML, like Gecko) Version/4.0 Chrome/60.0.3112.107 Moblie Safari/537.36"
74.249.188.249 - - [05/May/2026:01:22:26 -0500] "GET /wp-content/plugins/apikey/apikey.php.suspected?test=hello HTTP/2.0" 404 11632 "-" "Mozlila/5.0 (Linux; Android 7.0; SM-G892A Bulid/NRD90M; wv) AppleWebKit/537.36 (KHTML, like Gecko) Version/4.0 Chrome/60.0.3112.107 Moblie Safari/537.36"
74.249.188.249 - - [05/May/2026:01:22:26 -0500] "GET /plugins/content/apismtp/apismtp.php.suspected?test=hello HTTP/2.0" 404 11632 "-" "Mozlila/5.0 (Linux; Android 7.0; SM-G892A Bulid/NRD90M; wv) AppleWebKit/537.36 (KHTML, like Gecko) Version/4.0 Chrome/60.0.3112.107 Moblie Safari/537.36"
74.249.188.249 - - [05/May/2026:01:22:26 -0500] "POST /alfacgiapi/perl.alfa HTTP/2.0" 404 11632 "www.google.com" "Mozlila/5.0 (Linux; Android 7.0; SM-G892A Bulid/NRD90M; wv) AppleWebKit/537.36 (KHTML, like Gecko) Version/4.0 Chrome/60.0.3112.107 Moblie Safari/537.36"
47.163.39.246 - - [05/May/2026:01:22:34 -0500] "GET /wp-login.php HTTP/2.0" 200 1737 "-" "Mozilla/5.0 (Windows NT 6.2; Win64; x64) AppleWebKit/537.36 (KHTML, like Gecko) Chrome/65.0.3325.181 Safari/537.36 OPR/52.0.2871.99"
47.163.39.246 - - [05/May/2026:01:22:35 -0500] "POST /wp-login.php HTTP/2.0" 200 1879 "https://whitmoremediagroup.com/wp-login.php" "Mozilla/5.0 (Windows NT 6.2; Win64; x64) AppleWebKit/537.36 (KHTML, like Gecko) Chrome/65.0.3325.181 Safari/537.36 OPR/52.0.2871.99"
57.128.189.19 - - [05/May/2026:01:24:09 -0500] "GET /?nocache=1777962181 HTTP/2.0" 200 17493 "-" "BigScootsMonitor Mozilla/5.0 (Windows NT 10.0; Win64; x64) AppleWebKit/537.36 (KHTML, like Gecko) Chrome/74.0.3729.169 Safari/537.36"
2607:5300:205:200::61f0 - - [05/May/2026:01:24:10 -0500] "GET /?nocache=1777962241 HTTP/2.0" 200 17493 "-" "BigScootsMonitor Mozilla/5.0 (Windows NT 10.0; Win64; x64) AppleWebKit/537.36 (KHTML, like Gecko) Chrome/74.0.3729.169 Safari/537.36"
57.128.189.19 - - [05/May/2026:01:26:10 -0500] "GET /?nocache=1777962301 HTTP/2.0" 200 17493 "-" "BigScootsMonitor Mozilla/5.0 (Windows NT 10.0; Win64; x64) AppleWebKit/537.36 (KHTML, like Gecko) Chrome/74.0.3729.169 Safari/537.36"
2607:5300:205:200::61f0 - - [05/May/2026:01:26:10 -0500] "GET /?nocache=1777962301 HTTP/2.0" 200 17493 "-" "BigScootsMonitor Mozilla/5.0 (Windows NT 10.0; Win64; x64) AppleWebKit/537.36 (KHTML, like Gecko) Chrome/74.0.3729.169 Safari/537.36"
57.128.189.19 - - [05/May/2026:01:28:10 -0500] "GET /?nocache=1777962421 HTTP/2.0" 200 17493 "-" "BigScootsMonitor Mozilla/5.0 (Windows NT 10.0; Win64; x64) AppleWebKit/537.36 (KHTML, like Gecko) Chrome/74.0.3729.169 Safari/537.36"
2607:5300:205:200::61f0 - - [05/May/2026:01:28:10 -0500] "GET /?nocache=1777962421 HTTP/2.0" 200 17493 "-" "BigScootsMonitor Mozilla/5.0 (Windows NT 10.0; Win64; x64) AppleWebKit/537.36 (KHTML, like Gecko) Chrome/74.0.3729.169 Safari/537.36"
57.128.189.19 - - [05/May/2026:01:30:10 -0500] "GET /?nocache=1777962541 HTTP/2.0" 200 17493 "-" "BigScootsMonitor Mozilla/5.0 (Windows NT 10.0; Win64; x64) AppleWebKit/537.36 (KHTML, like Gecko) Chrome/74.0.3729.169 Safari/537.36"
2607:5300:205:200::61f0 - - [05/May/2026:01:30:11 -0500] "GET /?nocache=1777962541 HTTP/2.0" 200 17493 "-" "BigScootsMonitor Mozilla/5.0 (Windows NT 10.0; Win64; x64) AppleWebKit/537.36 (KHTML, like Gecko) Chrome/74.0.3729.169 Safari/537.36"
57.128.189.19 - - [05/May/2026:01:32:09 -0500] "GET /?nocache=1777962661 HTTP/2.0" 200 17493 "-" "BigScootsMonitor Mozilla/5.0 (Windows NT 10.0; Win64; x64) AppleWebKit/537.36 (KHTML, like Gecko) Chrome/74.0.3729.169 Safari/537.36"
152.53.44.20 - - [05/May/2026:01:32:10 -0500] "GET /wp-login.php HTTP/2.0" 200 1737 "-" "Mozilla/5.0 (Windows NT 6.3; Win64; x64) AppleWebKit/537.36 (KHTML, like Gecko) Chrome/58.0.3029.110 Safari/537.36 Edge/16.16299"
152.53.44.20 - - [05/May/2026:01:32:10 -0500] "POST /wp-login.php HTTP/2.0" 200 1879 "https://whitmoremediagroup.com/wp-login.php" "Mozilla/5.0 (Windows NT 6.3; Win64; x64) AppleWebKit/537.36 (KHTML, like Gecko) Chrome/58.0.3029.110 Safari/537.36 Edge/16.16299"
2607:5300:205:200::61f0 - - [05/May/2026:01:32:10 -0500] "GET /?nocache=1777962661 HTTP/2.0" 200 17493 "-" "BigScootsMonitor Mozilla/5.0 (Windows NT 10.0; Win64; x64) AppleWebKit/537.36 (KHTML, like Gecko) Chrome/74.0.3729.169 Safari/537.36"
185.88.103.143 - - [05/May/2026:01:32:40 -0500] "POST /xmlrpc.php HTTP/2.0" 403 548 "-" "Mozilla/5.0 (X11; Linux x86_64) AppleWebKit/537.36 (KHTML, like Gecko) Chrome/143.0.0.0 Safari/537.36"
77.220.195.65 - - [05/May/2026:01:32:41 -0500] "POST /xmlrpc.php HTTP/2.0" 403 548 "-" "Mozilla/5.0 (X11; Linux x86_64) AppleWebKit/537.36 (KHTML, like Gecko) Chrome/143.0.0.0 Safari/537.36"
45.140.206.124 - - [05/May/2026:01:32:41 -0500] "POST /xmlrpc.php HTTP/2.0" 403 548 "-" "Mozilla/5.0 (X11; Linux x86_64) AppleWebKit/537.36 (KHTML, like Gecko) Chrome/143.0.0.0 Safari/537.36"
155.212.109.162 - - [05/May/2026:01:32:42 -0500] "POST /xmlrpc.php HTTP/2.0" 403 548 "-" "Mozilla/5.0 (X11; Linux x86_64) AppleWebKit/537.36 (KHTML, like Gecko) Chrome/143.0.0.0 Safari/537.36"
193.151.191.160 - - [05/May/2026:01:32:43 -0500] "POST /xmlrpc.php HTTP/2.0" 403 548 "-" "Mozilla/5.0 (X11; Linux x86_64) AppleWebKit/537.36 (KHTML, like Gecko) Chrome/143.0.0.0 Safari/537.36"
155.212.111.66 - - [05/May/2026:01:32:43 -0500] "POST /xmlrpc.php HTTP/2.0" 403 548 "-" "Mozilla/5.0 (X11; Linux x86_64) AppleWebKit/537.36 (KHTML, like Gecko) Chrome/143.0.0.0 Safari/537.36"
146.19.91.177 - - [05/May/2026:01:32:45 -0500] "POST /xmlrpc.php HTTP/2.0" 403 548 "-" "Mozilla/5.0 (X11; Linux x86_64) AppleWebKit/537.36 (KHTML, like Gecko) Chrome/143.0.0.0 Safari/537.36"
178.20.214.57 - - [05/May/2026:01:32:55 -0500] "POST /xmlrpc.php HTTP/2.0" 403 548 "-" "Mozilla/5.0 (X11; Linux x86_64) AppleWebKit/537.36 (KHTML, like Gecko) Chrome/143.0.0.0 Safari/537.36"
170.168.241.71 - - [05/May/2026:01:32:56 -0500] "POST /xmlrpc.php HTTP/2.0" 403 548 "-" "Mozilla/5.0 (X11; Linux x86_64) AppleWebKit/537.36 (KHTML, like Gecko) Chrome/143.0.0.0 Safari/537.36"
157.22.125.77 - - [05/May/2026:01:32:56 -0500] "POST /xmlrpc.php HTTP/2.0" 403 548 "-" "Mozilla/5.0 (X11; Linux x86_64) AppleWebKit/537.36 (KHTML, like Gecko) Chrome/143.0.0.0 Safari/537.36"
130.49.10.239 - - [05/May/2026:01:33:11 -0500] "POST /xmlrpc.php HTTP/2.0" 403 548 "-" "Mozilla/5.0 (X11; Linux x86_64) AppleWebKit/537.36 (KHTML, like Gecko) Chrome/143.0.0.0 Safari/537.36"
194.99.26.140 - - [05/May/2026:01:33:12 -0500] "POST /xmlrpc.php HTTP/2.0" 403 548 "-" "Mozilla/5.0 (X11; Linux x86_64) AppleWebKit/537.36 (KHTML, like Gecko) Chrome/143.0.0.0 Safari/537.36"
157.22.75.191 - - [05/May/2026:01:33:12 -0500] "POST /xmlrpc.php HTTP/2.0" 403 548 "-" "Mozilla/5.0 (X11; Linux x86_64) AppleWebKit/537.36 (KHTML, like Gecko) Chrome/143.0.0.0 Safari/537.36"
157.22.17.130 - - [05/May/2026:01:33:12 -0500] "POST /xmlrpc.php HTTP/2.0" 403 548 "-" "Mozilla/5.0 (X11; Linux x86_64) AppleWebKit/537.36 (KHTML, like Gecko) Chrome/143.0.0.0 Safari/537.36"
45.159.21.242 - - [05/May/2026:01:33:13 -0500] "POST /xmlrpc.php HTTP/2.0" 403 548 "-" "Mozilla/5.0 (X11; Linux x86_64) AppleWebKit/537.36 (KHTML, like Gecko) Chrome/143.0.0.0 Safari/537.36"
77.220.192.254 - - [05/May/2026:01:33:14 -0500] "POST /xmlrpc.php HTTP/2.0" 403 548 "-" "Mozilla/5.0 (X11; Linux x86_64) AppleWebKit/537.36 (KHTML, like Gecko) Chrome/143.0.0.0 Safari/537.36"
5.181.168.50 - - [05/May/2026:01:33:15 -0500] "POST /xmlrpc.php HTTP/2.0" 403 548 "-" "Mozilla/5.0 (X11; Linux x86_64) AppleWebKit/537.36 (KHTML, like Gecko) Chrome/143.0.0.0 Safari/537.36"
157.22.100.24 - - [05/May/2026:01:33:16 -0500] "POST /xmlrpc.php HTTP/2.0" 403 548 "-" "Mozilla/5.0 (X11; Linux x86_64) AppleWebKit/537.36 (KHTML, like Gecko) Chrome/143.0.0.0 Safari/537.36"
157.22.75.58 - - [05/May/2026:01:33:17 -0500] "POST /xmlrpc.php HTTP/2.0" 403 548 "-" "Mozilla/5.0 (X11; Linux x86_64) AppleWebKit/537.36 (KHTML, like Gecko) Chrome/143.0.0.0 Safari/537.36"
147.78.182.119 - - [05/May/2026:01:33:18 -0500] "POST /xmlrpc.php HTTP/2.0" 403 548 "-" "Mozilla/5.0 (X11; Linux x86_64) AppleWebKit/537.36 (KHTML, like Gecko) Chrome/143.0.0.0 Safari/537.36"
57.128.189.19 - - [05/May/2026:01:34:09 -0500] "GET /?nocache=1777962781 HTTP/2.0" 200 17493 "-" "BigScootsMonitor Mozilla/5.0 (Windows NT 10.0; Win64; x64) AppleWebKit/537.36 (KHTML, like Gecko) Chrome/74.0.3729.169 Safari/537.36"
2607:5300:205:200::61f0 - - [05/May/2026:01:34:10 -0500] "GET /?nocache=1777962781 HTTP/2.0" 200 17493 "-" "BigScootsMonitor Mozilla/5.0 (Windows NT 10.0; Win64; x64) AppleWebKit/537.36 (KHTML, like Gecko) Chrome/74.0.3729.169 Safari/537.36"
57.128.189.19 - - [05/May/2026:01:36:09 -0500] "GET /?nocache=1777962901 HTTP/2.0" 200 17493 "-" "BigScootsMonitor Mozilla/5.0 (Windows NT 10.0; Win64; x64) AppleWebKit/537.36 (KHTML, like Gecko) Chrome/74.0.3729.169 Safari/537.36"
2607:5300:205:200::61f0 - - [05/May/2026:01:36:11 -0500] "GET /?nocache=1777962961 HTTP/2.0" 200 17493 "-" "BigScootsMonitor Mozilla/5.0 (Windows NT 10.0; Win64; x64) AppleWebKit/537.36 (KHTML, like Gecko) Chrome/74.0.3729.169 Safari/537.36"
57.128.189.19 - - [05/May/2026:01:38:09 -0500] "GET /?nocache=1777963021 HTTP/2.0" 200 17493 "-" "BigScootsMonitor Mozilla/5.0 (Windows NT 10.0; Win64; x64) AppleWebKit/537.36 (KHTML, like Gecko) Chrome/74.0.3729.169 Safari/537.36"
2607:5300:205:200::61f0 - - [05/May/2026:01:38:11 -0500] "GET /?nocache=1777963021 HTTP/2.0" 200 17493 "-" "BigScootsMonitor Mozilla/5.0 (Windows NT 10.0; Win64; x64) AppleWebKit/537.36 (KHTML, like Gecko) Chrome/74.0.3729.169 Safari/537.36"
57.128.189.19 - - [05/May/2026:01:40:09 -0500] "GET /?nocache=1777963141 HTTP/2.0" 200 17493 "-" "BigScootsMonitor Mozilla/5.0 (Windows NT 10.0; Win64; x64) AppleWebKit/537.36 (KHTML, like Gecko) Chrome/74.0.3729.169 Safari/537.36"
154.18.244.252 - - [05/May/2026:01:40:10 -0500] "POST /wp-cron.php?doing_wp_cron=1777963210.6680140495300292968750 HTTP/2.0" 200 1 "-" "WordPress/6.8.5; https://whitmoremediagroup.com"
2607:5300:205:200::61f0 - - [05/May/2026:01:40:10 -0500] "GET /?nocache=1777963141 HTTP/2.0" 200 17493 "-" "BigScootsMonitor Mozilla/5.0 (Windows NT 10.0; Win64; x64) AppleWebKit/537.36 (KHTML, like Gecko) Chrome/74.0.3729.169 Safari/537.36"
122.8.94.29 - - [05/May/2026:01:40:17 -0500] "POST /xmlrpc.php HTTP/2.0" 403 548 "-" "Mozilla/5.0 (X11; Linux x86_64) AppleWebKit/537.36 (KHTML, like Gecko) Chrome/143.0.0.0 Safari/537.36"
170.168.174.63 - - [05/May/2026:01:40:18 -0500] "POST /xmlrpc.php HTTP/2.0" 403 548 "-" "Mozilla/5.0 (X11; Linux x86_64) AppleWebKit/537.36 (KHTML, like Gecko) Chrome/143.0.0.0 Safari/537.36"
193.151.191.59 - - [05/May/2026:01:40:18 -0500] "POST /xmlrpc.php HTTP/2.0" 403 548 "-" "Mozilla/5.0 (X11; Linux x86_64) AppleWebKit/537.36 (KHTML, like Gecko) Chrome/143.0.0.0 Safari/537.36"
178.20.28.42 - - [05/May/2026:01:40:19 -0500] "POST /xmlrpc.php HTTP/2.0" 403 548 "-" "Mozilla/5.0 (X11; Linux x86_64) AppleWebKit/537.36 (KHTML, like Gecko) Chrome/143.0.0.0 Safari/537.36"
170.168.175.83 - - [05/May/2026:01:40:19 -0500] "POST /xmlrpc.php HTTP/2.0" 403 548 "-" "Mozilla/5.0 (X11; Linux x86_64) AppleWebKit/537.36 (KHTML, like Gecko) Chrome/143.0.0.0 Safari/537.36"
45.159.20.152 - - [05/May/2026:01:40:20 -0500] "POST /xmlrpc.php HTTP/2.0" 403 548 "-" "Mozilla/5.0 (X11; Linux x86_64) AppleWebKit/537.36 (KHTML, like Gecko) Chrome/143.0.0.0 Safari/537.36"
155.212.39.206 - - [05/May/2026:01:40:21 -0500] "POST /xmlrpc.php HTTP/2.0" 403 548 "-" "Mozilla/5.0 (X11; Linux x86_64) AppleWebKit/537.36 (KHTML, like Gecko) Chrome/143.0.0.0 Safari/537.36"
91.218.123.228 - - [05/May/2026:01:40:22 -0500] "POST /xmlrpc.php HTTP/2.0" 403 548 "-" "Mozilla/5.0 (X11; Linux x86_64) AppleWebKit/537.36 (KHTML, like Gecko) Chrome/143.0.0.0 Safari/537.36"
5.183.252.36 - - [05/May/2026:01:40:23 -0500] "POST /xmlrpc.php HTTP/2.0" 403 548 "-" "Mozilla/5.0 (X11; Linux x86_64) AppleWebKit/537.36 (KHTML, like Gecko) Chrome/143.0.0.0 Safari/537.36"
193.151.188.149 - - [05/May/2026:01:40:23 -0500] "POST /xmlrpc.php HTTP/2.0" 403 548 "-" "Mozilla/5.0 (X11; Linux x86_64) AppleWebKit/537.36 (KHTML, like Gecko) Chrome/143.0.0.0 Safari/537.36"
20.29.71.103 - - [05/May/2026:01:41:21 -0500] "GET /wp-content/themes/seotheme/db.php?u HTTP/2.0" 404 548 "www.google.com" "Mozlila/5.0 (Linux; Android 7.0; SM-G892A Bulid/NRD90M; wv) AppleWebKit/537.36 (KHTML, like Gecko) Version/4.0 Chrome/60.0.3112.107 Moblie Safari/537.36"
20.29.71.103 - - [05/May/2026:01:41:21 -0500] "GET /wp-content/themes/seotheme/db.php?u HTTP/2.0" 404 548 "www.google.com" "Mozlila/5.0 (Linux; Android 7.0; SM-G892A Bulid/NRD90M; wv) AppleWebKit/537.36 (KHTML, like Gecko) Version/4.0 Chrome/60.0.3112.107 Moblie Safari/537.36"
20.29.71.103 - - [05/May/2026:01:41:21 -0500] "POST /ALFA_DATA/alfacgiapi/perl.alfa HTTP/2.0" 404 11632 "www.google.com" "Mozlila/5.0 (Linux; Android 7.0; SM-G892A Bulid/NRD90M; wv) AppleWebKit/537.36 (KHTML, like Gecko) Version/4.0 Chrome/60.0.3112.107 Moblie Safari/537.36"
20.29.71.103 - - [05/May/2026:01:41:21 -0500] "POST /wp-plain.php HTTP/2.0" 404 548 "www.google.com" "Mozilla/5.0 (Linux; Android 7.0; SM-G892A Bulid/NRD90M; wv) AppleWebKit/537.36 (KHTML, like Gecko) Version/4.0 Chrome/60.0.3112.107 Moblie Safari/537.36"
20.29.71.103 - - [05/May/2026:01:41:21 -0500] "GET /kbypvlib.php?Fox=d3wL7 HTTP/2.0" 404 548 "www.google.com" "Mozilla/5.0 (Linux; Android 7.0; SM-G892A Bulid/NRD90M; wv) AppleWebKit/537.36 (KHTML, like Gecko) Version/4.0 Chrome/60.0.3112.107 Moblie Safari/537.36"
20.29.71.103 - - [05/May/2026:01:41:21 -0500] "GET / HTTP/2.0" 200 17508 "-" "Mozlila/5.0 (Linux; Android 7.0; SM-G892A Bulid/NRD90M; wv) AppleWebKit/537.36 (KHTML, like Gecko) Version/4.0 Chrome/60.0.3112.107 Moblie Safari/537.36"
20.29.71.103 - - [05/May/2026:01:41:21 -0500] "POST /alfacgiapi/perl.alfa HTTP/2.0" 404 11632 "www.google.com" "Mozlila/5.0 (Linux; Android 7.0; SM-G892A Bulid/NRD90M; wv) AppleWebKit/537.36 (KHTML, like Gecko) Version/4.0 Chrome/60.0.3112.107 Moblie Safari/537.36"
20.29.71.103 - - [05/May/2026:01:41:21 -0500] "GET /wp-content/plugins/apikey/apikey.php?test=hello HTTP/2.0" 403 548 "-" "Mozlila/5.0 (Linux; Android 7.0; SM-G892A Bulid/NRD90M; wv) AppleWebKit/537.36 (KHTML, like Gecko) Version/4.0 Chrome/60.0.3112.107 Moblie Safari/537.36"
20.29.71.103 - - [05/May/2026:01:41:21 -0500] "GET /plugins/content/apismtp/apismtp.php?test=hello HTTP/2.0" 404 548 "-" "Mozlila/5.0 (Linux; Android 7.0; SM-G892A Bulid/NRD90M; wv) AppleWebKit/537.36 (KHTML, like Gecko) Version/4.0 Chrome/60.0.3112.107 Moblie Safari/537.36"
20.29.71.103 - - [05/May/2026:01:41:21 -0500] "GET /wp-content/plugins/apikey/apikey.php.suspected?test=hello HTTP/2.0" 404 11632 "-" "Mozlila/5.0 (Linux; Android 7.0; SM-G892A Bulid/NRD90M; wv) AppleWebKit/537.36 (KHTML, like Gecko) Version/4.0 Chrome/60.0.3112.107 Moblie Safari/537.36"
20.29.71.103 - - [05/May/2026:01:41:22 -0500] "GET /plugins/content/apismtp/apismtp.php.suspected?test=hello HTTP/2.0" 404 11632 "-" "Mozlila/5.0 (Linux; Android 7.0; SM-G892A Bulid/NRD90M; wv) AppleWebKit/537.36 (KHTML, like Gecko) Version/4.0 Chrome/60.0.3112.107 Moblie Safari/537.36"
50.6.229.148 - - [05/May/2026:01:42:09 -0500] "GET /wp-login.php HTTP/2.0" 444 0 "-" "Mozilla/5.0 (Windows NT 6.1; Win64; x64) AppleWebKit/537.36 (KHTML, like Gecko) Chrome/66.0.3359.181 Safari/537.36"
50.6.229.148 - - [05/May/2026:01:42:09 -0500] "POST /wp-login.php HTTP/2.0" 444 0 "https://whitmoremediagroup.com/wp-login.php" "Mozilla/5.0 (Windows NT 6.1; Win64; x64) AppleWebKit/537.36 (KHTML, like Gecko) Chrome/66.0.3359.181 Safari/537.36"
