103.255.134.61 - - [05/May/2026:08:36:08 -0500] "GET /wp-login.php HTTP/2.0" 444 0 "-" "Mozilla/5.0 (Windows NT 6.1; Win64; x64; rv:60.0) Gecko/20100101 Firefox/60.0"
103.255.134.61 - - [05/May/2026:08:36:09 -0500] "POST /wp-login.php HTTP/2.0" 444 0 "https://whitmoremediagroup.com/wp-login.php" "Mozilla/5.0 (Windows NT 6.1; Win64; x64; rv:60.0) Gecko/20100101 Firefox/60.0"
57.128.189.19 - - [05/May/2026:08:36:09 -0500] "GET /?nocache=1777988101 HTTP/2.0" 200 17493 "-" "BigScootsMonitor Mozilla/5.0 (Windows NT 10.0; Win64; x64) AppleWebKit/537.36 (KHTML, like Gecko) Chrome/74.0.3729.169 Safari/537.36"
2607:5300:205:200::61f0 - - [05/May/2026:08:36:10 -0500] "GET /?nocache=1777988101 HTTP/2.0" 200 17493 "-" "BigScootsMonitor Mozilla/5.0 (Windows NT 10.0; Win64; x64) AppleWebKit/537.36 (KHTML, like Gecko) Chrome/74.0.3729.169 Safari/537.36"
57.128.189.19 - - [05/May/2026:08:38:09 -0500] "GET /?nocache=1777988221 HTTP/2.0" 200 17493 "-" "BigScootsMonitor Mozilla/5.0 (Windows NT 10.0; Win64; x64) AppleWebKit/537.36 (KHTML, like Gecko) Chrome/74.0.3729.169 Safari/537.36"
2607:5300:205:200::61f0 - - [05/May/2026:08:38:10 -0500] "GET /?nocache=1777988221 HTTP/2.0" 200 17493 "-" "BigScootsMonitor Mozilla/5.0 (Windows NT 10.0; Win64; x64) AppleWebKit/537.36 (KHTML, like Gecko) Chrome/74.0.3729.169 Safari/537.36"
57.128.189.19 - - [05/May/2026:08:40:09 -0500] "GET /?nocache=1777988401 HTTP/2.0" 200 17493 "-" "BigScootsMonitor Mozilla/5.0 (Windows NT 10.0; Win64; x64) AppleWebKit/537.36 (KHTML, like Gecko) Chrome/74.0.3729.169 Safari/537.36"
154.18.244.252 - - [05/May/2026:08:40:10 -0500] "POST /wp-cron.php?doing_wp_cron=1777988410.6373391151428222656250 HTTP/2.0" 200 1 "-" "WordPress/6.8.5; https://whitmoremediagroup.com"
2607:5300:205:200::61f0 - - [05/May/2026:08:40:10 -0500] "GET /?nocache=1777988401 HTTP/2.0" 200 17493 "-" "BigScootsMonitor Mozilla/5.0 (Windows NT 10.0; Win64; x64) AppleWebKit/537.36 (KHTML, like Gecko) Chrome/74.0.3729.169 Safari/537.36"
57.128.189.19 - - [05/May/2026:08:42:09 -0500] "GET /?nocache=1777988521 HTTP/2.0" 200 17493 "-" "BigScootsMonitor Mozilla/5.0 (Windows NT 10.0; Win64; x64) AppleWebKit/537.36 (KHTML, like Gecko) Chrome/74.0.3729.169 Safari/537.36"
2607:5300:205:200::61f0 - - [05/May/2026:08:42:10 -0500] "GET /?nocache=1777988521 HTTP/2.0" 200 17493 "-" "BigScootsMonitor Mozilla/5.0 (Windows NT 10.0; Win64; x64) AppleWebKit/537.36 (KHTML, like Gecko) Chrome/74.0.3729.169 Safari/537.36"
57.128.189.19 - - [05/May/2026:08:44:09 -0500] "GET /?nocache=1777988581 HTTP/2.0" 200 17493 "-" "BigScootsMonitor Mozilla/5.0 (Windows NT 10.0; Win64; x64) AppleWebKit/537.36 (KHTML, like Gecko) Chrome/74.0.3729.169 Safari/537.36"
2607:5300:205:200::61f0 - - [05/May/2026:08:44:10 -0500] "GET /?nocache=1777988581 HTTP/2.0" 200 17493 "-" "BigScootsMonitor Mozilla/5.0 (Windows NT 10.0; Win64; x64) AppleWebKit/537.36 (KHTML, like Gecko) Chrome/74.0.3729.169 Safari/537.36"
82.165.2.172 - - [05/May/2026:08:44:40 -0500] "GET /wp-login.php HTTP/2.0" 200 1738 "-" "Mozilla/5.0 (Macintosh; Intel Mac OS X 10_13_5) AppleWebKit/537.36 (KHTML, like Gecko) Chrome/67.0.3396.79 Safari/537.36"
82.165.2.172 - - [05/May/2026:08:44:41 -0500] "POST /wp-login.php HTTP/2.0" 200 1857 "https://whitmoremediagroup.com/wp-login.php" "Mozilla/5.0 (Macintosh; Intel Mac OS X 10_13_5) AppleWebKit/537.36 (KHTML, like Gecko) Chrome/67.0.3396.79 Safari/537.36"
57.128.189.19 - - [05/May/2026:08:46:09 -0500] "GET /?nocache=1777988761 HTTP/2.0" 200 17493 "-" "BigScootsMonitor Mozilla/5.0 (Windows NT 10.0; Win64; x64) AppleWebKit/537.36 (KHTML, like Gecko) Chrome/74.0.3729.169 Safari/537.36"
2607:5300:205:200::61f0 - - [05/May/2026:08:46:10 -0500] "GET /?nocache=1777988761 HTTP/2.0" 200 17493 "-" "BigScootsMonitor Mozilla/5.0 (Windows NT 10.0; Win64; x64) AppleWebKit/537.36 (KHTML, like Gecko) Chrome/74.0.3729.169 Safari/537.36"
198.46.83.219 - - [05/May/2026:08:47:03 -0500] "GET /wp-login.php HTTP/2.0" 200 1738 "-" "Mozilla/5.0 (Windows NT 6.1; Win64; x64) AppleWebKit/537.36 (KHTML, like Gecko) Chrome/64.0.3282.186 Safari/537.36 OPR/51.0.2830.55"
198.46.83.219 - - [05/May/2026:08:47:03 -0500] "POST /wp-login.php HTTP/2.0" 200 1880 "https://whitmoremediagroup.com/wp-login.php" "Mozilla/5.0 (Windows NT 6.1; Win64; x64) AppleWebKit/537.36 (KHTML, like Gecko) Chrome/64.0.3282.186 Safari/537.36 OPR/51.0.2830.55"
57.128.189.19 - - [05/May/2026:08:48:09 -0500] "GET /?nocache=1777988881 HTTP/2.0" 200 17493 "-" "BigScootsMonitor Mozilla/5.0 (Windows NT 10.0; Win64; x64) AppleWebKit/537.36 (KHTML, like Gecko) Chrome/74.0.3729.169 Safari/537.36"
2607:5300:205:200::61f0 - - [05/May/2026:08:48:10 -0500] "GET /?nocache=1777988881 HTTP/2.0" 200 17493 "-" "BigScootsMonitor Mozilla/5.0 (Windows NT 10.0; Win64; x64) AppleWebKit/537.36 (KHTML, like Gecko) Chrome/74.0.3729.169 Safari/537.36"
154.18.244.252 - - [05/May/2026:08:50:09 -0500] "POST /wp-cron.php?doing_wp_cron=1777989009.6968960762023925781250 HTTP/2.0" 200 1 "-" "WordPress/6.8.5; https://whitmoremediagroup.com"
57.128.189.19 - - [05/May/2026:08:50:09 -0500] "GET /?nocache=1777988941 HTTP/2.0" 200 17493 "-" "BigScootsMonitor Mozilla/5.0 (Windows NT 10.0; Win64; x64) AppleWebKit/537.36 (KHTML, like Gecko) Chrome/74.0.3729.169 Safari/537.36"
2607:5300:205:200::61f0 - - [05/May/2026:08:50:10 -0500] "GET /?nocache=1777989001 HTTP/2.0" 200 17493 "-" "BigScootsMonitor Mozilla/5.0 (Windows NT 10.0; Win64; x64) AppleWebKit/537.36 (KHTML, like Gecko) Chrome/74.0.3729.169 Safari/537.36"
57.128.189.19 - - [05/May/2026:08:52:09 -0500] "GET /?nocache=1777989061 HTTP/2.0" 200 17493 "-" "BigScootsMonitor Mozilla/5.0 (Windows NT 10.0; Win64; x64) AppleWebKit/537.36 (KHTML, like Gecko) Chrome/74.0.3729.169 Safari/537.36"
2607:5300:205:200::61f0 - - [05/May/2026:08:52:11 -0500] "GET /?nocache=1777989061 HTTP/2.0" 200 17493 "-" "BigScootsMonitor Mozilla/5.0 (Windows NT 10.0; Win64; x64) AppleWebKit/537.36 (KHTML, like Gecko) Chrome/74.0.3729.169 Safari/537.36"
57.128.189.19 - - [05/May/2026:08:54:10 -0500] "GET /?nocache=1777989181 HTTP/2.0" 200 17493 "-" "BigScootsMonitor Mozilla/5.0 (Windows NT 10.0; Win64; x64) AppleWebKit/537.36 (KHTML, like Gecko) Chrome/74.0.3729.169 Safari/537.36"
2607:5300:205:200::61f0 - - [05/May/2026:08:54:10 -0500] "GET /?nocache=1777989181 HTTP/2.0" 200 17493 "-" "BigScootsMonitor Mozilla/5.0 (Windows NT 10.0; Win64; x64) AppleWebKit/537.36 (KHTML, like Gecko) Chrome/74.0.3729.169 Safari/537.36"
198.46.83.219 - - [05/May/2026:08:55:44 -0500] "GET /wp-login.php HTTP/2.0" 200 1738 "-" "Mozilla/5.0 (Macintosh; Intel Mac OS X 10_13_4) AppleWebKit/537.36 (KHTML, like Gecko) Chrome/67.0.3396.79 Safari/537.36"
198.46.83.219 - - [05/May/2026:08:55:48 -0500] "POST /wp-login.php HTTP/2.0" 200 1880 "https://whitmoremediagroup.com/wp-login.php" "Mozilla/5.0 (Macintosh; Intel Mac OS X 10_13_4) AppleWebKit/537.36 (KHTML, like Gecko) Chrome/67.0.3396.79 Safari/537.36"
57.128.189.19 - - [05/May/2026:08:56:09 -0500] "GET /?nocache=1777989301 HTTP/2.0" 200 17493 "-" "BigScootsMonitor Mozilla/5.0 (Windows NT 10.0; Win64; x64) AppleWebKit/537.36 (KHTML, like Gecko) Chrome/74.0.3729.169 Safari/537.36"
2607:5300:205:200::61f0 - - [05/May/2026:08:56:10 -0500] "GET /?nocache=1777989301 HTTP/2.0" 200 17493 "-" "BigScootsMonitor Mozilla/5.0 (Windows NT 10.0; Win64; x64) AppleWebKit/537.36 (KHTML, like Gecko) Chrome/74.0.3729.169 Safari/537.36"
57.128.189.19 - - [05/May/2026:08:58:10 -0500] "GET /?nocache=1777989421 HTTP/2.0" 200 17493 "-" "BigScootsMonitor Mozilla/5.0 (Windows NT 10.0; Win64; x64) AppleWebKit/537.36 (KHTML, like Gecko) Chrome/74.0.3729.169 Safari/537.36"
2607:5300:205:200::61f0 - - [05/May/2026:08:58:10 -0500] "GET /?nocache=1777989421 HTTP/2.0" 200 17493 "-" "BigScootsMonitor Mozilla/5.0 (Windows NT 10.0; Win64; x64) AppleWebKit/537.36 (KHTML, like Gecko) Chrome/74.0.3729.169 Safari/537.36"
57.128.189.19 - - [05/May/2026:09:00:09 -0500] "GET /?nocache=1777989541 HTTP/2.0" 200 17493 "-" "BigScootsMonitor Mozilla/5.0 (Windows NT 10.0; Win64; x64) AppleWebKit/537.36 (KHTML, like Gecko) Chrome/74.0.3729.169 Safari/537.36"
2607:5300:205:200::61f0 - - [05/May/2026:09:00:10 -0500] "GET /?nocache=1777989541 HTTP/2.0" 200 17493 "-" "BigScootsMonitor Mozilla/5.0 (Windows NT 10.0; Win64; x64) AppleWebKit/537.36 (KHTML, like Gecko) Chrome/74.0.3729.169 Safari/537.36"
79.133.41.165 - - [05/May/2026:09:01:15 -0500] "GET /wp-login.php HTTP/2.0" 200 1738 "-" "Mozilla/4.0 (compatible; MSIE 7.0; Windows NT 6.1; Win64; x64; Trident/7.0; .NET CLR 2.0.50727; SLCC2; .NET CLR 3.5.30729; .NET CLR 3.0.30729; Media Center PC 6.0; .NET4.0C; .NET4.0E; GWX:QUALIFIED)"
79.133.41.165 - - [05/May/2026:09:01:15 -0500] "POST /wp-login.php HTTP/2.0" 200 1857 "https://whitmoremediagroup.com/wp-login.php" "Mozilla/4.0 (compatible; MSIE 7.0; Windows NT 6.1; Win64; x64; Trident/7.0; .NET CLR 2.0.50727; SLCC2; .NET CLR 3.5.30729; .NET CLR 3.0.30729; Media Center PC 6.0; .NET4.0C; .NET4.0E; GWX:QUALIFIED)"
57.128.189.19 - - [05/May/2026:09:02:09 -0500] "GET /?nocache=1777989721 HTTP/2.0" 200 17493 "-" "BigScootsMonitor Mozilla/5.0 (Windows NT 10.0; Win64; x64) AppleWebKit/537.36 (KHTML, like Gecko) Chrome/74.0.3729.169 Safari/537.36"
2607:5300:205:200::61f0 - - [05/May/2026:09:02:10 -0500] "GET /?nocache=1777989721 HTTP/2.0" 200 17493 "-" "BigScootsMonitor Mozilla/5.0 (Windows NT 10.0; Win64; x64) AppleWebKit/537.36 (KHTML, like Gecko) Chrome/74.0.3729.169 Safari/537.36"
38.95.35.85 - - [05/May/2026:09:03:39 -0500] "GET /wp-login.php HTTP/2.0" 200 1738 "-" "Mozilla/5.0 (Macintosh; Intel Mac OS X 10_13_1) AppleWebKit/537.36 (KHTML, like Gecko) Chrome/66.0.3359.181 Safari/537.36"
38.95.35.85 - - [05/May/2026:09:03:39 -0500] "POST /wp-login.php HTTP/2.0" 200 1880 "https://whitmoremediagroup.com/wp-login.php" "Mozilla/5.0 (Macintosh; Intel Mac OS X 10_13_1) AppleWebKit/537.36 (KHTML, like Gecko) Chrome/66.0.3359.181 Safari/537.36"
57.128.189.19 - - [05/May/2026:09:04:09 -0500] "GET /?nocache=1777989781 HTTP/2.0" 200 17493 "-" "BigScootsMonitor Mozilla/5.0 (Windows NT 10.0; Win64; x64) AppleWebKit/537.36 (KHTML, like Gecko) Chrome/74.0.3729.169 Safari/537.36"
2607:5300:205:200::61f0 - - [05/May/2026:09:04:10 -0500] "GET /?nocache=1777989781 HTTP/2.0" 200 17493 "-" "BigScootsMonitor Mozilla/5.0 (Windows NT 10.0; Win64; x64) AppleWebKit/537.36 (KHTML, like Gecko) Chrome/74.0.3729.169 Safari/537.36"
57.128.189.19 - - [05/May/2026:09:06:09 -0500] "GET /?nocache=1777989961 HTTP/2.0" 200 17493 "-" "BigScootsMonitor Mozilla/5.0 (Windows NT 10.0; Win64; x64) AppleWebKit/537.36 (KHTML, like Gecko) Chrome/74.0.3729.169 Safari/537.36"
2607:5300:205:200::61f0 - - [05/May/2026:09:06:10 -0500] "GET /?nocache=1777989961 HTTP/2.0" 200 17493 "-" "BigScootsMonitor Mozilla/5.0 (Windows NT 10.0; Win64; x64) AppleWebKit/537.36 (KHTML, like Gecko) Chrome/74.0.3729.169 Safari/537.36"
57.128.189.19 - - [05/May/2026:09:08:09 -0500] "GET /?nocache=1777990081 HTTP/2.0" 200 17493 "-" "BigScootsMonitor Mozilla/5.0 (Windows NT 10.0; Win64; x64) AppleWebKit/537.36 (KHTML, like Gecko) Chrome/74.0.3729.169 Safari/537.36"
2607:5300:205:200::61f0 - - [05/May/2026:09:08:10 -0500] "GET /?nocache=1777990081 HTTP/2.0" 200 17493 "-" "BigScootsMonitor Mozilla/5.0 (Windows NT 10.0; Win64; x64) AppleWebKit/537.36 (KHTML, like Gecko) Chrome/74.0.3729.169 Safari/537.36"
57.128.189.19 - - [05/May/2026:09:10:09 -0500] "GET /?nocache=1777990141 HTTP/2.0" 200 17493 "-" "BigScootsMonitor Mozilla/5.0 (Windows NT 10.0; Win64; x64) AppleWebKit/537.36 (KHTML, like Gecko) Chrome/74.0.3729.169 Safari/537.36"
2607:5300:205:200::61f0 - - [05/May/2026:09:10:11 -0500] "GET /?nocache=1777990201 HTTP/2.0" 200 17493 "-" "BigScootsMonitor Mozilla/5.0 (Windows NT 10.0; Win64; x64) AppleWebKit/537.36 (KHTML, like Gecko) Chrome/74.0.3729.169 Safari/537.36"
57.128.189.19 - - [05/May/2026:09:12:09 -0500] "GET /?nocache=1777990262 HTTP/2.0" 200 17493 "-" "BigScootsMonitor Mozilla/5.0 (Windows NT 10.0; Win64; x64) AppleWebKit/537.36 (KHTML, like Gecko) Chrome/74.0.3729.169 Safari/537.36"
2607:5300:205:200::61f0 - - [05/May/2026:09:12:10 -0500] "GET /?nocache=1777990262 HTTP/2.0" 200 17493 "-" "BigScootsMonitor Mozilla/5.0 (Windows NT 10.0; Win64; x64) AppleWebKit/537.36 (KHTML, like Gecko) Chrome/74.0.3729.169 Safari/537.36"
57.128.189.19 - - [05/May/2026:09:14:09 -0500] "GET /?nocache=1777990381 HTTP/2.0" 200 17493 "-" "BigScootsMonitor Mozilla/5.0 (Windows NT 10.0; Win64; x64) AppleWebKit/537.36 (KHTML, like Gecko) Chrome/74.0.3729.169 Safari/537.36"
2607:5300:205:200::61f0 - - [05/May/2026:09:14:10 -0500] "GET /?nocache=1777990381 HTTP/2.0" 200 17493 "-" "BigScootsMonitor Mozilla/5.0 (Windows NT 10.0; Win64; x64) AppleWebKit/537.36 (KHTML, like Gecko) Chrome/74.0.3729.169 Safari/537.36"
57.128.189.19 - - [05/May/2026:09:16:09 -0500] "GET /?nocache=1777990501 HTTP/2.0" 200 17493 "-" "BigScootsMonitor Mozilla/5.0 (Windows NT 10.0; Win64; x64) AppleWebKit/537.36 (KHTML, like Gecko) Chrome/74.0.3729.169 Safari/537.36"
2607:5300:205:200::61f0 - - [05/May/2026:09:16:10 -0500] "GET /?nocache=1777990501 HTTP/2.0" 200 17493 "-" "BigScootsMonitor Mozilla/5.0 (Windows NT 10.0; Win64; x64) AppleWebKit/537.36 (KHTML, like Gecko) Chrome/74.0.3729.169 Safari/537.36"
103.8.27.27 - - [05/May/2026:09:16:45 -0500] "GET /.env HTTP/2.0" 444 0 "-" "Mozilla/5.0 (X11; Linux x86_64)"
103.8.27.27 - - [05/May/2026:09:16:45 -0500] "GET /dash/.env HTTP/2.0" 444 0 "-" "Mozilla/5.0 (X11; Linux x86_64)"
103.8.27.27 - - [05/May/2026:09:16:45 -0500] "GET /secure/.env HTTP/2.0" 444 0 "-" "Mozilla/5.0 (X11; Linux x86_64)"
103.8.27.27 - - [05/May/2026:09:16:45 -0500] "GET /app/.env HTTP/2.0" 444 0 "-" "Mozilla/5.0 (X11; Linux x86_64)"
103.8.27.27 - - [05/May/2026:09:16:45 -0500] "GET /api/.env HTTP/2.0" 444 0 "-" "Mozilla/5.0 (X11; Linux x86_64)"
142.93.215.41 - - [05/May/2026:09:17:11 -0500] "GET /wp-login.php HTTP/2.0" 444 0 "-" "Mozilla/5.0 (Windows NT 6.1; WOW64; Trident/7.0; EIE10;ENUSMSE; rv:11.0) like Gecko"
142.93.215.41 - - [05/May/2026:09:17:12 -0500] "POST /wp-login.php HTTP/2.0" 444 0 "https://whitmoremediagroup.com/wp-login.php" "Mozilla/5.0 (Windows NT 6.1; WOW64; Trident/7.0; EIE10;ENUSMSE; rv:11.0) like Gecko"
57.128.189.19 - - [05/May/2026:09:18:09 -0500] "GET /?nocache=1777990621 HTTP/2.0" 200 17493 "-" "BigScootsMonitor Mozilla/5.0 (Windows NT 10.0; Win64; x64) AppleWebKit/537.36 (KHTML, like Gecko) Chrome/74.0.3729.169 Safari/537.36"
2607:5300:205:200::61f0 - - [05/May/2026:09:18:10 -0500] "GET /?nocache=1777990621 HTTP/2.0" 200 17493 "-" "BigScootsMonitor Mozilla/5.0 (Windows NT 10.0; Win64; x64) AppleWebKit/537.36 (KHTML, like Gecko) Chrome/74.0.3729.169 Safari/537.36"
172.245.70.151 - - [05/May/2026:09:18:54 -0500] "POST /wp-login.php HTTP/2.0" 200 1876 "-" "Mozilla/5.0 (Windows NT 10.0; WOW64) AppleWebKit/537.36 (KHTML, like Gecko) Chrome/142.0.0.0 Safari/537.36 Edg/142.0.0.0"
121.200.217.27 - - [05/May/2026:09:19:00 -0500] "GET /wp-login.php HTTP/2.0" 444 0 "-" "Mozilla/5.0 (Windows NT 6.3; Win64; x64) AppleWebKit/537.36 (KHTML, like Gecko) Chrome/58.0.3029.110 Safari/537.36 Edge/16.16299"
121.200.217.27 - - [05/May/2026:09:19:01 -0500] "POST /wp-login.php HTTP/2.0" 444 0 "https://whitmoremediagroup.com/wp-login.php" "Mozilla/5.0 (Windows NT 6.3; Win64; x64) AppleWebKit/537.36 (KHTML, like Gecko) Chrome/58.0.3029.110 Safari/537.36 Edge/16.16299"
170.106.73.216 - - [05/May/2026:09:19:27 -0500] "GET / HTTP/2.0" 444 0 "http://whitmoremediagroup.com" "Mozilla/5.0 (iPhone; CPU iPhone OS 13_2_3 like Mac OS X) AppleWebKit/605.1.15 (KHTML, like Gecko) Version/13.0.3 Mobile/15E148 Safari/604.1"
57.128.189.19 - - [05/May/2026:09:20:09 -0500] "GET /?nocache=1777990741 HTTP/2.0" 200 17493 "-" "BigScootsMonitor Mozilla/5.0 (Windows NT 10.0; Win64; x64) AppleWebKit/537.36 (KHTML, like Gecko) Chrome/74.0.3729.169 Safari/537.36"
2607:5300:205:200::61f0 - - [05/May/2026:09:20:10 -0500] "GET /?nocache=1777990741 HTTP/2.0" 200 17493 "-" "BigScootsMonitor Mozilla/5.0 (Windows NT 10.0; Win64; x64) AppleWebKit/537.36 (KHTML, like Gecko) Chrome/74.0.3729.169 Safari/537.36"
57.128.189.19 - - [05/May/2026:09:22:09 -0500] "GET /?nocache=1777990861 HTTP/2.0" 200 17493 "-" "BigScootsMonitor Mozilla/5.0 (Windows NT 10.0; Win64; x64) AppleWebKit/537.36 (KHTML, like Gecko) Chrome/74.0.3729.169 Safari/537.36"
2607:5300:205:200::61f0 - - [05/May/2026:09:22:10 -0500] "GET /?nocache=1777990861 HTTP/2.0" 200 17493 "-" "BigScootsMonitor Mozilla/5.0 (Windows NT 10.0; Win64; x64) AppleWebKit/537.36 (KHTML, like Gecko) Chrome/74.0.3729.169 Safari/537.36"
57.128.189.19 - - [05/May/2026:09:24:09 -0500] "GET /?nocache=1777990981 HTTP/2.0" 200 17493 "-" "BigScootsMonitor Mozilla/5.0 (Windows NT 10.0; Win64; x64) AppleWebKit/537.36 (KHTML, like Gecko) Chrome/74.0.3729.169 Safari/537.36"
2607:5300:205:200::61f0 - - [05/May/2026:09:24:11 -0500] "GET /?nocache=1777990981 HTTP/2.0" 200 17493 "-" "BigScootsMonitor Mozilla/5.0 (Windows NT 10.0; Win64; x64) AppleWebKit/537.36 (KHTML, like Gecko) Chrome/74.0.3729.169 Safari/537.36"
50.87.144.21 - - [05/May/2026:09:25:12 -0500] "GET /wp-login.php HTTP/2.0" 200 1738 "-" "Mozilla/5.0 (Windows NT 6.1; WOW64; Trident/7.0; MSBrowserIE; rv:11.0) like Gecko"
50.87.144.21 - - [05/May/2026:09:25:12 -0500] "POST /wp-login.php HTTP/2.0" 200 1857 "https://whitmoremediagroup.com/wp-login.php" "Mozilla/5.0 (Windows NT 6.1; WOW64; Trident/7.0; MSBrowserIE; rv:11.0) like Gecko"
57.128.189.19 - - [05/May/2026:09:26:09 -0500] "GET /?nocache=1777991161 HTTP/2.0" 200 17493 "-" "BigScootsMonitor Mozilla/5.0 (Windows NT 10.0; Win64; x64) AppleWebKit/537.36 (KHTML, like Gecko) Chrome/74.0.3729.169 Safari/537.36"
2607:5300:205:200::61f0 - - [05/May/2026:09:26:10 -0500] "GET /?nocache=1777991161 HTTP/2.0" 200 17493 "-" "BigScootsMonitor Mozilla/5.0 (Windows NT 10.0; Win64; x64) AppleWebKit/537.36 (KHTML, like Gecko) Chrome/74.0.3729.169 Safari/537.36"
74.91.224.220 - - [05/May/2026:09:26:46 -0500] "GET /wp-login.php HTTP/2.0" 444 0 "-" "Mozilla/5.0 (Windows NT 6.1; Win64; x64) AppleWebKit/537.36 (KHTML, like Gecko) Chrome/66.0.3359.181 Safari/537.36"
74.91.224.220 - - [05/May/2026:09:26:48 -0500] "POST /wp-login.php HTTP/2.0" 444 0 "https://whitmoremediagroup.com/wp-login.php" "Mozilla/5.0 (Windows NT 6.1; Win64; x64) AppleWebKit/537.36 (KHTML, like Gecko) Chrome/66.0.3359.181 Safari/537.36"
216.73.217.114 - - [05/May/2026:09:26:49 -0500] "GET /sitemap.xml HTTP/2.0" 301 0 "-" "Mozilla/5.0 AppleWebKit/537.36 (KHTML, like Gecko; compatible; ClaudeBot/1.0; [email protected])"
216.73.217.114 - - [05/May/2026:09:26:49 -0500] "GET /wp-sitemap.xml HTTP/2.0" 200 172 "https://whitmoremediagroup.com/sitemap.xml" "Mozilla/5.0 AppleWebKit/537.36 (KHTML, like Gecko; compatible; ClaudeBot/1.0; [email protected])"
57.128.189.19 - - [05/May/2026:09:28:09 -0500] "GET /?nocache=1777991221 HTTP/2.0" 200 17493 "-" "BigScootsMonitor Mozilla/5.0 (Windows NT 10.0; Win64; x64) AppleWebKit/537.36 (KHTML, like Gecko) Chrome/74.0.3729.169 Safari/537.36"
2607:5300:205:200::61f0 - - [05/May/2026:09:28:10 -0500] "GET /?nocache=1777991281 HTTP/2.0" 200 17493 "-" "BigScootsMonitor Mozilla/5.0 (Windows NT 10.0; Win64; x64) AppleWebKit/537.36 (KHTML, like Gecko) Chrome/74.0.3729.169 Safari/537.36"
57.128.189.19 - - [05/May/2026:09:30:09 -0500] "GET /?nocache=1777991341 HTTP/2.0" 200 17493 "-" "BigScootsMonitor Mozilla/5.0 (Windows NT 10.0; Win64; x64) AppleWebKit/537.36 (KHTML, like Gecko) Chrome/74.0.3729.169 Safari/537.36"
2607:5300:205:200::61f0 - - [05/May/2026:09:30:11 -0500] "GET /?nocache=1777991341 HTTP/2.0" 200 17493 "-" "BigScootsMonitor Mozilla/5.0 (Windows NT 10.0; Win64; x64) AppleWebKit/537.36 (KHTML, like Gecko) Chrome/74.0.3729.169 Safari/537.36"
57.128.189.19 - - [05/May/2026:09:32:09 -0500] "GET /?nocache=1777991461 HTTP/2.0" 200 17493 "-" "BigScootsMonitor Mozilla/5.0 (Windows NT 10.0; Win64; x64) AppleWebKit/537.36 (KHTML, like Gecko) Chrome/74.0.3729.169 Safari/537.36"
2607:5300:205:200::61f0 - - [05/May/2026:09:32:10 -0500] "GET /?nocache=1777991461 HTTP/2.0" 200 17493 "-" "BigScootsMonitor Mozilla/5.0 (Windows NT 10.0; Win64; x64) AppleWebKit/537.36 (KHTML, like Gecko) Chrome/74.0.3729.169 Safari/537.36"
216.194.174.116 - - [05/May/2026:09:33:11 -0500] "GET /wp-login.php HTTP/2.0" 200 1738 "-" "Mozilla/5.0 (Macintosh; Intel Mac OS X 10_13_2) AppleWebKit/537.36 (KHTML, like Gecko) Chrome/65.0.3298.3 Safari/537.36"
216.194.174.116 - - [05/May/2026:09:33:11 -0500] "POST /wp-login.php HTTP/2.0" 200 1857 "https://whitmoremediagroup.com/wp-login.php" "Mozilla/5.0 (Macintosh; Intel Mac OS X 10_13_2) AppleWebKit/537.36 (KHTML, like Gecko) Chrome/65.0.3298.3 Safari/537.36"
57.128.189.19 - - [05/May/2026:09:34:09 -0500] "GET /?nocache=1777991641 HTTP/2.0" 200 17493 "-" "BigScootsMonitor Mozilla/5.0 (Windows NT 10.0; Win64; x64) AppleWebKit/537.36 (KHTML, like Gecko) Chrome/74.0.3729.169 Safari/537.36"
2607:5300:205:200::61f0 - - [05/May/2026:09:34:10 -0500] "GET /?nocache=1777991641 HTTP/2.0" 200 17493 "-" "BigScootsMonitor Mozilla/5.0 (Windows NT 10.0; Win64; x64) AppleWebKit/537.36 (KHTML, like Gecko) Chrome/74.0.3729.169 Safari/537.36"
162.241.253.30 - - [05/May/2026:09:34:49 -0500] "GET /wp-login.php HTTP/2.0" 200 1738 "-" "Mozilla/5.0 (Windows NT 10.0; WOW64) AppleWebKit/537.36 (KHTML, like Gecko) Chrome/66.0.3359.170 Safari/537.36 OPR/53.0.2907.99"
162.241.253.30 - - [05/May/2026:09:34:50 -0500] "POST /wp-login.php HTTP/2.0" 200 1880 "https://whitmoremediagroup.com/wp-login.php" "Mozilla/5.0 (Windows NT 10.0; WOW64) AppleWebKit/537.36 (KHTML, like Gecko) Chrome/66.0.3359.170 Safari/537.36 OPR/53.0.2907.99"
57.128.189.19 - - [05/May/2026:09:36:09 -0500] "GET /?nocache=1777991761 HTTP/2.0" 200 17493 "-" "BigScootsMonitor Mozilla/5.0 (Windows NT 10.0; Win64; x64) AppleWebKit/537.36 (KHTML, like Gecko) Chrome/74.0.3729.169 Safari/537.36"
2607:5300:205:200::61f0 - - [05/May/2026:09:36:10 -0500] "GET /?nocache=1777991761 HTTP/2.0" 200 17493 "-" "BigScootsMonitor Mozilla/5.0 (Windows NT 10.0; Win64; x64) AppleWebKit/537.36 (KHTML, like Gecko) Chrome/74.0.3729.169 Safari/537.36"
154.18.244.252 - - [05/May/2026:09:38:09 -0500] "POST /wp-cron.php?doing_wp_cron=1777991889.8676800727844238281250 HTTP/2.0" 200 1 "-" "WordPress/6.8.5; https://whitmoremediagroup.com"
57.128.189.19 - - [05/May/2026:09:38:09 -0500] "GET /?nocache=1777991821 HTTP/2.0" 200 17493 "-" "BigScootsMonitor Mozilla/5.0 (Windows NT 10.0; Win64; x64) AppleWebKit/537.36 (KHTML, like Gecko) Chrome/74.0.3729.169 Safari/537.36"
2607:5300:205:200::61f0 - - [05/May/2026:09:38:10 -0500] "GET /?nocache=1777991821 HTTP/2.0" 200 17493 "-" "BigScootsMonitor Mozilla/5.0 (Windows NT 10.0; Win64; x64) AppleWebKit/537.36 (KHTML, like Gecko) Chrome/74.0.3729.169 Safari/537.36"
154.18.244.252 - - [05/May/2026:09:40:10 -0500] "POST /wp-cron.php?doing_wp_cron=1777992010.1461029052734375000000 HTTP/2.0" 200 1 "-" "WordPress/6.8.5; https://whitmoremediagroup.com"
57.128.189.19 - - [05/May/2026:09:40:10 -0500] "GET /?nocache=1777991942 HTTP/2.0" 200 17493 "-" "BigScootsMonitor Mozilla/5.0 (Windows NT 10.0; Win64; x64) AppleWebKit/537.36 (KHTML, like Gecko) Chrome/74.0.3729.169 Safari/537.36"
2607:5300:205:200::61f0 - - [05/May/2026:09:40:10 -0500] "GET /?nocache=1777991942 HTTP/2.0" 200 17493 "-" "BigScootsMonitor Mozilla/5.0 (Windows NT 10.0; Win64; x64) AppleWebKit/537.36 (KHTML, like Gecko) Chrome/74.0.3729.169 Safari/537.36"
74.91.224.220 - - [05/May/2026:09:41:39 -0500] "GET /wp-login.php HTTP/2.0" 444 0 "-" "Mozilla/5.0 (Macintosh; Intel Mac OS X 10_13_4) AppleWebKit/605.1.15 (KHTML, like Gecko) Version/11.1 Safari/605.1.15"
74.91.224.220 - - [05/May/2026:09:41:39 -0500] "POST /wp-login.php HTTP/2.0" 444 0 "https://whitmoremediagroup.com/wp-login.php" "Mozilla/5.0 (Macintosh; Intel Mac OS X 10_13_4) AppleWebKit/605.1.15 (KHTML, like Gecko) Version/11.1 Safari/605.1.15"
57.128.189.19 - - [05/May/2026:09:42:09 -0500] "GET /?nocache=1777992121 HTTP/2.0" 200 17493 "-" "BigScootsMonitor Mozilla/5.0 (Windows NT 10.0; Win64; x64) AppleWebKit/537.36 (KHTML, like Gecko) Chrome/74.0.3729.169 Safari/537.36"
2607:5300:205:200::61f0 - - [05/May/2026:09:42:11 -0500] "GET /?nocache=1777992121 HTTP/2.0" 200 17493 "-" "BigScootsMonitor Mozilla/5.0 (Windows NT 10.0; Win64; x64) AppleWebKit/537.36 (KHTML, like Gecko) Chrome/74.0.3729.169 Safari/537.36"
185.118.190.162 - - [05/May/2026:09:43:17 -0500] "GET /wp-login.php HTTP/2.0" 200 1738 "-" "Mozilla/5.0 (Macintosh; Intel Mac OS X 10_11_6) AppleWebKit/537.36 (KHTML, like Gecko) Chrome/67.0.3396.62 Safari/537.36"
185.118.190.162 - - [05/May/2026:09:43:17 -0500] "POST /wp-login.php HTTP/2.0" 200 1880 "https://whitmoremediagroup.com/wp-login.php" "Mozilla/5.0 (Macintosh; Intel Mac OS X 10_11_6) AppleWebKit/537.36 (KHTML, like Gecko) Chrome/67.0.3396.62 Safari/537.36"
192.109.200.187 - - [05/May/2026:09:43:29 -0500] "HEAD / HTTP/2.0" 200 0 "https://whitmoremediagroup.com/" "Mozilla/5.0 (Windows NT 10.0; Win64; x64) AppleWebKit/537.36 (KHTML, like Gecko) Chrome/91.0.4472.124 Safari/537.36"
192.109.200.187 - - [05/May/2026:09:43:30 -0500] "HEAD / HTTP/2.0" 200 0 "https://whitmoremediagroup.com/" "Mozilla/5.0 (Windows NT 10.0; Win64; x64) AppleWebKit/537.36 (KHTML, like Gecko) Chrome/91.0.4472.124 Safari/537.36"
192.109.200.187 - - [05/May/2026:09:43:30 -0500] "POST /wp-login.php HTTP/2.0" 200 1738 "https://www.google.com/" "Mozilla/5.0 (Windows NT 10.0; Win64; x64) AppleWebKit/537.36 (KHTML, like Gecko) Chrome/91.0.4472.124 Safari/537.36"
192.109.200.187 - - [05/May/2026:09:43:30 -0500] "POST /wp-login.php HTTP/2.0" 302 0 "https://whitmoremediagroup.com/wp-admin/" "Mozilla/5.0 (Windows NT 10.0; Win64; x64) AppleWebKit/537.36 (KHTML, like Gecko) Chrome/90.0.4430.85 Safari/537.36"
192.109.200.187 - - [05/May/2026:09:43:31 -0500] "GET /wp-login.php?redirect_to=https%3A%2F%2Fwhitmoremediagroup.com%2Fwp-admin%2F&action=confirm_admin_email&wp_lang=en_US HTTP/2.0" 200 1142 "https://whitmoremediagroup.com/wp-admin/" "Mozilla/5.0 (Windows NT 10.0; Win64; x64) AppleWebKit/537.36 (KHTML, like Gecko) Chrome/90.0.4430.85 Safari/537.36"
192.109.200.187 - - [05/May/2026:09:43:31 -0500] "GET /wp-admin/ HTTP/2.0" 200 19080 "https://www.google.com/" "Mozilla/5.0 (Windows NT 10.0; Win64; x64) AppleWebKit/537.36 (KHTML, like Gecko) Chrome/91.0.4472.124 Safari/537.36"
192.109.200.187 - - [05/May/2026:09:43:32 -0500] "GET /wp-admin/plugin-install.php?tab=upload HTTP/2.0" 200 11953 "https://www.google.com/" "Mozilla/5.0 (Windows NT 10.0; Win64; x64) AppleWebKit/537.36 (KHTML, like Gecko) Chrome/91.0.4472.124 Safari/537.36"
192.109.200.187 - - [05/May/2026:09:43:33 -0500] "POST /wp-admin/update.php?action=upload-plugin HTTP/2.0" 200 10626 "https://whitmoremediagroup.com/wp-admin/plugin-install.php" "Mozilla/5.0 (Windows NT 10.0; Win64; x64) AppleWebKit/537.36 (KHTML, like Gecko) Chrome/132.0.0.0 Safari/537.36"
192.109.200.187 - - [05/May/2026:09:43:33 -0500] "GET /wp-content/plugins/wkejd/index.php HTTP/2.0" 403 146 "-" "python-requests/2.32.3"
192.109.200.187 - - [05/May/2026:09:43:33 -0500] "GET /wp-admin/ HTTP/2.0" 200 19087 "-" "Mozilla/5.0 (Windows NT 10.0; Win64; x64) AppleWebKit/537.36 (KHTML, like Gecko) Chrome/133.0.0.0 Safari/537.36"
192.109.200.187 - - [05/May/2026:09:43:34 -0500] "GET /wp-admin/plugin-install.php HTTP/2.0" 200 17394 "-" "Mozilla/5.0 (Windows NT 10.0; Win64; x64) AppleWebKit/537.36 (KHTML, like Gecko) Chrome/133.0.0.0 Safari/537.36"
192.109.200.187 - - [05/May/2026:09:43:34 -0500] "GET /wp-admin/theme-install.php?tab=upload HTTP/2.0" 200 14649 "https://www.google.com/" "Mozilla/5.0 (Windows NT 10.0; Win64; x64) AppleWebKit/537.36 (KHTML, like Gecko) Chrome/91.0.4472.124 Safari/537.36"
192.109.200.187 - - [05/May/2026:09:43:35 -0500] "POST /wp-admin/update.php?action=upload-theme HTTP/2.0" 200 10627 "https://whitmoremediagroup.com/wp-admin/theme-install.php" "Mozilla/5.0 (Windows NT 10.0; Win64; x64) AppleWebKit/537.36 (KHTML, like Gecko) Chrome/132.0.0.0 Safari/537.36"
192.109.200.187 - - [05/May/2026:09:43:35 -0500] "GET /wp-content/themes/byhcn/index.php HTTP/2.0" 403 548 "https://www.google.com/" "Mozilla/5.0 (Windows NT 10.0; Win64; x64) AppleWebKit/537.36 (KHTML, like Gecko) Chrome/91.0.4472.124 Safari/537.36"
192.109.200.187 - - [05/May/2026:09:43:35 -0500] "GET /wp-admin/ HTTP/2.0" 200 19086 "-" "Mozilla/5.0 (Windows NT 10.0; Win64; x64) AppleWebKit/537.36 (KHTML, like Gecko) Chrome/133.0.0.0 Safari/537.36"
192.109.200.187 - - [05/May/2026:09:43:35 -0500] "GET /wp-admin/plugin-install.php HTTP/2.0" 200 17392 "-" "Mozilla/5.0 (Windows NT 10.0; Win64; x64) AppleWebKit/537.36 (KHTML, like Gecko) Chrome/133.0.0.0 Safari/537.36"
192.109.200.187 - - [05/May/2026:09:43:36 -0500] "POST /wp-admin/admin-ajax.php HTTP/2.0" 200 5 "https://whitmoremediagroup.com/wp-admin/plugin-editor.php" "Mozilla/5.0 (Windows NT 10.0; Win64; x64) AppleWebKit/537.36 (KHTML, like Gecko) Chrome/138.0.0.0 Safari/537.36"
192.109.200.187 - - [05/May/2026:09:43:36 -0500] "GET /wp-admin/plugin-editor.php HTTP/2.0" 200 14092 "https://whitmoremediagroup.com/wp-admin/plugin-editor.php" "Mozilla/5.0 (Windows NT 10.0; Win64; x64) AppleWebKit/537.36 (KHTML, like Gecko) Chrome/138.0.0.0 Safari/537.36"
192.109.200.187 - - [05/May/2026:09:43:36 -0500] "GET /wp-admin/plugin-editor.php?plugin=abecheqo%2Fabecheqo.php&Submit=Select HTTP/2.0" 200 14130 "https://whitmoremediagroup.com/wp-admin/plugin-editor.php" "Mozilla/5.0 (Windows NT 10.0; Win64; x64) AppleWebKit/537.36 (KHTML, like Gecko) Chrome/138.0.0.0 Safari/537.36"
154.18.244.252 - - [05/May/2026:09:43:36 -0500] "GET /wp-admin/plugin-editor.php?plugin=abecheqo%2Fabecheqo.php&file=abecheqo%2Fabecheqo.php&wp_scrape_key=899bb7c8338f57e42af403b08cf8b5df&wp_scrape_nonce=623182809 HTTP/2.0" 200 5469 "-" "WordPress/6.8.5; https://whitmoremediagroup.com"
154.18.244.252 - - [05/May/2026:09:43:36 -0500] "GET /?wp_scrape_key=899bb7c8338f57e42af403b08cf8b5df&wp_scrape_nonce=623182809 HTTP/2.0" 200 3841 "-" "WordPress/6.8.5; https://whitmoremediagroup.com"
192.109.200.187 - - [05/May/2026:09:43:36 -0500] "POST /wp-admin/admin-ajax.php HTTP/2.0" 200 59 "https://whitmoremediagroup.com/wp-admin/plugin-editor.php" "Mozilla/5.0 (Windows NT 10.0; Win64; x64) AppleWebKit/537.36 (KHTML, like Gecko) Chrome/138.0.0.0 Safari/537.36"
192.109.200.187 - - [05/May/2026:09:43:37 -0500] "GET /wp-content/plugins/abecheqo/abecheqo.php HTTP/2.0" 403 548 "https://whitmoremediagroup.com/wp-admin/plugin-editor.php" "Mozilla/5.0 (Windows NT 10.0; Win64; x64) AppleWebKit/537.36 (KHTML, like Gecko) Chrome/138.0.0.0 Safari/537.36"
57.128.189.19 - - [05/May/2026:09:44:09 -0500] "GET /?nocache=1777992241 HTTP/2.0" 200 3782 "-" "BigScootsMonitor Mozilla/5.0 (Windows NT 10.0; Win64; x64) AppleWebKit/537.36 (KHTML, like Gecko) Chrome/74.0.3729.169 Safari/537.36"
2607:5300:205:200::61f0 - - [05/May/2026:09:44:10 -0500] "GET /?nocache=1777992241 HTTP/2.0" 200 3782 "-" "BigScootsMonitor Mozilla/5.0 (Windows NT 10.0; Win64; x64) AppleWebKit/537.36 (KHTML, like Gecko) Chrome/74.0.3729.169 Safari/537.36"
57.128.189.19 - - [05/May/2026:09:46:10 -0500] "GET /?nocache=1777992361 HTTP/2.0" 200 3782 "-" "BigScootsMonitor Mozilla/5.0 (Windows NT 10.0; Win64; x64) AppleWebKit/537.36 (KHTML, like Gecko) Chrome/74.0.3729.169 Safari/537.36"
2607:5300:205:200::61f0 - - [05/May/2026:09:46:10 -0500] "GET /?nocache=1777992361 HTTP/2.0" 200 3782 "-" "BigScootsMonitor Mozilla/5.0 (Windows NT 10.0; Win64; x64) AppleWebKit/537.36 (KHTML, like Gecko) Chrome/74.0.3729.169 Safari/537.36"
142.44.228.147 - - [05/May/2026:09:46:55 -0500] "GET /blog/ HTTP/2.0" 200 3782 "-" "Mozilla/5.0 (compatible; AhrefsBot/7.0; +http://ahrefs.com/robot/)"
57.128.189.19 - - [05/May/2026:09:48:09 -0500] "GET /?nocache=1777992421 HTTP/2.0" 200 3782 "-" "BigScootsMonitor Mozilla/5.0 (Windows NT 10.0; Win64; x64) AppleWebKit/537.36 (KHTML, like Gecko) Chrome/74.0.3729.169 Safari/537.36"
2607:5300:205:200::61f0 - - [05/May/2026:09:48:10 -0500] "GET /?nocache=1777992421 HTTP/2.0" 200 3782 "-" "BigScootsMonitor Mozilla/5.0 (Windows NT 10.0; Win64; x64) AppleWebKit/537.36 (KHTML, like Gecko) Chrome/74.0.3729.169 Safari/537.36"
190.92.169.79 - - [05/May/2026:09:49:53 -0500] "GET /wp-login.php HTTP/2.0" 200 3782 "-" "Mozilla/5.0 (Windows NT 6.3; WOW64; Trident/7.0; Touch; MAGWJS; rv:11.0) like Gecko"
190.92.169.79 - - [05/May/2026:09:49:53 -0500] "POST /wp-login.php HTTP/2.0" 200 3782 "https://whitmoremediagroup.com/wp-login.php" "Mozilla/5.0 (Windows NT 6.3; WOW64; Trident/7.0; Touch; MAGWJS; rv:11.0) like Gecko"
57.128.189.19 - - [05/May/2026:09:50:09 -0500] "GET /?nocache=1777992541 HTTP/2.0" 200 3782 "-" "BigScootsMonitor Mozilla/5.0 (Windows NT 10.0; Win64; x64) AppleWebKit/537.36 (KHTML, like Gecko) Chrome/74.0.3729.169 Safari/537.36"
2607:5300:205:200::61f0 - - [05/May/2026:09:50:10 -0500] "GET /?nocache=1777992541 HTTP/2.0" 200 3782 "-" "BigScootsMonitor Mozilla/5.0 (Windows NT 10.0; Win64; x64) AppleWebKit/537.36 (KHTML, like Gecko) Chrome/74.0.3729.169 Safari/537.36"
159.89.229.13 - - [05/May/2026:09:52:00 -0500] "GET /wp-login.php HTTP/2.0" 200 3782 "-" "Mozilla/5.0 (Windows NT 10.0; WOW64) AppleWebKit/537.36 (KHTML, like Gecko) Chrome/66.0.3359.139 Safari/537.36"
159.89.229.13 - - [05/May/2026:09:52:00 -0500] "POST /wp-login.php HTTP/2.0" 200 3782 "https://whitmoremediagroup.com/wp-login.php" "Mozilla/5.0 (Windows NT 10.0; WOW64) AppleWebKit/537.36 (KHTML, like Gecko) Chrome/66.0.3359.139 Safari/537.36"
57.128.189.19 - - [05/May/2026:09:52:10 -0500] "GET /?nocache=1777992661 HTTP/2.0" 200 3782 "-" "BigScootsMonitor Mozilla/5.0 (Windows NT 10.0; Win64; x64) AppleWebKit/537.36 (KHTML, like Gecko) Chrome/74.0.3729.169 Safari/537.36"
2607:5300:205:200::61f0 - - [05/May/2026:09:52:10 -0500] "GET /?nocache=1777992661 HTTP/2.0" 200 3782 "-" "BigScootsMonitor Mozilla/5.0 (Windows NT 10.0; Win64; x64) AppleWebKit/537.36 (KHTML, like Gecko) Chrome/74.0.3729.169 Safari/537.36"
57.128.189.19 - - [05/May/2026:09:54:09 -0500] "GET /?nocache=1777992781 HTTP/2.0" 200 3782 "-" "BigScootsMonitor Mozilla/5.0 (Windows NT 10.0; Win64; x64) AppleWebKit/537.36 (KHTML, like Gecko) Chrome/74.0.3729.169 Safari/537.36"
2607:5300:205:200::61f0 - - [05/May/2026:09:54:10 -0500] "GET /?nocache=1777992781 HTTP/2.0" 200 3782 "-" "BigScootsMonitor Mozilla/5.0 (Windows NT 10.0; Win64; x64) AppleWebKit/537.36 (KHTML, like Gecko) Chrome/74.0.3729.169 Safari/537.36"
57.128.189.19 - - [05/May/2026:09:56:09 -0500] "GET /?nocache=1777992901 HTTP/2.0" 200 3782 "-" "BigScootsMonitor Mozilla/5.0 (Windows NT 10.0; Win64; x64) AppleWebKit/537.36 (KHTML, like Gecko) Chrome/74.0.3729.169 Safari/537.36"
2607:5300:205:200::61f0 - - [05/May/2026:09:56:10 -0500] "GET /?nocache=1777992901 HTTP/2.0" 200 3782 "-" "BigScootsMonitor Mozilla/5.0 (Windows NT 10.0; Win64; x64) AppleWebKit/537.36 (KHTML, like Gecko) Chrome/74.0.3729.169 Safari/537.36"
57.128.189.19 - - [05/May/2026:09:58:09 -0500] "GET /?nocache=1777993021 HTTP/2.0" 200 3782 "-" "BigScootsMonitor Mozilla/5.0 (Windows NT 10.0; Win64; x64) AppleWebKit/537.36 (KHTML, like Gecko) Chrome/74.0.3729.169 Safari/537.36"
2607:5300:205:200::61f0 - - [05/May/2026:09:58:10 -0500] "GET /?nocache=1777993081 HTTP/2.0" 200 3782 "-" "BigScootsMonitor Mozilla/5.0 (Windows NT 10.0; Win64; x64) AppleWebKit/537.36 (KHTML, like Gecko) Chrome/74.0.3729.169 Safari/537.36"
103.216.188.150 - - [05/May/2026:09:58:15 -0500] "GET /wp-login.php HTTP/2.0" 200 3782 "-" "Mozilla/5.0 (Windows NT 6.1; rv:60.0) Gecko/20100101 Firefox/60.0"
103.216.188.150 - - [05/May/2026:09:58:17 -0500] "POST /wp-login.php HTTP/2.0" 200 3782 "https://whitmoremediagroup.com/wp-login.php" "Mozilla/5.0 (Windows NT 6.1; rv:60.0) Gecko/20100101 Firefox/60.0"
57.128.189.19 - - [05/May/2026:10:00:09 -0500] "GET /?nocache=1777993141 HTTP/2.0" 200 3782 "-" "BigScootsMonitor Mozilla/5.0 (Windows NT 10.0; Win64; x64) AppleWebKit/537.36 (KHTML, like Gecko) Chrome/74.0.3729.169 Safari/537.36"
2607:5300:205:200::61f0 - - [05/May/2026:10:00:10 -0500] "GET /?nocache=1777993141 HTTP/2.0" 200 3782 "-" "BigScootsMonitor Mozilla/5.0 (Windows NT 10.0; Win64; x64) AppleWebKit/537.36 (KHTML, like Gecko) Chrome/74.0.3729.169 Safari/537.36"
134.209.100.212 - - [05/May/2026:10:00:31 -0500] "GET /wp-login.php HTTP/2.0" 444 0 "-" "Mozilla/5.0 (Windows NT 6.2; Win64; x64) AppleWebKit/537.36 (KHTML, like Gecko) Chrome/52.0.2743.116 Safari/537.36 Edge/15.15063"
134.209.100.212 - - [05/May/2026:10:00:32 -0500] "POST /wp-login.php HTTP/2.0" 444 0 "https://whitmoremediagroup.com/wp-login.php" "Mozilla/5.0 (Windows NT 6.2; Win64; x64) AppleWebKit/537.36 (KHTML, like Gecko) Chrome/52.0.2743.116 Safari/537.36 Edge/15.15063"
57.128.189.19 - - [05/May/2026:10:02:09 -0500] "GET /?nocache=1777993261 HTTP/2.0" 200 3782 "-" "BigScootsMonitor Mozilla/5.0 (Windows NT 10.0; Win64; x64) AppleWebKit/537.36 (KHTML, like Gecko) Chrome/74.0.3729.169 Safari/537.36"
2607:5300:205:200::61f0 - - [05/May/2026:10:02:10 -0500] "GET /?nocache=1777993261 HTTP/2.0" 200 3782 "-" "BigScootsMonitor Mozilla/5.0 (Windows NT 10.0; Win64; x64) AppleWebKit/537.36 (KHTML, like Gecko) Chrome/74.0.3729.169 Safari/537.36"
57.128.189.19 - - [05/May/2026:10:04:09 -0500] "GET /?nocache=1777993441 HTTP/2.0" 200 3782 "-" "BigScootsMonitor Mozilla/5.0 (Windows NT 10.0; Win64; x64) AppleWebKit/537.36 (KHTML, like Gecko) Chrome/74.0.3729.169 Safari/537.36"
2607:5300:205:200::61f0 - - [05/May/2026:10:04:10 -0500] "GET /?nocache=1777993441 HTTP/2.0" 200 3782 "-" "BigScootsMonitor Mozilla/5.0 (Windows NT 10.0; Win64; x64) AppleWebKit/537.36 (KHTML, like Gecko) Chrome/74.0.3729.169 Safari/537.36"
57.128.189.19 - - [05/May/2026:10:06:09 -0500] "GET /?nocache=1777993561 HTTP/2.0" 200 3782 "-" "BigScootsMonitor Mozilla/5.0 (Windows NT 10.0; Win64; x64) AppleWebKit/537.36 (KHTML, like Gecko) Chrome/74.0.3729.169 Safari/537.36"
2607:5300:205:200::61f0 - - [05/May/2026:10:06:10 -0500] "GET /?nocache=1777993561 HTTP/2.0" 200 3782 "-" "BigScootsMonitor Mozilla/5.0 (Windows NT 10.0; Win64; x64) AppleWebKit/537.36 (KHTML, like Gecko) Chrome/74.0.3729.169 Safari/537.36"
194.61.31.157 - - [05/May/2026:10:06:11 -0500] "GET /wp-login.php HTTP/2.0" 444 0 "-" "Mozilla/5.0 (Macintosh; Intel Mac OS X 10_13) AppleWebKit/604.1.38 (KHTML, like Gecko) Version/11.0 Safari/604.1.38"
194.61.31.157 - - [05/May/2026:10:06:12 -0500] "POST /wp-login.php HTTP/2.0" 444 0 "https://whitmoremediagroup.com/wp-login.php" "Mozilla/5.0 (Macintosh; Intel Mac OS X 10_13) AppleWebKit/604.1.38 (KHTML, like Gecko) Version/11.0 Safari/604.1.38"
57.128.189.19 - - [05/May/2026:10:08:09 -0500] "GET /?nocache=1777993621 HTTP/2.0" 200 3782 "-" "BigScootsMonitor Mozilla/5.0 (Windows NT 10.0; Win64; x64) AppleWebKit/537.36 (KHTML, like Gecko) Chrome/74.0.3729.169 Safari/537.36"
2607:5300:205:200::61f0 - - [05/May/2026:10:08:10 -0500] "GET /?nocache=1777993681 HTTP/2.0" 200 3782 "-" "BigScootsMonitor Mozilla/5.0 (Windows NT 10.0; Win64; x64) AppleWebKit/537.36 (KHTML, like Gecko) Chrome/74.0.3729.169 Safari/537.36"
46.62.212.168 - - [05/May/2026:10:08:24 -0500] "GET /wp-login.php HTTP/2.0" 200 3782 "-" "Mozilla/5.0 (Macintosh; Intel Mac OS X 10_10_5) AppleWebKit/537.36 (KHTML, like Gecko) Chrome/66.0.3359.181 Safari/537.36"
46.62.212.168 - - [05/May/2026:10:08:24 -0500] "POST /wp-login.php HTTP/2.0" 200 3782 "https://whitmoremediagroup.com/wp-login.php" "Mozilla/5.0 (Macintosh; Intel Mac OS X 10_10_5) AppleWebKit/537.36 (KHTML, like Gecko) Chrome/66.0.3359.181 Safari/537.36"
57.128.189.19 - - [05/May/2026:10:10:10 -0500] "GET /?nocache=1777993741 HTTP/2.0" 200 3782 "-" "BigScootsMonitor Mozilla/5.0 (Windows NT 10.0; Win64; x64) AppleWebKit/537.36 (KHTML, like Gecko) Chrome/74.0.3729.169 Safari/537.36"
2607:5300:205:200::61f0 - - [05/May/2026:10:10:10 -0500] "GET /?nocache=1777993741 HTTP/2.0" 200 3782 "-" "BigScootsMonitor Mozilla/5.0 (Windows NT 10.0; Win64; x64) AppleWebKit/537.36 (KHTML, like Gecko) Chrome/74.0.3729.169 Safari/537.36"
57.128.189.19 - - [05/May/2026:10:12:09 -0500] "GET /?nocache=1777993921 HTTP/2.0" 200 3782 "-" "BigScootsMonitor Mozilla/5.0 (Windows NT 10.0; Win64; x64) AppleWebKit/537.36 (KHTML, like Gecko) Chrome/74.0.3729.169 Safari/537.36"
2607:5300:205:200::61f0 - - [05/May/2026:10:12:10 -0500] "GET /?nocache=1777993921 HTTP/2.0" 200 3782 "-" "BigScootsMonitor Mozilla/5.0 (Windows NT 10.0; Win64; x64) AppleWebKit/537.36 (KHTML, like Gecko) Chrome/74.0.3729.169 Safari/537.36"
78.142.18.172 - - [05/May/2026:10:14:09 -0500] "GET /wp-login.php HTTP/2.0" 200 3782 "-" "Mozilla/5.0 (Windows NT 6.3; WOW64; Trident/7.0; MANMJS; rv:11.0) like Gecko"
78.142.18.172 - - [05/May/2026:10:14:09 -0500] "POST /wp-login.php HTTP/2.0" 200 3782 "https://whitmoremediagroup.com/wp-login.php" "Mozilla/5.0 (Windows NT 6.3; WOW64; Trident/7.0; MANMJS; rv:11.0) like Gecko"
57.128.189.19 - - [05/May/2026:10:14:09 -0500] "GET /?nocache=1777994041 HTTP/2.0" 200 3782 "-" "BigScootsMonitor Mozilla/5.0 (Windows NT 10.0; Win64; x64) AppleWebKit/537.36 (KHTML, like Gecko) Chrome/74.0.3729.169 Safari/537.36"
2607:5300:205:200::61f0 - - [05/May/2026:10:14:10 -0500] "GET /?nocache=1777994041 HTTP/2.0" 200 3782 "-" "BigScootsMonitor Mozilla/5.0 (Windows NT 10.0; Win64; x64) AppleWebKit/537.36 (KHTML, like Gecko) Chrome/74.0.3729.169 Safari/537.36"
57.128.189.19 - - [05/May/2026:10:16:09 -0500] "GET /?nocache=1777994101 HTTP/2.0" 200 3782 "-" "BigScootsMonitor Mozilla/5.0 (Windows NT 10.0; Win64; x64) AppleWebKit/537.36 (KHTML, like Gecko) Chrome/74.0.3729.169 Safari/537.36"
2607:5300:205:200::61f0 - - [05/May/2026:10:16:10 -0500] "GET /?nocache=1777994101 HTTP/2.0" 200 3782 "-" "BigScootsMonitor Mozilla/5.0 (Windows NT 10.0; Win64; x64) AppleWebKit/537.36 (KHTML, like Gecko) Chrome/74.0.3729.169 Safari/537.36"
216.73.217.114 - - [05/May/2026:10:17:05 -0500] "GET /sitemap.xml HTTP/2.0" 200 3782 "-" "Mozilla/5.0 AppleWebKit/537.36 (KHTML, like Gecko; compatible; ClaudeBot/1.0; [email protected])"
57.128.189.19 - - [05/May/2026:10:18:10 -0500] "GET /?nocache=1777994221 HTTP/2.0" 200 3782 "-" "BigScootsMonitor Mozilla/5.0 (Windows NT 10.0; Win64; x64) AppleWebKit/537.36 (KHTML, like Gecko) Chrome/74.0.3729.169 Safari/537.36"
2607:5300:205:200::61f0 - - [05/May/2026:10:18:10 -0500] "GET /?nocache=1777994221 HTTP/2.0" 200 3782 "-" "BigScootsMonitor Mozilla/5.0 (Windows NT 10.0; Win64; x64) AppleWebKit/537.36 (KHTML, like Gecko) Chrome/74.0.3729.169 Safari/537.36"
34.174.69.208 - - [05/May/2026:10:18:39 -0500] "HEAD /new/ HTTP/2.0" 444 0 "http://whitmoremediagroup.com/new/" "Mozilla/5.0 (X11; Fedora; Linux x86_64; rv:125.0) Gecko/20100101 Firefox/125.0"
34.174.69.208 - - [05/May/2026:10:18:39 -0500] "HEAD /old/ HTTP/2.0" 444 0 "http://whitmoremediagroup.com/old/" "Mozilla/5.0 (Linux; Android 14; Xiaomi 14 Pro) AppleWebKit/537.36 (KHTML, like Gecko) Chrome/126.0.6478.33 Mobile Safari/537.36"
34.174.69.208 - - [05/May/2026:10:18:39 -0500] "HEAD /backup/ HTTP/2.0" 444 0 "http://whitmoremediagroup.com/backup/" "Mozilla/5.0 (iPad; CPU OS 17_4 like Mac OS X) AppleWebKit/605.1.15 (KHTML, like Gecko) Version/17.4 Mobile/15E148 Safari/604.1"
34.174.69.208 - - [05/May/2026:10:18:39 -0500] "HEAD /wordpress/ HTTP/2.0" 444 0 "http://whitmoremediagroup.com/wordpress/" "Mozilla/5.0 (Linux; Android 13; Nokia G42 5G) AppleWebKit/537.36 (KHTML, like Gecko) Chrome/126.0.6478.41 Mobile Safari/537.36"
34.174.69.208 - - [05/May/2026:10:18:39 -0500] "HEAD / HTTP/2.0" 444 0 "http://whitmoremediagroup.com/" "Mozilla/5.0 (X11; Linux x86_64; rv:127.0) Gecko/20100101 Firefox/127.0"
34.174.69.208 - - [05/May/2026:10:18:39 -0500] "HEAD /blog/ HTTP/2.0" 444 0 "http://whitmoremediagroup.com/blog/" "Mozilla/5.0 (Linux; Android 14; OnePlus 12) AppleWebKit/537.36 (KHTML, like Gecko) Chrome/125.0.6422.102 Mobile Safari/537.36"
34.174.69.208 - - [05/May/2026:10:18:39 -0500] "HEAD /wp/ HTTP/2.0" 444 0 "http://whitmoremediagroup.com/wp/" "Mozilla/5.0 (X11; Fedora; Linux x86_64; rv:125.0) Gecko/20100101 Firefox/125.0"
85.11.167.118 - - [05/May/2026:10:19:27 -0500] "GET / HTTP/2.0" 200 3782 "-" "Mozilla/5.0 (Windows NT 10.0; Win64; x64) AppleWebKit/537.36 (KHTML, like Gecko) Chrome/120.0.0.0 Safari/537.36"
57.128.189.19 - - [05/May/2026:10:20:09 -0500] "GET /?nocache=1777994341 HTTP/2.0" 200 3782 "-" "BigScootsMonitor Mozilla/5.0 (Windows NT 10.0; Win64; x64) AppleWebKit/537.36 (KHTML, like Gecko) Chrome/74.0.3729.169 Safari/537.36"
2607:5300:205:200::61f0 - - [05/May/2026:10:20:10 -0500] "GET /?nocache=1777994341 HTTP/2.0" 200 3782 "-" "BigScootsMonitor Mozilla/5.0 (Windows NT 10.0; Win64; x64) AppleWebKit/537.36 (KHTML, like Gecko) Chrome/74.0.3729.169 Safari/537.36"
147.185.132.24 - - [05/May/2026:10:21:26 -0500] "GET / HTTP/2.0" 200 3782 "-" "Hello from Palo Alto Networks, find out more about our scans in https://docs-cortex.paloaltonetworks.com/r/1/Cortex-Xpanse/Scanning-activity"
57.128.189.19 - - [05/May/2026:10:22:09 -0500] "GET /?nocache=1777994461 HTTP/2.0" 200 3782 "-" "BigScootsMonitor Mozilla/5.0 (Windows NT 10.0; Win64; x64) AppleWebKit/537.36 (KHTML, like Gecko) Chrome/74.0.3729.169 Safari/537.36"
2607:5300:205:200::61f0 - - [05/May/2026:10:22:10 -0500] "GET /?nocache=1777994461 HTTP/2.0" 200 3782 "-" "BigScootsMonitor Mozilla/5.0 (Windows NT 10.0; Win64; x64) AppleWebKit/537.36 (KHTML, like Gecko) Chrome/74.0.3729.169 Safari/537.36"
46.32.229.28 - - [05/May/2026:10:22:16 -0500] "GET /wp-login.php HTTP/2.0" 200 3782 "-" "Mozilla/5.0 (Windows NT 10.0; Win64; x64) AppleWebKit/537.36 (KHTML, like Gecko) Chrome/64.0.3282.168 Safari/537.36 OPR/51.0.2830.40"
46.32.229.28 - - [05/May/2026:10:22:17 -0500] "POST /wp-login.php HTTP/2.0" 200 3782 "https://whitmoremediagroup.com/wp-login.php" "Mozilla/5.0 (Windows NT 10.0; Win64; x64) AppleWebKit/537.36 (KHTML, like Gecko) Chrome/64.0.3282.168 Safari/537.36 OPR/51.0.2830.40"
217.182.82.42 - - [05/May/2026:10:23:37 -0500] "POST /wp-login.php HTTP/2.0" 444 0 "-" "Mozilla/5.0 (Windows NT 10.0; WOW64) AppleWebKit/537.36 (KHTML, like Gecko) Chrome/142.0.0.0 Safari/537.36"
57.128.189.19 - - [05/May/2026:10:24:09 -0500] "GET /?nocache=1777994581 HTTP/2.0" 200 3782 "-" "BigScootsMonitor Mozilla/5.0 (Windows NT 10.0; Win64; x64) AppleWebKit/537.36 (KHTML, like Gecko) Chrome/74.0.3729.169 Safari/537.36"
2607:5300:205:200::61f0 - - [05/May/2026:10:24:10 -0500] "GET /?nocache=1777994581 HTTP/2.0" 200 3782 "-" "BigScootsMonitor Mozilla/5.0 (Windows NT 10.0; Win64; x64) AppleWebKit/537.36 (KHTML, like Gecko) Chrome/74.0.3729.169 Safari/537.36"
91.227.37.60 - - [05/May/2026:10:24:32 -0500] "GET /wp-login.php HTTP/2.0" 444 0 "-" "Mozilla/5.0 (Windows NT 10.0) AppleWebKit/537.36 (KHTML, like Gecko) Chrome/66.0.3359.117 Safari/537.36"
91.227.37.60 - - [05/May/2026:10:24:33 -0500] "POST /wp-login.php HTTP/2.0" 444 0 "https://whitmoremediagroup.com/wp-login.php" "Mozilla/5.0 (Windows NT 10.0) AppleWebKit/537.36 (KHTML, like Gecko) Chrome/66.0.3359.117 Safari/537.36"
146.190.155.17 - - [05/May/2026:10:26:00 -0500] "POST /wp-login.php HTTP/2.0" 444 0 "-" "Mozilla/5.0 (Windows NT 10.0; Win64; x64) AppleWebKit/537.36 (KHTML, like Gecko) Chrome/138.0.0.0 Safari/537.36 Edg/138.0.0.0"
57.128.189.19 - - [05/May/2026:10:26:09 -0500] "GET /?nocache=1777994701 HTTP/2.0" 200 3782 "-" "BigScootsMonitor Mozilla/5.0 (Windows NT 10.0; Win64; x64) AppleWebKit/537.36 (KHTML, like Gecko) Chrome/74.0.3729.169 Safari/537.36"
2607:5300:205:200::61f0 - - [05/May/2026:10:26:10 -0500] "GET /?nocache=1777994761 HTTP/2.0" 200 3782 "-" "BigScootsMonitor Mozilla/5.0 (Windows NT 10.0; Win64; x64) AppleWebKit/537.36 (KHTML, like Gecko) Chrome/74.0.3729.169 Safari/537.36"
57.128.189.19 - - [05/May/2026:10:28:09 -0500] "GET /?nocache=1777994821 HTTP/2.0" 200 3782 "-" "BigScootsMonitor Mozilla/5.0 (Windows NT 10.0; Win64; x64) AppleWebKit/537.36 (KHTML, like Gecko) Chrome/74.0.3729.169 Safari/537.36"
2607:5300:205:200::61f0 - - [05/May/2026:10:28:10 -0500] "GET /?nocache=1777994821 HTTP/2.0" 200 3782 "-" "BigScootsMonitor Mozilla/5.0 (Windows NT 10.0; Win64; x64) AppleWebKit/537.36 (KHTML, like Gecko) Chrome/74.0.3729.169 Safari/537.36"
188.166.229.200 - - [05/May/2026:10:28:52 -0500] "GET /license.txt HTTP/2.0" 403 146 "-" "python-requests/2.27.1"
57.128.189.19 - - [05/May/2026:10:30:09 -0500] "GET /?nocache=1777994941 HTTP/2.0" 200 3782 "-" "BigScootsMonitor Mozilla/5.0 (Windows NT 10.0; Win64; x64) AppleWebKit/537.36 (KHTML, like Gecko) Chrome/74.0.3729.169 Safari/537.36"
2607:5300:205:200::61f0 - - [05/May/2026:10:30:10 -0500] "GET /?nocache=1777994941 HTTP/2.0" 200 3782 "-" "BigScootsMonitor Mozilla/5.0 (Windows NT 10.0; Win64; x64) AppleWebKit/537.36 (KHTML, like Gecko) Chrome/74.0.3729.169 Safari/537.36"
167.71.226.156 - - [05/May/2026:10:30:39 -0500] "GET /wp-login.php HTTP/2.0" 444 0 "-" "Mozilla/5.0 (Windows NT 6.1; WOW64; Trident/7.0; EIE11;ENGBWOL; rv:11.0) like Gecko"
167.71.226.156 - - [05/May/2026:10:30:40 -0500] "POST /wp-login.php HTTP/2.0" 444 0 "https://whitmoremediagroup.com/wp-login.php" "Mozilla/5.0 (Windows NT 6.1; WOW64; Trident/7.0; EIE11;ENGBWOL; rv:11.0) like Gecko"
57.128.189.19 - - [05/May/2026:10:32:09 -0500] "GET /?nocache=1777995061 HTTP/2.0" 200 3782 "-" "BigScootsMonitor Mozilla/5.0 (Windows NT 10.0; Win64; x64) AppleWebKit/537.36 (KHTML, like Gecko) Chrome/74.0.3729.169 Safari/537.36"
2607:5300:205:200::61f0 - - [05/May/2026:10:32:10 -0500] "GET /?nocache=1777995061 HTTP/2.0" 200 3782 "-" "BigScootsMonitor Mozilla/5.0 (Windows NT 10.0; Win64; x64) AppleWebKit/537.36 (KHTML, like Gecko) Chrome/74.0.3729.169 Safari/537.36"
74.91.224.220 - - [05/May/2026:10:32:27 -0500] "GET /wp-login.php HTTP/2.0" 444 0 "-" "Mozilla/5.0 (Windows NT 6.1) AppleWebKit/537.36 (KHTML, like Gecko) Chrome/65.0.3325.181 Safari/537.36"
74.91.224.220 - - [05/May/2026:10:32:28 -0500] "POST /wp-login.php HTTP/2.0" 444 0 "https://whitmoremediagroup.com/wp-login.php" "Mozilla/5.0 (Windows NT 6.1) AppleWebKit/537.36 (KHTML, like Gecko) Chrome/65.0.3325.181 Safari/537.36"
