57.128.189.19 - - [04/May/2026:12:48:09 -0500] "GET /?nocache=1777916821 HTTP/2.0" 200 17493 "-" "BigScootsMonitor Mozilla/5.0 (Windows NT 10.0; Win64; x64) AppleWebKit/537.36 (KHTML, like Gecko) Chrome/74.0.3729.169 Safari/537.36"
2607:5300:205:200::61f0 - - [04/May/2026:12:48:10 -0500] "GET /?nocache=1777916821 HTTP/2.0" 200 17493 "-" "BigScootsMonitor Mozilla/5.0 (Windows NT 10.0; Win64; x64) AppleWebKit/537.36 (KHTML, like Gecko) Chrome/74.0.3729.169 Safari/537.36"
57.128.189.19 - - [04/May/2026:12:50:09 -0500] "GET /?nocache=1777916941 HTTP/2.0" 200 17493 "-" "BigScootsMonitor Mozilla/5.0 (Windows NT 10.0; Win64; x64) AppleWebKit/537.36 (KHTML, like Gecko) Chrome/74.0.3729.169 Safari/537.36"
2607:5300:205:200::61f0 - - [04/May/2026:12:50:10 -0500] "GET /?nocache=1777916941 HTTP/2.0" 200 17493 "-" "BigScootsMonitor Mozilla/5.0 (Windows NT 10.0; Win64; x64) AppleWebKit/537.36 (KHTML, like Gecko) Chrome/74.0.3729.169 Safari/537.36"
57.128.189.19 - - [04/May/2026:12:52:09 -0500] "GET /?nocache=1777917061 HTTP/2.0" 200 17493 "-" "BigScootsMonitor Mozilla/5.0 (Windows NT 10.0; Win64; x64) AppleWebKit/537.36 (KHTML, like Gecko) Chrome/74.0.3729.169 Safari/537.36"
2607:5300:205:200::61f0 - - [04/May/2026:12:52:11 -0500] "GET /?nocache=1777917121 HTTP/2.0" 200 17493 "-" "BigScootsMonitor Mozilla/5.0 (Windows NT 10.0; Win64; x64) AppleWebKit/537.36 (KHTML, like Gecko) Chrome/74.0.3729.169 Safari/537.36"
85.208.96.210 - - [04/May/2026:12:53:41 -0500] "GET /brands/ HTTP/2.0" 200 13562 "-" "Mozilla/5.0 (compatible; SemrushBot/7~bl; +http://www.semrush.com/bot.html)"
57.128.189.19 - - [04/May/2026:12:54:10 -0500] "GET /?nocache=1777917181 HTTP/2.0" 200 17493 "-" "BigScootsMonitor Mozilla/5.0 (Windows NT 10.0; Win64; x64) AppleWebKit/537.36 (KHTML, like Gecko) Chrome/74.0.3729.169 Safari/537.36"
2607:5300:205:200::61f0 - - [04/May/2026:12:54:10 -0500] "GET /?nocache=1777917181 HTTP/2.0" 200 17493 "-" "BigScootsMonitor Mozilla/5.0 (Windows NT 10.0; Win64; x64) AppleWebKit/537.36 (KHTML, like Gecko) Chrome/74.0.3729.169 Safari/537.36"
38.95.35.85 - - [04/May/2026:12:54:23 -0500] "GET /wp-login.php HTTP/2.0" 200 1738 "-" "Mozilla/5.0 (Macintosh; Intel Mac OS X 10_13_3) AppleWebKit/537.36 (KHTML, like Gecko) Chrome/65.0.3325.162 Safari/537.36"
38.95.35.85 - - [04/May/2026:12:54:25 -0500] "POST /wp-login.php HTTP/2.0" 200 1879 "https://whitmoremediagroup.com/wp-login.php" "Mozilla/5.0 (Macintosh; Intel Mac OS X 10_13_3) AppleWebKit/537.36 (KHTML, like Gecko) Chrome/65.0.3325.162 Safari/537.36"
57.128.189.19 - - [04/May/2026:12:56:10 -0500] "GET /?nocache=1777917301 HTTP/2.0" 200 17493 "-" "BigScootsMonitor Mozilla/5.0 (Windows NT 10.0; Win64; x64) AppleWebKit/537.36 (KHTML, like Gecko) Chrome/74.0.3729.169 Safari/537.36"
2607:5300:205:200::61f0 - - [04/May/2026:12:56:10 -0500] "GET /?nocache=1777917301 HTTP/2.0" 200 17493 "-" "BigScootsMonitor Mozilla/5.0 (Windows NT 10.0; Win64; x64) AppleWebKit/537.36 (KHTML, like Gecko) Chrome/74.0.3729.169 Safari/537.36"
57.128.189.19 - - [04/May/2026:12:58:10 -0500] "GET /?nocache=1777917481 HTTP/2.0" 200 17493 "-" "BigScootsMonitor Mozilla/5.0 (Windows NT 10.0; Win64; x64) AppleWebKit/537.36 (KHTML, like Gecko) Chrome/74.0.3729.169 Safari/537.36"
2607:5300:205:200::61f0 - - [04/May/2026:12:58:10 -0500] "GET /?nocache=1777917481 HTTP/2.0" 200 17493 "-" "BigScootsMonitor Mozilla/5.0 (Windows NT 10.0; Win64; x64) AppleWebKit/537.36 (KHTML, like Gecko) Chrome/74.0.3729.169 Safari/537.36"
57.128.189.19 - - [04/May/2026:13:00:10 -0500] "GET /?nocache=1777917601 HTTP/2.0" 200 17493 "-" "BigScootsMonitor Mozilla/5.0 (Windows NT 10.0; Win64; x64) AppleWebKit/537.36 (KHTML, like Gecko) Chrome/74.0.3729.169 Safari/537.36"
2607:5300:205:200::61f0 - - [04/May/2026:13:00:11 -0500] "GET /?nocache=1777917601 HTTP/2.0" 200 17493 "-" "BigScootsMonitor Mozilla/5.0 (Windows NT 10.0; Win64; x64) AppleWebKit/537.36 (KHTML, like Gecko) Chrome/74.0.3729.169 Safari/537.36"
57.128.189.19 - - [04/May/2026:13:02:10 -0500] "GET /?nocache=1777917661 HTTP/2.0" 200 17493 "-" "BigScootsMonitor Mozilla/5.0 (Windows NT 10.0; Win64; x64) AppleWebKit/537.36 (KHTML, like Gecko) Chrome/74.0.3729.169 Safari/537.36"
2607:5300:205:200::61f0 - - [04/May/2026:13:02:10 -0500] "GET /?nocache=1777917721 HTTP/2.0" 200 17493 "-" "BigScootsMonitor Mozilla/5.0 (Windows NT 10.0; Win64; x64) AppleWebKit/537.36 (KHTML, like Gecko) Chrome/74.0.3729.169 Safari/537.36"
57.128.189.19 - - [04/May/2026:13:04:09 -0500] "GET /?nocache=1777917781 HTTP/2.0" 200 17493 "-" "BigScootsMonitor Mozilla/5.0 (Windows NT 10.0; Win64; x64) AppleWebKit/537.36 (KHTML, like Gecko) Chrome/74.0.3729.169 Safari/537.36"
2607:5300:205:200::61f0 - - [04/May/2026:13:04:10 -0500] "GET /?nocache=1777917781 HTTP/2.0" 200 17493 "-" "BigScootsMonitor Mozilla/5.0 (Windows NT 10.0; Win64; x64) AppleWebKit/537.36 (KHTML, like Gecko) Chrome/74.0.3729.169 Safari/537.36"
74.91.224.220 - - [04/May/2026:13:04:34 -0500] "GET /wp-login.php HTTP/2.0" 444 0 "-" "Mozilla/5.0 (Windows NT 6.1; Win64; x64) AppleWebKit/537.36 (KHTML, like Gecko) Chrome/67.0.3396.79 Safari/537.36"
74.91.224.220 - - [04/May/2026:13:04:35 -0500] "POST /wp-login.php HTTP/2.0" 444 0 "https://whitmoremediagroup.com/wp-login.php" "Mozilla/5.0 (Windows NT 6.1; Win64; x64) AppleWebKit/537.36 (KHTML, like Gecko) Chrome/67.0.3396.79 Safari/537.36"
43.167.233.54 - - [04/May/2026:13:04:36 -0500] "GET /wp-login.php HTTP/2.0" 200 1738 "-" "Mozilla/5.0 (Macintosh; Intel Mac OS X 10_13_4) AppleWebKit/537.36 (KHTML, like Gecko) Chrome/65.0.3325.181 Safari/537.36"
43.167.233.54 - - [04/May/2026:13:04:37 -0500] "POST /wp-login.php HTTP/2.0" 200 1879 "https://whitmoremediagroup.com/wp-login.php" "Mozilla/5.0 (Macintosh; Intel Mac OS X 10_13_4) AppleWebKit/537.36 (KHTML, like Gecko) Chrome/65.0.3325.181 Safari/537.36"
57.128.189.19 - - [04/May/2026:13:06:09 -0500] "GET /?nocache=1777917901 HTTP/2.0" 200 17493 "-" "BigScootsMonitor Mozilla/5.0 (Windows NT 10.0; Win64; x64) AppleWebKit/537.36 (KHTML, like Gecko) Chrome/74.0.3729.169 Safari/537.36"
2607:5300:205:200::61f0 - - [04/May/2026:13:06:10 -0500] "GET /?nocache=1777917901 HTTP/2.0" 200 17493 "-" "BigScootsMonitor Mozilla/5.0 (Windows NT 10.0; Win64; x64) AppleWebKit/537.36 (KHTML, like Gecko) Chrome/74.0.3729.169 Safari/537.36"
57.128.189.19 - - [04/May/2026:13:08:09 -0500] "GET /?nocache=1777918021 HTTP/2.0" 200 17493 "-" "BigScootsMonitor Mozilla/5.0 (Windows NT 10.0; Win64; x64) AppleWebKit/537.36 (KHTML, like Gecko) Chrome/74.0.3729.169 Safari/537.36"
2607:5300:205:200::61f0 - - [04/May/2026:13:08:10 -0500] "GET /?nocache=1777918021 HTTP/2.0" 200 17493 "-" "BigScootsMonitor Mozilla/5.0 (Windows NT 10.0; Win64; x64) AppleWebKit/537.36 (KHTML, like Gecko) Chrome/74.0.3729.169 Safari/537.36"
57.128.189.19 - - [04/May/2026:13:10:09 -0500] "GET /?nocache=1777918141 HTTP/2.0" 200 17493 "-" "BigScootsMonitor Mozilla/5.0 (Windows NT 10.0; Win64; x64) AppleWebKit/537.36 (KHTML, like Gecko) Chrome/74.0.3729.169 Safari/537.36"
2607:5300:205:200::61f0 - - [04/May/2026:13:10:11 -0500] "GET /?nocache=1777918141 HTTP/2.0" 200 17493 "-" "BigScootsMonitor Mozilla/5.0 (Windows NT 10.0; Win64; x64) AppleWebKit/537.36 (KHTML, like Gecko) Chrome/74.0.3729.169 Safari/537.36"
74.249.188.249 - - [04/May/2026:13:11:04 -0500] "GET //wp-content/plugins/fix/up.php HTTP/2.0" 403 548 "-" "Mozilla/5.0 (Windows NT 10.0; Win64; x64) AppleWebKit/537.36 (KHTML, like Gecko) Chrome/85.0.4183.102 Safari/537.36"
57.128.189.19 - - [04/May/2026:13:12:09 -0500] "GET /?nocache=1777918321 HTTP/2.0" 200 17493 "-" "BigScootsMonitor Mozilla/5.0 (Windows NT 10.0; Win64; x64) AppleWebKit/537.36 (KHTML, like Gecko) Chrome/74.0.3729.169 Safari/537.36"
2607:5300:205:200::61f0 - - [04/May/2026:13:12:10 -0500] "GET /?nocache=1777918321 HTTP/2.0" 200 17493 "-" "BigScootsMonitor Mozilla/5.0 (Windows NT 10.0; Win64; x64) AppleWebKit/537.36 (KHTML, like Gecko) Chrome/74.0.3729.169 Safari/537.36"
57.128.189.19 - - [04/May/2026:13:14:10 -0500] "GET /?nocache=1777918381 HTTP/2.0" 200 17493 "-" "BigScootsMonitor Mozilla/5.0 (Windows NT 10.0; Win64; x64) AppleWebKit/537.36 (KHTML, like Gecko) Chrome/74.0.3729.169 Safari/537.36"
2607:5300:205:200::61f0 - - [04/May/2026:13:14:10 -0500] "GET /?nocache=1777918441 HTTP/2.0" 200 17493 "-" "BigScootsMonitor Mozilla/5.0 (Windows NT 10.0; Win64; x64) AppleWebKit/537.36 (KHTML, like Gecko) Chrome/74.0.3729.169 Safari/537.36"
185.110.189.235 - - [04/May/2026:13:14:41 -0500] "GET /wp-login.php HTTP/2.0" 444 0 "-" "Mozilla/4.0 (compatible; MSIE 7.0; Windows NT 6.3; WOW64; Trident/7.0; .NET4.0C; .NET4.0E; .NET CLR 2.0.50727; .NET CLR 3.0.30729; .NET CLR 3.5.30729)"
185.110.189.235 - - [04/May/2026:13:14:43 -0500] "POST /wp-login.php HTTP/2.0" 444 0 "https://whitmoremediagroup.com/wp-login.php" "Mozilla/4.0 (compatible; MSIE 7.0; Windows NT 6.3; WOW64; Trident/7.0; .NET4.0C; .NET4.0E; .NET CLR 2.0.50727; .NET CLR 3.0.30729; .NET CLR 3.5.30729)"
74.91.224.220 - - [04/May/2026:13:14:46 -0500] "GET /wp-login.php HTTP/2.0" 444 0 "-" "Mozilla/5.0 (Windows NT 6.3; Win64; x64) AppleWebKit/537.36 (KHTML, like Gecko) Chrome/66.0.3359.117 Safari/537.36"
74.91.224.220 - - [04/May/2026:13:14:47 -0500] "POST /wp-login.php HTTP/2.0" 444 0 "https://whitmoremediagroup.com/wp-login.php" "Mozilla/5.0 (Windows NT 6.3; Win64; x64) AppleWebKit/537.36 (KHTML, like Gecko) Chrome/66.0.3359.117 Safari/537.36"
57.128.189.19 - - [04/May/2026:13:16:09 -0500] "GET /?nocache=1777918501 HTTP/2.0" 200 17493 "-" "BigScootsMonitor Mozilla/5.0 (Windows NT 10.0; Win64; x64) AppleWebKit/537.36 (KHTML, like Gecko) Chrome/74.0.3729.169 Safari/537.36"
2607:5300:205:200::61f0 - - [04/May/2026:13:16:10 -0500] "GET /?nocache=1777918501 HTTP/2.0" 200 17493 "-" "BigScootsMonitor Mozilla/5.0 (Windows NT 10.0; Win64; x64) AppleWebKit/537.36 (KHTML, like Gecko) Chrome/74.0.3729.169 Safari/537.36"
57.128.189.19 - - [04/May/2026:13:18:09 -0500] "GET /?nocache=1777918621 HTTP/2.0" 200 17493 "-" "BigScootsMonitor Mozilla/5.0 (Windows NT 10.0; Win64; x64) AppleWebKit/537.36 (KHTML, like Gecko) Chrome/74.0.3729.169 Safari/537.36"
2607:5300:205:200::61f0 - - [04/May/2026:13:18:10 -0500] "GET /?nocache=1777918621 HTTP/2.0" 200 17493 "-" "BigScootsMonitor Mozilla/5.0 (Windows NT 10.0; Win64; x64) AppleWebKit/537.36 (KHTML, like Gecko) Chrome/74.0.3729.169 Safari/537.36"
57.128.189.19 - - [04/May/2026:13:20:10 -0500] "GET /?nocache=1777918801 HTTP/2.0" 200 17493 "-" "BigScootsMonitor Mozilla/5.0 (Windows NT 10.0; Win64; x64) AppleWebKit/537.36 (KHTML, like Gecko) Chrome/74.0.3729.169 Safari/537.36"
2607:5300:205:200::61f0 - - [04/May/2026:13:20:10 -0500] "GET /?nocache=1777918801 HTTP/2.0" 200 17493 "-" "BigScootsMonitor Mozilla/5.0 (Windows NT 10.0; Win64; x64) AppleWebKit/537.36 (KHTML, like Gecko) Chrome/74.0.3729.169 Safari/537.36"
57.128.189.19 - - [04/May/2026:13:22:09 -0500] "GET /?nocache=1777918921 HTTP/2.0" 200 17493 "-" "BigScootsMonitor Mozilla/5.0 (Windows NT 10.0; Win64; x64) AppleWebKit/537.36 (KHTML, like Gecko) Chrome/74.0.3729.169 Safari/537.36"
2607:5300:205:200::61f0 - - [04/May/2026:13:22:11 -0500] "GET /?nocache=1777918921 HTTP/2.0" 200 17493 "-" "BigScootsMonitor Mozilla/5.0 (Windows NT 10.0; Win64; x64) AppleWebKit/537.36 (KHTML, like Gecko) Chrome/74.0.3729.169 Safari/537.36"
57.128.189.19 - - [04/May/2026:13:24:09 -0500] "GET /?nocache=1777918981 HTTP/2.0" 200 17493 "-" "BigScootsMonitor Mozilla/5.0 (Windows NT 10.0; Win64; x64) AppleWebKit/537.36 (KHTML, like Gecko) Chrome/74.0.3729.169 Safari/537.36"
2607:5300:205:200::61f0 - - [04/May/2026:13:24:10 -0500] "GET /?nocache=1777918981 HTTP/2.0" 200 17493 "-" "BigScootsMonitor Mozilla/5.0 (Windows NT 10.0; Win64; x64) AppleWebKit/537.36 (KHTML, like Gecko) Chrome/74.0.3729.169 Safari/537.36"
188.241.62.65 - - [04/May/2026:13:24:38 -0500] "GET /wp-login.php HTTP/2.0" 200 1738 "-" "Mozilla/5.0 (Windows NT 6.3; Win64; x64; Trident/7.0; Touch; TNJB; rv:11.0) like Gecko"
188.241.62.65 - - [04/May/2026:13:24:41 -0500] "POST /wp-login.php HTTP/2.0" 200 1856 "https://whitmoremediagroup.com/wp-login.php" "Mozilla/5.0 (Windows NT 6.3; Win64; x64; Trident/7.0; Touch; TNJB; rv:11.0) like Gecko"
178.104.48.247 - - [04/May/2026:13:24:51 -0500] "GET /wp-login.php HTTP/2.0" 444 0 "-" "Mozilla/5.0 (Windows NT 10.0) AppleWebKit/537.36 (KHTML, like Gecko) Chrome/64.0.3282.140 Safari/537.36 Edge/17.17134"
178.104.48.247 - - [04/May/2026:13:24:51 -0500] "POST /wp-login.php HTTP/2.0" 444 0 "https://whitmoremediagroup.com/wp-login.php" "Mozilla/5.0 (Windows NT 10.0) AppleWebKit/537.36 (KHTML, like Gecko) Chrome/64.0.3282.140 Safari/537.36 Edge/17.17134"
57.128.189.19 - - [04/May/2026:13:26:09 -0500] "GET /?nocache=1777919161 HTTP/2.0" 200 17493 "-" "BigScootsMonitor Mozilla/5.0 (Windows NT 10.0; Win64; x64) AppleWebKit/537.36 (KHTML, like Gecko) Chrome/74.0.3729.169 Safari/537.36"
2607:5300:205:200::61f0 - - [04/May/2026:13:26:10 -0500] "GET /?nocache=1777919161 HTTP/2.0" 200 17493 "-" "BigScootsMonitor Mozilla/5.0 (Windows NT 10.0; Win64; x64) AppleWebKit/537.36 (KHTML, like Gecko) Chrome/74.0.3729.169 Safari/537.36"
57.128.189.19 - - [04/May/2026:13:28:10 -0500] "GET /?nocache=1777919281 HTTP/2.0" 200 17493 "-" "BigScootsMonitor Mozilla/5.0 (Windows NT 10.0; Win64; x64) AppleWebKit/537.36 (KHTML, like Gecko) Chrome/74.0.3729.169 Safari/537.36"
2607:5300:205:200::61f0 - - [04/May/2026:13:28:10 -0500] "GET /?nocache=1777919281 HTTP/2.0" 200 17493 "-" "BigScootsMonitor Mozilla/5.0 (Windows NT 10.0; Win64; x64) AppleWebKit/537.36 (KHTML, like Gecko) Chrome/74.0.3729.169 Safari/537.36"
57.128.189.19 - - [04/May/2026:13:30:10 -0500] "GET /?nocache=1777919341 HTTP/2.0" 200 17493 "-" "BigScootsMonitor Mozilla/5.0 (Windows NT 10.0; Win64; x64) AppleWebKit/537.36 (KHTML, like Gecko) Chrome/74.0.3729.169 Safari/537.36"
2607:5300:205:200::61f0 - - [04/May/2026:13:30:10 -0500] "GET /?nocache=1777919341 HTTP/2.0" 200 17493 "-" "BigScootsMonitor Mozilla/5.0 (Windows NT 10.0; Win64; x64) AppleWebKit/537.36 (KHTML, like Gecko) Chrome/74.0.3729.169 Safari/537.36"
194.26.192.129 - - [04/May/2026:13:32:07 -0500] "GET /ss.php?f_c=1 HTTP/2.0" 404 548 "-" "Mozilla/5.0 (Linux; Android 7.0; SM-G892A Build/NRD90M; wv) AppleWebKit/537.36 (KHTML, like Gecko) Version/4.0 Chrome/60.0.3112.107 Mobile Safari/537.36"
57.128.189.19 - - [04/May/2026:13:32:10 -0500] "GET /?nocache=1777919461 HTTP/2.0" 200 17493 "-" "BigScootsMonitor Mozilla/5.0 (Windows NT 10.0; Win64; x64) AppleWebKit/537.36 (KHTML, like Gecko) Chrome/74.0.3729.169 Safari/537.36"
2607:5300:205:200::61f0 - - [04/May/2026:13:32:10 -0500] "GET /?nocache=1777919461 HTTP/2.0" 200 17493 "-" "BigScootsMonitor Mozilla/5.0 (Windows NT 10.0; Win64; x64) AppleWebKit/537.36 (KHTML, like Gecko) Chrome/74.0.3729.169 Safari/537.36"
57.128.189.19 - - [04/May/2026:13:34:09 -0500] "GET /?nocache=1777919581 HTTP/2.0" 200 17493 "-" "BigScootsMonitor Mozilla/5.0 (Windows NT 10.0; Win64; x64) AppleWebKit/537.36 (KHTML, like Gecko) Chrome/74.0.3729.169 Safari/537.36"
2607:5300:205:200::61f0 - - [04/May/2026:13:34:10 -0500] "GET /?nocache=1777919581 HTTP/2.0" 200 17493 "-" "BigScootsMonitor Mozilla/5.0 (Windows NT 10.0; Win64; x64) AppleWebKit/537.36 (KHTML, like Gecko) Chrome/74.0.3729.169 Safari/537.36"
121.200.216.56 - - [04/May/2026:13:34:25 -0500] "GET /wp-login.php HTTP/2.0" 200 1738 "-" "Mozilla/5.0 (Windows NT 6.1; WOW64; Trident/7.0; MALC; rv:11.0) like Gecko"
121.200.216.56 - - [04/May/2026:13:34:26 -0500] "POST /wp-login.php HTTP/2.0" 200 1856 "https://whitmoremediagroup.com/wp-login.php" "Mozilla/5.0 (Windows NT 6.1; WOW64; Trident/7.0; MALC; rv:11.0) like Gecko"
208.68.37.246 - - [04/May/2026:13:34:38 -0500] "GET /wp-login.php HTTP/2.0" 200 1738 "-" "Mozilla/5.0 (Windows NT 5.1; Win64; x64) AppleWebKit/537.36 (KHTML, like Gecko) Chrome/52.0.2743.116 Safari/537.36 Edge/15.15063"
208.68.37.246 - - [04/May/2026:13:34:39 -0500] "POST /wp-login.php HTTP/2.0" 200 1879 "https://whitmoremediagroup.com/wp-login.php" "Mozilla/5.0 (Windows NT 5.1; Win64; x64) AppleWebKit/537.36 (KHTML, like Gecko) Chrome/52.0.2743.116 Safari/537.36 Edge/15.15063"
57.128.189.19 - - [04/May/2026:13:36:09 -0500] "GET /?nocache=1777919701 HTTP/2.0" 200 17493 "-" "BigScootsMonitor Mozilla/5.0 (Windows NT 10.0; Win64; x64) AppleWebKit/537.36 (KHTML, like Gecko) Chrome/74.0.3729.169 Safari/537.36"
2607:5300:205:200::61f0 - - [04/May/2026:13:36:10 -0500] "GET /?nocache=1777919701 HTTP/2.0" 200 17493 "-" "BigScootsMonitor Mozilla/5.0 (Windows NT 10.0; Win64; x64) AppleWebKit/537.36 (KHTML, like Gecko) Chrome/74.0.3729.169 Safari/537.36"
57.128.189.19 - - [04/May/2026:13:38:09 -0500] "GET /?nocache=1777919821 HTTP/2.0" 200 17493 "-" "BigScootsMonitor Mozilla/5.0 (Windows NT 10.0; Win64; x64) AppleWebKit/537.36 (KHTML, like Gecko) Chrome/74.0.3729.169 Safari/537.36"
2607:5300:205:200::61f0 - - [04/May/2026:13:38:10 -0500] "GET /?nocache=1777919821 HTTP/2.0" 200 17493 "-" "BigScootsMonitor Mozilla/5.0 (Windows NT 10.0; Win64; x64) AppleWebKit/537.36 (KHTML, like Gecko) Chrome/74.0.3729.169 Safari/537.36"
20.151.104.6 - - [04/May/2026:13:39:16 -0500] "GET //wp-content/plugins/fix/up.php HTTP/2.0" 444 0 "-" "Mozilla/5.0 (Windows NT 10.0; Win64; x64) AppleWebKit/537.36 (KHTML, like Gecko) Chrome/85.0.4183.102 Safari/537.36"
57.128.189.19 - - [04/May/2026:13:40:09 -0500] "GET /?nocache=1777920001 HTTP/2.0" 200 17493 "-" "BigScootsMonitor Mozilla/5.0 (Windows NT 10.0; Win64; x64) AppleWebKit/537.36 (KHTML, like Gecko) Chrome/74.0.3729.169 Safari/537.36"
154.18.244.252 - - [04/May/2026:13:40:11 -0500] "POST /wp-cron.php?doing_wp_cron=1777920011.1345720291137695312500 HTTP/2.0" 200 1 "-" "WordPress/6.8.5; https://whitmoremediagroup.com"
2607:5300:205:200::61f0 - - [04/May/2026:13:40:11 -0500] "GET /?nocache=1777920001 HTTP/2.0" 200 17493 "-" "BigScootsMonitor Mozilla/5.0 (Windows NT 10.0; Win64; x64) AppleWebKit/537.36 (KHTML, like Gecko) Chrome/74.0.3729.169 Safari/537.36"
57.128.189.19 - - [04/May/2026:13:42:09 -0500] "GET /?nocache=1777920061 HTTP/2.0" 200 17493 "-" "BigScootsMonitor Mozilla/5.0 (Windows NT 10.0; Win64; x64) AppleWebKit/537.36 (KHTML, like Gecko) Chrome/74.0.3729.169 Safari/537.36"
2607:5300:205:200::61f0 - - [04/May/2026:13:42:10 -0500] "GET /?nocache=1777920121 HTTP/2.0" 200 17493 "-" "BigScootsMonitor Mozilla/5.0 (Windows NT 10.0; Win64; x64) AppleWebKit/537.36 (KHTML, like Gecko) Chrome/74.0.3729.169 Safari/537.36"
20.151.104.6 - - [04/May/2026:13:42:55 -0500] "GET //wp-content/plugins/fix/up.php HTTP/2.0" 444 0 "-" "Mozilla/5.0 (Windows NT 10.0; Win64; x64) AppleWebKit/537.36 (KHTML, like Gecko) Chrome/85.0.4183.102 Safari/537.36"
199.203.54.15 - - [04/May/2026:13:44:08 -0500] "GET /wp-login.php HTTP/2.0" 444 0 "-" "Mozilla/5.0 (MSIE 9.0; Windows NT 6.1; WOW64; Trident/7.0; rv:11.0) like Gecko"
199.203.54.15 - - [04/May/2026:13:44:08 -0500] "POST /wp-login.php HTTP/2.0" 444 0 "https://whitmoremediagroup.com/wp-login.php" "Mozilla/5.0 (MSIE 9.0; Windows NT 6.1; WOW64; Trident/7.0; rv:11.0) like Gecko"
57.128.189.19 - - [04/May/2026:13:44:09 -0500] "GET /?nocache=1777920181 HTTP/2.0" 200 17493 "-" "BigScootsMonitor Mozilla/5.0 (Windows NT 10.0; Win64; x64) AppleWebKit/537.36 (KHTML, like Gecko) Chrome/74.0.3729.169 Safari/537.36"
2607:5300:205:200::61f0 - - [04/May/2026:13:44:10 -0500] "GET /?nocache=1777920181 HTTP/2.0" 200 17493 "-" "BigScootsMonitor Mozilla/5.0 (Windows NT 10.0; Win64; x64) AppleWebKit/537.36 (KHTML, like Gecko) Chrome/74.0.3729.169 Safari/537.36"
38.95.35.85 - - [04/May/2026:13:44:36 -0500] "GET /wp-login.php HTTP/2.0" 200 1738 "-" "Mozilla/5.0 (X11; Linux x86_64) AppleWebKit/537.36 (KHTML, like Gecko) Chrome/65.0.3325.109 Safari/537.36"
38.95.35.85 - - [04/May/2026:13:44:36 -0500] "POST /wp-login.php HTTP/2.0" 200 1879 "https://whitmoremediagroup.com/wp-login.php" "Mozilla/5.0 (X11; Linux x86_64) AppleWebKit/537.36 (KHTML, like Gecko) Chrome/65.0.3325.109 Safari/537.36"
57.128.189.19 - - [04/May/2026:13:46:09 -0500] "GET /?nocache=1777920301 HTTP/2.0" 200 17493 "-" "BigScootsMonitor Mozilla/5.0 (Windows NT 10.0; Win64; x64) AppleWebKit/537.36 (KHTML, like Gecko) Chrome/74.0.3729.169 Safari/537.36"
2607:5300:205:200::61f0 - - [04/May/2026:13:46:10 -0500] "GET /?nocache=1777920301 HTTP/2.0" 200 17493 "-" "BigScootsMonitor Mozilla/5.0 (Windows NT 10.0; Win64; x64) AppleWebKit/537.36 (KHTML, like Gecko) Chrome/74.0.3729.169 Safari/537.36"
57.128.189.19 - - [04/May/2026:13:48:09 -0500] "GET /?nocache=1777920481 HTTP/2.0" 200 17493 "-" "BigScootsMonitor Mozilla/5.0 (Windows NT 10.0; Win64; x64) AppleWebKit/537.36 (KHTML, like Gecko) Chrome/74.0.3729.169 Safari/537.36"
2607:5300:205:200::61f0 - - [04/May/2026:13:48:10 -0500] "GET /?nocache=1777920481 HTTP/2.0" 200 17493 "-" "BigScootsMonitor Mozilla/5.0 (Windows NT 10.0; Win64; x64) AppleWebKit/537.36 (KHTML, like Gecko) Chrome/74.0.3729.169 Safari/537.36"
57.128.189.19 - - [04/May/2026:13:50:09 -0500] "GET /?nocache=1777920541 HTTP/2.0" 200 17493 "-" "BigScootsMonitor Mozilla/5.0 (Windows NT 10.0; Win64; x64) AppleWebKit/537.36 (KHTML, like Gecko) Chrome/74.0.3729.169 Safari/537.36"
2607:5300:205:200::61f0 - - [04/May/2026:13:50:10 -0500] "GET /?nocache=1777920541 HTTP/2.0" 200 17493 "-" "BigScootsMonitor Mozilla/5.0 (Windows NT 10.0; Win64; x64) AppleWebKit/537.36 (KHTML, like Gecko) Chrome/74.0.3729.169 Safari/537.36"
57.128.189.19 - - [04/May/2026:13:52:09 -0500] "GET /?nocache=1777920661 HTTP/2.0" 200 17493 "-" "BigScootsMonitor Mozilla/5.0 (Windows NT 10.0; Win64; x64) AppleWebKit/537.36 (KHTML, like Gecko) Chrome/74.0.3729.169 Safari/537.36"
2607:5300:205:200::61f0 - - [04/May/2026:13:52:10 -0500] "GET /?nocache=1777920661 HTTP/2.0" 200 17493 "-" "BigScootsMonitor Mozilla/5.0 (Windows NT 10.0; Win64; x64) AppleWebKit/537.36 (KHTML, like Gecko) Chrome/74.0.3729.169 Safari/537.36"
142.93.217.129 - - [04/May/2026:13:53:39 -0500] "GET /wp-login.php HTTP/2.0" 200 1738 "-" "Mozilla/5.0 (Windows NT 6.1; Win64; x64) AppleWebKit/537.36 (KHTML, like Gecko) Chrome/63.0.3239.132 Safari/537.36 OPR/50.0.2762.67"
142.93.217.129 - - [04/May/2026:13:53:40 -0500] "POST /wp-login.php HTTP/2.0" 200 1856 "https://whitmoremediagroup.com/wp-login.php" "Mozilla/5.0 (Windows NT 6.1; Win64; x64) AppleWebKit/537.36 (KHTML, like Gecko) Chrome/63.0.3239.132 Safari/537.36 OPR/50.0.2762.67"
57.128.189.19 - - [04/May/2026:13:54:09 -0500] "GET /?nocache=1777920781 HTTP/2.0" 200 17493 "-" "BigScootsMonitor Mozilla/5.0 (Windows NT 10.0; Win64; x64) AppleWebKit/537.36 (KHTML, like Gecko) Chrome/74.0.3729.169 Safari/537.36"
192.176.172.166 - - [04/May/2026:13:54:10 -0500] "GET /wp-login.php HTTP/2.0" 444 0 "-" "Mozilla/5.0 (Windows NT 6.1; WOW64) AppleWebKit/537.36 (KHTML, like Gecko) Chrome/66.0.3359.181 Safari/537.36"
192.176.172.166 - - [04/May/2026:13:54:10 -0500] "POST /wp-login.php HTTP/2.0" 444 0 "https://whitmoremediagroup.com/wp-login.php" "Mozilla/5.0 (Windows NT 6.1; WOW64) AppleWebKit/537.36 (KHTML, like Gecko) Chrome/66.0.3359.181 Safari/537.36"
2607:5300:205:200::61f0 - - [04/May/2026:13:54:10 -0500] "GET /?nocache=1777920781 HTTP/2.0" 200 17493 "-" "BigScootsMonitor Mozilla/5.0 (Windows NT 10.0; Win64; x64) AppleWebKit/537.36 (KHTML, like Gecko) Chrome/74.0.3729.169 Safari/537.36"
57.128.189.19 - - [04/May/2026:13:56:09 -0500] "GET /?nocache=1777920901 HTTP/2.0" 200 17493 "-" "BigScootsMonitor Mozilla/5.0 (Windows NT 10.0; Win64; x64) AppleWebKit/537.36 (KHTML, like Gecko) Chrome/74.0.3729.169 Safari/537.36"
2607:5300:205:200::61f0 - - [04/May/2026:13:56:10 -0500] "GET /?nocache=1777920901 HTTP/2.0" 200 17493 "-" "BigScootsMonitor Mozilla/5.0 (Windows NT 10.0; Win64; x64) AppleWebKit/537.36 (KHTML, like Gecko) Chrome/74.0.3729.169 Safari/537.36"
57.128.189.19 - - [04/May/2026:13:58:10 -0500] "GET /?nocache=1777921021 HTTP/2.0" 200 17493 "-" "BigScootsMonitor Mozilla/5.0 (Windows NT 10.0; Win64; x64) AppleWebKit/537.36 (KHTML, like Gecko) Chrome/74.0.3729.169 Safari/537.36"
2607:5300:205:200::61f0 - - [04/May/2026:13:58:10 -0500] "GET /?nocache=1777921021 HTTP/2.0" 200 17493 "-" "BigScootsMonitor Mozilla/5.0 (Windows NT 10.0; Win64; x64) AppleWebKit/537.36 (KHTML, like Gecko) Chrome/74.0.3729.169 Safari/537.36"
57.128.189.19 - - [04/May/2026:14:00:10 -0500] "GET /?nocache=1777921141 HTTP/2.0" 200 17493 "-" "BigScootsMonitor Mozilla/5.0 (Windows NT 10.0; Win64; x64) AppleWebKit/537.36 (KHTML, like Gecko) Chrome/74.0.3729.169 Safari/537.36"
2607:5300:205:200::61f0 - - [04/May/2026:14:00:10 -0500] "GET /?nocache=1777921141 HTTP/2.0" 200 17493 "-" "BigScootsMonitor Mozilla/5.0 (Windows NT 10.0; Win64; x64) AppleWebKit/537.36 (KHTML, like Gecko) Chrome/74.0.3729.169 Safari/537.36"
57.128.189.19 - - [04/May/2026:14:02:10 -0500] "GET /?nocache=1777921321 HTTP/2.0" 200 17493 "-" "BigScootsMonitor Mozilla/5.0 (Windows NT 10.0; Win64; x64) AppleWebKit/537.36 (KHTML, like Gecko) Chrome/74.0.3729.169 Safari/537.36"
2607:5300:205:200::61f0 - - [04/May/2026:14:02:11 -0500] "GET /?nocache=1777921321 HTTP/2.0" 200 17493 "-" "BigScootsMonitor Mozilla/5.0 (Windows NT 10.0; Win64; x64) AppleWebKit/537.36 (KHTML, like Gecko) Chrome/74.0.3729.169 Safari/537.36"
154.38.180.106 - - [04/May/2026:14:03:11 -0500] "GET /wp-login.php HTTP/2.0" 200 1738 "-" "Mozilla/5.0 (Macintosh; Intel Mac OS X 10.13; rv:60.0) Gecko/20100101 Firefox/60.0"
154.38.180.106 - - [04/May/2026:14:03:11 -0500] "POST /wp-login.php HTTP/2.0" 200 1856 "https://whitmoremediagroup.com/wp-login.php" "Mozilla/5.0 (Macintosh; Intel Mac OS X 10.13; rv:60.0) Gecko/20100101 Firefox/60.0"
74.91.224.220 - - [04/May/2026:14:03:35 -0500] "GET /wp-login.php HTTP/2.0" 444 0 "-" "Mozilla/5.0 (Windows NT 10.0) AppleWebKit/537.36 (KHTML, like Gecko) Chrome/52.0.2743.116 Safari/537.36 Edge/15.15063"
74.91.224.220 - - [04/May/2026:14:03:36 -0500] "POST /wp-login.php HTTP/2.0" 444 0 "https://whitmoremediagroup.com/wp-login.php" "Mozilla/5.0 (Windows NT 10.0) AppleWebKit/537.36 (KHTML, like Gecko) Chrome/52.0.2743.116 Safari/537.36 Edge/15.15063"
57.128.189.19 - - [04/May/2026:14:04:09 -0500] "GET /?nocache=1777921381 HTTP/2.0" 200 17493 "-" "BigScootsMonitor Mozilla/5.0 (Windows NT 10.0; Win64; x64) AppleWebKit/537.36 (KHTML, like Gecko) Chrome/74.0.3729.169 Safari/537.36"
2607:5300:205:200::61f0 - - [04/May/2026:14:04:10 -0500] "GET /?nocache=1777921381 HTTP/2.0" 200 17493 "-" "BigScootsMonitor Mozilla/5.0 (Windows NT 10.0; Win64; x64) AppleWebKit/537.36 (KHTML, like Gecko) Chrome/74.0.3729.169 Safari/537.36"
57.128.189.19 - - [04/May/2026:14:06:10 -0500] "GET /?nocache=1777921501 HTTP/2.0" 200 17493 "-" "BigScootsMonitor Mozilla/5.0 (Windows NT 10.0; Win64; x64) AppleWebKit/537.36 (KHTML, like Gecko) Chrome/74.0.3729.169 Safari/537.36"
2607:5300:205:200::61f0 - - [04/May/2026:14:06:11 -0500] "GET /?nocache=1777921501 HTTP/2.0" 200 17493 "-" "BigScootsMonitor Mozilla/5.0 (Windows NT 10.0; Win64; x64) AppleWebKit/537.36 (KHTML, like Gecko) Chrome/74.0.3729.169 Safari/537.36"
57.128.189.19 - - [04/May/2026:14:08:09 -0500] "GET /?nocache=1777921621 HTTP/2.0" 200 17493 "-" "BigScootsMonitor Mozilla/5.0 (Windows NT 10.0; Win64; x64) AppleWebKit/537.36 (KHTML, like Gecko) Chrome/74.0.3729.169 Safari/537.36"
2607:5300:205:200::61f0 - - [04/May/2026:14:08:10 -0500] "GET /?nocache=1777921621 HTTP/2.0" 200 17493 "-" "BigScootsMonitor Mozilla/5.0 (Windows NT 10.0; Win64; x64) AppleWebKit/537.36 (KHTML, like Gecko) Chrome/74.0.3729.169 Safari/537.36"
57.128.189.19 - - [04/May/2026:14:10:09 -0500] "GET /?nocache=1777921741 HTTP/2.0" 200 17493 "-" "BigScootsMonitor Mozilla/5.0 (Windows NT 10.0; Win64; x64) AppleWebKit/537.36 (KHTML, like Gecko) Chrome/74.0.3729.169 Safari/537.36"
2607:5300:205:200::61f0 - - [04/May/2026:14:10:10 -0500] "GET /?nocache=1777921741 HTTP/2.0" 200 17493 "-" "BigScootsMonitor Mozilla/5.0 (Windows NT 10.0; Win64; x64) AppleWebKit/537.36 (KHTML, like Gecko) Chrome/74.0.3729.169 Safari/537.36"
57.128.189.19 - - [04/May/2026:14:12:10 -0500] "GET /?nocache=1777921921 HTTP/2.0" 200 17493 "-" "BigScootsMonitor Mozilla/5.0 (Windows NT 10.0; Win64; x64) AppleWebKit/537.36 (KHTML, like Gecko) Chrome/74.0.3729.169 Safari/537.36"
2607:5300:205:200::61f0 - - [04/May/2026:14:12:10 -0500] "GET /?nocache=1777921921 HTTP/2.0" 200 17493 "-" "BigScootsMonitor Mozilla/5.0 (Windows NT 10.0; Win64; x64) AppleWebKit/537.36 (KHTML, like Gecko) Chrome/74.0.3729.169 Safari/537.36"
103.28.36.200 - - [04/May/2026:14:12:28 -0500] "GET /wp-login.php HTTP/2.0" 200 1738 "-" "Mozilla/5.0 (Windows NT 10.0; WOW64; Trident/7.0; FSJB; rv:11.0) like Gecko"
103.28.36.200 - - [04/May/2026:14:12:29 -0500] "POST /wp-login.php HTTP/2.0" 200 1856 "https://whitmoremediagroup.com/wp-login.php" "Mozilla/5.0 (Windows NT 10.0; WOW64; Trident/7.0; FSJB; rv:11.0) like Gecko"
50.6.229.148 - - [04/May/2026:14:13:21 -0500] "GET /wp-login.php HTTP/2.0" 444 0 "-" "Mozilla/5.0 (Windows NT 10.0; Win64; x64) AppleWebKit/537.36 (KHTML, like Gecko) Chrome/65.0.3325.162 Safari/537.36"
50.6.229.148 - - [04/May/2026:14:13:22 -0500] "POST /wp-login.php HTTP/2.0" 444 0 "https://whitmoremediagroup.com/wp-login.php" "Mozilla/5.0 (Windows NT 10.0; Win64; x64) AppleWebKit/537.36 (KHTML, like Gecko) Chrome/65.0.3325.162 Safari/537.36"
114.119.142.126 - - [04/May/2026:14:14:01 -0500] "GET /wp-content/uploads/2022/09/mockups-screens-1024x747.png HTTP/2.0" 200 630892 "-" "Mozilla/5.0 (Linux; Android 7.0;) AppleWebKit/537.36 (HTML, like Gecko) Mobile Safari/537.36 (compatible; PetalBot;+https://webmaster.petalsearch.com/site/petalbot)"
57.128.189.19 - - [04/May/2026:14:14:10 -0500] "GET /?nocache=1777922041 HTTP/2.0" 200 17493 "-" "BigScootsMonitor Mozilla/5.0 (Windows NT 10.0; Win64; x64) AppleWebKit/537.36 (KHTML, like Gecko) Chrome/74.0.3729.169 Safari/537.36"
2607:5300:205:200::61f0 - - [04/May/2026:14:14:10 -0500] "GET /?nocache=1777922041 HTTP/2.0" 200 17493 "-" "BigScootsMonitor Mozilla/5.0 (Windows NT 10.0; Win64; x64) AppleWebKit/537.36 (KHTML, like Gecko) Chrome/74.0.3729.169 Safari/537.36"
57.128.189.19 - - [04/May/2026:14:16:10 -0500] "GET /?nocache=1777922101 HTTP/2.0" 200 17493 "-" "BigScootsMonitor Mozilla/5.0 (Windows NT 10.0; Win64; x64) AppleWebKit/537.36 (KHTML, like Gecko) Chrome/74.0.3729.169 Safari/537.36"
2607:5300:205:200::61f0 - - [04/May/2026:14:16:10 -0500] "GET /?nocache=1777922101 HTTP/2.0" 200 17493 "-" "BigScootsMonitor Mozilla/5.0 (Windows NT 10.0; Win64; x64) AppleWebKit/537.36 (KHTML, like Gecko) Chrome/74.0.3729.169 Safari/537.36"
57.128.189.19 - - [04/May/2026:14:18:09 -0500] "GET /?nocache=1777922221 HTTP/2.0" 200 17493 "-" "BigScootsMonitor Mozilla/5.0 (Windows NT 10.0; Win64; x64) AppleWebKit/537.36 (KHTML, like Gecko) Chrome/74.0.3729.169 Safari/537.36"
2607:5300:205:200::61f0 - - [04/May/2026:14:18:10 -0500] "GET /?nocache=1777922221 HTTP/2.0" 200 17493 "-" "BigScootsMonitor Mozilla/5.0 (Windows NT 10.0; Win64; x64) AppleWebKit/537.36 (KHTML, like Gecko) Chrome/74.0.3729.169 Safari/537.36"
139.155.134.17 - - [04/May/2026:14:18:19 -0500] "GET / HTTP/2.0" 200 17508 "http://whitmoremediagroup.com" "Mozilla/5.0 (iPhone; CPU iPhone OS 13_2_3 like Mac OS X) AppleWebKit/605.1.15 (KHTML, like Gecko) Version/13.0.3 Mobile/15E148 Safari/604.1"
57.128.189.19 - - [04/May/2026:14:20:09 -0500] "GET /?nocache=1777922341 HTTP/2.0" 200 17493 "-" "BigScootsMonitor Mozilla/5.0 (Windows NT 10.0; Win64; x64) AppleWebKit/537.36 (KHTML, like Gecko) Chrome/74.0.3729.169 Safari/537.36"
2607:5300:205:200::61f0 - - [04/May/2026:14:20:10 -0500] "GET /?nocache=1777922341 HTTP/2.0" 200 17493 "-" "BigScootsMonitor Mozilla/5.0 (Windows NT 10.0; Win64; x64) AppleWebKit/537.36 (KHTML, like Gecko) Chrome/74.0.3729.169 Safari/537.36"
57.128.189.19 - - [04/May/2026:14:22:09 -0500] "GET /?nocache=1777922461 HTTP/2.0" 200 17493 "-" "BigScootsMonitor Mozilla/5.0 (Windows NT 10.0; Win64; x64) AppleWebKit/537.36 (KHTML, like Gecko) Chrome/74.0.3729.169 Safari/537.36"
2607:5300:205:200::61f0 - - [04/May/2026:14:22:10 -0500] "GET /?nocache=1777922461 HTTP/2.0" 200 17493 "-" "BigScootsMonitor Mozilla/5.0 (Windows NT 10.0; Win64; x64) AppleWebKit/537.36 (KHTML, like Gecko) Chrome/74.0.3729.169 Safari/537.36"
57.128.189.19 - - [04/May/2026:14:24:10 -0500] "GET /?nocache=1777922581 HTTP/2.0" 200 17493 "-" "BigScootsMonitor Mozilla/5.0 (Windows NT 10.0; Win64; x64) AppleWebKit/537.36 (KHTML, like Gecko) Chrome/74.0.3729.169 Safari/537.36"
2607:5300:205:200::61f0 - - [04/May/2026:14:24:10 -0500] "GET /?nocache=1777922581 HTTP/2.0" 200 17493 "-" "BigScootsMonitor Mozilla/5.0 (Windows NT 10.0; Win64; x64) AppleWebKit/537.36 (KHTML, like Gecko) Chrome/74.0.3729.169 Safari/537.36"
57.128.189.19 - - [04/May/2026:14:26:09 -0500] "GET /?nocache=1777922701 HTTP/2.0" 200 17493 "-" "BigScootsMonitor Mozilla/5.0 (Windows NT 10.0; Win64; x64) AppleWebKit/537.36 (KHTML, like Gecko) Chrome/74.0.3729.169 Safari/537.36"
2607:5300:205:200::61f0 - - [04/May/2026:14:26:10 -0500] "GET /?nocache=1777922761 HTTP/2.0" 200 17493 "-" "BigScootsMonitor Mozilla/5.0 (Windows NT 10.0; Win64; x64) AppleWebKit/537.36 (KHTML, like Gecko) Chrome/74.0.3729.169 Safari/537.36"
57.128.189.19 - - [04/May/2026:14:28:10 -0500] "GET /?nocache=1777922821 HTTP/2.0" 200 17493 "-" "BigScootsMonitor Mozilla/5.0 (Windows NT 10.0; Win64; x64) AppleWebKit/537.36 (KHTML, like Gecko) Chrome/74.0.3729.169 Safari/537.36"
2607:5300:205:200::61f0 - - [04/May/2026:14:28:10 -0500] "GET /?nocache=1777922821 HTTP/2.0" 200 17493 "-" "BigScootsMonitor Mozilla/5.0 (Windows NT 10.0; Win64; x64) AppleWebKit/537.36 (KHTML, like Gecko) Chrome/74.0.3729.169 Safari/537.36"
57.128.189.19 - - [04/May/2026:14:30:09 -0500] "GET /?nocache=1777922941 HTTP/2.0" 200 17493 "-" "BigScootsMonitor Mozilla/5.0 (Windows NT 10.0; Win64; x64) AppleWebKit/537.36 (KHTML, like Gecko) Chrome/74.0.3729.169 Safari/537.36"
2607:5300:205:200::61f0 - - [04/May/2026:14:30:10 -0500] "GET /?nocache=1777922941 HTTP/2.0" 200 17493 "-" "BigScootsMonitor Mozilla/5.0 (Windows NT 10.0; Win64; x64) AppleWebKit/537.36 (KHTML, like Gecko) Chrome/74.0.3729.169 Safari/537.36"
202.92.6.73 - - [04/May/2026:14:30:48 -0500] "GET /wp-login.php HTTP/2.0" 444 0 "-" "Mozilla/5.0 (Windows NT 6.3; WOW64; Trident/7.0; Touch; MASMJS; rv:11.0) like Gecko"
202.92.6.73 - - [04/May/2026:14:30:49 -0500] "POST /wp-login.php HTTP/2.0" 444 0 "https://whitmoremediagroup.com/wp-login.php" "Mozilla/5.0 (Windows NT 6.3; WOW64; Trident/7.0; Touch; MASMJS; rv:11.0) like Gecko"
57.128.189.19 - - [04/May/2026:14:32:09 -0500] "GET /?nocache=1777923121 HTTP/2.0" 200 17493 "-" "BigScootsMonitor Mozilla/5.0 (Windows NT 10.0; Win64; x64) AppleWebKit/537.36 (KHTML, like Gecko) Chrome/74.0.3729.169 Safari/537.36"
2607:5300:205:200::61f0 - - [04/May/2026:14:32:10 -0500] "GET /?nocache=1777923121 HTTP/2.0" 200 17493 "-" "BigScootsMonitor Mozilla/5.0 (Windows NT 10.0; Win64; x64) AppleWebKit/537.36 (KHTML, like Gecko) Chrome/74.0.3729.169 Safari/537.36"
121.200.216.56 - - [04/May/2026:14:33:03 -0500] "GET /wp-login.php HTTP/2.0" 200 1738 "-" "Mozilla/5.0 (Windows NT 10.0; Win64; x64) AppleWebKit/537.36 (KHTML, like Gecko) Chrome/64.0.3282.168 Safari/537.36 OPR/51.0.2830.40"
121.200.216.56 - - [04/May/2026:14:33:04 -0500] "POST /wp-login.php HTTP/2.0" 200 1879 "https://whitmoremediagroup.com/wp-login.php" "Mozilla/5.0 (Windows NT 10.0; Win64; x64) AppleWebKit/537.36 (KHTML, like Gecko) Chrome/64.0.3282.168 Safari/537.36 OPR/51.0.2830.40"
57.128.189.19 - - [04/May/2026:14:34:09 -0500] "GET /?nocache=1777923241 HTTP/2.0" 200 17493 "-" "BigScootsMonitor Mozilla/5.0 (Windows NT 10.0; Win64; x64) AppleWebKit/537.36 (KHTML, like Gecko) Chrome/74.0.3729.169 Safari/537.36"
2607:5300:205:200::61f0 - - [04/May/2026:14:34:11 -0500] "GET /?nocache=1777923241 HTTP/2.0" 200 17493 "-" "BigScootsMonitor Mozilla/5.0 (Windows NT 10.0; Win64; x64) AppleWebKit/537.36 (KHTML, like Gecko) Chrome/74.0.3729.169 Safari/537.36"
57.128.189.19 - - [04/May/2026:14:36:09 -0500] "GET /?nocache=1777923301 HTTP/2.0" 200 17493 "-" "BigScootsMonitor Mozilla/5.0 (Windows NT 10.0; Win64; x64) AppleWebKit/537.36 (KHTML, like Gecko) Chrome/74.0.3729.169 Safari/537.36"
2607:5300:205:200::61f0 - - [04/May/2026:14:36:10 -0500] "GET /?nocache=1777923301 HTTP/2.0" 200 17493 "-" "BigScootsMonitor Mozilla/5.0 (Windows NT 10.0; Win64; x64) AppleWebKit/537.36 (KHTML, like Gecko) Chrome/74.0.3729.169 Safari/537.36"
57.128.189.19 - - [04/May/2026:14:38:09 -0500] "GET /?nocache=1777923421 HTTP/2.0" 200 17493 "-" "BigScootsMonitor Mozilla/5.0 (Windows NT 10.0; Win64; x64) AppleWebKit/537.36 (KHTML, like Gecko) Chrome/74.0.3729.169 Safari/537.36"
2607:5300:205:200::61f0 - - [04/May/2026:14:38:10 -0500] "GET /?nocache=1777923421 HTTP/2.0" 200 17493 "-" "BigScootsMonitor Mozilla/5.0 (Windows NT 10.0; Win64; x64) AppleWebKit/537.36 (KHTML, like Gecko) Chrome/74.0.3729.169 Safari/537.36"
89.124.112.117 - - [04/May/2026:14:39:38 -0500] "GET /1/hello-world/ HTTP/2.0" 200 12804 "https://whitmoremediagroup.com/1/hello-world/" "Mozilla/5.0 (Windows NT 10.0; Win64; x64) AppleWebKit/537.36 (KHTML, like Gecko) Chrome/130.0.0.0 Safari/537.36 CCleaner/130.0.0.0"
89.124.112.117 - - [04/May/2026:14:39:38 -0500] "POST /wp-comments-post.php HTTP/2.0" 302 0 "https://whitmoremediagroup.com/1/hello-world/" "Mozilla/5.0 (Windows NT 10.0; Win64; x64) AppleWebKit/537.36 (KHTML, like Gecko) Chrome/130.0.0.0 Safari/537.36 CCleaner/130.0.0.0"
89.124.112.117 - - [04/May/2026:14:39:38 -0500] "GET /1/hello-world/ HTTP/2.0" 200 13410 "https://whitmoremediagroup.com/1/hello-world/#comment-477" "Mozilla/5.0 (Windows NT 10.0; Win64; x64) AppleWebKit/537.36 (KHTML, like Gecko) Chrome/130.0.0.0 Safari/537.36 CCleaner/130.0.0.0"
89.124.81.121 - - [04/May/2026:14:40:05 -0500] "GET /1/hello-world/ HTTP/2.0" 200 12804 "https://whitmoremediagroup.com/1/hello-world/" "Mozilla/5.0 (Windows NT 10.0; Win64; x64) AppleWebKit/537.36 (KHTML, like Gecko) Chrome/130.0.0.0 Safari/537.36"
89.124.81.121 - - [04/May/2026:14:40:05 -0500] "POST /wp-comments-post.php HTTP/2.0" 302 0 "https://whitmoremediagroup.com/1/hello-world/" "Mozilla/5.0 (Windows NT 10.0; Win64; x64) AppleWebKit/537.36 (KHTML, like Gecko) Chrome/130.0.0.0 Safari/537.36"
89.124.81.121 - - [04/May/2026:14:40:06 -0500] "GET /1/hello-world/ HTTP/2.0" 200 13422 "https://whitmoremediagroup.com/1/hello-world/#comment-478" "Mozilla/5.0 (Windows NT 10.0; Win64; x64) AppleWebKit/537.36 (KHTML, like Gecko) Chrome/130.0.0.0 Safari/537.36"
154.18.244.252 - - [04/May/2026:14:40:10 -0500] "POST /wp-cron.php?doing_wp_cron=1777923610.1590690612792968750000 HTTP/2.0" 200 1 "-" "WordPress/6.8.5; https://whitmoremediagroup.com"
57.128.189.19 - - [04/May/2026:14:40:10 -0500] "GET /?nocache=1777923541 HTTP/2.0" 200 17493 "-" "BigScootsMonitor Mozilla/5.0 (Windows NT 10.0; Win64; x64) AppleWebKit/537.36 (KHTML, like Gecko) Chrome/74.0.3729.169 Safari/537.36"
2607:5300:205:200::61f0 - - [04/May/2026:14:40:10 -0500] "GET /?nocache=1777923541 HTTP/2.0" 200 17493 "-" "BigScootsMonitor Mozilla/5.0 (Windows NT 10.0; Win64; x64) AppleWebKit/537.36 (KHTML, like Gecko) Chrome/74.0.3729.169 Safari/537.36"
57.128.189.19 - - [04/May/2026:14:42:10 -0500] "GET /?nocache=1777923661 HTTP/2.0" 200 17493 "-" "BigScootsMonitor Mozilla/5.0 (Windows NT 10.0; Win64; x64) AppleWebKit/537.36 (KHTML, like Gecko) Chrome/74.0.3729.169 Safari/537.36"
2607:5300:205:200::61f0 - - [04/May/2026:14:42:10 -0500] "GET /?nocache=1777923661 HTTP/2.0" 200 17493 "-" "BigScootsMonitor Mozilla/5.0 (Windows NT 10.0; Win64; x64) AppleWebKit/537.36 (KHTML, like Gecko) Chrome/74.0.3729.169 Safari/537.36"
121.200.217.27 - - [04/May/2026:14:42:17 -0500] "GET /wp-login.php HTTP/2.0" 444 0 "-" "Mozilla/5.0 (Windows NT 6.3; Win64; x64) AppleWebKit/537.36 (KHTML, like Gecko) Chrome/65.0.3325.162 Safari/537.36"
121.200.217.27 - - [04/May/2026:14:42:18 -0500] "POST /wp-login.php HTTP/2.0" 444 0 "https://whitmoremediagroup.com/wp-login.php" "Mozilla/5.0 (Windows NT 6.3; Win64; x64) AppleWebKit/537.36 (KHTML, like Gecko) Chrome/65.0.3325.162 Safari/537.36"
57.128.189.19 - - [04/May/2026:14:44:09 -0500] "GET /?nocache=1777923781 HTTP/2.0" 200 17493 "-" "BigScootsMonitor Mozilla/5.0 (Windows NT 10.0; Win64; x64) AppleWebKit/537.36 (KHTML, like Gecko) Chrome/74.0.3729.169 Safari/537.36"
2607:5300:205:200::61f0 - - [04/May/2026:14:44:10 -0500] "GET /?nocache=1777923781 HTTP/2.0" 200 17493 "-" "BigScootsMonitor Mozilla/5.0 (Windows NT 10.0; Win64; x64) AppleWebKit/537.36 (KHTML, like Gecko) Chrome/74.0.3729.169 Safari/537.36"
57.128.189.19 - - [04/May/2026:14:46:10 -0500] "GET /?nocache=1777923901 HTTP/2.0" 200 17493 "-" "BigScootsMonitor Mozilla/5.0 (Windows NT 10.0; Win64; x64) AppleWebKit/537.36 (KHTML, like Gecko) Chrome/74.0.3729.169 Safari/537.36"
2607:5300:205:200::61f0 - - [04/May/2026:14:46:10 -0500] "GET /?nocache=1777923901 HTTP/2.0" 200 17493 "-" "BigScootsMonitor Mozilla/5.0 (Windows NT 10.0; Win64; x64) AppleWebKit/537.36 (KHTML, like Gecko) Chrome/74.0.3729.169 Safari/537.36"
57.128.189.19 - - [04/May/2026:14:48:09 -0500] "GET /?nocache=1777924021 HTTP/2.0" 200 17493 "-" "BigScootsMonitor Mozilla/5.0 (Windows NT 10.0; Win64; x64) AppleWebKit/537.36 (KHTML, like Gecko) Chrome/74.0.3729.169 Safari/537.36"
2607:5300:205:200::61f0 - - [04/May/2026:14:48:10 -0500] "GET /?nocache=1777924081 HTTP/2.0" 200 17493 "-" "BigScootsMonitor Mozilla/5.0 (Windows NT 10.0; Win64; x64) AppleWebKit/537.36 (KHTML, like Gecko) Chrome/74.0.3729.169 Safari/537.36"
57.128.189.19 - - [04/May/2026:14:50:10 -0500] "GET /?nocache=1777924141 HTTP/2.0" 200 17493 "-" "BigScootsMonitor Mozilla/5.0 (Windows NT 10.0; Win64; x64) AppleWebKit/537.36 (KHTML, like Gecko) Chrome/74.0.3729.169 Safari/537.36"
2607:5300:205:200::61f0 - - [04/May/2026:14:50:10 -0500] "GET /?nocache=1777924141 HTTP/2.0" 200 17493 "-" "BigScootsMonitor Mozilla/5.0 (Windows NT 10.0; Win64; x64) AppleWebKit/537.36 (KHTML, like Gecko) Chrome/74.0.3729.169 Safari/537.36"
57.128.189.19 - - [04/May/2026:14:52:10 -0500] "GET /?nocache=1777924261 HTTP/2.0" 200 17493 "-" "BigScootsMonitor Mozilla/5.0 (Windows NT 10.0; Win64; x64) AppleWebKit/537.36 (KHTML, like Gecko) Chrome/74.0.3729.169 Safari/537.36"
2607:5300:205:200::61f0 - - [04/May/2026:14:52:10 -0500] "GET /?nocache=1777924261 HTTP/2.0" 200 17493 "-" "BigScootsMonitor Mozilla/5.0 (Windows NT 10.0; Win64; x64) AppleWebKit/537.36 (KHTML, like Gecko) Chrome/74.0.3729.169 Safari/537.36"
57.128.189.19 - - [04/May/2026:14:54:09 -0500] "GET /?nocache=1777924441 HTTP/2.0" 200 17493 "-" "BigScootsMonitor Mozilla/5.0 (Windows NT 10.0; Win64; x64) AppleWebKit/537.36 (KHTML, like Gecko) Chrome/74.0.3729.169 Safari/537.36"
2607:5300:205:200::61f0 - - [04/May/2026:14:54:10 -0500] "GET /?nocache=1777924441 HTTP/2.0" 200 17493 "-" "BigScootsMonitor Mozilla/5.0 (Windows NT 10.0; Win64; x64) AppleWebKit/537.36 (KHTML, like Gecko) Chrome/74.0.3729.169 Safari/537.36"
57.128.189.19 - - [04/May/2026:14:56:10 -0500] "GET /?nocache=1777924561 HTTP/2.0" 200 17493 "-" "BigScootsMonitor Mozilla/5.0 (Windows NT 10.0; Win64; x64) AppleWebKit/537.36 (KHTML, like Gecko) Chrome/74.0.3729.169 Safari/537.36"
2607:5300:205:200::61f0 - - [04/May/2026:14:56:10 -0500] "GET /?nocache=1777924561 HTTP/2.0" 200 17493 "-" "BigScootsMonitor Mozilla/5.0 (Windows NT 10.0; Win64; x64) AppleWebKit/537.36 (KHTML, like Gecko) Chrome/74.0.3729.169 Safari/537.36"
57.128.189.19 - - [04/May/2026:14:58:10 -0500] "GET /?nocache=1777924621 HTTP/2.0" 200 17493 "-" "BigScootsMonitor Mozilla/5.0 (Windows NT 10.0; Win64; x64) AppleWebKit/537.36 (KHTML, like Gecko) Chrome/74.0.3729.169 Safari/537.36"
2607:5300:205:200::61f0 - - [04/May/2026:14:58:11 -0500] "GET /?nocache=1777924681 HTTP/2.0" 200 17493 "-" "BigScootsMonitor Mozilla/5.0 (Windows NT 10.0; Win64; x64) AppleWebKit/537.36 (KHTML, like Gecko) Chrome/74.0.3729.169 Safari/537.36"
216.73.217.114 - - [04/May/2026:14:59:22 -0500] "GET /sitemap.xml HTTP/2.0" 301 0 "-" "Mozilla/5.0 AppleWebKit/537.36 (KHTML, like Gecko; compatible; ClaudeBot/1.0; [email protected])"
216.73.217.114 - - [04/May/2026:14:59:22 -0500] "GET /wp-sitemap.xml HTTP/2.0" 200 172 "https://whitmoremediagroup.com/sitemap.xml" "Mozilla/5.0 AppleWebKit/537.36 (KHTML, like Gecko; compatible; ClaudeBot/1.0; [email protected])"
57.128.189.19 - - [04/May/2026:15:00:09 -0500] "GET /?nocache=1777924741 HTTP/2.0" 200 17493 "-" "BigScootsMonitor Mozilla/5.0 (Windows NT 10.0; Win64; x64) AppleWebKit/537.36 (KHTML, like Gecko) Chrome/74.0.3729.169 Safari/537.36"
2607:5300:205:200::61f0 - - [04/May/2026:15:00:10 -0500] "GET /?nocache=1777924741 HTTP/2.0" 200 17493 "-" "BigScootsMonitor Mozilla/5.0 (Windows NT 10.0; Win64; x64) AppleWebKit/537.36 (KHTML, like Gecko) Chrome/74.0.3729.169 Safari/537.36"
50.6.229.148 - - [04/May/2026:15:01:33 -0500] "GET /wp-login.php HTTP/2.0" 444 0 "-" "Mozilla/5.0 (Windows NT 6.1; WOW64) AppleWebKit/537.36 (KHTML, like Gecko) Chrome/67.0.3396.62 Safari/537.36"
50.6.229.148 - - [04/May/2026:15:01:34 -0500] "POST /wp-login.php HTTP/2.0" 444 0 "https://whitmoremediagroup.com/wp-login.php" "Mozilla/5.0 (Windows NT 6.1; WOW64) AppleWebKit/537.36 (KHTML, like Gecko) Chrome/67.0.3396.62 Safari/537.36"
57.128.189.19 - - [04/May/2026:15:02:09 -0500] "GET /?nocache=1777924861 HTTP/2.0" 200 17493 "-" "BigScootsMonitor Mozilla/5.0 (Windows NT 10.0; Win64; x64) AppleWebKit/537.36 (KHTML, like Gecko) Chrome/74.0.3729.169 Safari/537.36"
2607:5300:205:200::61f0 - - [04/May/2026:15:02:10 -0500] "GET /?nocache=1777924861 HTTP/2.0" 200 17493 "-" "BigScootsMonitor Mozilla/5.0 (Windows NT 10.0; Win64; x64) AppleWebKit/537.36 (KHTML, like Gecko) Chrome/74.0.3729.169 Safari/537.36"
57.128.189.19 - - [04/May/2026:15:04:09 -0500] "GET /?nocache=1777924981 HTTP/2.0" 200 17493 "-" "BigScootsMonitor Mozilla/5.0 (Windows NT 10.0; Win64; x64) AppleWebKit/537.36 (KHTML, like Gecko) Chrome/74.0.3729.169 Safari/537.36"
2607:5300:205:200::61f0 - - [04/May/2026:15:04:10 -0500] "GET /?nocache=1777924981 HTTP/2.0" 200 17493 "-" "BigScootsMonitor Mozilla/5.0 (Windows NT 10.0; Win64; x64) AppleWebKit/537.36 (KHTML, like Gecko) Chrome/74.0.3729.169 Safari/537.36"
57.128.189.19 - - [04/May/2026:15:06:10 -0500] "GET /?nocache=1777925161 HTTP/2.0" 200 17493 "-" "BigScootsMonitor Mozilla/5.0 (Windows NT 10.0; Win64; x64) AppleWebKit/537.36 (KHTML, like Gecko) Chrome/74.0.3729.169 Safari/537.36"
2607:5300:205:200::61f0 - - [04/May/2026:15:06:10 -0500] "GET /?nocache=1777925161 HTTP/2.0" 200 17493 "-" "BigScootsMonitor Mozilla/5.0 (Windows NT 10.0; Win64; x64) AppleWebKit/537.36 (KHTML, like Gecko) Chrome/74.0.3729.169 Safari/537.36"
66.29.129.135 - - [04/May/2026:15:07:35 -0500] "GET /wp-login.php HTTP/2.0" 444 0 "-" "Mozilla/5.0 (Windows NT 6.1; Win64; x64) AppleWebKit/537.36 (KHTML, like Gecko) Chrome/64.0.3282.186 Safari/537.36 OPR/51.0.2830.55"
66.29.129.135 - - [04/May/2026:15:07:36 -0500] "POST /wp-login.php HTTP/2.0" 444 0 "https://whitmoremediagroup.com/wp-login.php" "Mozilla/5.0 (Windows NT 6.1; Win64; x64) AppleWebKit/537.36 (KHTML, like Gecko) Chrome/64.0.3282.186 Safari/537.36 OPR/51.0.2830.55"
57.128.189.19 - - [04/May/2026:15:08:10 -0500] "GET /?nocache=1777925221 HTTP/2.0" 200 17493 "-" "BigScootsMonitor Mozilla/5.0 (Windows NT 10.0; Win64; x64) AppleWebKit/537.36 (KHTML, like Gecko) Chrome/74.0.3729.169 Safari/537.36"
2607:5300:205:200::61f0 - - [04/May/2026:15:08:10 -0500] "GET /?nocache=1777925281 HTTP/2.0" 200 17493 "-" "BigScootsMonitor Mozilla/5.0 (Windows NT 10.0; Win64; x64) AppleWebKit/537.36 (KHTML, like Gecko) Chrome/74.0.3729.169 Safari/537.36"
57.128.189.19 - - [04/May/2026:15:10:09 -0500] "GET /?nocache=1777925341 HTTP/2.0" 200 17493 "-" "BigScootsMonitor Mozilla/5.0 (Windows NT 10.0; Win64; x64) AppleWebKit/537.36 (KHTML, like Gecko) Chrome/74.0.3729.169 Safari/537.36"
2607:5300:205:200::61f0 - - [04/May/2026:15:10:10 -0500] "GET /?nocache=1777925341 HTTP/2.0" 200 17493 "-" "BigScootsMonitor Mozilla/5.0 (Windows NT 10.0; Win64; x64) AppleWebKit/537.36 (KHTML, like Gecko) Chrome/74.0.3729.169 Safari/537.36"
57.128.189.19 - - [04/May/2026:15:12:09 -0500] "GET /?nocache=1777925521 HTTP/2.0" 200 17493 "-" "BigScootsMonitor Mozilla/5.0 (Windows NT 10.0; Win64; x64) AppleWebKit/537.36 (KHTML, like Gecko) Chrome/74.0.3729.169 Safari/537.36"
2607:5300:205:200::61f0 - - [04/May/2026:15:12:11 -0500] "GET /?nocache=1777925521 HTTP/2.0" 200 17493 "-" "BigScootsMonitor Mozilla/5.0 (Windows NT 10.0; Win64; x64) AppleWebKit/537.36 (KHTML, like Gecko) Chrome/74.0.3729.169 Safari/537.36"
57.128.189.19 - - [04/May/2026:15:14:09 -0500] "GET /?nocache=1777925641 HTTP/2.0" 200 17493 "-" "BigScootsMonitor Mozilla/5.0 (Windows NT 10.0; Win64; x64) AppleWebKit/537.36 (KHTML, like Gecko) Chrome/74.0.3729.169 Safari/537.36"
2607:5300:205:200::61f0 - - [04/May/2026:15:14:10 -0500] "GET /?nocache=1777925641 HTTP/2.0" 200 17493 "-" "BigScootsMonitor Mozilla/5.0 (Windows NT 10.0; Win64; x64) AppleWebKit/537.36 (KHTML, like Gecko) Chrome/74.0.3729.169 Safari/537.36"
57.128.189.19 - - [04/May/2026:15:16:09 -0500] "GET /?nocache=1777925701 HTTP/2.0" 200 17493 "-" "BigScootsMonitor Mozilla/5.0 (Windows NT 10.0; Win64; x64) AppleWebKit/537.36 (KHTML, like Gecko) Chrome/74.0.3729.169 Safari/537.36"
2607:5300:205:200::61f0 - - [04/May/2026:15:16:11 -0500] "GET /?nocache=1777925701 HTTP/2.0" 200 17493 "-" "BigScootsMonitor Mozilla/5.0 (Windows NT 10.0; Win64; x64) AppleWebKit/537.36 (KHTML, like Gecko) Chrome/74.0.3729.169 Safari/537.36"
158.220.126.105 - - [04/May/2026:15:16:41 -0500] "GET /wp-login.php HTTP/2.0" 200 1738 "-" "Mozilla/5.0 (Windows NT 10.0; Win64; x64) AppleWebKit/537.36 (KHTML, like Gecko) Chrome/66.0.3359.170 Safari/537.36 OPR/53.0.2907.99"
158.220.126.105 - - [04/May/2026:15:16:42 -0500] "POST /wp-login.php HTTP/2.0" 200 1856 "https://whitmoremediagroup.com/wp-login.php" "Mozilla/5.0 (Windows NT 10.0; Win64; x64) AppleWebKit/537.36 (KHTML, like Gecko) Chrome/66.0.3359.170 Safari/537.36 OPR/53.0.2907.99"
