94.26.106.5 - - [04/May/2026:19:45:07 -0500] "GET /wp-admin/index.php HTTP/2.0" 302 0 "https://whitmoremediagroup.com/wp-login.php" "Mozilla/5.0 (Macintosh; Intel Mac OS X 10_15_7) AppleWebKit/605.1.15 (KHTML, like Gecko) Version/17.1 Safari/605.1.15"
94.26.106.5 - - [04/May/2026:19:45:07 -0500] "GET /wp-login.php?redirect_to=https%3A%2F%2Fwhitmoremediagroup.com%2Fwp-admin%2Findex.php&reauth=1 HTTP/2.0" 200 1742 "https://whitmoremediagroup.com/wp-login.php" "Mozilla/5.0 (Macintosh; Intel Mac OS X 10_15_7) AppleWebKit/605.1.15 (KHTML, like Gecko) Version/17.1 Safari/605.1.15"
185.177.72.9 - - [04/May/2026:19:45:07 -0500] "POST /vendor/phpunit/phpunit/Util/PHP/eval-stdin.php HTTP/2.0" 444 0 "-" "curl/8.7.1"
94.26.106.5 - - [04/May/2026:19:45:07 -0500] "POST /wp-login.php HTTP/2.0" 200 1861 "https://whitmoremediagroup.com/wp-login.php" "Mozilla/5.0 (Macintosh; Intel Mac OS X 13_6_1) AppleWebKit/537.36 (KHTML, like Gecko) Chrome/118.0.0.0 Safari/537.36"
94.26.106.5 - - [04/May/2026:19:45:07 -0500] "GET /wp-admin/index.php HTTP/2.0" 302 0 "https://whitmoremediagroup.com/wp-login.php" "Mozilla/5.0 (Windows NT 10.0; Win64; x64; rv:118.0) Gecko/20100101 Firefox/118.0"
94.26.106.5 - - [04/May/2026:19:45:07 -0500] "GET /wp-login.php?redirect_to=https%3A%2F%2Fwhitmoremediagroup.com%2Fwp-admin%2Findex.php&reauth=1 HTTP/2.0" 200 1742 "https://whitmoremediagroup.com/wp-login.php" "Mozilla/5.0 (Windows NT 10.0; Win64; x64; rv:118.0) Gecko/20100101 Firefox/118.0"
94.26.106.5 - - [04/May/2026:19:45:08 -0500] "POST /wp-login.php HTTP/2.0" 200 1861 "https://whitmoremediagroup.com/wp-login.php" "Mozilla/5.0 (X11; Ubuntu; Linux x86_64) AppleWebKit/537.36 (KHTML, like Gecko) Chrome/119.0.0.0 Safari/537.36"
185.177.72.9 - - [04/May/2026:19:45:08 -0500] "POST /laravel/vendor/phpunit/phpunit/src/Util/PHP/eval-stdin.php HTTP/2.0" 444 0 "-" "curl/8.7.1"
94.26.106.5 - - [04/May/2026:19:45:08 -0500] "GET /wp-admin/index.php HTTP/2.0" 302 0 "https://whitmoremediagroup.com/wp-login.php" "Mozilla/5.0 (Macintosh; Intel Mac OS X 13_6_1; rv:118.0) Gecko/20100101 Firefox/118.0"
94.26.106.5 - - [04/May/2026:19:45:08 -0500] "GET /wp-login.php?redirect_to=https%3A%2F%2Fwhitmoremediagroup.com%2Fwp-admin%2Findex.php&reauth=1 HTTP/2.0" 200 1742 "https://whitmoremediagroup.com/wp-login.php" "Mozilla/5.0 (Macintosh; Intel Mac OS X 13_6_1; rv:118.0) Gecko/20100101 Firefox/118.0"
185.177.72.9 - - [04/May/2026:19:45:08 -0500] "POST /yii/vendor/phpunit/phpunit/src/Util/PHP/eval-stdin.php HTTP/2.0" 444 0 "-" "curl/8.7.1"
94.26.106.5 - - [04/May/2026:19:45:08 -0500] "POST /wp-login.php HTTP/2.0" 200 1861 "https://whitmoremediagroup.com/wp-login.php" "Mozilla/5.0 (Macintosh; Intel Mac OS X 10_15_7) AppleWebKit/537.36 (KHTML, like Gecko) Chrome/121.0.0.0 Safari/537.36"
94.26.106.5 - - [04/May/2026:19:45:08 -0500] "GET /wp-admin/index.php HTTP/2.0" 302 0 "https://whitmoremediagroup.com/wp-login.php" "Mozilla/5.0 (Macintosh; Intel Mac OS X 13_6_1) AppleWebKit/605.1.15 (KHTML, like Gecko) Version/16.6 Safari/605.1.15"
185.177.72.9 - - [04/May/2026:19:45:09 -0500] "POST /zend/vendor/phpunit/phpunit/src/Util/PHP/eval-stdin.php HTTP/2.0" 444 0 "-" "curl/8.7.1"
94.26.106.5 - - [04/May/2026:19:45:09 -0500] "GET /wp-login.php?redirect_to=https%3A%2F%2Fwhitmoremediagroup.com%2Fwp-admin%2Findex.php&reauth=1 HTTP/2.0" 200 1742 "https://whitmoremediagroup.com/wp-login.php" "Mozilla/5.0 (Macintosh; Intel Mac OS X 13_6_1) AppleWebKit/605.1.15 (KHTML, like Gecko) Version/16.6 Safari/605.1.15"
94.26.106.5 - - [04/May/2026:19:45:09 -0500] "POST /wp-login.php HTTP/2.0" 200 1861 "https://whitmoremediagroup.com/wp-login.php" "Mozilla/5.0 (Macintosh; Intel Mac OS X 10_15_7) AppleWebKit/537.36 (KHTML, like Gecko) Chrome/119.0.0.0 Safari/537.36"
185.177.72.9 - - [04/May/2026:19:45:09 -0500] "POST /lib/vendor/phpunit/phpunit/src/Util/PHP/eval-stdin.php HTTP/2.0" 444 0 "-" "curl/8.7.1"
94.26.106.5 - - [04/May/2026:19:45:09 -0500] "GET /wp-admin/index.php HTTP/2.0" 302 0 "https://whitmoremediagroup.com/wp-login.php" "Mozilla/5.0 (Macintosh; Intel Mac OS X 13_6_1) AppleWebKit/605.1.15 (KHTML, like Gecko) Version/17.2 Safari/605.1.15"
94.26.106.5 - - [04/May/2026:19:45:09 -0500] "GET /wp-login.php?redirect_to=https%3A%2F%2Fwhitmoremediagroup.com%2Fwp-admin%2Findex.php&reauth=1 HTTP/2.0" 200 1742 "https://whitmoremediagroup.com/wp-login.php" "Mozilla/5.0 (Macintosh; Intel Mac OS X 13_6_1) AppleWebKit/605.1.15 (KHTML, like Gecko) Version/17.2 Safari/605.1.15"
94.26.106.5 - - [04/May/2026:19:45:09 -0500] "POST /wp-login.php HTTP/2.0" 200 1861 "https://whitmoremediagroup.com/wp-login.php" "Mozilla/5.0 (Macintosh; Intel Mac OS X 13_6_1) AppleWebKit/537.36 (KHTML, like Gecko) Chrome/120.0.0.0 Safari/537.36"
94.26.106.5 - - [04/May/2026:19:45:09 -0500] "GET /wp-admin/index.php HTTP/2.0" 302 0 "https://whitmoremediagroup.com/wp-login.php" "Mozilla/5.0 (Macintosh; Intel Mac OS X 13_6_1) AppleWebKit/605.1.15 (KHTML, like Gecko) Version/17.0 Safari/605.1.15"
94.26.106.5 - - [04/May/2026:19:45:10 -0500] "GET /wp-login.php?redirect_to=https%3A%2F%2Fwhitmoremediagroup.com%2Fwp-admin%2Findex.php&reauth=1 HTTP/2.0" 200 1742 "https://whitmoremediagroup.com/wp-login.php" "Mozilla/5.0 (Macintosh; Intel Mac OS X 13_6_1) AppleWebKit/605.1.15 (KHTML, like Gecko) Version/17.0 Safari/605.1.15"
94.26.106.5 - - [04/May/2026:19:45:10 -0500] "POST /wp-login.php HTTP/2.0" 200 1861 "https://whitmoremediagroup.com/wp-login.php" "Mozilla/5.0 (Macintosh; Intel Mac OS X 13_6_1) AppleWebKit/605.1.15 (KHTML, like Gecko) Version/17.2 Safari/605.1.15"
94.26.106.5 - - [04/May/2026:19:45:10 -0500] "GET /wp-admin/index.php HTTP/2.0" 302 0 "https://whitmoremediagroup.com/wp-login.php" "Mozilla/5.0 (X11; Linux x86_64) AppleWebKit/537.36 (KHTML, like Gecko) Chrome/119.0.0.0 Safari/537.36"
94.26.106.5 - - [04/May/2026:19:45:10 -0500] "GET /wp-login.php?redirect_to=https%3A%2F%2Fwhitmoremediagroup.com%2Fwp-admin%2Findex.php&reauth=1 HTTP/2.0" 200 1742 "https://whitmoremediagroup.com/wp-login.php" "Mozilla/5.0 (X11; Linux x86_64) AppleWebKit/537.36 (KHTML, like Gecko) Chrome/119.0.0.0 Safari/537.36"
94.26.106.5 - - [04/May/2026:19:45:10 -0500] "POST /wp-login.php HTTP/2.0" 200 1861 "https://whitmoremediagroup.com/wp-login.php" "Mozilla/5.0 (Macintosh; Intel Mac OS X 10_15_7) AppleWebKit/537.36 (KHTML, like Gecko) Chrome/118.0.0.0 Safari/537.36"
94.26.106.5 - - [04/May/2026:19:45:11 -0500] "GET /wp-admin/index.php HTTP/2.0" 302 0 "https://whitmoremediagroup.com/wp-login.php" "Mozilla/5.0 (Windows NT 10.0; Win64; x64) AppleWebKit/537.36 (KHTML, like Gecko) Chrome/120.0.0.0 Safari/537.36"
94.26.106.5 - - [04/May/2026:19:45:11 -0500] "GET /wp-login.php?redirect_to=https%3A%2F%2Fwhitmoremediagroup.com%2Fwp-admin%2Findex.php&reauth=1 HTTP/2.0" 200 1742 "https://whitmoremediagroup.com/wp-login.php" "Mozilla/5.0 (Windows NT 10.0; Win64; x64) AppleWebKit/537.36 (KHTML, like Gecko) Chrome/120.0.0.0 Safari/537.36"
94.26.106.5 - - [04/May/2026:19:45:11 -0500] "POST /wp-login.php HTTP/2.0" 200 1861 "https://whitmoremediagroup.com/wp-login.php" "Mozilla/5.0 (Macintosh; Intel Mac OS X 13_6_1) AppleWebKit/537.36 (KHTML, like Gecko) Chrome/121.0.0.0 Safari/537.36"
94.26.106.5 - - [04/May/2026:19:45:11 -0500] "GET /wp-admin/index.php HTTP/2.0" 302 0 "https://whitmoremediagroup.com/wp-login.php" "Mozilla/5.0 (X11; Linux x86_64) AppleWebKit/537.36 (KHTML, like Gecko) Chrome/118.0.0.0 Safari/537.36"
94.26.106.5 - - [04/May/2026:19:45:11 -0500] "GET /wp-login.php?redirect_to=https%3A%2F%2Fwhitmoremediagroup.com%2Fwp-admin%2Findex.php&reauth=1 HTTP/2.0" 200 1742 "https://whitmoremediagroup.com/wp-login.php" "Mozilla/5.0 (X11; Linux x86_64) AppleWebKit/537.36 (KHTML, like Gecko) Chrome/118.0.0.0 Safari/537.36"
94.26.106.5 - - [04/May/2026:19:45:12 -0500] "POST /wp-login.php HTTP/2.0" 200 1861 "https://whitmoremediagroup.com/wp-login.php" "Mozilla/5.0 (Windows NT 11.0; Win64; x64) AppleWebKit/537.36 (KHTML, like Gecko) Chrome/120.0.0.0 Safari/537.36"
94.26.106.5 - - [04/May/2026:19:45:12 -0500] "GET /wp-admin/index.php HTTP/2.0" 200 19056 "https://whitmoremediagroup.com/wp-login.php" "Mozilla/5.0 (Windows NT 11.0; Win64; x64) AppleWebKit/537.36 (KHTML, like Gecko) Chrome/120.0.0.0 Safari/537.36"
94.26.106.5 - - [04/May/2026:19:45:13 -0500] "GET /wp-admin/profile.php HTTP/2.0" 200 17994 "https://whitmoremediagroup.com/wp-login.php" "Mozilla/5.0 (Windows NT 11.0; Win64; x64) AppleWebKit/537.36 (KHTML, like Gecko) Chrome/120.0.0.0 Safari/537.36"
94.26.106.5 - - [04/May/2026:19:45:13 -0500] "GET /wp-admin/plugin-install.php?tab=upload HTTP/2.0" 200 11951 "www.google.com" "Mozilla/5.0 (Windows NT 10.0; Win64; x64) AppleWebKit/537.36 (KHTML, like Gecko) Chrome/91.0.4472.124 Safari/537.36"
94.26.106.5 - - [04/May/2026:19:45:14 -0500] "POST /wp-admin/update.php?action=upload-plugin HTTP/2.0" 200 10629 "www.google.com" "Mozilla/5.0 (Windows NT 10.0; Win64; x64) AppleWebKit/537.36 (KHTML, like Gecko) Chrome/91.0.4472.124 Safari/537.36"
94.26.106.5 - - [04/May/2026:19:45:14 -0500] "GET /wp-content/plugins/luiybyp/index.php HTTP/2.0" 403 548 "www.google.com" "Mozilla/5.0 (Windows NT 10.0; Win64; x64) AppleWebKit/537.36 (KHTML, like Gecko) Chrome/91.0.4472.124 Safari/537.36"
94.26.106.5 - - [04/May/2026:19:45:15 -0500] "GET /wp-admin/theme-install.php?tab=upload HTTP/2.0" 200 14648 "www.google.com" "Mozilla/5.0 (Windows NT 10.0; Win64; x64) AppleWebKit/537.36 (KHTML, like Gecko) Chrome/91.0.4472.124 Safari/537.36"
94.26.106.5 - - [04/May/2026:19:45:16 -0500] "POST /wp-admin/update.php?action=upload-theme HTTP/2.0" 200 10813 "www.google.com" "Mozilla/5.0 (Windows NT 10.0; Win64; x64) AppleWebKit/537.36 (KHTML, like Gecko) Chrome/91.0.4472.124 Safari/537.36"
94.26.106.5 - - [04/May/2026:19:45:16 -0500] "GET /wp-content/themes/nipjrie/about.php HTTP/2.0" 403 548 "www.google.com" "Mozilla/5.0 (Windows NT 10.0; Win64; x64) AppleWebKit/537.36 (KHTML, like Gecko) Chrome/91.0.4472.124 Safari/537.36"
94.26.106.5 - - [04/May/2026:19:45:17 -0500] "GET /wp-admin/theme-editor.php?file=404.php HTTP/2.0" 200 22257 "www.google.com" "Mozilla/5.0 (Windows NT 10.0; Win64; x64) AppleWebKit/537.36 (KHTML, like Gecko) Chrome/91.0.4472.124 Safari/537.36"
72.167.205.232 - - [04/May/2026:19:45:23 -0500] "GET /wp-login.php HTTP/2.0" 200 1737 "-" "Mozilla/5.0 (Windows NT 10.0; WOW64) AppleWebKit/537.36 (KHTML, like Gecko) Chrome/65.0.3325.162 Safari/537.36"
72.167.205.232 - - [04/May/2026:19:45:24 -0500] "POST /wp-login.php HTTP/2.0" 200 1879 "https://whitmoremediagroup.com/wp-login.php" "Mozilla/5.0 (Windows NT 10.0; WOW64) AppleWebKit/537.36 (KHTML, like Gecko) Chrome/65.0.3325.162 Safari/537.36"
172.234.84.67 - - [04/May/2026:19:45:45 -0500] "GET /wp-login.php HTTP/2.0" 200 1737 "-" "Mozilla/4.0 (compatible; MSIE 7.0; Windows NT 6.1; WOW64; Trident/7.0; SLCC2; .NET CLR 2.0.50727; .NET CLR 3.5.30729; .NET CLR 3.0.30729; Media Center PC 6.0; InfoPath.2; .NET4.0C; .NET4.0E)"
172.234.84.67 - - [04/May/2026:19:45:45 -0500] "POST /wp-login.php HTTP/2.0" 200 1856 "https://whitmoremediagroup.com/wp-login.php" "Mozilla/4.0 (compatible; MSIE 7.0; Windows NT 6.1; WOW64; Trident/7.0; SLCC2; .NET CLR 2.0.50727; .NET CLR 3.5.30729; .NET CLR 3.0.30729; Media Center PC 6.0; InfoPath.2; .NET4.0C; .NET4.0E)"
57.128.189.19 - - [04/May/2026:19:46:09 -0500] "GET /?nocache=1777941961 HTTP/2.0" 200 17493 "-" "BigScootsMonitor Mozilla/5.0 (Windows NT 10.0; Win64; x64) AppleWebKit/537.36 (KHTML, like Gecko) Chrome/74.0.3729.169 Safari/537.36"
2607:5300:205:200::61f0 - - [04/May/2026:19:46:11 -0500] "GET /?nocache=1777941961 HTTP/2.0" 200 17493 "-" "BigScootsMonitor Mozilla/5.0 (Windows NT 10.0; Win64; x64) AppleWebKit/537.36 (KHTML, like Gecko) Chrome/74.0.3729.169 Safari/537.36"
57.128.189.19 - - [04/May/2026:19:48:09 -0500] "GET /?nocache=1777942081 HTTP/2.0" 200 17493 "-" "BigScootsMonitor Mozilla/5.0 (Windows NT 10.0; Win64; x64) AppleWebKit/537.36 (KHTML, like Gecko) Chrome/74.0.3729.169 Safari/537.36"
2607:5300:205:200::61f0 - - [04/May/2026:19:48:10 -0500] "GET /?nocache=1777942081 HTTP/2.0" 200 17493 "-" "BigScootsMonitor Mozilla/5.0 (Windows NT 10.0; Win64; x64) AppleWebKit/537.36 (KHTML, like Gecko) Chrome/74.0.3729.169 Safari/537.36"
2604:2dc0:303::4:0:f6 - - [04/May/2026:19:50:00 -0500] "GET / HTTP/2.0" 200 17508 "-" "Mozilla/5.0 (Windows NT 10.0; Win64; x64) AppleWebKit/537.36 (KHTML, like Gecko) Chrome/131.0.0.0 Safari/537.36"
57.128.189.19 - - [04/May/2026:19:50:09 -0500] "GET /?nocache=1777942141 HTTP/2.0" 200 17493 "-" "BigScootsMonitor Mozilla/5.0 (Windows NT 10.0; Win64; x64) AppleWebKit/537.36 (KHTML, like Gecko) Chrome/74.0.3729.169 Safari/537.36"
2607:5300:205:200::61f0 - - [04/May/2026:19:50:10 -0500] "GET /?nocache=1777942141 HTTP/2.0" 200 17493 "-" "BigScootsMonitor Mozilla/5.0 (Windows NT 10.0; Win64; x64) AppleWebKit/537.36 (KHTML, like Gecko) Chrome/74.0.3729.169 Safari/537.36"
43.154.127.188 - - [04/May/2026:19:51:19 -0500] "GET / HTTP/2.0" 444 0 "http://whitmoremediagroup.com" "Mozilla/5.0 (iPhone; CPU iPhone OS 13_2_3 like Mac OS X) AppleWebKit/605.1.15 (KHTML, like Gecko) Version/13.0.3 Mobile/15E148 Safari/604.1"
57.128.189.19 - - [04/May/2026:19:52:09 -0500] "GET /?nocache=1777942261 HTTP/2.0" 200 17493 "-" "BigScootsMonitor Mozilla/5.0 (Windows NT 10.0; Win64; x64) AppleWebKit/537.36 (KHTML, like Gecko) Chrome/74.0.3729.169 Safari/537.36"
2607:5300:205:200::61f0 - - [04/May/2026:19:52:10 -0500] "GET /?nocache=1777942261 HTTP/2.0" 200 17493 "-" "BigScootsMonitor Mozilla/5.0 (Windows NT 10.0; Win64; x64) AppleWebKit/537.36 (KHTML, like Gecko) Chrome/74.0.3729.169 Safari/537.36"
2600:3c00::f03c:93ff:fea4:b42c - - [04/May/2026:19:52:30 -0500] "POST /wp-login.php HTTP/2.0" 200 1880 "-" "Mozilla/5.0 (Windows NT 10.0; WOW64; rv:143.0) Gecko/20100101 Firefox/143.0"
57.128.189.19 - - [04/May/2026:19:54:10 -0500] "GET /?nocache=1777942381 HTTP/2.0" 200 17493 "-" "BigScootsMonitor Mozilla/5.0 (Windows NT 10.0; Win64; x64) AppleWebKit/537.36 (KHTML, like Gecko) Chrome/74.0.3729.169 Safari/537.36"
2607:5300:205:200::61f0 - - [04/May/2026:19:54:10 -0500] "GET /?nocache=1777942381 HTTP/2.0" 200 17493 "-" "BigScootsMonitor Mozilla/5.0 (Windows NT 10.0; Win64; x64) AppleWebKit/537.36 (KHTML, like Gecko) Chrome/74.0.3729.169 Safari/537.36"
121.200.217.27 - - [04/May/2026:19:54:52 -0500] "GET /wp-login.php HTTP/2.0" 444 0 "-" "Mozilla/5.0 (Windows NT 6.3; WOW64) AppleWebKit/537.36 (KHTML, like Gecko) Chrome/67.0.3396.87 Safari/537.36"
121.200.217.27 - - [04/May/2026:19:54:52 -0500] "POST /wp-login.php HTTP/2.0" 444 0 "https://whitmoremediagroup.com/wp-login.php" "Mozilla/5.0 (Windows NT 6.3; WOW64) AppleWebKit/537.36 (KHTML, like Gecko) Chrome/67.0.3396.87 Safari/537.36"
20.87.233.198 - - [04/May/2026:19:55:12 -0500] "GET /wp-login.php HTTP/2.0" 200 1737 "-" "Mozilla/5.0 (Windows NT 10.0; WOW64; Trident/7.0; rv:11.0) like Gecko"
57.128.189.19 - - [04/May/2026:19:56:09 -0500] "GET /?nocache=1777942501 HTTP/2.0" 200 17493 "-" "BigScootsMonitor Mozilla/5.0 (Windows NT 10.0; Win64; x64) AppleWebKit/537.36 (KHTML, like Gecko) Chrome/74.0.3729.169 Safari/537.36"
2607:5300:205:200::61f0 - - [04/May/2026:19:56:10 -0500] "GET /?nocache=1777942501 HTTP/2.0" 200 17493 "-" "BigScootsMonitor Mozilla/5.0 (Windows NT 10.0; Win64; x64) AppleWebKit/537.36 (KHTML, like Gecko) Chrome/74.0.3729.169 Safari/537.36"
57.128.189.19 - - [04/May/2026:19:58:09 -0500] "GET /?nocache=1777942621 HTTP/2.0" 200 17493 "-" "BigScootsMonitor Mozilla/5.0 (Windows NT 10.0; Win64; x64) AppleWebKit/537.36 (KHTML, like Gecko) Chrome/74.0.3729.169 Safari/537.36"
2607:5300:205:200::61f0 - - [04/May/2026:19:58:10 -0500] "GET /?nocache=1777942621 HTTP/2.0" 200 17493 "-" "BigScootsMonitor Mozilla/5.0 (Windows NT 10.0; Win64; x64) AppleWebKit/537.36 (KHTML, like Gecko) Chrome/74.0.3729.169 Safari/537.36"
57.128.189.19 - - [04/May/2026:20:00:09 -0500] "GET /?nocache=1777942741 HTTP/2.0" 200 17493 "-" "BigScootsMonitor Mozilla/5.0 (Windows NT 10.0; Win64; x64) AppleWebKit/537.36 (KHTML, like Gecko) Chrome/74.0.3729.169 Safari/537.36"
2607:5300:205:200::61f0 - - [04/May/2026:20:00:10 -0500] "GET /?nocache=1777942741 HTTP/2.0" 200 17493 "-" "BigScootsMonitor Mozilla/5.0 (Windows NT 10.0; Win64; x64) AppleWebKit/537.36 (KHTML, like Gecko) Chrome/74.0.3729.169 Safari/537.36"
57.128.189.19 - - [04/May/2026:20:02:09 -0500] "GET /?nocache=1777942861 HTTP/2.0" 200 17493 "-" "BigScootsMonitor Mozilla/5.0 (Windows NT 10.0; Win64; x64) AppleWebKit/537.36 (KHTML, like Gecko) Chrome/74.0.3729.169 Safari/537.36"
2607:5300:205:200::61f0 - - [04/May/2026:20:02:10 -0500] "GET /?nocache=1777942921 HTTP/2.0" 200 17493 "-" "BigScootsMonitor Mozilla/5.0 (Windows NT 10.0; Win64; x64) AppleWebKit/537.36 (KHTML, like Gecko) Chrome/74.0.3729.169 Safari/537.36"
50.6.229.148 - - [04/May/2026:20:03:55 -0500] "GET /wp-login.php HTTP/2.0" 444 0 "-" "Mozilla/5.0 (Macintosh; Intel Mac OS X 10_13_3) AppleWebKit/537.36 (KHTML, like Gecko) Chrome/67.0.3396.87 Safari/537.36"
50.6.229.148 - - [04/May/2026:20:03:56 -0500] "POST /wp-login.php HTTP/2.0" 444 0 "https://whitmoremediagroup.com/wp-login.php" "Mozilla/5.0 (Macintosh; Intel Mac OS X 10_13_3) AppleWebKit/537.36 (KHTML, like Gecko) Chrome/67.0.3396.87 Safari/537.36"
57.128.189.19 - - [04/May/2026:20:04:09 -0500] "GET /?nocache=1777942981 HTTP/2.0" 200 17493 "-" "BigScootsMonitor Mozilla/5.0 (Windows NT 10.0; Win64; x64) AppleWebKit/537.36 (KHTML, like Gecko) Chrome/74.0.3729.169 Safari/537.36"
2607:5300:205:200::61f0 - - [04/May/2026:20:04:10 -0500] "GET /?nocache=1777942981 HTTP/2.0" 200 17493 "-" "BigScootsMonitor Mozilla/5.0 (Windows NT 10.0; Win64; x64) AppleWebKit/537.36 (KHTML, like Gecko) Chrome/74.0.3729.169 Safari/537.36"
123.30.233.13 - - [04/May/2026:20:04:29 -0500] "GET /wp-login.php HTTP/2.0" 444 0 "-" "Mozilla/5.0 (Windows NT 10.0; WOW64; Trident/7.0; Touch; MASAJS; rv:11.0) like Gecko"
123.30.233.13 - - [04/May/2026:20:04:30 -0500] "POST /wp-login.php HTTP/2.0" 444 0 "https://whitmoremediagroup.com/wp-login.php" "Mozilla/5.0 (Windows NT 10.0; WOW64; Trident/7.0; Touch; MASAJS; rv:11.0) like Gecko"
57.128.189.19 - - [04/May/2026:20:06:09 -0500] "GET /?nocache=1777943101 HTTP/2.0" 200 17493 "-" "BigScootsMonitor Mozilla/5.0 (Windows NT 10.0; Win64; x64) AppleWebKit/537.36 (KHTML, like Gecko) Chrome/74.0.3729.169 Safari/537.36"
2607:5300:205:200::61f0 - - [04/May/2026:20:06:10 -0500] "GET /?nocache=1777943101 HTTP/2.0" 200 17493 "-" "BigScootsMonitor Mozilla/5.0 (Windows NT 10.0; Win64; x64) AppleWebKit/537.36 (KHTML, like Gecko) Chrome/74.0.3729.169 Safari/537.36"
57.128.189.19 - - [04/May/2026:20:08:09 -0500] "GET /?nocache=1777943221 HTTP/2.0" 200 17493 "-" "BigScootsMonitor Mozilla/5.0 (Windows NT 10.0; Win64; x64) AppleWebKit/537.36 (KHTML, like Gecko) Chrome/74.0.3729.169 Safari/537.36"
2607:5300:205:200::61f0 - - [04/May/2026:20:08:10 -0500] "GET /?nocache=1777943221 HTTP/2.0" 200 17493 "-" "BigScootsMonitor Mozilla/5.0 (Windows NT 10.0; Win64; x64) AppleWebKit/537.36 (KHTML, like Gecko) Chrome/74.0.3729.169 Safari/537.36"
57.128.189.19 - - [04/May/2026:20:10:09 -0500] "GET /?nocache=1777943401 HTTP/2.0" 200 17493 "-" "BigScootsMonitor Mozilla/5.0 (Windows NT 10.0; Win64; x64) AppleWebKit/537.36 (KHTML, like Gecko) Chrome/74.0.3729.169 Safari/537.36"
2607:5300:205:200::61f0 - - [04/May/2026:20:10:10 -0500] "GET /?nocache=1777943401 HTTP/2.0" 200 17493 "-" "BigScootsMonitor Mozilla/5.0 (Windows NT 10.0; Win64; x64) AppleWebKit/537.36 (KHTML, like Gecko) Chrome/74.0.3729.169 Safari/537.36"
57.128.189.19 - - [04/May/2026:20:12:09 -0500] "GET /?nocache=1777943521 HTTP/2.0" 200 17493 "-" "BigScootsMonitor Mozilla/5.0 (Windows NT 10.0; Win64; x64) AppleWebKit/537.36 (KHTML, like Gecko) Chrome/74.0.3729.169 Safari/537.36"
2607:5300:205:200::61f0 - - [04/May/2026:20:12:10 -0500] "GET /?nocache=1777943521 HTTP/2.0" 200 17493 "-" "BigScootsMonitor Mozilla/5.0 (Windows NT 10.0; Win64; x64) AppleWebKit/537.36 (KHTML, like Gecko) Chrome/74.0.3729.169 Safari/537.36"
142.93.215.41 - - [04/May/2026:20:13:33 -0500] "GET /wp-login.php HTTP/2.0" 444 0 "-" "Mozilla/5.0 (Windows NT 6.1) AppleWebKit/537.36 (KHTML, like Gecko) Chrome/65.0.3325.146 Safari/537.36"
142.93.215.41 - - [04/May/2026:20:13:35 -0500] "POST /wp-login.php HTTP/2.0" 444 0 "https://whitmoremediagroup.com/wp-login.php" "Mozilla/5.0 (Windows NT 6.1) AppleWebKit/537.36 (KHTML, like Gecko) Chrome/65.0.3325.146 Safari/537.36"
57.128.189.19 - - [04/May/2026:20:14:10 -0500] "GET /?nocache=1777943581 HTTP/2.0" 200 17493 "-" "BigScootsMonitor Mozilla/5.0 (Windows NT 10.0; Win64; x64) AppleWebKit/537.36 (KHTML, like Gecko) Chrome/74.0.3729.169 Safari/537.36"
2607:5300:205:200::61f0 - - [04/May/2026:20:14:10 -0500] "GET /?nocache=1777943581 HTTP/2.0" 200 17493 "-" "BigScootsMonitor Mozilla/5.0 (Windows NT 10.0; Win64; x64) AppleWebKit/537.36 (KHTML, like Gecko) Chrome/74.0.3729.169 Safari/537.36"
154.18.244.252 - - [04/May/2026:20:16:10 -0500] "POST /wp-cron.php?doing_wp_cron=1777943770.1852190494537353515625 HTTP/2.0" 200 1 "-" "WordPress/6.8.5; https://whitmoremediagroup.com"
57.128.189.19 - - [04/May/2026:20:16:10 -0500] "GET /?nocache=1777943701 HTTP/2.0" 200 17493 "-" "BigScootsMonitor Mozilla/5.0 (Windows NT 10.0; Win64; x64) AppleWebKit/537.36 (KHTML, like Gecko) Chrome/74.0.3729.169 Safari/537.36"
2607:5300:205:200::61f0 - - [04/May/2026:20:16:10 -0500] "GET /?nocache=1777943701 HTTP/2.0" 200 17493 "-" "BigScootsMonitor Mozilla/5.0 (Windows NT 10.0; Win64; x64) AppleWebKit/537.36 (KHTML, like Gecko) Chrome/74.0.3729.169 Safari/537.36"
57.128.189.19 - - [04/May/2026:20:18:09 -0500] "GET /?nocache=1777943821 HTTP/2.0" 200 17493 "-" "BigScootsMonitor Mozilla/5.0 (Windows NT 10.0; Win64; x64) AppleWebKit/537.36 (KHTML, like Gecko) Chrome/74.0.3729.169 Safari/537.36"
2607:5300:205:200::61f0 - - [04/May/2026:20:18:10 -0500] "GET /?nocache=1777943821 HTTP/2.0" 200 17493 "-" "BigScootsMonitor Mozilla/5.0 (Windows NT 10.0; Win64; x64) AppleWebKit/537.36 (KHTML, like Gecko) Chrome/74.0.3729.169 Safari/537.36"
18.204.152.114 - - [04/May/2026:20:18:12 -0500] "GET /wp-json/wp/v2/pages/175 HTTP/2.0" 200 3211 "-" "Mozilla/5.0 AppleWebKit/537.36 (KHTML, like Gecko; compatible; Amazonbot/0.1; +https://developer.amazon.com/support/amazonbot) Chrome/119.0.6045.214 Safari/537.36"
57.128.189.19 - - [04/May/2026:20:20:09 -0500] "GET /?nocache=1777943941 HTTP/2.0" 200 17493 "-" "BigScootsMonitor Mozilla/5.0 (Windows NT 10.0; Win64; x64) AppleWebKit/537.36 (KHTML, like Gecko) Chrome/74.0.3729.169 Safari/537.36"
2607:5300:205:200::61f0 - - [04/May/2026:20:20:10 -0500] "GET /?nocache=1777943941 HTTP/2.0" 200 17493 "-" "BigScootsMonitor Mozilla/5.0 (Windows NT 10.0; Win64; x64) AppleWebKit/537.36 (KHTML, like Gecko) Chrome/74.0.3729.169 Safari/537.36"
57.128.189.19 - - [04/May/2026:20:22:10 -0500] "GET /?nocache=1777944061 HTTP/2.0" 200 17493 "-" "BigScootsMonitor Mozilla/5.0 (Windows NT 10.0; Win64; x64) AppleWebKit/537.36 (KHTML, like Gecko) Chrome/74.0.3729.169 Safari/537.36"
2607:5300:205:200::61f0 - - [04/May/2026:20:22:10 -0500] "GET /?nocache=1777944061 HTTP/2.0" 200 17493 "-" "BigScootsMonitor Mozilla/5.0 (Windows NT 10.0; Win64; x64) AppleWebKit/537.36 (KHTML, like Gecko) Chrome/74.0.3729.169 Safari/537.36"
57.128.189.19 - - [04/May/2026:20:24:09 -0500] "GET /?nocache=1777944181 HTTP/2.0" 200 17493 "-" "BigScootsMonitor Mozilla/5.0 (Windows NT 10.0; Win64; x64) AppleWebKit/537.36 (KHTML, like Gecko) Chrome/74.0.3729.169 Safari/537.36"
2607:5300:205:200::61f0 - - [04/May/2026:20:24:11 -0500] "GET /?nocache=1777944181 HTTP/2.0" 200 17493 "-" "BigScootsMonitor Mozilla/5.0 (Windows NT 10.0; Win64; x64) AppleWebKit/537.36 (KHTML, like Gecko) Chrome/74.0.3729.169 Safari/537.36"
154.18.244.252 - - [04/May/2026:20:26:09 -0500] "POST /wp-cron.php?doing_wp_cron=1777944369.9834020137786865234375 HTTP/2.0" 200 1 "-" "WordPress/6.8.5; https://whitmoremediagroup.com"
57.128.189.19 - - [04/May/2026:20:26:10 -0500] "GET /?nocache=1777944361 HTTP/2.0" 200 17493 "-" "BigScootsMonitor Mozilla/5.0 (Windows NT 10.0; Win64; x64) AppleWebKit/537.36 (KHTML, like Gecko) Chrome/74.0.3729.169 Safari/537.36"
2607:5300:205:200::61f0 - - [04/May/2026:20:26:10 -0500] "GET /?nocache=1777944361 HTTP/2.0" 200 17493 "-" "BigScootsMonitor Mozilla/5.0 (Windows NT 10.0; Win64; x64) AppleWebKit/537.36 (KHTML, like Gecko) Chrome/74.0.3729.169 Safari/537.36"
57.128.189.19 - - [04/May/2026:20:28:09 -0500] "GET /?nocache=1777944421 HTTP/2.0" 200 17493 "-" "BigScootsMonitor Mozilla/5.0 (Windows NT 10.0; Win64; x64) AppleWebKit/537.36 (KHTML, like Gecko) Chrome/74.0.3729.169 Safari/537.36"
2607:5300:205:200::61f0 - - [04/May/2026:20:28:10 -0500] "GET /?nocache=1777944421 HTTP/2.0" 200 17493 "-" "BigScootsMonitor Mozilla/5.0 (Windows NT 10.0; Win64; x64) AppleWebKit/537.36 (KHTML, like Gecko) Chrome/74.0.3729.169 Safari/537.36"
57.128.189.19 - - [04/May/2026:20:30:09 -0500] "GET /?nocache=1777944541 HTTP/2.0" 200 17493 "-" "BigScootsMonitor Mozilla/5.0 (Windows NT 10.0; Win64; x64) AppleWebKit/537.36 (KHTML, like Gecko) Chrome/74.0.3729.169 Safari/537.36"
2607:5300:205:200::61f0 - - [04/May/2026:20:30:10 -0500] "GET /?nocache=1777944541 HTTP/2.0" 200 17493 "-" "BigScootsMonitor Mozilla/5.0 (Windows NT 10.0; Win64; x64) AppleWebKit/537.36 (KHTML, like Gecko) Chrome/74.0.3729.169 Safari/537.36"
57.128.189.19 - - [04/May/2026:20:32:09 -0500] "GET /?nocache=1777944661 HTTP/2.0" 200 17493 "-" "BigScootsMonitor Mozilla/5.0 (Windows NT 10.0; Win64; x64) AppleWebKit/537.36 (KHTML, like Gecko) Chrome/74.0.3729.169 Safari/537.36"
2607:5300:205:200::61f0 - - [04/May/2026:20:32:11 -0500] "GET /?nocache=1777944661 HTTP/2.0" 200 17493 "-" "BigScootsMonitor Mozilla/5.0 (Windows NT 10.0; Win64; x64) AppleWebKit/537.36 (KHTML, like Gecko) Chrome/74.0.3729.169 Safari/537.36"
103.124.95.161 - - [04/May/2026:20:32:14 -0500] "GET /wp-login.php HTTP/2.0" 444 0 "-" "Mozilla/5.0 (Windows NT 6.3; WOW64) AppleWebKit/537.36 (KHTML, like Gecko) Chrome/66.0.3359.181 Safari/537.36"
103.124.95.161 - - [04/May/2026:20:32:15 -0500] "POST /wp-login.php HTTP/2.0" 444 0 "https://whitmoremediagroup.com/wp-login.php" "Mozilla/5.0 (Windows NT 6.3; WOW64) AppleWebKit/537.36 (KHTML, like Gecko) Chrome/66.0.3359.181 Safari/537.36"
57.128.189.19 - - [04/May/2026:20:34:10 -0500] "GET /?nocache=1777944841 HTTP/2.0" 200 17493 "-" "BigScootsMonitor Mozilla/5.0 (Windows NT 10.0; Win64; x64) AppleWebKit/537.36 (KHTML, like Gecko) Chrome/74.0.3729.169 Safari/537.36"
2607:5300:205:200::61f0 - - [04/May/2026:20:34:10 -0500] "GET /?nocache=1777944841 HTTP/2.0" 200 17493 "-" "BigScootsMonitor Mozilla/5.0 (Windows NT 10.0; Win64; x64) AppleWebKit/537.36 (KHTML, like Gecko) Chrome/74.0.3729.169 Safari/537.36"
57.128.189.19 - - [04/May/2026:20:36:10 -0500] "GET /?nocache=1777944961 HTTP/2.0" 200 17493 "-" "BigScootsMonitor Mozilla/5.0 (Windows NT 10.0; Win64; x64) AppleWebKit/537.36 (KHTML, like Gecko) Chrome/74.0.3729.169 Safari/537.36"
2607:5300:205:200::61f0 - - [04/May/2026:20:36:11 -0500] "GET /?nocache=1777944961 HTTP/2.0" 200 17493 "-" "BigScootsMonitor Mozilla/5.0 (Windows NT 10.0; Win64; x64) AppleWebKit/537.36 (KHTML, like Gecko) Chrome/74.0.3729.169 Safari/537.36"
57.128.189.19 - - [04/May/2026:20:38:09 -0500] "GET /?nocache=1777945081 HTTP/2.0" 200 17493 "-" "BigScootsMonitor Mozilla/5.0 (Windows NT 10.0; Win64; x64) AppleWebKit/537.36 (KHTML, like Gecko) Chrome/74.0.3729.169 Safari/537.36"
2607:5300:205:200::61f0 - - [04/May/2026:20:38:10 -0500] "GET /?nocache=1777945081 HTTP/2.0" 200 17493 "-" "BigScootsMonitor Mozilla/5.0 (Windows NT 10.0; Win64; x64) AppleWebKit/537.36 (KHTML, like Gecko) Chrome/74.0.3729.169 Safari/537.36"
57.128.189.19 - - [04/May/2026:20:40:09 -0500] "GET /?nocache=1777945141 HTTP/2.0" 200 17493 "-" "BigScootsMonitor Mozilla/5.0 (Windows NT 10.0; Win64; x64) AppleWebKit/537.36 (KHTML, like Gecko) Chrome/74.0.3729.169 Safari/537.36"
154.18.244.252 - - [04/May/2026:20:40:10 -0500] "POST /wp-cron.php?doing_wp_cron=1777945210.9526720046997070312500 HTTP/2.0" 200 1 "-" "WordPress/6.8.5; https://whitmoremediagroup.com"
2607:5300:205:200::61f0 - - [04/May/2026:20:40:11 -0500] "GET /?nocache=1777945141 HTTP/2.0" 200 17493 "-" "BigScootsMonitor Mozilla/5.0 (Windows NT 10.0; Win64; x64) AppleWebKit/537.36 (KHTML, like Gecko) Chrome/74.0.3729.169 Safari/537.36"
121.200.216.56 - - [04/May/2026:20:41:47 -0500] "GET /wp-login.php HTTP/2.0" 200 1737 "-" "Mozilla/5.0 (Windows NT 6.1) AppleWebKit/537.36 (KHTML, like Gecko) Chrome/66.0.3359.139 Safari/537.36"
121.200.216.56 - - [04/May/2026:20:41:48 -0500] "POST /wp-login.php HTTP/2.0" 200 1879 "https://whitmoremediagroup.com/wp-login.php" "Mozilla/5.0 (Windows NT 6.1) AppleWebKit/537.36 (KHTML, like Gecko) Chrome/66.0.3359.139 Safari/537.36"
172.234.84.67 - - [04/May/2026:20:41:56 -0500] "GET /wp-login.php HTTP/2.0" 200 1737 "-" "Mozilla/4.0 (compatible; MSIE 7.0; Windows NT 6.2; Win64; x64; Trident/7.0; .NET4.0C; .NET4.0E; .NET CLR 2.0.50727; .NET CLR 3.0.30729; .NET CLR 3.5.30729; SLCC2; Media Center PC 6.0)"
172.234.84.67 - - [04/May/2026:20:41:57 -0500] "POST /wp-login.php HTTP/2.0" 200 1856 "https://whitmoremediagroup.com/wp-login.php" "Mozilla/4.0 (compatible; MSIE 7.0; Windows NT 6.2; Win64; x64; Trident/7.0; .NET4.0C; .NET4.0E; .NET CLR 2.0.50727; .NET CLR 3.0.30729; .NET CLR 3.5.30729; SLCC2; Media Center PC 6.0)"
57.128.189.19 - - [04/May/2026:20:42:09 -0500] "GET /?nocache=1777945261 HTTP/2.0" 200 17493 "-" "BigScootsMonitor Mozilla/5.0 (Windows NT 10.0; Win64; x64) AppleWebKit/537.36 (KHTML, like Gecko) Chrome/74.0.3729.169 Safari/537.36"
2607:5300:205:200::61f0 - - [04/May/2026:20:42:10 -0500] "GET /?nocache=1777945261 HTTP/2.0" 200 17493 "-" "BigScootsMonitor Mozilla/5.0 (Windows NT 10.0; Win64; x64) AppleWebKit/537.36 (KHTML, like Gecko) Chrome/74.0.3729.169 Safari/537.36"
45.94.31.191 - - [04/May/2026:20:43:15 -0500] "GET /wp-content/themes/seotheme/db.php?u HTTP/2.0" 444 0 "www.google.com" "Mozlila/5.0 (Linux; Android 7.0; SM-G892A Bulid/NRD90M; wv) AppleWebKit/537.36 (KHTML, like Gecko) Version/4.0 Chrome/60.0.3112.107 Moblie Safari/537.36"
45.94.31.191 - - [04/May/2026:20:43:15 -0500] "POST /ALFA_DATA/alfacgiapi/perl.alfa HTTP/2.0" 444 0 "www.google.com" "Mozlila/5.0 (Linux; Android 7.0; SM-G892A Bulid/NRD90M; wv) AppleWebKit/537.36 (KHTML, like Gecko) Version/4.0 Chrome/60.0.3112.107 Moblie Safari/537.36"
45.94.31.191 - - [04/May/2026:20:43:15 -0500] "GET / HTTP/2.0" 444 0 "-" "Mozlila/5.0 (Linux; Android 7.0; SM-G892A Bulid/NRD90M; wv) AppleWebKit/537.36 (KHTML, like Gecko) Version/4.0 Chrome/60.0.3112.107 Moblie Safari/537.36"
45.94.31.191 - - [04/May/2026:20:43:15 -0500] "GET /wp-content/plugins/fix/up.php HTTP/2.0" 444 0 "-" "Mozilla/5.0 (Windows NT 10.0; Win64; x64) AppleWebKit/537.36 (KHTML, like Gecko) Chrome/85.0.4183.102 Safari/537.36"
45.94.31.191 - - [04/May/2026:20:43:15 -0500] "GET /wp-content/themes/seotheme/db.php?u HTTP/2.0" 444 0 "www.google.com" "Mozlila/5.0 (Linux; Android 7.0; SM-G892A Bulid/NRD90M; wv) AppleWebKit/537.36 (KHTML, like Gecko) Version/4.0 Chrome/60.0.3112.107 Moblie Safari/537.36"
45.94.31.191 - - [04/May/2026:20:43:16 -0500] "POST /alfacgiapi/perl.alfa HTTP/2.0" 444 0 "www.google.com" "Mozlila/5.0 (Linux; Android 7.0; SM-G892A Bulid/NRD90M; wv) AppleWebKit/537.36 (KHTML, like Gecko) Version/4.0 Chrome/60.0.3112.107 Moblie Safari/537.36"
57.128.189.19 - - [04/May/2026:20:44:09 -0500] "GET /?nocache=1777945381 HTTP/2.0" 200 17493 "-" "BigScootsMonitor Mozilla/5.0 (Windows NT 10.0; Win64; x64) AppleWebKit/537.36 (KHTML, like Gecko) Chrome/74.0.3729.169 Safari/537.36"
2607:5300:205:200::61f0 - - [04/May/2026:20:44:10 -0500] "GET /?nocache=1777945381 HTTP/2.0" 200 17493 "-" "BigScootsMonitor Mozilla/5.0 (Windows NT 10.0; Win64; x64) AppleWebKit/537.36 (KHTML, like Gecko) Chrome/74.0.3729.169 Safari/537.36"
57.128.189.19 - - [04/May/2026:20:46:09 -0500] "GET /?nocache=1777945501 HTTP/2.0" 200 17493 "-" "BigScootsMonitor Mozilla/5.0 (Windows NT 10.0; Win64; x64) AppleWebKit/537.36 (KHTML, like Gecko) Chrome/74.0.3729.169 Safari/537.36"
2607:5300:205:200::61f0 - - [04/May/2026:20:46:10 -0500] "GET /?nocache=1777945501 HTTP/2.0" 200 17493 "-" "BigScootsMonitor Mozilla/5.0 (Windows NT 10.0; Win64; x64) AppleWebKit/537.36 (KHTML, like Gecko) Chrome/74.0.3729.169 Safari/537.36"
2607:5300:205:200::61f0 - - [04/May/2026:20:48:10 -0500] "GET /?nocache=1777945681 HTTP/2.0" 200 17493 "-" "BigScootsMonitor Mozilla/5.0 (Windows NT 10.0; Win64; x64) AppleWebKit/537.36 (KHTML, like Gecko) Chrome/74.0.3729.169 Safari/537.36"
57.128.189.19 - - [04/May/2026:20:48:10 -0500] "GET /?nocache=1777945681 HTTP/2.0" 200 17493 "-" "BigScootsMonitor Mozilla/5.0 (Windows NT 10.0; Win64; x64) AppleWebKit/537.36 (KHTML, like Gecko) Chrome/74.0.3729.169 Safari/537.36"
154.18.244.252 - - [04/May/2026:20:50:09 -0500] "POST /wp-cron.php?doing_wp_cron=1777945809.7071099281311035156250 HTTP/2.0" 200 1 "-" "WordPress/6.8.5; https://whitmoremediagroup.com"
57.128.189.19 - - [04/May/2026:20:50:09 -0500] "GET /?nocache=1777945741 HTTP/2.0" 200 17493 "-" "BigScootsMonitor Mozilla/5.0 (Windows NT 10.0; Win64; x64) AppleWebKit/537.36 (KHTML, like Gecko) Chrome/74.0.3729.169 Safari/537.36"
2607:5300:205:200::61f0 - - [04/May/2026:20:50:10 -0500] "GET /?nocache=1777945801 HTTP/2.0" 200 17493 "-" "BigScootsMonitor Mozilla/5.0 (Windows NT 10.0; Win64; x64) AppleWebKit/537.36 (KHTML, like Gecko) Chrome/74.0.3729.169 Safari/537.36"
142.93.217.129 - - [04/May/2026:20:51:23 -0500] "GET /wp-login.php HTTP/2.0" 200 1737 "-" "Mozilla/5.0 (Macintosh; Intel Mac OS X 10_12_6) AppleWebKit/537.36 (KHTML, like Gecko) Chrome/67.0.3396.62 Safari/537.36"
142.93.217.129 - - [04/May/2026:20:51:23 -0500] "POST /wp-login.php HTTP/2.0" 200 1879 "https://whitmoremediagroup.com/wp-login.php" "Mozilla/5.0 (Macintosh; Intel Mac OS X 10_12_6) AppleWebKit/537.36 (KHTML, like Gecko) Chrome/67.0.3396.62 Safari/537.36"
134.119.207.93 - - [04/May/2026:20:51:27 -0500] "GET /wp-login.php HTTP/2.0" 200 1737 "-" "Mozilla/5.0 (Windows NT 10.0; WOW64; Trident/7.0; MANM; rv:11.0) like Gecko"
134.119.207.93 - - [04/May/2026:20:51:27 -0500] "POST /wp-login.php HTTP/2.0" 200 1856 "https://whitmoremediagroup.com/wp-login.php" "Mozilla/5.0 (Windows NT 10.0; WOW64; Trident/7.0; MANM; rv:11.0) like Gecko"
57.128.189.19 - - [04/May/2026:20:52:09 -0500] "GET /?nocache=1777945861 HTTP/2.0" 200 17493 "-" "BigScootsMonitor Mozilla/5.0 (Windows NT 10.0; Win64; x64) AppleWebKit/537.36 (KHTML, like Gecko) Chrome/74.0.3729.169 Safari/537.36"
2607:5300:205:200::61f0 - - [04/May/2026:20:52:10 -0500] "GET /?nocache=1777945861 HTTP/2.0" 200 17493 "-" "BigScootsMonitor Mozilla/5.0 (Windows NT 10.0; Win64; x64) AppleWebKit/537.36 (KHTML, like Gecko) Chrome/74.0.3729.169 Safari/537.36"
57.128.189.19 - - [04/May/2026:20:54:09 -0500] "GET /?nocache=1777945981 HTTP/2.0" 200 17493 "-" "BigScootsMonitor Mozilla/5.0 (Windows NT 10.0; Win64; x64) AppleWebKit/537.36 (KHTML, like Gecko) Chrome/74.0.3729.169 Safari/537.36"
2607:5300:205:200::61f0 - - [04/May/2026:20:54:10 -0500] "GET /?nocache=1777945981 HTTP/2.0" 200 17493 "-" "BigScootsMonitor Mozilla/5.0 (Windows NT 10.0; Win64; x64) AppleWebKit/537.36 (KHTML, like Gecko) Chrome/74.0.3729.169 Safari/537.36"
57.128.189.19 - - [04/May/2026:20:56:10 -0500] "GET /?nocache=1777946161 HTTP/2.0" 200 17493 "-" "BigScootsMonitor Mozilla/5.0 (Windows NT 10.0; Win64; x64) AppleWebKit/537.36 (KHTML, like Gecko) Chrome/74.0.3729.169 Safari/537.36"
2607:5300:205:200::61f0 - - [04/May/2026:20:56:10 -0500] "GET /?nocache=1777946161 HTTP/2.0" 200 17493 "-" "BigScootsMonitor Mozilla/5.0 (Windows NT 10.0; Win64; x64) AppleWebKit/537.36 (KHTML, like Gecko) Chrome/74.0.3729.169 Safari/537.36"
57.128.189.19 - - [04/May/2026:20:58:10 -0500] "GET /?nocache=1777946281 HTTP/2.0" 200 17493 "-" "BigScootsMonitor Mozilla/5.0 (Windows NT 10.0; Win64; x64) AppleWebKit/537.36 (KHTML, like Gecko) Chrome/74.0.3729.169 Safari/537.36"
2607:5300:205:200::61f0 - - [04/May/2026:20:58:10 -0500] "GET /?nocache=1777946281 HTTP/2.0" 200 17493 "-" "BigScootsMonitor Mozilla/5.0 (Windows NT 10.0; Win64; x64) AppleWebKit/537.36 (KHTML, like Gecko) Chrome/74.0.3729.169 Safari/537.36"
57.128.189.19 - - [04/May/2026:21:00:09 -0500] "GET /?nocache=1777946401 HTTP/2.0" 200 17493 "-" "BigScootsMonitor Mozilla/5.0 (Windows NT 10.0; Win64; x64) AppleWebKit/537.36 (KHTML, like Gecko) Chrome/74.0.3729.169 Safari/537.36"
2607:5300:205:200::61f0 - - [04/May/2026:21:00:10 -0500] "GET /?nocache=1777946401 HTTP/2.0" 200 17493 "-" "BigScootsMonitor Mozilla/5.0 (Windows NT 10.0; Win64; x64) AppleWebKit/537.36 (KHTML, like Gecko) Chrome/74.0.3729.169 Safari/537.36"
50.6.7.129 - - [04/May/2026:21:01:00 -0500] "GET /wp-login.php HTTP/2.0" 444 0 "-" "Mozilla/5.0 (Windows NT 6.1; Win64; x64) AppleWebKit/537.36 (KHTML, like Gecko) Chrome/66.0.3359.170 Safari/537.36 OPR/53.0.2907.99"
50.6.7.129 - - [04/May/2026:21:01:01 -0500] "POST /wp-login.php HTTP/2.0" 444 0 "https://whitmoremediagroup.com/wp-login.php" "Mozilla/5.0 (Windows NT 6.1; Win64; x64) AppleWebKit/537.36 (KHTML, like Gecko) Chrome/66.0.3359.170 Safari/537.36 OPR/53.0.2907.99"
15.235.211.211 - - [04/May/2026:21:01:11 -0500] "GET /wp-login.php HTTP/2.0" 444 0 "-" "Mozilla/5.0 (Macintosh; Intel Mac OS X 10.11; rv:60.0) Gecko/20100101 Firefox/60.0"
15.235.211.211 - - [04/May/2026:21:01:13 -0500] "POST /wp-login.php HTTP/2.0" 444 0 "https://whitmoremediagroup.com/wp-login.php" "Mozilla/5.0 (Macintosh; Intel Mac OS X 10.11; rv:60.0) Gecko/20100101 Firefox/60.0"
45.154.98.187 - - [04/May/2026:21:01:48 -0500] "GET /wp-content/themes/seotheme/db.php?u HTTP/2.0" 404 548 "www.google.com" "Mozlila/5.0 (Linux; Android 7.0; SM-G892A Bulid/NRD90M; wv) AppleWebKit/537.36 (KHTML, like Gecko) Version/4.0 Chrome/60.0.3112.107 Moblie Safari/537.36"
45.154.98.187 - - [04/May/2026:21:01:48 -0500] "GET /wp-content/plugins/fix/up.php HTTP/2.0" 403 548 "-" "Mozilla/5.0 (Windows NT 10.0; Win64; x64) AppleWebKit/537.36 (KHTML, like Gecko) Chrome/85.0.4183.102 Safari/537.36"
45.154.98.187 - - [04/May/2026:21:01:48 -0500] "POST /wp-plain.php HTTP/2.0" 404 548 "www.google.com" "Mozilla/5.0 (Linux; Android 7.0; SM-G892A Bulid/NRD90M; wv) AppleWebKit/537.36 (KHTML, like Gecko) Version/4.0 Chrome/60.0.3112.107 Moblie Safari/537.36"
45.154.98.187 - - [04/May/2026:21:01:48 -0500] "GET / HTTP/2.0" 200 17508 "-" "Mozlila/5.0 (Linux; Android 7.0; SM-G892A Bulid/NRD90M; wv) AppleWebKit/537.36 (KHTML, like Gecko) Version/4.0 Chrome/60.0.3112.107 Moblie Safari/537.36"
45.154.98.187 - - [04/May/2026:21:01:48 -0500] "POST /ALFA_DATA/alfacgiapi/perl.alfa HTTP/2.0" 404 11632 "www.google.com" "Mozlila/5.0 (Linux; Android 7.0; SM-G892A Bulid/NRD90M; wv) AppleWebKit/537.36 (KHTML, like Gecko) Version/4.0 Chrome/60.0.3112.107 Moblie Safari/537.36"
45.154.98.187 - - [04/May/2026:21:01:48 -0500] "GET /wp-content/themes/seotheme/db.php?u HTTP/2.0" 404 548 "www.google.com" "Mozlila/5.0 (Linux; Android 7.0; SM-G892A Bulid/NRD90M; wv) AppleWebKit/537.36 (KHTML, like Gecko) Version/4.0 Chrome/60.0.3112.107 Moblie Safari/537.36"
45.154.98.187 - - [04/May/2026:21:01:48 -0500] "GET /eixlawvk.php?Fox=d3wL7 HTTP/2.0" 404 548 "www.google.com" "Mozilla/5.0 (Linux; Android 7.0; SM-G892A Bulid/NRD90M; wv) AppleWebKit/537.36 (KHTML, like Gecko) Version/4.0 Chrome/60.0.3112.107 Moblie Safari/537.36"
45.154.98.187 - - [04/May/2026:21:01:48 -0500] "GET /wp-content/plugins/apikey/apikey.php?test=hello HTTP/2.0" 403 548 "-" "Mozlila/5.0 (Linux; Android 7.0; SM-G892A Bulid/NRD90M; wv) AppleWebKit/537.36 (KHTML, like Gecko) Version/4.0 Chrome/60.0.3112.107 Moblie Safari/537.36"
45.154.98.187 - - [04/May/2026:21:01:48 -0500] "POST /alfacgiapi/perl.alfa HTTP/2.0" 404 11632 "www.google.com" "Mozlila/5.0 (Linux; Android 7.0; SM-G892A Bulid/NRD90M; wv) AppleWebKit/537.36 (KHTML, like Gecko) Version/4.0 Chrome/60.0.3112.107 Moblie Safari/537.36"
45.154.98.187 - - [04/May/2026:21:01:49 -0500] "GET /plugins/content/apismtp/apismtp.php?test=hello HTTP/2.0" 404 548 "-" "Mozlila/5.0 (Linux; Android 7.0; SM-G892A Bulid/NRD90M; wv) AppleWebKit/537.36 (KHTML, like Gecko) Version/4.0 Chrome/60.0.3112.107 Moblie Safari/537.36"
45.154.98.187 - - [04/May/2026:21:01:49 -0500] "GET /wp-content/plugins/apikey/apikey.php.suspected?test=hello HTTP/2.0" 404 11632 "-" "Mozlila/5.0 (Linux; Android 7.0; SM-G892A Bulid/NRD90M; wv) AppleWebKit/537.36 (KHTML, like Gecko) Version/4.0 Chrome/60.0.3112.107 Moblie Safari/537.36"
45.154.98.187 - - [04/May/2026:21:01:49 -0500] "GET /plugins/content/apismtp/apismtp.php.suspected?test=hello HTTP/2.0" 404 11632 "-" "Mozlila/5.0 (Linux; Android 7.0; SM-G892A Bulid/NRD90M; wv) AppleWebKit/537.36 (KHTML, like Gecko) Version/4.0 Chrome/60.0.3112.107 Moblie Safari/537.36"
57.128.189.19 - - [04/May/2026:21:02:10 -0500] "GET /?nocache=1777946461 HTTP/2.0" 200 17493 "-" "BigScootsMonitor Mozilla/5.0 (Windows NT 10.0; Win64; x64) AppleWebKit/537.36 (KHTML, like Gecko) Chrome/74.0.3729.169 Safari/537.36"
2607:5300:205:200::61f0 - - [04/May/2026:21:02:10 -0500] "GET /?nocache=1777946521 HTTP/2.0" 200 17493 "-" "BigScootsMonitor Mozilla/5.0 (Windows NT 10.0; Win64; x64) AppleWebKit/537.36 (KHTML, like Gecko) Chrome/74.0.3729.169 Safari/537.36"
57.128.189.19 - - [04/May/2026:21:04:09 -0500] "GET /?nocache=1777946581 HTTP/2.0" 200 17493 "-" "BigScootsMonitor Mozilla/5.0 (Windows NT 10.0; Win64; x64) AppleWebKit/537.36 (KHTML, like Gecko) Chrome/74.0.3729.169 Safari/537.36"
2607:5300:205:200::61f0 - - [04/May/2026:21:04:10 -0500] "GET /?nocache=1777946581 HTTP/2.0" 200 17493 "-" "BigScootsMonitor Mozilla/5.0 (Windows NT 10.0; Win64; x64) AppleWebKit/537.36 (KHTML, like Gecko) Chrome/74.0.3729.169 Safari/537.36"
57.128.189.19 - - [04/May/2026:21:06:09 -0500] "GET /?nocache=1777946701 HTTP/2.0" 200 17493 "-" "BigScootsMonitor Mozilla/5.0 (Windows NT 10.0; Win64; x64) AppleWebKit/537.36 (KHTML, like Gecko) Chrome/74.0.3729.169 Safari/537.36"
2607:5300:205:200::61f0 - - [04/May/2026:21:06:10 -0500] "GET /?nocache=1777946701 HTTP/2.0" 200 17493 "-" "BigScootsMonitor Mozilla/5.0 (Windows NT 10.0; Win64; x64) AppleWebKit/537.36 (KHTML, like Gecko) Chrome/74.0.3729.169 Safari/537.36"
57.128.189.19 - - [04/May/2026:21:08:10 -0500] "GET /?nocache=1777946821 HTTP/2.0" 200 17493 "-" "BigScootsMonitor Mozilla/5.0 (Windows NT 10.0; Win64; x64) AppleWebKit/537.36 (KHTML, like Gecko) Chrome/74.0.3729.169 Safari/537.36"
2607:5300:205:200::61f0 - - [04/May/2026:21:08:10 -0500] "GET /?nocache=1777946821 HTTP/2.0" 200 17493 "-" "BigScootsMonitor Mozilla/5.0 (Windows NT 10.0; Win64; x64) AppleWebKit/537.36 (KHTML, like Gecko) Chrome/74.0.3729.169 Safari/537.36"
57.128.189.19 - - [04/May/2026:21:10:09 -0500] "GET /?nocache=1777946941 HTTP/2.0" 200 17493 "-" "BigScootsMonitor Mozilla/5.0 (Windows NT 10.0; Win64; x64) AppleWebKit/537.36 (KHTML, like Gecko) Chrome/74.0.3729.169 Safari/537.36"
2607:5300:205:200::61f0 - - [04/May/2026:21:10:10 -0500] "GET /?nocache=1777946941 HTTP/2.0" 200 17493 "-" "BigScootsMonitor Mozilla/5.0 (Windows NT 10.0; Win64; x64) AppleWebKit/537.36 (KHTML, like Gecko) Chrome/74.0.3729.169 Safari/537.36"
217.142.142.174 - - [04/May/2026:21:10:48 -0500] "GET /wp-login.php HTTP/2.0" 200 1737 "-" "Mozilla/5.0 (Windows NT 10.0; WOW64; Trident/7.0; Touch; ASU2JS; rv:11.0) like Gecko"
217.142.142.174 - - [04/May/2026:21:10:50 -0500] "POST /wp-login.php HTTP/2.0" 200 1856 "https://whitmoremediagroup.com/wp-login.php" "Mozilla/5.0 (Windows NT 10.0; WOW64; Trident/7.0; Touch; ASU2JS; rv:11.0) like Gecko"
129.121.76.191 - - [04/May/2026:21:11:06 -0500] "GET /wp-login.php HTTP/2.0" 200 1737 "-" "Mozilla/5.0 (Windows NT 10.0; Win64; x64) AppleWebKit/537.36 (KHTML, like Gecko) Chrome/63.0.3239.108 Safari/537.36 OPR/50.0.2762.45"
129.121.76.191 - - [04/May/2026:21:11:06 -0500] "POST /wp-login.php HTTP/2.0" 200 1879 "https://whitmoremediagroup.com/wp-login.php" "Mozilla/5.0 (Windows NT 10.0; Win64; x64) AppleWebKit/537.36 (KHTML, like Gecko) Chrome/63.0.3239.108 Safari/537.36 OPR/50.0.2762.45"
95.215.32.14 - - [04/May/2026:21:11:28 -0500] "GET /index.php?option=com_acym&ctrl=frontmails&task=setNewIconShare HTTP/2.0" 301 0 "-" "ALittle Client"
2607:5300:205:200::61f0 - - [04/May/2026:21:12:10 -0500] "GET /?nocache=1777947121 HTTP/2.0" 200 17493 "-" "BigScootsMonitor Mozilla/5.0 (Windows NT 10.0; Win64; x64) AppleWebKit/537.36 (KHTML, like Gecko) Chrome/74.0.3729.169 Safari/537.36"
57.128.189.19 - - [04/May/2026:21:12:11 -0500] "GET /?nocache=1777947121 HTTP/2.0" 200 17493 "-" "BigScootsMonitor Mozilla/5.0 (Windows NT 10.0; Win64; x64) AppleWebKit/537.36 (KHTML, like Gecko) Chrome/74.0.3729.169 Safari/537.36"
95.215.32.14 - - [04/May/2026:21:13:41 -0500] "GET /?option=com_acym&ctrl=frontmails&task=setNewIconShare HTTP/2.0" 200 17493 "-" "ALittle Client"
57.128.189.19 - - [04/May/2026:21:14:10 -0500] "GET /?nocache=1777947181 HTTP/2.0" 200 17493 "-" "BigScootsMonitor Mozilla/5.0 (Windows NT 10.0; Win64; x64) AppleWebKit/537.36 (KHTML, like Gecko) Chrome/74.0.3729.169 Safari/537.36"
2607:5300:205:200::61f0 - - [04/May/2026:21:14:11 -0500] "GET /?nocache=1777947241 HTTP/2.0" 200 17493 "-" "BigScootsMonitor Mozilla/5.0 (Windows NT 10.0; Win64; x64) AppleWebKit/537.36 (KHTML, like Gecko) Chrome/74.0.3729.169 Safari/537.36"
57.128.189.19 - - [04/May/2026:21:16:10 -0500] "GET /?nocache=1777947301 HTTP/2.0" 200 17493 "-" "BigScootsMonitor Mozilla/5.0 (Windows NT 10.0; Win64; x64) AppleWebKit/537.36 (KHTML, like Gecko) Chrome/74.0.3729.169 Safari/537.36"
2607:5300:205:200::61f0 - - [04/May/2026:21:16:10 -0500] "GET /?nocache=1777947301 HTTP/2.0" 200 17493 "-" "BigScootsMonitor Mozilla/5.0 (Windows NT 10.0; Win64; x64) AppleWebKit/537.36 (KHTML, like Gecko) Chrome/74.0.3729.169 Safari/537.36"
57.128.189.19 - - [04/May/2026:21:18:10 -0500] "GET /?nocache=1777947421 HTTP/2.0" 200 17493 "-" "BigScootsMonitor Mozilla/5.0 (Windows NT 10.0; Win64; x64) AppleWebKit/537.36 (KHTML, like Gecko) Chrome/74.0.3729.169 Safari/537.36"
2607:5300:205:200::61f0 - - [04/May/2026:21:18:10 -0500] "GET /?nocache=1777947421 HTTP/2.0" 200 17493 "-" "BigScootsMonitor Mozilla/5.0 (Windows NT 10.0; Win64; x64) AppleWebKit/537.36 (KHTML, like Gecko) Chrome/74.0.3729.169 Safari/537.36"
57.128.189.19 - - [04/May/2026:21:20:09 -0500] "GET /?nocache=1777947601 HTTP/2.0" 200 17493 "-" "BigScootsMonitor Mozilla/5.0 (Windows NT 10.0; Win64; x64) AppleWebKit/537.36 (KHTML, like Gecko) Chrome/74.0.3729.169 Safari/537.36"
2607:5300:205:200::61f0 - - [04/May/2026:21:20:10 -0500] "GET /?nocache=1777947601 HTTP/2.0" 200 17493 "-" "BigScootsMonitor Mozilla/5.0 (Windows NT 10.0; Win64; x64) AppleWebKit/537.36 (KHTML, like Gecko) Chrome/74.0.3729.169 Safari/537.36"
92.205.109.21 - - [04/May/2026:21:20:38 -0500] "GET /wp-login.php HTTP/2.0" 200 1737 "-" "Mozilla/5.0 (Macintosh; Intel Mac OS X 10_11_6) AppleWebKit/537.36 (KHTML, like Gecko) Chrome/65.0.3325.181 Safari/537.36"
92.205.109.21 - - [04/May/2026:21:20:39 -0500] "POST /wp-login.php HTTP/2.0" 200 1856 "https://whitmoremediagroup.com/wp-login.php" "Mozilla/5.0 (Macintosh; Intel Mac OS X 10_11_6) AppleWebKit/537.36 (KHTML, like Gecko) Chrome/65.0.3325.181 Safari/537.36"
35.226.7.126 - - [04/May/2026:21:20:58 -0500] "GET /wp-login.php HTTP/2.0" 200 1737 "-" "Mozilla/5.0 (Windows NT 10.0; Win64; x64) AppleWebKit/537.36 (KHTML, like Gecko) Chrome/67.0.3396.87 Safari/537.36"
35.226.7.126 - - [04/May/2026:21:20:59 -0500] "POST /wp-login.php HTTP/2.0" 200 1879 "https://whitmoremediagroup.com/wp-login.php" "Mozilla/5.0 (Windows NT 10.0; Win64; x64) AppleWebKit/537.36 (KHTML, like Gecko) Chrome/67.0.3396.87 Safari/537.36"
57.128.189.19 - - [04/May/2026:21:22:10 -0500] "GET /?nocache=1777947721 HTTP/2.0" 200 17493 "-" "BigScootsMonitor Mozilla/5.0 (Windows NT 10.0; Win64; x64) AppleWebKit/537.36 (KHTML, like Gecko) Chrome/74.0.3729.169 Safari/537.36"
2607:5300:205:200::61f0 - - [04/May/2026:21:22:11 -0500] "GET /?nocache=1777947721 HTTP/2.0" 200 17493 "-" "BigScootsMonitor Mozilla/5.0 (Windows NT 10.0; Win64; x64) AppleWebKit/537.36 (KHTML, like Gecko) Chrome/74.0.3729.169 Safari/537.36"
57.128.189.19 - - [04/May/2026:21:24:09 -0500] "GET /?nocache=1777947841 HTTP/2.0" 200 17493 "-" "BigScootsMonitor Mozilla/5.0 (Windows NT 10.0; Win64; x64) AppleWebKit/537.36 (KHTML, like Gecko) Chrome/74.0.3729.169 Safari/537.36"
2607:5300:205:200::61f0 - - [04/May/2026:21:24:10 -0500] "GET /?nocache=1777947841 HTTP/2.0" 200 17493 "-" "BigScootsMonitor Mozilla/5.0 (Windows NT 10.0; Win64; x64) AppleWebKit/537.36 (KHTML, like Gecko) Chrome/74.0.3729.169 Safari/537.36"
57.128.189.19 - - [04/May/2026:21:26:09 -0500] "GET /?nocache=1777947901 HTTP/2.0" 200 17493 "-" "BigScootsMonitor Mozilla/5.0 (Windows NT 10.0; Win64; x64) AppleWebKit/537.36 (KHTML, like Gecko) Chrome/74.0.3729.169 Safari/537.36"
2607:5300:205:200::61f0 - - [04/May/2026:21:26:10 -0500] "GET /?nocache=1777947961 HTTP/2.0" 200 17493 "-" "BigScootsMonitor Mozilla/5.0 (Windows NT 10.0; Win64; x64) AppleWebKit/537.36 (KHTML, like Gecko) Chrome/74.0.3729.169 Safari/537.36"
216.73.217.114 - - [04/May/2026:21:28:07 -0500] "GET /sitemap.xml HTTP/2.0" 301 0 "-" "Mozilla/5.0 AppleWebKit/537.36 (KHTML, like Gecko; compatible; ClaudeBot/1.0; [email protected])"
216.73.217.114 - - [04/May/2026:21:28:08 -0500] "GET /wp-sitemap.xml HTTP/2.0" 200 172 "https://whitmoremediagroup.com/sitemap.xml" "Mozilla/5.0 AppleWebKit/537.36 (KHTML, like Gecko; compatible; ClaudeBot/1.0; [email protected])"
57.128.189.19 - - [04/May/2026:21:28:09 -0500] "GET /?nocache=1777948021 HTTP/2.0" 200 17493 "-" "BigScootsMonitor Mozilla/5.0 (Windows NT 10.0; Win64; x64) AppleWebKit/537.36 (KHTML, like Gecko) Chrome/74.0.3729.169 Safari/537.36"
2607:5300:205:200::61f0 - - [04/May/2026:21:28:10 -0500] "GET /?nocache=1777948021 HTTP/2.0" 200 17493 "-" "BigScootsMonitor Mozilla/5.0 (Windows NT 10.0; Win64; x64) AppleWebKit/537.36 (KHTML, like Gecko) Chrome/74.0.3729.169 Safari/537.36"
